{"id":9852,"date":"2021-12-17T11:37:53","date_gmt":"2021-12-17T10:37:53","guid":{"rendered":"https:\/\/zapateneo.net\/wordpress\/?post_type=product&#038;p=9852"},"modified":"2021-12-17T11:38:04","modified_gmt":"2021-12-17T10:38:04","slug":"tienen-patria-los-obreros-rosa-luxemburg-y-la-cuestion-nacional-1893-1918","status":"publish","type":"product","link":"https:\/\/zapateneo.net\/wordpress\/index.php\/producto\/tienen-patria-los-obreros-rosa-luxemburg-y-la-cuestion-nacional-1893-1918\/","title":{"rendered":"\u00bfTienen patria los obreros? Rosa Luxemburg y la cuesti\u00f3n nacional (1893-1918)"},"content":{"rendered":"<p>Este libro se centra en el posicionamiento de Rosa Luxemburg sobre la cuesti\u00f3n nacional y el derecho de autodeterminaci\u00f3n y el debate en el seno del marxismo entre 1848 y 1918. Los autores han pasado del examen de las posiciones de la autora al an\u00e1lisis de los debates en torno a esa cuesti\u00f3n en el mundo del movimiento obrero de ra\u00edz socialdem\u00f3crata anterior e inmediatamente posterior a la Gran Guerra. Han comprobado que en el mundo del pensamiento te\u00f3rico-pol\u00edtico inspirado por Marx y Engels el tratamiento de la cuesti\u00f3n nacional, lejos de ser homog\u00e9neo y consensuado, llev\u00f3 a posturas divergentes e incluso antag\u00f3nicas que no solo tuvieron que ver con las coordenadas te\u00f3ricas del marxismo sino tambi\u00e9n con el contexto hist\u00f3rico pol\u00edtico de cada coyuntura.<\/p>\n<p>El libro muestra c\u00f3mo Rosa Luxemburg se ocup\u00f3 inicialmente de modo muy activo en el rechazo a la independencia de Polonia y culmin\u00f3 la evoluci\u00f3n de su pensamiento rechazando el derecho de autodeterminaci\u00f3n en el \u00e1mbito europeo, y especialmente respecto a la situaci\u00f3n en Rusia. El libro muestra y analiza los debates que mantuvo con Kazimierz Kelles-Krauz, Karl Kautsky y V.I. Lenin.<\/p>\n","protected":false},"excerpt":{"rendered":"<p><strong>Alejandro Andreasso<\/strong><br \/>\n9788418684197 &#8211; Bellaterra &#8211; 2021 &#8211; 492 p\u00e1ginas \/orri.<\/p>\n","protected":false},"featured_media":9876,"template":"","meta":[],"product_brand":[],"product_cat":[16,175],"product_tag":[5110,92],"class_list":{"0":"post-9852","1":"product","2":"type-product","3":"status-publish","4":"has-post-thumbnail","6":"product_cat-libros","7":"product_cat-nazio-arazoa-cuestion-nacional","8":"product_tag-alejandro-andreasso","9":"product_tag-bellaterra","11":"first","12":"instock","13":"sold-individually","14":"shipping-taxable","15":"purchasable","16":"product-type-simple"},"yoast_head":"<!-- This site is optimized with the Yoast SEO plugin v27.3 - https:\/\/yoast.com\/product\/yoast-seo-wordpress\/ -->\n<title>\u00bfTienen patria los obreros? Rosa Luxemburg y la cuesti\u00f3n nacional (1893-1918) &#8212; Zapateneo<\/title>\n<meta name=\"robots\" content=\"index, follow, max-snippet:-1, max-image-preview:large, max-video-preview:-1\" \/>\n<link rel=\"canonical\" href=\"https:\/\/zapateneo.net\/wordpress\/index.php\/producto\/tienen-patria-los-obreros-rosa-luxemburg-y-la-cuestion-nacional-1893-1918\/\" \/>\n<meta property=\"og:locale\" content=\"es_ES\" \/>\n<meta property=\"og:type\" content=\"article\" \/>\n<meta property=\"og:title\" content=\"\u00bfTienen patria los obreros? Rosa Luxemburg y la cuesti\u00f3n nacional (1893-1918) &#8212; Zapateneo\" \/>\n<meta property=\"og:description\" content=\"Alejandro Andreasso 9788418684197 - Bellaterra - 2021 - 492 p\u00e1ginas \/orri.\" \/>\n<meta property=\"og:url\" content=\"https:\/\/zapateneo.net\/wordpress\/index.php\/producto\/tienen-patria-los-obreros-rosa-luxemburg-y-la-cuestion-nacional-1893-1918\/\" \/>\n<meta property=\"og:site_name\" content=\"Zapateneo\" \/>\n<meta property=\"article:modified_time\" content=\"2021-12-17T10:38:04+00:00\" \/>\n<meta name=\"twitter:card\" content=\"summary_large_image\" \/>\n<meta name=\"twitter:site\" content=\"@zapateneo\" \/>\n<meta name=\"twitter:label1\" content=\"Tiempo de lectura\" \/>\n\t<meta name=\"twitter:data1\" content=\"1 minuto\" \/>\n<script type=\"application\/ld+json\" class=\"yoast-schema-graph\">{\"@context\":\"https:\\\/\\\/schema.org\",\"@graph\":[{\"@type\":\"WebPage\",\"@id\":\"https:\\\/\\\/zapateneo.net\\\/wordpress\\\/index.php\\\/producto\\\/tienen-patria-los-obreros-rosa-luxemburg-y-la-cuestion-nacional-1893-1918\\\/\",\"url\":\"https:\\\/\\\/zapateneo.net\\\/wordpress\\\/index.php\\\/producto\\\/tienen-patria-los-obreros-rosa-luxemburg-y-la-cuestion-nacional-1893-1918\\\/\",\"name\":\"\u00bfTienen patria los obreros? Rosa Luxemburg y la cuesti\u00f3n nacional (1893-1918) &#8212; Zapateneo\",\"isPartOf\":{\"@id\":\"https:\\\/\\\/zapateneo.net\\\/wordpress\\\/#website\"},\"primaryImageOfPage\":{\"@id\":\"https:\\\/\\\/zapateneo.net\\\/wordpress\\\/index.php\\\/producto\\\/tienen-patria-los-obreros-rosa-luxemburg-y-la-cuestion-nacional-1893-1918\\\/#primaryimage\"},\"image\":{\"@id\":\"https:\\\/\\\/zapateneo.net\\\/wordpress\\\/index.php\\\/producto\\\/tienen-patria-los-obreros-rosa-luxemburg-y-la-cuestion-nacional-1893-1918\\\/#primaryimage\"},\"thumbnailUrl\":\"https:\\\/\\\/zapateneo.net\\\/wordpress\\\/wp-content\\\/uploads\\\/2021\\\/12\\\/9788418684197.jpg\",\"datePublished\":\"2021-12-17T10:37:53+00:00\",\"dateModified\":\"2021-12-17T10:38:04+00:00\",\"breadcrumb\":{\"@id\":\"https:\\\/\\\/zapateneo.net\\\/wordpress\\\/index.php\\\/producto\\\/tienen-patria-los-obreros-rosa-luxemburg-y-la-cuestion-nacional-1893-1918\\\/#breadcrumb\"},\"inLanguage\":\"es\",\"potentialAction\":[{\"@type\":\"ReadAction\",\"target\":[\"https:\\\/\\\/zapateneo.net\\\/wordpress\\\/index.php\\\/producto\\\/tienen-patria-los-obreros-rosa-luxemburg-y-la-cuestion-nacional-1893-1918\\\/\"]}]},{\"@type\":\"ImageObject\",\"inLanguage\":\"es\",\"@id\":\"https:\\\/\\\/zapateneo.net\\\/wordpress\\\/index.php\\\/producto\\\/tienen-patria-los-obreros-rosa-luxemburg-y-la-cuestion-nacional-1893-1918\\\/#primaryimage\",\"url\":\"https:\\\/\\\/zapateneo.net\\\/wordpress\\\/wp-content\\\/uploads\\\/2021\\\/12\\\/9788418684197.jpg\",\"contentUrl\":\"https:\\\/\\\/zapateneo.net\\\/wordpress\\\/wp-content\\\/uploads\\\/2021\\\/12\\\/9788418684197.jpg\",\"width\":160,\"height\":246},{\"@type\":\"BreadcrumbList\",\"@id\":\"https:\\\/\\\/zapateneo.net\\\/wordpress\\\/index.php\\\/producto\\\/tienen-patria-los-obreros-rosa-luxemburg-y-la-cuestion-nacional-1893-1918\\\/#breadcrumb\",\"itemListElement\":[{\"@type\":\"ListItem\",\"position\":1,\"name\":\"Portada\",\"item\":\"https:\\\/\\\/zapateneo.net\\\/wordpress\\\/\"},{\"@type\":\"ListItem\",\"position\":2,\"name\":\"Tienda\",\"item\":\"https:\\\/\\\/zapateneo.net\\\/wordpress\\\/\"},{\"@type\":\"ListItem\",\"position\":3,\"name\":\"\u00bfTienen patria los obreros? Rosa Luxemburg y la cuesti\u00f3n nacional (1893-1918)\"}]},{\"@type\":\"WebSite\",\"@id\":\"https:\\\/\\\/zapateneo.net\\\/wordpress\\\/#website\",\"url\":\"https:\\\/\\\/zapateneo.net\\\/wordpress\\\/\",\"name\":\"Zapateneo\",\"description\":\"Zapateneoaren webgunea\",\"publisher\":{\"@id\":\"https:\\\/\\\/zapateneo.net\\\/wordpress\\\/#organization\"},\"potentialAction\":[{\"@type\":\"SearchAction\",\"target\":{\"@type\":\"EntryPoint\",\"urlTemplate\":\"https:\\\/\\\/zapateneo.net\\\/wordpress\\\/?s={search_term_string}\"},\"query-input\":{\"@type\":\"PropertyValueSpecification\",\"valueRequired\":true,\"valueName\":\"search_term_string\"}}],\"inLanguage\":\"es\"},{\"@type\":\"Organization\",\"@id\":\"https:\\\/\\\/zapateneo.net\\\/wordpress\\\/#organization\",\"name\":\"Zapateneo Kultur Elkartea\",\"url\":\"https:\\\/\\\/zapateneo.net\\\/wordpress\\\/\",\"logo\":{\"@type\":\"ImageObject\",\"inLanguage\":\"es\",\"@id\":\"https:\\\/\\\/zapateneo.net\\\/wordpress\\\/#\\\/schema\\\/logo\\\/image\\\/\",\"url\":\"https:\\\/\\\/zapateneo.net\\\/wordpress\\\/wp-content\\\/uploads\\\/2021\\\/04\\\/zap-libu-kolec.jpg\",\"contentUrl\":\"https:\\\/\\\/zapateneo.net\\\/wordpress\\\/wp-content\\\/uploads\\\/2021\\\/04\\\/zap-libu-kolec.jpg\",\"width\":2234,\"height\":398,\"caption\":\"Zapateneo Kultur Elkartea\"},\"image\":{\"@id\":\"https:\\\/\\\/zapateneo.net\\\/wordpress\\\/#\\\/schema\\\/logo\\\/image\\\/\"},\"sameAs\":[\"https:\\\/\\\/x.com\\\/zapateneo\"]}]}<\/script>\n<!-- \/ Yoast SEO plugin. -->","yoast_head_json":{"title":"\u00bfTienen patria los obreros? Rosa Luxemburg y la cuesti\u00f3n nacional (1893-1918) &#8212; Zapateneo","robots":{"index":"index","follow":"follow","max-snippet":"max-snippet:-1","max-image-preview":"max-image-preview:large","max-video-preview":"max-video-preview:-1"},"canonical":"https:\/\/zapateneo.net\/wordpress\/index.php\/producto\/tienen-patria-los-obreros-rosa-luxemburg-y-la-cuestion-nacional-1893-1918\/","og_locale":"es_ES","og_type":"article","og_title":"\u00bfTienen patria los obreros? Rosa Luxemburg y la cuesti\u00f3n nacional (1893-1918) &#8212; Zapateneo","og_description":"Alejandro Andreasso 9788418684197 - Bellaterra - 2021 - 492 p\u00e1ginas \/orri.","og_url":"https:\/\/zapateneo.net\/wordpress\/index.php\/producto\/tienen-patria-los-obreros-rosa-luxemburg-y-la-cuestion-nacional-1893-1918\/","og_site_name":"Zapateneo","article_modified_time":"2021-12-17T10:38:04+00:00","twitter_card":"summary_large_image","twitter_site":"@zapateneo","twitter_misc":{"Tiempo de lectura":"1 minuto"},"schema":{"@context":"https:\/\/schema.org","@graph":[{"@type":"WebPage","@id":"https:\/\/zapateneo.net\/wordpress\/index.php\/producto\/tienen-patria-los-obreros-rosa-luxemburg-y-la-cuestion-nacional-1893-1918\/","url":"https:\/\/zapateneo.net\/wordpress\/index.php\/producto\/tienen-patria-los-obreros-rosa-luxemburg-y-la-cuestion-nacional-1893-1918\/","name":"\u00bfTienen patria los obreros? Rosa Luxemburg y la cuesti\u00f3n nacional (1893-1918) &#8212; Zapateneo","isPartOf":{"@id":"https:\/\/zapateneo.net\/wordpress\/#website"},"primaryImageOfPage":{"@id":"https:\/\/zapateneo.net\/wordpress\/index.php\/producto\/tienen-patria-los-obreros-rosa-luxemburg-y-la-cuestion-nacional-1893-1918\/#primaryimage"},"image":{"@id":"https:\/\/zapateneo.net\/wordpress\/index.php\/producto\/tienen-patria-los-obreros-rosa-luxemburg-y-la-cuestion-nacional-1893-1918\/#primaryimage"},"thumbnailUrl":"https:\/\/zapateneo.net\/wordpress\/wp-content\/uploads\/2021\/12\/9788418684197.jpg","datePublished":"2021-12-17T10:37:53+00:00","dateModified":"2021-12-17T10:38:04+00:00","breadcrumb":{"@id":"https:\/\/zapateneo.net\/wordpress\/index.php\/producto\/tienen-patria-los-obreros-rosa-luxemburg-y-la-cuestion-nacional-1893-1918\/#breadcrumb"},"inLanguage":"es","potentialAction":[{"@type":"ReadAction","target":["https:\/\/zapateneo.net\/wordpress\/index.php\/producto\/tienen-patria-los-obreros-rosa-luxemburg-y-la-cuestion-nacional-1893-1918\/"]}]},{"@type":"ImageObject","inLanguage":"es","@id":"https:\/\/zapateneo.net\/wordpress\/index.php\/producto\/tienen-patria-los-obreros-rosa-luxemburg-y-la-cuestion-nacional-1893-1918\/#primaryimage","url":"https:\/\/zapateneo.net\/wordpress\/wp-content\/uploads\/2021\/12\/9788418684197.jpg","contentUrl":"https:\/\/zapateneo.net\/wordpress\/wp-content\/uploads\/2021\/12\/9788418684197.jpg","width":160,"height":246},{"@type":"BreadcrumbList","@id":"https:\/\/zapateneo.net\/wordpress\/index.php\/producto\/tienen-patria-los-obreros-rosa-luxemburg-y-la-cuestion-nacional-1893-1918\/#breadcrumb","itemListElement":[{"@type":"ListItem","position":1,"name":"Portada","item":"https:\/\/zapateneo.net\/wordpress\/"},{"@type":"ListItem","position":2,"name":"Tienda","item":"https:\/\/zapateneo.net\/wordpress\/"},{"@type":"ListItem","position":3,"name":"\u00bfTienen patria los obreros? Rosa Luxemburg y la cuesti\u00f3n nacional (1893-1918)"}]},{"@type":"WebSite","@id":"https:\/\/zapateneo.net\/wordpress\/#website","url":"https:\/\/zapateneo.net\/wordpress\/","name":"Zapateneo","description":"Zapateneoaren webgunea","publisher":{"@id":"https:\/\/zapateneo.net\/wordpress\/#organization"},"potentialAction":[{"@type":"SearchAction","target":{"@type":"EntryPoint","urlTemplate":"https:\/\/zapateneo.net\/wordpress\/?s={search_term_string}"},"query-input":{"@type":"PropertyValueSpecification","valueRequired":true,"valueName":"search_term_string"}}],"inLanguage":"es"},{"@type":"Organization","@id":"https:\/\/zapateneo.net\/wordpress\/#organization","name":"Zapateneo Kultur Elkartea","url":"https:\/\/zapateneo.net\/wordpress\/","logo":{"@type":"ImageObject","inLanguage":"es","@id":"https:\/\/zapateneo.net\/wordpress\/#\/schema\/logo\/image\/","url":"https:\/\/zapateneo.net\/wordpress\/wp-content\/uploads\/2021\/04\/zap-libu-kolec.jpg","contentUrl":"https:\/\/zapateneo.net\/wordpress\/wp-content\/uploads\/2021\/04\/zap-libu-kolec.jpg","width":2234,"height":398,"caption":"Zapateneo Kultur Elkartea"},"image":{"@id":"https:\/\/zapateneo.net\/wordpress\/#\/schema\/logo\/image\/"},"sameAs":["https:\/\/x.com\/zapateneo"]}]}},"_links":{"self":[{"href":"https:\/\/zapateneo.net\/wordpress\/index.php\/wp-json\/wp\/v2\/product\/9852","targetHints":{"allow":["GET"]}}],"collection":[{"href":"https:\/\/zapateneo.net\/wordpress\/index.php\/wp-json\/wp\/v2\/product"}],"about":[{"href":"https:\/\/zapateneo.net\/wordpress\/index.php\/wp-json\/wp\/v2\/types\/product"}],"wp:featuredmedia":[{"embeddable":true,"href":"https:\/\/zapateneo.net\/wordpress\/index.php\/wp-json\/wp\/v2\/media\/9876"}],"wp:attachment":[{"href":"https:\/\/zapateneo.net\/wordpress\/index.php\/wp-json\/wp\/v2\/media?parent=9852"}],"wp:term":[{"taxonomy":"product_brand","embeddable":true,"href":"https:\/\/zapateneo.net\/wordpress\/index.php\/wp-json\/wp\/v2\/product_brand?post=9852"},{"taxonomy":"product_cat","embeddable":true,"href":"https:\/\/zapateneo.net\/wordpress\/index.php\/wp-json\/wp\/v2\/product_cat?post=9852"},{"taxonomy":"product_tag","embeddable":true,"href":"https:\/\/zapateneo.net\/wordpress\/index.php\/wp-json\/wp\/v2\/product_tag?post=9852"}],"curies":[{"name":"wp","href":"https:\/\/api.w.org\/{rel}","templated":true}]}}