{"id":9836,"date":"2021-12-17T11:37:51","date_gmt":"2021-12-17T10:37:51","guid":{"rendered":"https:\/\/zapateneo.net\/wordpress\/?post_type=product&#038;p=9836"},"modified":"2021-12-17T11:37:56","modified_gmt":"2021-12-17T10:37:56","slug":"todo-el-odio-que-tenia-dentro","status":"publish","type":"product","link":"https:\/\/zapateneo.net\/wordpress\/index.php\/producto\/todo-el-odio-que-tenia-dentro\/","title":{"rendered":"Todo el odio que ten\u00eda dentro"},"content":{"rendered":"<p>A comienzos de los sesenta, tras el estreno de West Side Story, una generaci\u00f3n de chavales de la periferia madrile\u00f1a llenos de ira y con estiletes en los botines, toma las calles e imita a las pandillas de la pel\u00edcula. Bailan en los pasillos del cine, agreden a transe\u00fantes, roban coches, prenden fuego a motocicletas, huyen de la polic\u00eda y protagonizan verdaderas batallas campales con otras bandas. \u00abLa misteriosa banda suburbial de los Ojos Negros, de la que todos hablaban y a la que casi nadie hab\u00eda visto en acci\u00f3n \u2014cuenta Moncho Alpuente\u2014, ocupaba el primer puesto de la lista de chicos malos, admirados y temidos por los adolescentes urbanos que glosaban, con m\u00e1s imaginaci\u00f3n que datos, sus presuntas haza\u00f1as en los recreos escolares\u00bb. \u00c1ngel Luis \u2014una especie de cheyene castizo que hace de extra en pel\u00edculas de indios y vaqueros a las \u00f3rdenes de El Mortales\u2014, l\u00edder absoluto de los Ojos Negros, es una figura colosal temida por todos, cuyo asesinato queda esclarecido por vez primera. Dum Dum Pacheco, delincuente juvenil, legionario y miembro de la banda, se convierte en uno de los boxeadores m\u00e1s famosos, y tambi\u00e9n peligrosos, que sale de prisi\u00f3n y combate vigilado por agentes. A partir de su vida (\u00abEntonces solo ten\u00eda tres \u00eddolos: Hern\u00e1n Cort\u00e9s, Franco y Elvis Presley\u00bb, afirma) descubrimos una historia mayor. Porque el auge y ca\u00edda de este boxeador legendario es tambi\u00e9n el ascenso y descenso de todo un pa\u00eds, desde la dictadura hasta el delirio y la corrupci\u00f3n del primer socialismo. Durante seis a\u00f1os de intenso trabajo, consultando prensa, informes policiales y entrevistando a los \u00faltimos supervivientes, Servando Rocha marcha en busca de Famoso Dongil, nuestro Muhammad Ali, que sal\u00eda a pelear con un poncho de los Tupamaros y se cre\u00eda intocable, o de Manolo Pelayo, el primer rocker de nuestro pa\u00eds al frente de los Diablos Negros \u2014los \u00eddolos del extrarradio\u2014, a quien encuentra cantando para turistas en un piano bar. Conoce a toda una generaci\u00f3n con un pie en la tumba y que jam\u00e1s ha contado esta historia, como el escurridizo Mariano Revilla, n\u00famero 2 de los Ojos Negros, con dos metros de cicatrices cubriendo su cuerpo. Sigue las andanzas por Rusia del divisionario Dionisio Ridruejo o de refugiados nazis que fundan revistas izquierdistas, falangistas amantes del pop y mercenarios de las OAS francesas abriendo templos de La Movida. Traza, por vez primera, un mapa de todas las bandas callejeras que se disputaban a sangre y fuego cada calle de la capital: Comilleros, Chonis, El Tri\u00e1ngulo, L\u00e1tigos, Rat\u00f3n Blanco, Deans, Campanos, Nazis, Cascabeles, Vikingos, y hasta pandillas de chicas armadas, todos ellos machacados una y otra vez por los Ojos Negros, reyes absolutos de la urbe y del disturbio, y tambi\u00e9n durante un tiempo m\u00e1nagers no oficiales de Camilo Sesto. Mientras todo esto sucede, los s\u00f3tanos de la siniestra Direcci\u00f3n General de Seguridad se llenan de yey\u00e9s de la periferia, Billy el Ni\u00f1o tortura a Dum Dum Pacheco y hasta la banda de el Lute se enfrenta a tiros con los Ojos Negros.<\/p>\n","protected":false},"excerpt":{"rendered":"<p><strong>Servando Rocha<\/strong><br \/>\n9788412261080 &#8211; La Felguera &#8211;  &#8211; 500 p\u00e1ginas \/orri.<\/p>\n","protected":false},"featured_media":9860,"template":"","meta":[],"product_brand":[],"product_cat":[185,16],"product_tag":[582,5093],"class_list":{"0":"post-9836","1":"product","2":"type-product","3":"status-publish","4":"has-post-thumbnail","6":"product_cat-historia","7":"product_cat-libros","8":"product_tag-la-felguera","9":"product_tag-servando-rocha","11":"first","12":"instock","13":"sold-individually","14":"shipping-taxable","15":"purchasable","16":"product-type-simple"},"yoast_head":"<!-- This site is optimized with the Yoast SEO plugin v27.3 - https:\/\/yoast.com\/product\/yoast-seo-wordpress\/ -->\n<title>Todo el odio que ten\u00eda dentro &#8212; Zapateneo<\/title>\n<meta name=\"robots\" content=\"index, follow, max-snippet:-1, max-image-preview:large, max-video-preview:-1\" \/>\n<link rel=\"canonical\" href=\"https:\/\/zapateneo.net\/wordpress\/index.php\/producto\/todo-el-odio-que-tenia-dentro\/\" \/>\n<meta property=\"og:locale\" content=\"es_ES\" \/>\n<meta property=\"og:type\" content=\"article\" \/>\n<meta property=\"og:title\" content=\"Todo el odio que ten\u00eda dentro &#8212; Zapateneo\" \/>\n<meta property=\"og:description\" content=\"Servando Rocha 9788412261080 - La Felguera - - 500 p\u00e1ginas \/orri.\" \/>\n<meta property=\"og:url\" content=\"https:\/\/zapateneo.net\/wordpress\/index.php\/producto\/todo-el-odio-que-tenia-dentro\/\" \/>\n<meta property=\"og:site_name\" content=\"Zapateneo\" \/>\n<meta property=\"article:modified_time\" content=\"2021-12-17T10:37:56+00:00\" \/>\n<meta name=\"twitter:card\" content=\"summary_large_image\" \/>\n<meta name=\"twitter:site\" content=\"@zapateneo\" \/>\n<meta name=\"twitter:label1\" content=\"Tiempo de lectura\" \/>\n\t<meta name=\"twitter:data1\" content=\"3 minutos\" \/>\n<script type=\"application\/ld+json\" class=\"yoast-schema-graph\">{\"@context\":\"https:\\\/\\\/schema.org\",\"@graph\":[{\"@type\":\"WebPage\",\"@id\":\"https:\\\/\\\/zapateneo.net\\\/wordpress\\\/index.php\\\/producto\\\/todo-el-odio-que-tenia-dentro\\\/\",\"url\":\"https:\\\/\\\/zapateneo.net\\\/wordpress\\\/index.php\\\/producto\\\/todo-el-odio-que-tenia-dentro\\\/\",\"name\":\"Todo el odio que ten\u00eda dentro &#8212; Zapateneo\",\"isPartOf\":{\"@id\":\"https:\\\/\\\/zapateneo.net\\\/wordpress\\\/#website\"},\"primaryImageOfPage\":{\"@id\":\"https:\\\/\\\/zapateneo.net\\\/wordpress\\\/index.php\\\/producto\\\/todo-el-odio-que-tenia-dentro\\\/#primaryimage\"},\"image\":{\"@id\":\"https:\\\/\\\/zapateneo.net\\\/wordpress\\\/index.php\\\/producto\\\/todo-el-odio-que-tenia-dentro\\\/#primaryimage\"},\"thumbnailUrl\":\"https:\\\/\\\/zapateneo.net\\\/wordpress\\\/wp-content\\\/uploads\\\/2021\\\/12\\\/9788412261080.jpg\",\"datePublished\":\"2021-12-17T10:37:51+00:00\",\"dateModified\":\"2021-12-17T10:37:56+00:00\",\"breadcrumb\":{\"@id\":\"https:\\\/\\\/zapateneo.net\\\/wordpress\\\/index.php\\\/producto\\\/todo-el-odio-que-tenia-dentro\\\/#breadcrumb\"},\"inLanguage\":\"es\",\"potentialAction\":[{\"@type\":\"ReadAction\",\"target\":[\"https:\\\/\\\/zapateneo.net\\\/wordpress\\\/index.php\\\/producto\\\/todo-el-odio-que-tenia-dentro\\\/\"]}]},{\"@type\":\"ImageObject\",\"inLanguage\":\"es\",\"@id\":\"https:\\\/\\\/zapateneo.net\\\/wordpress\\\/index.php\\\/producto\\\/todo-el-odio-que-tenia-dentro\\\/#primaryimage\",\"url\":\"https:\\\/\\\/zapateneo.net\\\/wordpress\\\/wp-content\\\/uploads\\\/2021\\\/12\\\/9788412261080.jpg\",\"contentUrl\":\"https:\\\/\\\/zapateneo.net\\\/wordpress\\\/wp-content\\\/uploads\\\/2021\\\/12\\\/9788412261080.jpg\",\"width\":160,\"height\":257},{\"@type\":\"BreadcrumbList\",\"@id\":\"https:\\\/\\\/zapateneo.net\\\/wordpress\\\/index.php\\\/producto\\\/todo-el-odio-que-tenia-dentro\\\/#breadcrumb\",\"itemListElement\":[{\"@type\":\"ListItem\",\"position\":1,\"name\":\"Portada\",\"item\":\"https:\\\/\\\/zapateneo.net\\\/wordpress\\\/\"},{\"@type\":\"ListItem\",\"position\":2,\"name\":\"Tienda\",\"item\":\"https:\\\/\\\/zapateneo.net\\\/wordpress\\\/\"},{\"@type\":\"ListItem\",\"position\":3,\"name\":\"Todo el odio que ten\u00eda dentro\"}]},{\"@type\":\"WebSite\",\"@id\":\"https:\\\/\\\/zapateneo.net\\\/wordpress\\\/#website\",\"url\":\"https:\\\/\\\/zapateneo.net\\\/wordpress\\\/\",\"name\":\"Zapateneo\",\"description\":\"Zapateneoaren webgunea\",\"publisher\":{\"@id\":\"https:\\\/\\\/zapateneo.net\\\/wordpress\\\/#organization\"},\"potentialAction\":[{\"@type\":\"SearchAction\",\"target\":{\"@type\":\"EntryPoint\",\"urlTemplate\":\"https:\\\/\\\/zapateneo.net\\\/wordpress\\\/?s={search_term_string}\"},\"query-input\":{\"@type\":\"PropertyValueSpecification\",\"valueRequired\":true,\"valueName\":\"search_term_string\"}}],\"inLanguage\":\"es\"},{\"@type\":\"Organization\",\"@id\":\"https:\\\/\\\/zapateneo.net\\\/wordpress\\\/#organization\",\"name\":\"Zapateneo Kultur Elkartea\",\"url\":\"https:\\\/\\\/zapateneo.net\\\/wordpress\\\/\",\"logo\":{\"@type\":\"ImageObject\",\"inLanguage\":\"es\",\"@id\":\"https:\\\/\\\/zapateneo.net\\\/wordpress\\\/#\\\/schema\\\/logo\\\/image\\\/\",\"url\":\"https:\\\/\\\/zapateneo.net\\\/wordpress\\\/wp-content\\\/uploads\\\/2021\\\/04\\\/zap-libu-kolec.jpg\",\"contentUrl\":\"https:\\\/\\\/zapateneo.net\\\/wordpress\\\/wp-content\\\/uploads\\\/2021\\\/04\\\/zap-libu-kolec.jpg\",\"width\":2234,\"height\":398,\"caption\":\"Zapateneo Kultur Elkartea\"},\"image\":{\"@id\":\"https:\\\/\\\/zapateneo.net\\\/wordpress\\\/#\\\/schema\\\/logo\\\/image\\\/\"},\"sameAs\":[\"https:\\\/\\\/x.com\\\/zapateneo\"]}]}<\/script>\n<!-- \/ Yoast SEO plugin. -->","yoast_head_json":{"title":"Todo el odio que ten\u00eda dentro &#8212; Zapateneo","robots":{"index":"index","follow":"follow","max-snippet":"max-snippet:-1","max-image-preview":"max-image-preview:large","max-video-preview":"max-video-preview:-1"},"canonical":"https:\/\/zapateneo.net\/wordpress\/index.php\/producto\/todo-el-odio-que-tenia-dentro\/","og_locale":"es_ES","og_type":"article","og_title":"Todo el odio que ten\u00eda dentro &#8212; Zapateneo","og_description":"Servando Rocha 9788412261080 - La Felguera - - 500 p\u00e1ginas \/orri.","og_url":"https:\/\/zapateneo.net\/wordpress\/index.php\/producto\/todo-el-odio-que-tenia-dentro\/","og_site_name":"Zapateneo","article_modified_time":"2021-12-17T10:37:56+00:00","twitter_card":"summary_large_image","twitter_site":"@zapateneo","twitter_misc":{"Tiempo de lectura":"3 minutos"},"schema":{"@context":"https:\/\/schema.org","@graph":[{"@type":"WebPage","@id":"https:\/\/zapateneo.net\/wordpress\/index.php\/producto\/todo-el-odio-que-tenia-dentro\/","url":"https:\/\/zapateneo.net\/wordpress\/index.php\/producto\/todo-el-odio-que-tenia-dentro\/","name":"Todo el odio que ten\u00eda dentro &#8212; Zapateneo","isPartOf":{"@id":"https:\/\/zapateneo.net\/wordpress\/#website"},"primaryImageOfPage":{"@id":"https:\/\/zapateneo.net\/wordpress\/index.php\/producto\/todo-el-odio-que-tenia-dentro\/#primaryimage"},"image":{"@id":"https:\/\/zapateneo.net\/wordpress\/index.php\/producto\/todo-el-odio-que-tenia-dentro\/#primaryimage"},"thumbnailUrl":"https:\/\/zapateneo.net\/wordpress\/wp-content\/uploads\/2021\/12\/9788412261080.jpg","datePublished":"2021-12-17T10:37:51+00:00","dateModified":"2021-12-17T10:37:56+00:00","breadcrumb":{"@id":"https:\/\/zapateneo.net\/wordpress\/index.php\/producto\/todo-el-odio-que-tenia-dentro\/#breadcrumb"},"inLanguage":"es","potentialAction":[{"@type":"ReadAction","target":["https:\/\/zapateneo.net\/wordpress\/index.php\/producto\/todo-el-odio-que-tenia-dentro\/"]}]},{"@type":"ImageObject","inLanguage":"es","@id":"https:\/\/zapateneo.net\/wordpress\/index.php\/producto\/todo-el-odio-que-tenia-dentro\/#primaryimage","url":"https:\/\/zapateneo.net\/wordpress\/wp-content\/uploads\/2021\/12\/9788412261080.jpg","contentUrl":"https:\/\/zapateneo.net\/wordpress\/wp-content\/uploads\/2021\/12\/9788412261080.jpg","width":160,"height":257},{"@type":"BreadcrumbList","@id":"https:\/\/zapateneo.net\/wordpress\/index.php\/producto\/todo-el-odio-que-tenia-dentro\/#breadcrumb","itemListElement":[{"@type":"ListItem","position":1,"name":"Portada","item":"https:\/\/zapateneo.net\/wordpress\/"},{"@type":"ListItem","position":2,"name":"Tienda","item":"https:\/\/zapateneo.net\/wordpress\/"},{"@type":"ListItem","position":3,"name":"Todo el odio que ten\u00eda dentro"}]},{"@type":"WebSite","@id":"https:\/\/zapateneo.net\/wordpress\/#website","url":"https:\/\/zapateneo.net\/wordpress\/","name":"Zapateneo","description":"Zapateneoaren webgunea","publisher":{"@id":"https:\/\/zapateneo.net\/wordpress\/#organization"},"potentialAction":[{"@type":"SearchAction","target":{"@type":"EntryPoint","urlTemplate":"https:\/\/zapateneo.net\/wordpress\/?s={search_term_string}"},"query-input":{"@type":"PropertyValueSpecification","valueRequired":true,"valueName":"search_term_string"}}],"inLanguage":"es"},{"@type":"Organization","@id":"https:\/\/zapateneo.net\/wordpress\/#organization","name":"Zapateneo Kultur Elkartea","url":"https:\/\/zapateneo.net\/wordpress\/","logo":{"@type":"ImageObject","inLanguage":"es","@id":"https:\/\/zapateneo.net\/wordpress\/#\/schema\/logo\/image\/","url":"https:\/\/zapateneo.net\/wordpress\/wp-content\/uploads\/2021\/04\/zap-libu-kolec.jpg","contentUrl":"https:\/\/zapateneo.net\/wordpress\/wp-content\/uploads\/2021\/04\/zap-libu-kolec.jpg","width":2234,"height":398,"caption":"Zapateneo Kultur Elkartea"},"image":{"@id":"https:\/\/zapateneo.net\/wordpress\/#\/schema\/logo\/image\/"},"sameAs":["https:\/\/x.com\/zapateneo"]}]}},"_links":{"self":[{"href":"https:\/\/zapateneo.net\/wordpress\/index.php\/wp-json\/wp\/v2\/product\/9836","targetHints":{"allow":["GET"]}}],"collection":[{"href":"https:\/\/zapateneo.net\/wordpress\/index.php\/wp-json\/wp\/v2\/product"}],"about":[{"href":"https:\/\/zapateneo.net\/wordpress\/index.php\/wp-json\/wp\/v2\/types\/product"}],"wp:featuredmedia":[{"embeddable":true,"href":"https:\/\/zapateneo.net\/wordpress\/index.php\/wp-json\/wp\/v2\/media\/9860"}],"wp:attachment":[{"href":"https:\/\/zapateneo.net\/wordpress\/index.php\/wp-json\/wp\/v2\/media?parent=9836"}],"wp:term":[{"taxonomy":"product_brand","embeddable":true,"href":"https:\/\/zapateneo.net\/wordpress\/index.php\/wp-json\/wp\/v2\/product_brand?post=9836"},{"taxonomy":"product_cat","embeddable":true,"href":"https:\/\/zapateneo.net\/wordpress\/index.php\/wp-json\/wp\/v2\/product_cat?post=9836"},{"taxonomy":"product_tag","embeddable":true,"href":"https:\/\/zapateneo.net\/wordpress\/index.php\/wp-json\/wp\/v2\/product_tag?post=9836"}],"curies":[{"name":"wp","href":"https:\/\/api.w.org\/{rel}","templated":true}]}}