{"id":9766,"date":"2021-10-11T18:40:24","date_gmt":"2021-10-11T17:40:24","guid":{"rendered":"https:\/\/zapateneo.net\/wordpress\/?post_type=product&#038;p=9766"},"modified":"2021-12-13T17:01:56","modified_gmt":"2021-12-13T16:01:56","slug":"debord-en-el-ruido-de-la-catarata-del-tiempo-etcetera-28","status":"publish","type":"product","link":"https:\/\/zapateneo.net\/wordpress\/index.php\/producto\/debord-en-el-ruido-de-la-catarata-del-tiempo-etcetera-28\/","title":{"rendered":"DEBORD EN EL RUIDO DE LA CATARATA DEL TIEMPO. ETCETERA # 28"},"content":{"rendered":"<p class=\"pj\" style=\"line-height: 12.35pt;\"><span class=\"nw\"><span style=\"letter-spacing: -.25pt;\">Ciertos momentos asoman en la existencia individual como si estuvieran<\/span><\/span><span style=\"letter-spacing: -.25pt;\"> <span class=\"nw\">hechos de un grano m\u00e1s duro, de una firmeza en el dise\u00f1o que les aparta del flujo de lo<\/span> <span class=\"nw\">vivido y de su insondable ambig\u00fcedad. Y de hecho se descubren cargados de un sentido<\/span> <span class=\"nw\">objetivo, tra\u00eddos como son por el movimiento de una especie de sobredeterminaci\u00f3n<\/span> <span class=\"nw\">hist\u00f3rica. Esta cualidad no se revela de forma inmediata, sino en la mirada retrospectiva,<\/span> <span class=\"nw\"><span style=\"word-spacing: .02em;\">aunque quiz\u00e1 tambi\u00e9n pueda ser percibida de golpe.<\/span><\/span><\/span><\/p>\n<p><span class=\"nw\">Eso es lo que me sucedi\u00f3 ese d\u00eda de oto\u00f1o de 1959 cuando por primera vez<\/span> <span class=\"nw\">ech\u00e9 un vistazo a un n\u00famero, el 3 creo, de la<span class=\"ff1\"><span style=\"letter-spacing: -.1pt;\"> Internacional Situacionista<\/span><\/span><\/span><span class=\"nw\"> (I.S.). Yo<\/span> <span class=\"nw\">participaba por entonces en el grupo<span class=\"ff1\"> Socialismo o Barbarie<\/span><\/span><span class=\"nw\"> (S. o B.) y en la revista del<\/span> <span class=\"nw\">mismo nombre, en la que yo escrib\u00eda con un pseud\u00f3nimo \u2013como era la norma-, P. Canjuers,<\/span> <span class=\"nw\">y un d\u00eda que nos repart\u00edamos entre nosotros el recuento del correo quincenal, mi atenci\u00f3n<\/span> <span class=\"nw\">fue apresada por esa delgada y elegante publicaci\u00f3n, su portada brillante, su t\u00edtulo<\/span> <span class=\"nw\">inveros\u00edmil. Me sent\u00ed arrebatado y lanzado de inmediato a la exploraci\u00f3n de lo que me<\/span> <span class=\"nw\">pareci\u00f3, poco a poco, como un nuevo territorio de la modernidad, un mundo otro, extra\u00f1o<\/span> <span class=\"nw\">pero fascinante.<\/span><\/p>\n<p><a href=\"https:\/\/sindominio.net\/etcetera\/files\/28_Debord_-_D_Blanchard.pdf\">Deskarga<\/a>.<\/p>\n","protected":false},"excerpt":{"rendered":"<p><strong>DANIEL BLANCHARD<\/strong><br \/>\n2006052500060 &#8211; ETC &#8211; &#8211; 48 p\u00e1ginas \/orri.<\/p>\n","protected":false},"featured_media":0,"template":"","meta":[],"product_brand":[],"product_cat":[166,173],"product_tag":[5061,743,4626,1924,3204],"class_list":{"0":"post-9766","1":"product","2":"type-product","3":"status-publish","5":"product_cat-panfletos-panfletoak","6":"product_cat-saiakera-ensayo","7":"product_tag-daniel-blanchard","8":"product_tag-debord","9":"product_tag-deskargak","10":"product_tag-etc","11":"product_tag-guy-debord","13":"first","14":"instock","15":"sold-individually","16":"shipping-taxable","17":"purchasable","18":"product-type-simple"},"yoast_head":"<!-- This site is optimized with the Yoast SEO plugin v27.3 - https:\/\/yoast.com\/product\/yoast-seo-wordpress\/ -->\n<title>DEBORD EN EL RUIDO DE LA CATARATA DEL TIEMPO. ETCETERA # 28 &#8212; Zapateneo<\/title>\n<meta name=\"robots\" content=\"index, follow, max-snippet:-1, max-image-preview:large, max-video-preview:-1\" \/>\n<link rel=\"canonical\" href=\"https:\/\/zapateneo.net\/wordpress\/index.php\/producto\/debord-en-el-ruido-de-la-catarata-del-tiempo-etcetera-28\/\" \/>\n<meta property=\"og:locale\" content=\"es_ES\" \/>\n<meta property=\"og:type\" content=\"article\" \/>\n<meta property=\"og:title\" content=\"DEBORD EN EL RUIDO DE LA CATARATA DEL TIEMPO. ETCETERA # 28 &#8212; Zapateneo\" \/>\n<meta property=\"og:description\" content=\"DANIEL BLANCHARD 2006052500060 - ETC - - 48 p\u00e1ginas \/orri.\" \/>\n<meta property=\"og:url\" content=\"https:\/\/zapateneo.net\/wordpress\/index.php\/producto\/debord-en-el-ruido-de-la-catarata-del-tiempo-etcetera-28\/\" \/>\n<meta property=\"og:site_name\" content=\"Zapateneo\" \/>\n<meta property=\"article:modified_time\" content=\"2021-12-13T16:01:56+00:00\" \/>\n<meta name=\"twitter:card\" content=\"summary_large_image\" \/>\n<meta name=\"twitter:site\" content=\"@zapateneo\" \/>\n<meta name=\"twitter:label1\" content=\"Tiempo de lectura\" \/>\n\t<meta name=\"twitter:data1\" content=\"1 minuto\" \/>\n<script type=\"application\/ld+json\" class=\"yoast-schema-graph\">{\"@context\":\"https:\\\/\\\/schema.org\",\"@graph\":[{\"@type\":\"WebPage\",\"@id\":\"https:\\\/\\\/zapateneo.net\\\/wordpress\\\/index.php\\\/producto\\\/debord-en-el-ruido-de-la-catarata-del-tiempo-etcetera-28\\\/\",\"url\":\"https:\\\/\\\/zapateneo.net\\\/wordpress\\\/index.php\\\/producto\\\/debord-en-el-ruido-de-la-catarata-del-tiempo-etcetera-28\\\/\",\"name\":\"DEBORD EN EL RUIDO DE LA CATARATA DEL TIEMPO. ETCETERA # 28 &#8212; Zapateneo\",\"isPartOf\":{\"@id\":\"https:\\\/\\\/zapateneo.net\\\/wordpress\\\/#website\"},\"datePublished\":\"2021-10-11T17:40:24+00:00\",\"dateModified\":\"2021-12-13T16:01:56+00:00\",\"breadcrumb\":{\"@id\":\"https:\\\/\\\/zapateneo.net\\\/wordpress\\\/index.php\\\/producto\\\/debord-en-el-ruido-de-la-catarata-del-tiempo-etcetera-28\\\/#breadcrumb\"},\"inLanguage\":\"es\",\"potentialAction\":[{\"@type\":\"ReadAction\",\"target\":[\"https:\\\/\\\/zapateneo.net\\\/wordpress\\\/index.php\\\/producto\\\/debord-en-el-ruido-de-la-catarata-del-tiempo-etcetera-28\\\/\"]}]},{\"@type\":\"BreadcrumbList\",\"@id\":\"https:\\\/\\\/zapateneo.net\\\/wordpress\\\/index.php\\\/producto\\\/debord-en-el-ruido-de-la-catarata-del-tiempo-etcetera-28\\\/#breadcrumb\",\"itemListElement\":[{\"@type\":\"ListItem\",\"position\":1,\"name\":\"Portada\",\"item\":\"https:\\\/\\\/zapateneo.net\\\/wordpress\\\/\"},{\"@type\":\"ListItem\",\"position\":2,\"name\":\"Tienda\",\"item\":\"https:\\\/\\\/zapateneo.net\\\/wordpress\\\/\"},{\"@type\":\"ListItem\",\"position\":3,\"name\":\"DEBORD EN EL RUIDO DE LA CATARATA DEL TIEMPO. ETCETERA # 28\"}]},{\"@type\":\"WebSite\",\"@id\":\"https:\\\/\\\/zapateneo.net\\\/wordpress\\\/#website\",\"url\":\"https:\\\/\\\/zapateneo.net\\\/wordpress\\\/\",\"name\":\"Zapateneo\",\"description\":\"Zapateneoaren webgunea\",\"publisher\":{\"@id\":\"https:\\\/\\\/zapateneo.net\\\/wordpress\\\/#organization\"},\"potentialAction\":[{\"@type\":\"SearchAction\",\"target\":{\"@type\":\"EntryPoint\",\"urlTemplate\":\"https:\\\/\\\/zapateneo.net\\\/wordpress\\\/?s={search_term_string}\"},\"query-input\":{\"@type\":\"PropertyValueSpecification\",\"valueRequired\":true,\"valueName\":\"search_term_string\"}}],\"inLanguage\":\"es\"},{\"@type\":\"Organization\",\"@id\":\"https:\\\/\\\/zapateneo.net\\\/wordpress\\\/#organization\",\"name\":\"Zapateneo Kultur Elkartea\",\"url\":\"https:\\\/\\\/zapateneo.net\\\/wordpress\\\/\",\"logo\":{\"@type\":\"ImageObject\",\"inLanguage\":\"es\",\"@id\":\"https:\\\/\\\/zapateneo.net\\\/wordpress\\\/#\\\/schema\\\/logo\\\/image\\\/\",\"url\":\"https:\\\/\\\/zapateneo.net\\\/wordpress\\\/wp-content\\\/uploads\\\/2021\\\/04\\\/zap-libu-kolec.jpg\",\"contentUrl\":\"https:\\\/\\\/zapateneo.net\\\/wordpress\\\/wp-content\\\/uploads\\\/2021\\\/04\\\/zap-libu-kolec.jpg\",\"width\":2234,\"height\":398,\"caption\":\"Zapateneo Kultur Elkartea\"},\"image\":{\"@id\":\"https:\\\/\\\/zapateneo.net\\\/wordpress\\\/#\\\/schema\\\/logo\\\/image\\\/\"},\"sameAs\":[\"https:\\\/\\\/x.com\\\/zapateneo\"]}]}<\/script>\n<!-- \/ Yoast SEO plugin. -->","yoast_head_json":{"title":"DEBORD EN EL RUIDO DE LA CATARATA DEL TIEMPO. ETCETERA # 28 &#8212; Zapateneo","robots":{"index":"index","follow":"follow","max-snippet":"max-snippet:-1","max-image-preview":"max-image-preview:large","max-video-preview":"max-video-preview:-1"},"canonical":"https:\/\/zapateneo.net\/wordpress\/index.php\/producto\/debord-en-el-ruido-de-la-catarata-del-tiempo-etcetera-28\/","og_locale":"es_ES","og_type":"article","og_title":"DEBORD EN EL RUIDO DE LA CATARATA DEL TIEMPO. ETCETERA # 28 &#8212; Zapateneo","og_description":"DANIEL BLANCHARD 2006052500060 - ETC - - 48 p\u00e1ginas \/orri.","og_url":"https:\/\/zapateneo.net\/wordpress\/index.php\/producto\/debord-en-el-ruido-de-la-catarata-del-tiempo-etcetera-28\/","og_site_name":"Zapateneo","article_modified_time":"2021-12-13T16:01:56+00:00","twitter_card":"summary_large_image","twitter_site":"@zapateneo","twitter_misc":{"Tiempo de lectura":"1 minuto"},"schema":{"@context":"https:\/\/schema.org","@graph":[{"@type":"WebPage","@id":"https:\/\/zapateneo.net\/wordpress\/index.php\/producto\/debord-en-el-ruido-de-la-catarata-del-tiempo-etcetera-28\/","url":"https:\/\/zapateneo.net\/wordpress\/index.php\/producto\/debord-en-el-ruido-de-la-catarata-del-tiempo-etcetera-28\/","name":"DEBORD EN EL RUIDO DE LA CATARATA DEL TIEMPO. ETCETERA # 28 &#8212; Zapateneo","isPartOf":{"@id":"https:\/\/zapateneo.net\/wordpress\/#website"},"datePublished":"2021-10-11T17:40:24+00:00","dateModified":"2021-12-13T16:01:56+00:00","breadcrumb":{"@id":"https:\/\/zapateneo.net\/wordpress\/index.php\/producto\/debord-en-el-ruido-de-la-catarata-del-tiempo-etcetera-28\/#breadcrumb"},"inLanguage":"es","potentialAction":[{"@type":"ReadAction","target":["https:\/\/zapateneo.net\/wordpress\/index.php\/producto\/debord-en-el-ruido-de-la-catarata-del-tiempo-etcetera-28\/"]}]},{"@type":"BreadcrumbList","@id":"https:\/\/zapateneo.net\/wordpress\/index.php\/producto\/debord-en-el-ruido-de-la-catarata-del-tiempo-etcetera-28\/#breadcrumb","itemListElement":[{"@type":"ListItem","position":1,"name":"Portada","item":"https:\/\/zapateneo.net\/wordpress\/"},{"@type":"ListItem","position":2,"name":"Tienda","item":"https:\/\/zapateneo.net\/wordpress\/"},{"@type":"ListItem","position":3,"name":"DEBORD EN EL RUIDO DE LA CATARATA DEL TIEMPO. ETCETERA # 28"}]},{"@type":"WebSite","@id":"https:\/\/zapateneo.net\/wordpress\/#website","url":"https:\/\/zapateneo.net\/wordpress\/","name":"Zapateneo","description":"Zapateneoaren webgunea","publisher":{"@id":"https:\/\/zapateneo.net\/wordpress\/#organization"},"potentialAction":[{"@type":"SearchAction","target":{"@type":"EntryPoint","urlTemplate":"https:\/\/zapateneo.net\/wordpress\/?s={search_term_string}"},"query-input":{"@type":"PropertyValueSpecification","valueRequired":true,"valueName":"search_term_string"}}],"inLanguage":"es"},{"@type":"Organization","@id":"https:\/\/zapateneo.net\/wordpress\/#organization","name":"Zapateneo Kultur Elkartea","url":"https:\/\/zapateneo.net\/wordpress\/","logo":{"@type":"ImageObject","inLanguage":"es","@id":"https:\/\/zapateneo.net\/wordpress\/#\/schema\/logo\/image\/","url":"https:\/\/zapateneo.net\/wordpress\/wp-content\/uploads\/2021\/04\/zap-libu-kolec.jpg","contentUrl":"https:\/\/zapateneo.net\/wordpress\/wp-content\/uploads\/2021\/04\/zap-libu-kolec.jpg","width":2234,"height":398,"caption":"Zapateneo Kultur Elkartea"},"image":{"@id":"https:\/\/zapateneo.net\/wordpress\/#\/schema\/logo\/image\/"},"sameAs":["https:\/\/x.com\/zapateneo"]}]}},"_links":{"self":[{"href":"https:\/\/zapateneo.net\/wordpress\/index.php\/wp-json\/wp\/v2\/product\/9766","targetHints":{"allow":["GET"]}}],"collection":[{"href":"https:\/\/zapateneo.net\/wordpress\/index.php\/wp-json\/wp\/v2\/product"}],"about":[{"href":"https:\/\/zapateneo.net\/wordpress\/index.php\/wp-json\/wp\/v2\/types\/product"}],"wp:attachment":[{"href":"https:\/\/zapateneo.net\/wordpress\/index.php\/wp-json\/wp\/v2\/media?parent=9766"}],"wp:term":[{"taxonomy":"product_brand","embeddable":true,"href":"https:\/\/zapateneo.net\/wordpress\/index.php\/wp-json\/wp\/v2\/product_brand?post=9766"},{"taxonomy":"product_cat","embeddable":true,"href":"https:\/\/zapateneo.net\/wordpress\/index.php\/wp-json\/wp\/v2\/product_cat?post=9766"},{"taxonomy":"product_tag","embeddable":true,"href":"https:\/\/zapateneo.net\/wordpress\/index.php\/wp-json\/wp\/v2\/product_tag?post=9766"}],"curies":[{"name":"wp","href":"https:\/\/api.w.org\/{rel}","templated":true}]}}