{"id":9757,"date":"2021-10-11T18:40:22","date_gmt":"2021-10-11T17:40:22","guid":{"rendered":"https:\/\/zapateneo.net\/wordpress\/?post_type=product&#038;p=9757"},"modified":"2021-12-14T10:54:38","modified_gmt":"2021-12-14T09:54:38","slug":"del-nuevo-mundo-y-otros-escritos-57","status":"publish","type":"product","link":"https:\/\/zapateneo.net\/wordpress\/index.php\/producto\/del-nuevo-mundo-y-otros-escritos-57\/","title":{"rendered":"DEL NUEVO MUNDO Y OTROS ESCRITOS. ETC # 57"},"content":{"rendered":"<p>Pierre Mabille nace en Reims en 1905. M\u00e9dico como su padre, con 24 a\u00f1os es m\u00e9dico internista en el Hospital de Bic\u00eatre, en Par\u00eds. Su desmedida curiosidad intelectual lo lleva de la medicina hasta un vasto saber enciclop\u00e9dico que abarca desde el hermetismo a la f\u00edsica moderna. En 1934, encuentra a los surrealistas, colabora en Minotaure, la revista del grupo, de la que formar\u00e1<br \/>\nparte, en 1937, del comit\u00e9 de redacci\u00f3n junto a Breton, \u00c9luard, Duchamp y Henein. En esta revista escribir\u00e1 Mabille singulares art\u00edculos en los que va plasmando su concepci\u00f3n determinista del hombre. Durante estos a\u00f1os<br \/>\npublicar\u00e1 \u00abLa Construction de lHomme\u00bb; \u00abEgr\u00e9gores ou la vie des civilisations\u00bb; \u00abTh\u00e9r\u00e8se de Lisieux, une Mystique decadente\u00bb; y \u00abLe Miroir du Merveilleux\u00bb. En 1940, iniciada la ofensiva alemana en Francia y buscado por la polic\u00eda de Vichy, embarca en Marsella para Or\u00e1n<br \/>\nhasta llegar finalmente a Hait\u00ed. Durante tres a\u00f1os se cuidar\u00e1 del Hospital Asilo franc\u00e9s de Puerto Pr\u00edncipe, dar\u00e1 clases en la Facultad de Medicina y se interesar\u00e1 por el culto vud\u00fa creando el Instituto Etnol\u00f3gico Haitiniano. Desde Hait\u00ed, invitado para dar un ciclo de conferencias, viajar\u00e1 a M\u00e9xico donde encontrar\u00e1 a sus amigos surrealistas y escribir\u00e1 en Cuadernos Americanos,<br \/>\nrevista iniciada en 1942 por mexicanos y espa\u00f1oles exiliados. Liberada Francia, regresa a Par\u00eds en febrero de 1945. En Junio es nombrado agregado cultural en Hait\u00ed y viaja a Puerto Pr\u00edncipe para retomar la direcci\u00f3n del<br \/>\nHospital Asilo franc\u00e9s, pero pronto movimientos pol\u00edticos dentro de la isla le obligan a regresar a Par\u00eds en abril de 1946. Aqu\u00ed, apartado de toda actividad pol\u00edtica y literaria y frecuentado tan s\u00f3lo por algunos de sus amigos surrealistas, empieza una vida dedicada al estudio y a la pr\u00e1ctica de la medicina. El 13 de octubre de 1952, Pierre Mabille muere de una crisis cardiaca durante la consulta m\u00e9dica en su domicilio.<br \/>\nA pesar de la importancia de su obra, Pierre Mabille es poco conocido en Espa\u00f1a. S\u00f3lo hasta hace poco no ha empezado a ser editado aqu\u00ed. Octaedro ediciones, en su colecci\u00f3n L\u00edmites acaba de editar \u00abEgr\u00e9gores o la vida<br \/>\nde las civilizaciones\u00bb. En Etc\u00e9tera hab\u00edamos publicado \u00abEspejos\u00bb, que ahora reproducimos en esta edici\u00f3n junto a otros dos art\u00edculos suyos aparecidos<br \/>\nen Minotaure, \u00abPrefacio al Elogio de los Prejuicios Populares\u00bb y \u00abEl Ojo del Pintor\u00bb; otro en la revista V V V, \u00abEl Para\u00edso\u00bb; y otro en Cuadernos Americanos, \u00abDel Nuevo Mundo\u00bb.<\/p>\n<p><a href=\"https:\/\/sindominio.net\/etcetera\/files\/57_Mabille_Text_port.pdf\">Deskarga<\/a>.<\/p>\n","protected":false},"excerpt":{"rendered":"<p><strong>PIERRE MABILLE<\/strong><br \/>\n2008030100040 &#8211; ETC &#8211; &#8211; 64 p\u00e1ginas \/orri.<\/p>\n","protected":false},"featured_media":9805,"template":"","meta":[],"product_brand":[],"product_cat":[166,173],"product_tag":[4626,1924,5013],"class_list":{"0":"post-9757","1":"product","2":"type-product","3":"status-publish","4":"has-post-thumbnail","6":"product_cat-panfletos-panfletoak","7":"product_cat-saiakera-ensayo","8":"product_tag-deskargak","9":"product_tag-etc","10":"product_tag-pierre-mabille","12":"first","13":"instock","14":"sold-individually","15":"shipping-taxable","16":"purchasable","17":"product-type-simple"},"yoast_head":"<!-- This site is optimized with the Yoast SEO plugin v27.3 - https:\/\/yoast.com\/product\/yoast-seo-wordpress\/ -->\n<title>DEL NUEVO MUNDO Y OTROS ESCRITOS. ETC # 57 &#8212; Zapateneo<\/title>\n<meta name=\"robots\" content=\"index, follow, max-snippet:-1, max-image-preview:large, max-video-preview:-1\" \/>\n<link rel=\"canonical\" href=\"https:\/\/zapateneo.net\/wordpress\/index.php\/producto\/del-nuevo-mundo-y-otros-escritos-57\/\" \/>\n<meta property=\"og:locale\" content=\"es_ES\" \/>\n<meta property=\"og:type\" content=\"article\" \/>\n<meta property=\"og:title\" content=\"DEL NUEVO MUNDO Y OTROS ESCRITOS. ETC # 57 &#8212; Zapateneo\" \/>\n<meta property=\"og:description\" content=\"PIERRE MABILLE 2008030100040 - ETC - - 64 p\u00e1ginas \/orri.\" \/>\n<meta property=\"og:url\" content=\"https:\/\/zapateneo.net\/wordpress\/index.php\/producto\/del-nuevo-mundo-y-otros-escritos-57\/\" \/>\n<meta property=\"og:site_name\" content=\"Zapateneo\" \/>\n<meta property=\"article:modified_time\" content=\"2021-12-14T09:54:38+00:00\" \/>\n<meta property=\"og:image\" content=\"https:\/\/zapateneo.net\/wordpress\/wp-content\/uploads\/2021\/10\/nuevo-mundo.png\" \/>\n\t<meta property=\"og:image:width\" content=\"176\" \/>\n\t<meta property=\"og:image:height\" content=\"286\" \/>\n\t<meta property=\"og:image:type\" content=\"image\/png\" \/>\n<meta name=\"twitter:card\" content=\"summary_large_image\" \/>\n<meta name=\"twitter:site\" content=\"@zapateneo\" \/>\n<meta name=\"twitter:label1\" content=\"Tiempo de lectura\" \/>\n\t<meta name=\"twitter:data1\" content=\"2 minutos\" \/>\n<script type=\"application\/ld+json\" class=\"yoast-schema-graph\">{\"@context\":\"https:\\\/\\\/schema.org\",\"@graph\":[{\"@type\":\"WebPage\",\"@id\":\"https:\\\/\\\/zapateneo.net\\\/wordpress\\\/index.php\\\/producto\\\/del-nuevo-mundo-y-otros-escritos-57\\\/\",\"url\":\"https:\\\/\\\/zapateneo.net\\\/wordpress\\\/index.php\\\/producto\\\/del-nuevo-mundo-y-otros-escritos-57\\\/\",\"name\":\"DEL NUEVO MUNDO Y OTROS ESCRITOS. ETC # 57 &#8212; Zapateneo\",\"isPartOf\":{\"@id\":\"https:\\\/\\\/zapateneo.net\\\/wordpress\\\/#website\"},\"primaryImageOfPage\":{\"@id\":\"https:\\\/\\\/zapateneo.net\\\/wordpress\\\/index.php\\\/producto\\\/del-nuevo-mundo-y-otros-escritos-57\\\/#primaryimage\"},\"image\":{\"@id\":\"https:\\\/\\\/zapateneo.net\\\/wordpress\\\/index.php\\\/producto\\\/del-nuevo-mundo-y-otros-escritos-57\\\/#primaryimage\"},\"thumbnailUrl\":\"https:\\\/\\\/zapateneo.net\\\/wordpress\\\/wp-content\\\/uploads\\\/2021\\\/10\\\/nuevo-mundo.png\",\"datePublished\":\"2021-10-11T17:40:22+00:00\",\"dateModified\":\"2021-12-14T09:54:38+00:00\",\"breadcrumb\":{\"@id\":\"https:\\\/\\\/zapateneo.net\\\/wordpress\\\/index.php\\\/producto\\\/del-nuevo-mundo-y-otros-escritos-57\\\/#breadcrumb\"},\"inLanguage\":\"es\",\"potentialAction\":[{\"@type\":\"ReadAction\",\"target\":[\"https:\\\/\\\/zapateneo.net\\\/wordpress\\\/index.php\\\/producto\\\/del-nuevo-mundo-y-otros-escritos-57\\\/\"]}]},{\"@type\":\"ImageObject\",\"inLanguage\":\"es\",\"@id\":\"https:\\\/\\\/zapateneo.net\\\/wordpress\\\/index.php\\\/producto\\\/del-nuevo-mundo-y-otros-escritos-57\\\/#primaryimage\",\"url\":\"https:\\\/\\\/zapateneo.net\\\/wordpress\\\/wp-content\\\/uploads\\\/2021\\\/10\\\/nuevo-mundo.png\",\"contentUrl\":\"https:\\\/\\\/zapateneo.net\\\/wordpress\\\/wp-content\\\/uploads\\\/2021\\\/10\\\/nuevo-mundo.png\",\"width\":176,\"height\":286},{\"@type\":\"BreadcrumbList\",\"@id\":\"https:\\\/\\\/zapateneo.net\\\/wordpress\\\/index.php\\\/producto\\\/del-nuevo-mundo-y-otros-escritos-57\\\/#breadcrumb\",\"itemListElement\":[{\"@type\":\"ListItem\",\"position\":1,\"name\":\"Portada\",\"item\":\"https:\\\/\\\/zapateneo.net\\\/wordpress\\\/\"},{\"@type\":\"ListItem\",\"position\":2,\"name\":\"Tienda\",\"item\":\"https:\\\/\\\/zapateneo.net\\\/wordpress\\\/\"},{\"@type\":\"ListItem\",\"position\":3,\"name\":\"DEL NUEVO MUNDO Y OTROS ESCRITOS. ETC # 57\"}]},{\"@type\":\"WebSite\",\"@id\":\"https:\\\/\\\/zapateneo.net\\\/wordpress\\\/#website\",\"url\":\"https:\\\/\\\/zapateneo.net\\\/wordpress\\\/\",\"name\":\"Zapateneo\",\"description\":\"Zapateneoaren webgunea\",\"publisher\":{\"@id\":\"https:\\\/\\\/zapateneo.net\\\/wordpress\\\/#organization\"},\"potentialAction\":[{\"@type\":\"SearchAction\",\"target\":{\"@type\":\"EntryPoint\",\"urlTemplate\":\"https:\\\/\\\/zapateneo.net\\\/wordpress\\\/?s={search_term_string}\"},\"query-input\":{\"@type\":\"PropertyValueSpecification\",\"valueRequired\":true,\"valueName\":\"search_term_string\"}}],\"inLanguage\":\"es\"},{\"@type\":\"Organization\",\"@id\":\"https:\\\/\\\/zapateneo.net\\\/wordpress\\\/#organization\",\"name\":\"Zapateneo Kultur Elkartea\",\"url\":\"https:\\\/\\\/zapateneo.net\\\/wordpress\\\/\",\"logo\":{\"@type\":\"ImageObject\",\"inLanguage\":\"es\",\"@id\":\"https:\\\/\\\/zapateneo.net\\\/wordpress\\\/#\\\/schema\\\/logo\\\/image\\\/\",\"url\":\"https:\\\/\\\/zapateneo.net\\\/wordpress\\\/wp-content\\\/uploads\\\/2021\\\/04\\\/zap-libu-kolec.jpg\",\"contentUrl\":\"https:\\\/\\\/zapateneo.net\\\/wordpress\\\/wp-content\\\/uploads\\\/2021\\\/04\\\/zap-libu-kolec.jpg\",\"width\":2234,\"height\":398,\"caption\":\"Zapateneo Kultur Elkartea\"},\"image\":{\"@id\":\"https:\\\/\\\/zapateneo.net\\\/wordpress\\\/#\\\/schema\\\/logo\\\/image\\\/\"},\"sameAs\":[\"https:\\\/\\\/x.com\\\/zapateneo\"]}]}<\/script>\n<!-- \/ Yoast SEO plugin. -->","yoast_head_json":{"title":"DEL NUEVO MUNDO Y OTROS ESCRITOS. ETC # 57 &#8212; Zapateneo","robots":{"index":"index","follow":"follow","max-snippet":"max-snippet:-1","max-image-preview":"max-image-preview:large","max-video-preview":"max-video-preview:-1"},"canonical":"https:\/\/zapateneo.net\/wordpress\/index.php\/producto\/del-nuevo-mundo-y-otros-escritos-57\/","og_locale":"es_ES","og_type":"article","og_title":"DEL NUEVO MUNDO Y OTROS ESCRITOS. ETC # 57 &#8212; Zapateneo","og_description":"PIERRE MABILLE 2008030100040 - ETC - - 64 p\u00e1ginas \/orri.","og_url":"https:\/\/zapateneo.net\/wordpress\/index.php\/producto\/del-nuevo-mundo-y-otros-escritos-57\/","og_site_name":"Zapateneo","article_modified_time":"2021-12-14T09:54:38+00:00","og_image":[{"width":176,"height":286,"url":"https:\/\/zapateneo.net\/wordpress\/wp-content\/uploads\/2021\/10\/nuevo-mundo.png","type":"image\/png"}],"twitter_card":"summary_large_image","twitter_site":"@zapateneo","twitter_misc":{"Tiempo de lectura":"2 minutos"},"schema":{"@context":"https:\/\/schema.org","@graph":[{"@type":"WebPage","@id":"https:\/\/zapateneo.net\/wordpress\/index.php\/producto\/del-nuevo-mundo-y-otros-escritos-57\/","url":"https:\/\/zapateneo.net\/wordpress\/index.php\/producto\/del-nuevo-mundo-y-otros-escritos-57\/","name":"DEL NUEVO MUNDO Y OTROS ESCRITOS. ETC # 57 &#8212; Zapateneo","isPartOf":{"@id":"https:\/\/zapateneo.net\/wordpress\/#website"},"primaryImageOfPage":{"@id":"https:\/\/zapateneo.net\/wordpress\/index.php\/producto\/del-nuevo-mundo-y-otros-escritos-57\/#primaryimage"},"image":{"@id":"https:\/\/zapateneo.net\/wordpress\/index.php\/producto\/del-nuevo-mundo-y-otros-escritos-57\/#primaryimage"},"thumbnailUrl":"https:\/\/zapateneo.net\/wordpress\/wp-content\/uploads\/2021\/10\/nuevo-mundo.png","datePublished":"2021-10-11T17:40:22+00:00","dateModified":"2021-12-14T09:54:38+00:00","breadcrumb":{"@id":"https:\/\/zapateneo.net\/wordpress\/index.php\/producto\/del-nuevo-mundo-y-otros-escritos-57\/#breadcrumb"},"inLanguage":"es","potentialAction":[{"@type":"ReadAction","target":["https:\/\/zapateneo.net\/wordpress\/index.php\/producto\/del-nuevo-mundo-y-otros-escritos-57\/"]}]},{"@type":"ImageObject","inLanguage":"es","@id":"https:\/\/zapateneo.net\/wordpress\/index.php\/producto\/del-nuevo-mundo-y-otros-escritos-57\/#primaryimage","url":"https:\/\/zapateneo.net\/wordpress\/wp-content\/uploads\/2021\/10\/nuevo-mundo.png","contentUrl":"https:\/\/zapateneo.net\/wordpress\/wp-content\/uploads\/2021\/10\/nuevo-mundo.png","width":176,"height":286},{"@type":"BreadcrumbList","@id":"https:\/\/zapateneo.net\/wordpress\/index.php\/producto\/del-nuevo-mundo-y-otros-escritos-57\/#breadcrumb","itemListElement":[{"@type":"ListItem","position":1,"name":"Portada","item":"https:\/\/zapateneo.net\/wordpress\/"},{"@type":"ListItem","position":2,"name":"Tienda","item":"https:\/\/zapateneo.net\/wordpress\/"},{"@type":"ListItem","position":3,"name":"DEL NUEVO MUNDO Y OTROS ESCRITOS. ETC # 57"}]},{"@type":"WebSite","@id":"https:\/\/zapateneo.net\/wordpress\/#website","url":"https:\/\/zapateneo.net\/wordpress\/","name":"Zapateneo","description":"Zapateneoaren webgunea","publisher":{"@id":"https:\/\/zapateneo.net\/wordpress\/#organization"},"potentialAction":[{"@type":"SearchAction","target":{"@type":"EntryPoint","urlTemplate":"https:\/\/zapateneo.net\/wordpress\/?s={search_term_string}"},"query-input":{"@type":"PropertyValueSpecification","valueRequired":true,"valueName":"search_term_string"}}],"inLanguage":"es"},{"@type":"Organization","@id":"https:\/\/zapateneo.net\/wordpress\/#organization","name":"Zapateneo Kultur Elkartea","url":"https:\/\/zapateneo.net\/wordpress\/","logo":{"@type":"ImageObject","inLanguage":"es","@id":"https:\/\/zapateneo.net\/wordpress\/#\/schema\/logo\/image\/","url":"https:\/\/zapateneo.net\/wordpress\/wp-content\/uploads\/2021\/04\/zap-libu-kolec.jpg","contentUrl":"https:\/\/zapateneo.net\/wordpress\/wp-content\/uploads\/2021\/04\/zap-libu-kolec.jpg","width":2234,"height":398,"caption":"Zapateneo Kultur Elkartea"},"image":{"@id":"https:\/\/zapateneo.net\/wordpress\/#\/schema\/logo\/image\/"},"sameAs":["https:\/\/x.com\/zapateneo"]}]}},"_links":{"self":[{"href":"https:\/\/zapateneo.net\/wordpress\/index.php\/wp-json\/wp\/v2\/product\/9757","targetHints":{"allow":["GET"]}}],"collection":[{"href":"https:\/\/zapateneo.net\/wordpress\/index.php\/wp-json\/wp\/v2\/product"}],"about":[{"href":"https:\/\/zapateneo.net\/wordpress\/index.php\/wp-json\/wp\/v2\/types\/product"}],"wp:featuredmedia":[{"embeddable":true,"href":"https:\/\/zapateneo.net\/wordpress\/index.php\/wp-json\/wp\/v2\/media\/9805"}],"wp:attachment":[{"href":"https:\/\/zapateneo.net\/wordpress\/index.php\/wp-json\/wp\/v2\/media?parent=9757"}],"wp:term":[{"taxonomy":"product_brand","embeddable":true,"href":"https:\/\/zapateneo.net\/wordpress\/index.php\/wp-json\/wp\/v2\/product_brand?post=9757"},{"taxonomy":"product_cat","embeddable":true,"href":"https:\/\/zapateneo.net\/wordpress\/index.php\/wp-json\/wp\/v2\/product_cat?post=9757"},{"taxonomy":"product_tag","embeddable":true,"href":"https:\/\/zapateneo.net\/wordpress\/index.php\/wp-json\/wp\/v2\/product_tag?post=9757"}],"curies":[{"name":"wp","href":"https:\/\/api.w.org\/{rel}","templated":true}]}}