{"id":9698,"date":"2021-10-11T18:39:47","date_gmt":"2021-10-11T17:39:47","guid":{"rendered":"https:\/\/zapateneo.net\/wordpress\/?post_type=product&#038;p=9698"},"modified":"2021-12-11T19:10:58","modified_gmt":"2021-12-11T18:10:58","slug":"la-mineria-de-uranio-en-extremadura-y-salamanca-apuntes-sobre-la-nuclearizacion-del-territorio","status":"publish","type":"product","link":"https:\/\/zapateneo.net\/wordpress\/index.php\/producto\/la-mineria-de-uranio-en-extremadura-y-salamanca-apuntes-sobre-la-nuclearizacion-del-territorio\/","title":{"rendered":"La miner\u00eda de uranio en Extremadura y Salamanca. Apuntes sobre la nuclearizaci\u00f3n del territorio"},"content":{"rendered":"<p style=\"text-align: justify;\">En diferentes zonas de Extremadura y  Salamanca, se estuvieron explotando gran n&uacute;mero de minas para la  obtenci&oacute;n de uranio (desde los a&ntilde;os 60 hasta el a&ntilde;o 2000, una veintena  de minas) que finalmente serv&iacute;a para alimentar los reactores de las  centrales nucleares. Todo parec&iacute;a indicar que la historia minera de  estas regiones quedar&iacute;a como recuerdo del pasado, aquellas minas no  pudieron competir con explotaciones de otros pa&iacute;ses y fueron cerrando.  Durante muchos a&ntilde;os, hemos tenido la sensaci&oacute;n de que la industria  nuclear ser&iacute;a sustituida por industrias energ&eacute;ticas menos peligrosas y  menos radioactivas. Algunos gobiernos como el espa&ntilde;ol apuntaban  t&iacute;midamente hacia el &ldquo;apag&oacute;n nuclear&rdquo; una vez las centrales nucleares  cumplieran el plazo previsto de funcionamiento. Pero la industria  nuclear volvi&oacute; a aparecer en escena, sali&oacute; de su letargo y se anunci&oacute;  m&aacute;s segura, aliada contra el cambio clim&aacute;tico e imprescindible para  mantener un consumo el&eacute;ctrico siempre en aumento. Hemos asistido a una  nueva remesa de centrales nucleares proyectadas para los pr&oacute;ximos a&ntilde;os  (m&aacute;s de 60), nuevos impulsos para la investigaci&oacute;n (Francia ha destinado  el mayor presupuesto de su historia para investigaci&oacute;n en la energ&iacute;a  nuclear del futuro) y en distintos pa&iacute;ses se aplazan los cierres de las  centrales previstos inicialmente, como el de la central de Garo&ntilde;a en  Burgos.<\/p>\n<p style=\"text-align: justify;\">Con este panorama recibimos la noticia  de que distintas empresas est&aacute;n interesadas en volver a explotar el  uranio que yace en diferentes zonas de nuestras provincias. En el texto  hemos expuesto las variadas consecuencias que la miner&iacute;a de uranio  tendr&iacute;a para el entorno, para los trabajadores y para las poblaciones  cercanas. Tambi&eacute;n tratamos de entender c&oacute;mo la industria nuclear, adem&aacute;s  de las posibles minas, ha colonizado los territorios con centrales  nucleares, centros de fabricaci&oacute;n de combustible nuclear o diferentes  lugares de almacenamiento de residuos nucleares, y de c&oacute;mo estamos  atravesados no s&oacute;lo por el continuo transporte de material nuclear y  radioactivo de lado a lado, sino tambi&eacute;n por una reglamentaci&oacute;n y unos  sistemas de control que a todos nos afecta, no hay m&aacute;s opci&oacute;n que  &ldquo;normativizar y repartir medidas que mantengan el list&oacute;n de seguridad  suficientemente alto, lo que dadas las circunstancias que nos rodean,  s&oacute;lo puede conseguirse legitimando y reforzando el papel del Estado,  devenido en Estado Nuclear&rdquo;.<\/p>\n","protected":false},"excerpt":{"rendered":"<p><strong>vvaa<\/strong><br \/>\n2012012500018 &#8211;  &#8211; 2011 &#8211; 24 p\u00e1ginas \/orri.<\/p>\n","protected":false},"featured_media":0,"template":"","meta":[],"product_brand":[],"product_cat":[180,166],"product_tag":[5070,5069],"class_list":{"0":"post-9698","1":"product","2":"type-product","3":"status-publish","5":"product_cat-ekologia-ecologia","6":"product_cat-panfletos-panfletoak","7":"product_tag-mineria","8":"product_tag-uranio","10":"first","11":"instock","12":"sold-individually","13":"shipping-taxable","14":"purchasable","15":"product-type-simple"},"yoast_head":"<!-- This site is optimized with the Yoast SEO plugin v27.3 - https:\/\/yoast.com\/product\/yoast-seo-wordpress\/ -->\n<title>La miner\u00eda de uranio en Extremadura y Salamanca. Apuntes sobre la nuclearizaci\u00f3n del territorio &#8212; Zapateneo<\/title>\n<meta name=\"robots\" content=\"index, follow, max-snippet:-1, max-image-preview:large, max-video-preview:-1\" \/>\n<link rel=\"canonical\" href=\"https:\/\/zapateneo.net\/wordpress\/index.php\/producto\/la-mineria-de-uranio-en-extremadura-y-salamanca-apuntes-sobre-la-nuclearizacion-del-territorio\/\" \/>\n<meta property=\"og:locale\" content=\"es_ES\" \/>\n<meta property=\"og:type\" content=\"article\" \/>\n<meta property=\"og:title\" content=\"La miner\u00eda de uranio en Extremadura y Salamanca. Apuntes sobre la nuclearizaci\u00f3n del territorio &#8212; Zapateneo\" \/>\n<meta property=\"og:description\" content=\"vvaa 2012012500018 - - 2011 - 24 p\u00e1ginas \/orri.\" \/>\n<meta property=\"og:url\" content=\"https:\/\/zapateneo.net\/wordpress\/index.php\/producto\/la-mineria-de-uranio-en-extremadura-y-salamanca-apuntes-sobre-la-nuclearizacion-del-territorio\/\" \/>\n<meta property=\"og:site_name\" content=\"Zapateneo\" \/>\n<meta property=\"article:modified_time\" content=\"2021-12-11T18:10:58+00:00\" \/>\n<meta name=\"twitter:card\" content=\"summary_large_image\" \/>\n<meta name=\"twitter:site\" content=\"@zapateneo\" \/>\n<meta name=\"twitter:label1\" content=\"Tiempo de lectura\" \/>\n\t<meta name=\"twitter:data1\" content=\"2 minutos\" \/>\n<script type=\"application\/ld+json\" class=\"yoast-schema-graph\">{\"@context\":\"https:\\\/\\\/schema.org\",\"@graph\":[{\"@type\":\"WebPage\",\"@id\":\"https:\\\/\\\/zapateneo.net\\\/wordpress\\\/index.php\\\/producto\\\/la-mineria-de-uranio-en-extremadura-y-salamanca-apuntes-sobre-la-nuclearizacion-del-territorio\\\/\",\"url\":\"https:\\\/\\\/zapateneo.net\\\/wordpress\\\/index.php\\\/producto\\\/la-mineria-de-uranio-en-extremadura-y-salamanca-apuntes-sobre-la-nuclearizacion-del-territorio\\\/\",\"name\":\"La miner\u00eda de uranio en Extremadura y Salamanca. Apuntes sobre la nuclearizaci\u00f3n del territorio &#8212; Zapateneo\",\"isPartOf\":{\"@id\":\"https:\\\/\\\/zapateneo.net\\\/wordpress\\\/#website\"},\"datePublished\":\"2021-10-11T17:39:47+00:00\",\"dateModified\":\"2021-12-11T18:10:58+00:00\",\"breadcrumb\":{\"@id\":\"https:\\\/\\\/zapateneo.net\\\/wordpress\\\/index.php\\\/producto\\\/la-mineria-de-uranio-en-extremadura-y-salamanca-apuntes-sobre-la-nuclearizacion-del-territorio\\\/#breadcrumb\"},\"inLanguage\":\"es\",\"potentialAction\":[{\"@type\":\"ReadAction\",\"target\":[\"https:\\\/\\\/zapateneo.net\\\/wordpress\\\/index.php\\\/producto\\\/la-mineria-de-uranio-en-extremadura-y-salamanca-apuntes-sobre-la-nuclearizacion-del-territorio\\\/\"]}]},{\"@type\":\"BreadcrumbList\",\"@id\":\"https:\\\/\\\/zapateneo.net\\\/wordpress\\\/index.php\\\/producto\\\/la-mineria-de-uranio-en-extremadura-y-salamanca-apuntes-sobre-la-nuclearizacion-del-territorio\\\/#breadcrumb\",\"itemListElement\":[{\"@type\":\"ListItem\",\"position\":1,\"name\":\"Portada\",\"item\":\"https:\\\/\\\/zapateneo.net\\\/wordpress\\\/\"},{\"@type\":\"ListItem\",\"position\":2,\"name\":\"Tienda\",\"item\":\"https:\\\/\\\/zapateneo.net\\\/wordpress\\\/\"},{\"@type\":\"ListItem\",\"position\":3,\"name\":\"La miner\u00eda de uranio en Extremadura y Salamanca. Apuntes sobre la nuclearizaci\u00f3n del territorio\"}]},{\"@type\":\"WebSite\",\"@id\":\"https:\\\/\\\/zapateneo.net\\\/wordpress\\\/#website\",\"url\":\"https:\\\/\\\/zapateneo.net\\\/wordpress\\\/\",\"name\":\"Zapateneo\",\"description\":\"Zapateneoaren webgunea\",\"publisher\":{\"@id\":\"https:\\\/\\\/zapateneo.net\\\/wordpress\\\/#organization\"},\"potentialAction\":[{\"@type\":\"SearchAction\",\"target\":{\"@type\":\"EntryPoint\",\"urlTemplate\":\"https:\\\/\\\/zapateneo.net\\\/wordpress\\\/?s={search_term_string}\"},\"query-input\":{\"@type\":\"PropertyValueSpecification\",\"valueRequired\":true,\"valueName\":\"search_term_string\"}}],\"inLanguage\":\"es\"},{\"@type\":\"Organization\",\"@id\":\"https:\\\/\\\/zapateneo.net\\\/wordpress\\\/#organization\",\"name\":\"Zapateneo Kultur Elkartea\",\"url\":\"https:\\\/\\\/zapateneo.net\\\/wordpress\\\/\",\"logo\":{\"@type\":\"ImageObject\",\"inLanguage\":\"es\",\"@id\":\"https:\\\/\\\/zapateneo.net\\\/wordpress\\\/#\\\/schema\\\/logo\\\/image\\\/\",\"url\":\"https:\\\/\\\/zapateneo.net\\\/wordpress\\\/wp-content\\\/uploads\\\/2021\\\/04\\\/zap-libu-kolec.jpg\",\"contentUrl\":\"https:\\\/\\\/zapateneo.net\\\/wordpress\\\/wp-content\\\/uploads\\\/2021\\\/04\\\/zap-libu-kolec.jpg\",\"width\":2234,\"height\":398,\"caption\":\"Zapateneo Kultur Elkartea\"},\"image\":{\"@id\":\"https:\\\/\\\/zapateneo.net\\\/wordpress\\\/#\\\/schema\\\/logo\\\/image\\\/\"},\"sameAs\":[\"https:\\\/\\\/x.com\\\/zapateneo\"]}]}<\/script>\n<!-- \/ Yoast SEO plugin. -->","yoast_head_json":{"title":"La miner\u00eda de uranio en Extremadura y Salamanca. Apuntes sobre la nuclearizaci\u00f3n del territorio &#8212; Zapateneo","robots":{"index":"index","follow":"follow","max-snippet":"max-snippet:-1","max-image-preview":"max-image-preview:large","max-video-preview":"max-video-preview:-1"},"canonical":"https:\/\/zapateneo.net\/wordpress\/index.php\/producto\/la-mineria-de-uranio-en-extremadura-y-salamanca-apuntes-sobre-la-nuclearizacion-del-territorio\/","og_locale":"es_ES","og_type":"article","og_title":"La miner\u00eda de uranio en Extremadura y Salamanca. Apuntes sobre la nuclearizaci\u00f3n del territorio &#8212; Zapateneo","og_description":"vvaa 2012012500018 - - 2011 - 24 p\u00e1ginas \/orri.","og_url":"https:\/\/zapateneo.net\/wordpress\/index.php\/producto\/la-mineria-de-uranio-en-extremadura-y-salamanca-apuntes-sobre-la-nuclearizacion-del-territorio\/","og_site_name":"Zapateneo","article_modified_time":"2021-12-11T18:10:58+00:00","twitter_card":"summary_large_image","twitter_site":"@zapateneo","twitter_misc":{"Tiempo de lectura":"2 minutos"},"schema":{"@context":"https:\/\/schema.org","@graph":[{"@type":"WebPage","@id":"https:\/\/zapateneo.net\/wordpress\/index.php\/producto\/la-mineria-de-uranio-en-extremadura-y-salamanca-apuntes-sobre-la-nuclearizacion-del-territorio\/","url":"https:\/\/zapateneo.net\/wordpress\/index.php\/producto\/la-mineria-de-uranio-en-extremadura-y-salamanca-apuntes-sobre-la-nuclearizacion-del-territorio\/","name":"La miner\u00eda de uranio en Extremadura y Salamanca. Apuntes sobre la nuclearizaci\u00f3n del territorio &#8212; Zapateneo","isPartOf":{"@id":"https:\/\/zapateneo.net\/wordpress\/#website"},"datePublished":"2021-10-11T17:39:47+00:00","dateModified":"2021-12-11T18:10:58+00:00","breadcrumb":{"@id":"https:\/\/zapateneo.net\/wordpress\/index.php\/producto\/la-mineria-de-uranio-en-extremadura-y-salamanca-apuntes-sobre-la-nuclearizacion-del-territorio\/#breadcrumb"},"inLanguage":"es","potentialAction":[{"@type":"ReadAction","target":["https:\/\/zapateneo.net\/wordpress\/index.php\/producto\/la-mineria-de-uranio-en-extremadura-y-salamanca-apuntes-sobre-la-nuclearizacion-del-territorio\/"]}]},{"@type":"BreadcrumbList","@id":"https:\/\/zapateneo.net\/wordpress\/index.php\/producto\/la-mineria-de-uranio-en-extremadura-y-salamanca-apuntes-sobre-la-nuclearizacion-del-territorio\/#breadcrumb","itemListElement":[{"@type":"ListItem","position":1,"name":"Portada","item":"https:\/\/zapateneo.net\/wordpress\/"},{"@type":"ListItem","position":2,"name":"Tienda","item":"https:\/\/zapateneo.net\/wordpress\/"},{"@type":"ListItem","position":3,"name":"La miner\u00eda de uranio en Extremadura y Salamanca. Apuntes sobre la nuclearizaci\u00f3n del territorio"}]},{"@type":"WebSite","@id":"https:\/\/zapateneo.net\/wordpress\/#website","url":"https:\/\/zapateneo.net\/wordpress\/","name":"Zapateneo","description":"Zapateneoaren webgunea","publisher":{"@id":"https:\/\/zapateneo.net\/wordpress\/#organization"},"potentialAction":[{"@type":"SearchAction","target":{"@type":"EntryPoint","urlTemplate":"https:\/\/zapateneo.net\/wordpress\/?s={search_term_string}"},"query-input":{"@type":"PropertyValueSpecification","valueRequired":true,"valueName":"search_term_string"}}],"inLanguage":"es"},{"@type":"Organization","@id":"https:\/\/zapateneo.net\/wordpress\/#organization","name":"Zapateneo Kultur Elkartea","url":"https:\/\/zapateneo.net\/wordpress\/","logo":{"@type":"ImageObject","inLanguage":"es","@id":"https:\/\/zapateneo.net\/wordpress\/#\/schema\/logo\/image\/","url":"https:\/\/zapateneo.net\/wordpress\/wp-content\/uploads\/2021\/04\/zap-libu-kolec.jpg","contentUrl":"https:\/\/zapateneo.net\/wordpress\/wp-content\/uploads\/2021\/04\/zap-libu-kolec.jpg","width":2234,"height":398,"caption":"Zapateneo Kultur Elkartea"},"image":{"@id":"https:\/\/zapateneo.net\/wordpress\/#\/schema\/logo\/image\/"},"sameAs":["https:\/\/x.com\/zapateneo"]}]}},"_links":{"self":[{"href":"https:\/\/zapateneo.net\/wordpress\/index.php\/wp-json\/wp\/v2\/product\/9698","targetHints":{"allow":["GET"]}}],"collection":[{"href":"https:\/\/zapateneo.net\/wordpress\/index.php\/wp-json\/wp\/v2\/product"}],"about":[{"href":"https:\/\/zapateneo.net\/wordpress\/index.php\/wp-json\/wp\/v2\/types\/product"}],"wp:attachment":[{"href":"https:\/\/zapateneo.net\/wordpress\/index.php\/wp-json\/wp\/v2\/media?parent=9698"}],"wp:term":[{"taxonomy":"product_brand","embeddable":true,"href":"https:\/\/zapateneo.net\/wordpress\/index.php\/wp-json\/wp\/v2\/product_brand?post=9698"},{"taxonomy":"product_cat","embeddable":true,"href":"https:\/\/zapateneo.net\/wordpress\/index.php\/wp-json\/wp\/v2\/product_cat?post=9698"},{"taxonomy":"product_tag","embeddable":true,"href":"https:\/\/zapateneo.net\/wordpress\/index.php\/wp-json\/wp\/v2\/product_tag?post=9698"}],"curies":[{"name":"wp","href":"https:\/\/api.w.org\/{rel}","templated":true}]}}