{"id":8066,"date":"2021-09-15T20:29:49","date_gmt":"2021-09-15T19:29:49","guid":{"rendered":"https:\/\/zapateneo.net\/wordpress\/?post_type=product&#038;p=8066"},"modified":"2021-09-15T20:34:28","modified_gmt":"2021-09-15T19:34:28","slug":"tebeos-idiotas-para-idiotas-como-usted","status":"publish","type":"product","link":"https:\/\/zapateneo.net\/wordpress\/index.php\/producto\/tebeos-idiotas-para-idiotas-como-usted\/","title":{"rendered":"Tebeos idiotas para idiotas como usted"},"content":{"rendered":"<p>\u00abLos libros de La Felguera son para gente que se cree inteligente. Este es el primero para los que reconocen ser imb\u00e9ciles\u00bb (Hez). Hez, que durante una d\u00e9cada de caos y punk ha puesto en circulaci\u00f3n uno de los fanzines m\u00e1s disparatados y salvajes de este pa\u00eds, es uno de nuestros mejores artistas del tebeo subterr\u00e1neo, adem\u00e1s de guitarrista y cantante de la banda Sudor. Alguien debi\u00f3 pararlo a su debido tiempo, pero felizmente ya es tarde. Amigo Blas es brillante, el hermano d\u00edscolo y taleguero de Hermano Lobo ?del que es un orgulloso heredero? y La Codorniz, Luis Carandell y su Celtiberia show en su peor d\u00eda, G\u00f3mez de la Serna convertido en golfillo y espadista, algo as\u00ed como aquella antigua definici\u00f3n del surrealismo sobre bajar a la calle armado y, sin motivo alguno, ponerse a disparar a la multitud.<\/p>\n<p>Con Hez, qu\u00e9 duda cabe, te r\u00edes mucho y, a veces, esa misma risa es una mueca de espanto un tanto avergonzada por el motivo del despiporre: las vi\u00f1etas que te dispones a disfrutar son brutalmente incorrectas. Las escenas que refleja, nos gusten o no, son la propias de la condici\u00f3n humana, como si aquello que realmente piensa tanta gente saliera a la superficie sin freno alguno. Estos tambi\u00e9n son nuestros disparates goyescos. Porque somos as\u00ed. Espa\u00f1a es de este calibre, un pa\u00eds esperp\u00e9ntico y violento, muy hip\u00f3crita y dado a la doble moral. Miguel Mihura, un maestro de todo esto, ya dijo que \u00abel humor verdadero no se propone ense\u00f1ar o corregir Lo \u00fanico que pretende el humor es que, por un instante, nos salgamos de nosotros mismos, nos marchemos de puntillas unos veinte metros y demos una vuelta a nuestro alrededor contempl\u00e1ndonos por un lado y por otro, por detr\u00e1s y por delante y descubramos nuevos rasgos y perfiles que no conoc\u00edamos\u00bb. Am\u00e9n.<\/p>\n<p>As\u00ed que bajad a las cloacas!, echad un vistazo al extra\u00f1o lugar donde Hez lleva parti\u00e9ndose la caja durante una d\u00e9cada de gloria y lodazal. Porque el futuro es de los viejos y la tonter\u00eda nos har\u00e1 libres. Porque somos mierda, estamos hechos de mierda y, tarde o temprano, en mierda nos convertiremos. Amigo Blas es orgullosamente est\u00fapido. La bendita estupidez, y no la \u00abraz\u00f3n\u00bb genocida, nos salvar\u00e1.<\/p>\n","protected":false},"excerpt":{"rendered":"<p><strong>Hez<\/strong><br \/>\n9788412261073 &#8211; La Felguera &#8211; 2021 &#8211; 278 p\u00e1ginas \/orri.<\/p>\n","protected":false},"featured_media":8118,"template":"","meta":[],"product_brand":[],"product_cat":[167,16],"product_tag":[4525,582],"class_list":{"0":"post-8066","1":"product","2":"type-product","3":"status-publish","4":"has-post-thumbnail","6":"product_cat-comics-komikiak","7":"product_cat-libros","8":"product_tag-hez","9":"product_tag-la-felguera","11":"first","12":"instock","13":"sold-individually","14":"shipping-taxable","15":"purchasable","16":"product-type-simple"},"yoast_head":"<!-- This site is optimized with the Yoast SEO plugin v27.3 - https:\/\/yoast.com\/product\/yoast-seo-wordpress\/ -->\n<title>Tebeos idiotas para idiotas como usted &#8212; Zapateneo<\/title>\n<meta name=\"robots\" content=\"index, follow, max-snippet:-1, max-image-preview:large, max-video-preview:-1\" \/>\n<link rel=\"canonical\" href=\"https:\/\/zapateneo.net\/wordpress\/index.php\/producto\/tebeos-idiotas-para-idiotas-como-usted\/\" \/>\n<meta property=\"og:locale\" content=\"es_ES\" \/>\n<meta property=\"og:type\" content=\"article\" \/>\n<meta property=\"og:title\" content=\"Tebeos idiotas para idiotas como usted &#8212; Zapateneo\" \/>\n<meta property=\"og:description\" content=\"Hez 9788412261073 - La Felguera - 2021 - 278 p\u00e1ginas \/orri.\" \/>\n<meta property=\"og:url\" content=\"https:\/\/zapateneo.net\/wordpress\/index.php\/producto\/tebeos-idiotas-para-idiotas-como-usted\/\" \/>\n<meta property=\"og:site_name\" content=\"Zapateneo\" \/>\n<meta property=\"article:modified_time\" content=\"2021-09-15T19:34:28+00:00\" \/>\n<meta property=\"og:image\" content=\"https:\/\/zapateneo.net\/wordpress\/wp-content\/uploads\/2021\/09\/9788412261073.jpg\" \/>\n\t<meta property=\"og:image:width\" content=\"160\" \/>\n\t<meta property=\"og:image:height\" content=\"320\" \/>\n\t<meta property=\"og:image:type\" content=\"image\/jpeg\" \/>\n<meta name=\"twitter:card\" content=\"summary_large_image\" \/>\n<meta name=\"twitter:site\" content=\"@zapateneo\" \/>\n<meta name=\"twitter:label1\" content=\"Tiempo de lectura\" \/>\n\t<meta name=\"twitter:data1\" content=\"2 minutos\" \/>\n<script type=\"application\/ld+json\" class=\"yoast-schema-graph\">{\"@context\":\"https:\\\/\\\/schema.org\",\"@graph\":[{\"@type\":\"WebPage\",\"@id\":\"https:\\\/\\\/zapateneo.net\\\/wordpress\\\/index.php\\\/producto\\\/tebeos-idiotas-para-idiotas-como-usted\\\/\",\"url\":\"https:\\\/\\\/zapateneo.net\\\/wordpress\\\/index.php\\\/producto\\\/tebeos-idiotas-para-idiotas-como-usted\\\/\",\"name\":\"Tebeos idiotas para idiotas como usted &#8212; Zapateneo\",\"isPartOf\":{\"@id\":\"https:\\\/\\\/zapateneo.net\\\/wordpress\\\/#website\"},\"primaryImageOfPage\":{\"@id\":\"https:\\\/\\\/zapateneo.net\\\/wordpress\\\/index.php\\\/producto\\\/tebeos-idiotas-para-idiotas-como-usted\\\/#primaryimage\"},\"image\":{\"@id\":\"https:\\\/\\\/zapateneo.net\\\/wordpress\\\/index.php\\\/producto\\\/tebeos-idiotas-para-idiotas-como-usted\\\/#primaryimage\"},\"thumbnailUrl\":\"https:\\\/\\\/zapateneo.net\\\/wordpress\\\/wp-content\\\/uploads\\\/2021\\\/09\\\/9788412261073.jpg\",\"datePublished\":\"2021-09-15T19:29:49+00:00\",\"dateModified\":\"2021-09-15T19:34:28+00:00\",\"breadcrumb\":{\"@id\":\"https:\\\/\\\/zapateneo.net\\\/wordpress\\\/index.php\\\/producto\\\/tebeos-idiotas-para-idiotas-como-usted\\\/#breadcrumb\"},\"inLanguage\":\"es\",\"potentialAction\":[{\"@type\":\"ReadAction\",\"target\":[\"https:\\\/\\\/zapateneo.net\\\/wordpress\\\/index.php\\\/producto\\\/tebeos-idiotas-para-idiotas-como-usted\\\/\"]}]},{\"@type\":\"ImageObject\",\"inLanguage\":\"es\",\"@id\":\"https:\\\/\\\/zapateneo.net\\\/wordpress\\\/index.php\\\/producto\\\/tebeos-idiotas-para-idiotas-como-usted\\\/#primaryimage\",\"url\":\"https:\\\/\\\/zapateneo.net\\\/wordpress\\\/wp-content\\\/uploads\\\/2021\\\/09\\\/9788412261073.jpg\",\"contentUrl\":\"https:\\\/\\\/zapateneo.net\\\/wordpress\\\/wp-content\\\/uploads\\\/2021\\\/09\\\/9788412261073.jpg\",\"width\":160,\"height\":320},{\"@type\":\"BreadcrumbList\",\"@id\":\"https:\\\/\\\/zapateneo.net\\\/wordpress\\\/index.php\\\/producto\\\/tebeos-idiotas-para-idiotas-como-usted\\\/#breadcrumb\",\"itemListElement\":[{\"@type\":\"ListItem\",\"position\":1,\"name\":\"Portada\",\"item\":\"https:\\\/\\\/zapateneo.net\\\/wordpress\\\/\"},{\"@type\":\"ListItem\",\"position\":2,\"name\":\"Tienda\",\"item\":\"https:\\\/\\\/zapateneo.net\\\/wordpress\\\/\"},{\"@type\":\"ListItem\",\"position\":3,\"name\":\"Tebeos idiotas para idiotas como usted\"}]},{\"@type\":\"WebSite\",\"@id\":\"https:\\\/\\\/zapateneo.net\\\/wordpress\\\/#website\",\"url\":\"https:\\\/\\\/zapateneo.net\\\/wordpress\\\/\",\"name\":\"Zapateneo\",\"description\":\"Zapateneoaren webgunea\",\"publisher\":{\"@id\":\"https:\\\/\\\/zapateneo.net\\\/wordpress\\\/#organization\"},\"potentialAction\":[{\"@type\":\"SearchAction\",\"target\":{\"@type\":\"EntryPoint\",\"urlTemplate\":\"https:\\\/\\\/zapateneo.net\\\/wordpress\\\/?s={search_term_string}\"},\"query-input\":{\"@type\":\"PropertyValueSpecification\",\"valueRequired\":true,\"valueName\":\"search_term_string\"}}],\"inLanguage\":\"es\"},{\"@type\":\"Organization\",\"@id\":\"https:\\\/\\\/zapateneo.net\\\/wordpress\\\/#organization\",\"name\":\"Zapateneo Kultur Elkartea\",\"url\":\"https:\\\/\\\/zapateneo.net\\\/wordpress\\\/\",\"logo\":{\"@type\":\"ImageObject\",\"inLanguage\":\"es\",\"@id\":\"https:\\\/\\\/zapateneo.net\\\/wordpress\\\/#\\\/schema\\\/logo\\\/image\\\/\",\"url\":\"https:\\\/\\\/zapateneo.net\\\/wordpress\\\/wp-content\\\/uploads\\\/2021\\\/04\\\/zap-libu-kolec.jpg\",\"contentUrl\":\"https:\\\/\\\/zapateneo.net\\\/wordpress\\\/wp-content\\\/uploads\\\/2021\\\/04\\\/zap-libu-kolec.jpg\",\"width\":2234,\"height\":398,\"caption\":\"Zapateneo Kultur Elkartea\"},\"image\":{\"@id\":\"https:\\\/\\\/zapateneo.net\\\/wordpress\\\/#\\\/schema\\\/logo\\\/image\\\/\"},\"sameAs\":[\"https:\\\/\\\/x.com\\\/zapateneo\"]}]}<\/script>\n<!-- \/ Yoast SEO plugin. -->","yoast_head_json":{"title":"Tebeos idiotas para idiotas como usted &#8212; Zapateneo","robots":{"index":"index","follow":"follow","max-snippet":"max-snippet:-1","max-image-preview":"max-image-preview:large","max-video-preview":"max-video-preview:-1"},"canonical":"https:\/\/zapateneo.net\/wordpress\/index.php\/producto\/tebeos-idiotas-para-idiotas-como-usted\/","og_locale":"es_ES","og_type":"article","og_title":"Tebeos idiotas para idiotas como usted &#8212; Zapateneo","og_description":"Hez 9788412261073 - La Felguera - 2021 - 278 p\u00e1ginas \/orri.","og_url":"https:\/\/zapateneo.net\/wordpress\/index.php\/producto\/tebeos-idiotas-para-idiotas-como-usted\/","og_site_name":"Zapateneo","article_modified_time":"2021-09-15T19:34:28+00:00","og_image":[{"width":160,"height":320,"url":"https:\/\/zapateneo.net\/wordpress\/wp-content\/uploads\/2021\/09\/9788412261073.jpg","type":"image\/jpeg"}],"twitter_card":"summary_large_image","twitter_site":"@zapateneo","twitter_misc":{"Tiempo de lectura":"2 minutos"},"schema":{"@context":"https:\/\/schema.org","@graph":[{"@type":"WebPage","@id":"https:\/\/zapateneo.net\/wordpress\/index.php\/producto\/tebeos-idiotas-para-idiotas-como-usted\/","url":"https:\/\/zapateneo.net\/wordpress\/index.php\/producto\/tebeos-idiotas-para-idiotas-como-usted\/","name":"Tebeos idiotas para idiotas como usted &#8212; Zapateneo","isPartOf":{"@id":"https:\/\/zapateneo.net\/wordpress\/#website"},"primaryImageOfPage":{"@id":"https:\/\/zapateneo.net\/wordpress\/index.php\/producto\/tebeos-idiotas-para-idiotas-como-usted\/#primaryimage"},"image":{"@id":"https:\/\/zapateneo.net\/wordpress\/index.php\/producto\/tebeos-idiotas-para-idiotas-como-usted\/#primaryimage"},"thumbnailUrl":"https:\/\/zapateneo.net\/wordpress\/wp-content\/uploads\/2021\/09\/9788412261073.jpg","datePublished":"2021-09-15T19:29:49+00:00","dateModified":"2021-09-15T19:34:28+00:00","breadcrumb":{"@id":"https:\/\/zapateneo.net\/wordpress\/index.php\/producto\/tebeos-idiotas-para-idiotas-como-usted\/#breadcrumb"},"inLanguage":"es","potentialAction":[{"@type":"ReadAction","target":["https:\/\/zapateneo.net\/wordpress\/index.php\/producto\/tebeos-idiotas-para-idiotas-como-usted\/"]}]},{"@type":"ImageObject","inLanguage":"es","@id":"https:\/\/zapateneo.net\/wordpress\/index.php\/producto\/tebeos-idiotas-para-idiotas-como-usted\/#primaryimage","url":"https:\/\/zapateneo.net\/wordpress\/wp-content\/uploads\/2021\/09\/9788412261073.jpg","contentUrl":"https:\/\/zapateneo.net\/wordpress\/wp-content\/uploads\/2021\/09\/9788412261073.jpg","width":160,"height":320},{"@type":"BreadcrumbList","@id":"https:\/\/zapateneo.net\/wordpress\/index.php\/producto\/tebeos-idiotas-para-idiotas-como-usted\/#breadcrumb","itemListElement":[{"@type":"ListItem","position":1,"name":"Portada","item":"https:\/\/zapateneo.net\/wordpress\/"},{"@type":"ListItem","position":2,"name":"Tienda","item":"https:\/\/zapateneo.net\/wordpress\/"},{"@type":"ListItem","position":3,"name":"Tebeos idiotas para idiotas como usted"}]},{"@type":"WebSite","@id":"https:\/\/zapateneo.net\/wordpress\/#website","url":"https:\/\/zapateneo.net\/wordpress\/","name":"Zapateneo","description":"Zapateneoaren webgunea","publisher":{"@id":"https:\/\/zapateneo.net\/wordpress\/#organization"},"potentialAction":[{"@type":"SearchAction","target":{"@type":"EntryPoint","urlTemplate":"https:\/\/zapateneo.net\/wordpress\/?s={search_term_string}"},"query-input":{"@type":"PropertyValueSpecification","valueRequired":true,"valueName":"search_term_string"}}],"inLanguage":"es"},{"@type":"Organization","@id":"https:\/\/zapateneo.net\/wordpress\/#organization","name":"Zapateneo Kultur Elkartea","url":"https:\/\/zapateneo.net\/wordpress\/","logo":{"@type":"ImageObject","inLanguage":"es","@id":"https:\/\/zapateneo.net\/wordpress\/#\/schema\/logo\/image\/","url":"https:\/\/zapateneo.net\/wordpress\/wp-content\/uploads\/2021\/04\/zap-libu-kolec.jpg","contentUrl":"https:\/\/zapateneo.net\/wordpress\/wp-content\/uploads\/2021\/04\/zap-libu-kolec.jpg","width":2234,"height":398,"caption":"Zapateneo Kultur Elkartea"},"image":{"@id":"https:\/\/zapateneo.net\/wordpress\/#\/schema\/logo\/image\/"},"sameAs":["https:\/\/x.com\/zapateneo"]}]}},"_links":{"self":[{"href":"https:\/\/zapateneo.net\/wordpress\/index.php\/wp-json\/wp\/v2\/product\/8066","targetHints":{"allow":["GET"]}}],"collection":[{"href":"https:\/\/zapateneo.net\/wordpress\/index.php\/wp-json\/wp\/v2\/product"}],"about":[{"href":"https:\/\/zapateneo.net\/wordpress\/index.php\/wp-json\/wp\/v2\/types\/product"}],"wp:featuredmedia":[{"embeddable":true,"href":"https:\/\/zapateneo.net\/wordpress\/index.php\/wp-json\/wp\/v2\/media\/8118"}],"wp:attachment":[{"href":"https:\/\/zapateneo.net\/wordpress\/index.php\/wp-json\/wp\/v2\/media?parent=8066"}],"wp:term":[{"taxonomy":"product_brand","embeddable":true,"href":"https:\/\/zapateneo.net\/wordpress\/index.php\/wp-json\/wp\/v2\/product_brand?post=8066"},{"taxonomy":"product_cat","embeddable":true,"href":"https:\/\/zapateneo.net\/wordpress\/index.php\/wp-json\/wp\/v2\/product_cat?post=8066"},{"taxonomy":"product_tag","embeddable":true,"href":"https:\/\/zapateneo.net\/wordpress\/index.php\/wp-json\/wp\/v2\/product_tag?post=8066"}],"curies":[{"name":"wp","href":"https:\/\/api.w.org\/{rel}","templated":true}]}}