{"id":7914,"date":"2021-09-15T20:12:34","date_gmt":"2021-09-15T19:12:34","guid":{"rendered":"https:\/\/zapateneo.net\/wordpress\/?post_type=product&#038;p=7914"},"modified":"2023-04-11T16:02:05","modified_gmt":"2023-04-11T15:02:05","slug":"chernoblues-de-la-servidumbre-voluntaria-a-la-necesidad-de-servidumbre-2","status":"publish","type":"product","link":"https:\/\/zapateneo.net\/wordpress\/index.php\/producto\/chernoblues-de-la-servidumbre-voluntaria-a-la-necesidad-de-servidumbre-2\/","title":{"rendered":"Chernoblues. De la servidumbre voluntaria a la necesidad de servidumbre"},"content":{"rendered":"<p>Belb\u00e9och ten\u00eda la capacidad de analizar los problemas de la energ\u00eda nuclear al margen de todo esquema establecido y de todo compromiso. Sus an\u00e1lisis, efectuados con una lucidez, una competencia y un rigor poco com\u00fan, nos alertan sobre los riesgos ligados a la industria nuclear, riesgos confirmados por las cat\u00e1strofes de Chern\u00f3bil y despu\u00e9s Fukushima. Belb\u00e9och siempre busc\u00f3 la verdad, pero nunca buscando honores ni recompensas. <\/p>\n<p>&#8211;<br \/>\nChernoblues (oferta) cantidad<br \/>\n+<br \/>\nBelb\u00e9och ten\u00eda la capacidad de analizar los problemas de la energ\u00eda nuclear al margen de todo esquema establecido y de todo compromiso. Sus an\u00e1lisis, efectuados con una lucidez, una competencia y un rigor poco com\u00fan, nos alertan sobre los riesgos ligados a la industria nuclear, riesgos confirmados por las cat\u00e1strofes de Chern\u00f3bil y despu\u00e9s Fukushima. Belb\u00e9och siempre busc\u00f3 la verdad, pero nunca buscando honores ni recompensas.<br \/>\nCRIIRAD<\/p>\n<p>En nuestras sociedades contempor\u00e1neas las tragedias ya no se repiten como farsas, directamente se transforman en destinos tur\u00edsticos. Tras la emisi\u00f3n de la miniserie Chernobyl, el n\u00famero de visitantes creci\u00f3 espectacularmente, si bien en 2018 ya hab\u00eda sido de 71.862 personas. La banalizaci\u00f3n del mal no conoce l\u00edmites en la era de la men\u00adtira desconcertante. La idea de que Chern\u00f3bil fue \u00abs\u00f3lo un ac\u00adcidente\u00bb que hoy podemos conmemorar alegremente, o inclu\u00adso visitar los lugares irradiados con la intenci\u00f3n de conseguir un selfie impactante, es un ejemplo m\u00e1s de esa servidumbre voluntaria de la que hablaba Roger Belb\u00e9och. Los miles de muertos provocados por el accidente, las consecuencias para la salud de miles de ni\u00f1os bielorrusos, la gran mascarada y las mentiras flagrantes de los \u00abexpertos\u00bb du\u00adrante la gesti\u00f3n de la cat\u00e1strofe y de las consecuencias poste\u00adriores, todo ello parece haber pasado al terreno de la ficci\u00f3n sin mayor problema.<\/p>\n<p>En los dos textos que componen el libro (Chernoblues, 2001, y La sociedad nuclear, 1990), Roger Belb\u00e9och, f\u00edsico de profesi\u00f3n y referente de la lucha antinuclear, muestra que la energ\u00eda nuclear no s\u00f3lo crea perjuicios para la salud y el medioambiente: propicia tambi\u00e9n un tipo de sociedad autoritaria, la \u00fanica verdaderamente compatible con la civilizaci\u00f3n industrial coronada por el \u00e1tomo, donde la servidumbre ciudadana se pliega al dictamen de los expertos de la tecnoburocracia.<\/p>\n","protected":false},"excerpt":{"rendered":"<p><strong>Roger Belb\u00e9och<\/strong><br \/>\n978-84-120322-4-6 &#8211; Pepitas &#038; El Salm\u00f3n &#8211; 2019 &#8211; 138 p\u00e1ginas \/orri.<\/p>\n","protected":false},"featured_media":7961,"template":"","meta":[],"product_brand":[],"product_cat":[180,16],"product_tag":[443,47,2723],"class_list":{"0":"post-7914","1":"product","2":"type-product","3":"status-publish","4":"has-post-thumbnail","6":"product_cat-ekologia-ecologia","7":"product_cat-libros","8":"product_tag-ediciones-el-salmon","9":"product_tag-pepitas-de-calabaza","10":"product_tag-roger-belbeoch","12":"first","13":"instock","14":"sold-individually","15":"shipping-taxable","16":"purchasable","17":"product-type-simple"},"yoast_head":"<!-- This site is optimized with the Yoast SEO plugin v27.4 - https:\/\/yoast.com\/product\/yoast-seo-wordpress\/ -->\n<title>Chernoblues. De la servidumbre voluntaria a la necesidad de servidumbre &#8212; Zapateneo<\/title>\n<meta name=\"robots\" content=\"index, follow, max-snippet:-1, max-image-preview:large, max-video-preview:-1\" \/>\n<link rel=\"canonical\" href=\"https:\/\/zapateneo.net\/wordpress\/index.php\/producto\/chernoblues-de-la-servidumbre-voluntaria-a-la-necesidad-de-servidumbre-2\/\" \/>\n<meta property=\"og:locale\" content=\"es_ES\" \/>\n<meta property=\"og:type\" content=\"article\" \/>\n<meta property=\"og:title\" content=\"Chernoblues. De la servidumbre voluntaria a la necesidad de servidumbre &#8212; Zapateneo\" \/>\n<meta property=\"og:description\" content=\"Roger Belb\u00e9och 978-84-120322-4-6 - Pepitas &amp; El Salm\u00f3n - 2019 - 138 p\u00e1ginas \/orri.\" \/>\n<meta property=\"og:url\" content=\"https:\/\/zapateneo.net\/wordpress\/index.php\/producto\/chernoblues-de-la-servidumbre-voluntaria-a-la-necesidad-de-servidumbre-2\/\" \/>\n<meta property=\"og:site_name\" content=\"Zapateneo\" \/>\n<meta property=\"article:modified_time\" content=\"2023-04-11T15:02:05+00:00\" \/>\n<meta property=\"og:image\" content=\"https:\/\/zapateneo.net\/wordpress\/wp-content\/uploads\/2021\/09\/chernoblues_05-652x1024-1.jpg\" \/>\n\t<meta property=\"og:image:width\" content=\"254\" \/>\n\t<meta property=\"og:image:height\" content=\"400\" \/>\n\t<meta property=\"og:image:type\" content=\"image\/jpeg\" \/>\n<meta name=\"twitter:card\" content=\"summary_large_image\" \/>\n<meta name=\"twitter:site\" content=\"@zapateneo\" \/>\n<meta name=\"twitter:label1\" content=\"Tiempo de lectura\" \/>\n\t<meta name=\"twitter:data1\" content=\"2 minutos\" \/>\n<script type=\"application\/ld+json\" class=\"yoast-schema-graph\">{\"@context\":\"https:\\\/\\\/schema.org\",\"@graph\":[{\"@type\":\"WebPage\",\"@id\":\"https:\\\/\\\/zapateneo.net\\\/wordpress\\\/index.php\\\/producto\\\/chernoblues-de-la-servidumbre-voluntaria-a-la-necesidad-de-servidumbre-2\\\/\",\"url\":\"https:\\\/\\\/zapateneo.net\\\/wordpress\\\/index.php\\\/producto\\\/chernoblues-de-la-servidumbre-voluntaria-a-la-necesidad-de-servidumbre-2\\\/\",\"name\":\"Chernoblues. De la servidumbre voluntaria a la necesidad de servidumbre &#8212; Zapateneo\",\"isPartOf\":{\"@id\":\"https:\\\/\\\/zapateneo.net\\\/wordpress\\\/#website\"},\"primaryImageOfPage\":{\"@id\":\"https:\\\/\\\/zapateneo.net\\\/wordpress\\\/index.php\\\/producto\\\/chernoblues-de-la-servidumbre-voluntaria-a-la-necesidad-de-servidumbre-2\\\/#primaryimage\"},\"image\":{\"@id\":\"https:\\\/\\\/zapateneo.net\\\/wordpress\\\/index.php\\\/producto\\\/chernoblues-de-la-servidumbre-voluntaria-a-la-necesidad-de-servidumbre-2\\\/#primaryimage\"},\"thumbnailUrl\":\"https:\\\/\\\/zapateneo.net\\\/wordpress\\\/wp-content\\\/uploads\\\/2021\\\/09\\\/chernoblues_05-652x1024-1.jpg\",\"datePublished\":\"2021-09-15T19:12:34+00:00\",\"dateModified\":\"2023-04-11T15:02:05+00:00\",\"breadcrumb\":{\"@id\":\"https:\\\/\\\/zapateneo.net\\\/wordpress\\\/index.php\\\/producto\\\/chernoblues-de-la-servidumbre-voluntaria-a-la-necesidad-de-servidumbre-2\\\/#breadcrumb\"},\"inLanguage\":\"es\",\"potentialAction\":[{\"@type\":\"ReadAction\",\"target\":[\"https:\\\/\\\/zapateneo.net\\\/wordpress\\\/index.php\\\/producto\\\/chernoblues-de-la-servidumbre-voluntaria-a-la-necesidad-de-servidumbre-2\\\/\"]}]},{\"@type\":\"ImageObject\",\"inLanguage\":\"es\",\"@id\":\"https:\\\/\\\/zapateneo.net\\\/wordpress\\\/index.php\\\/producto\\\/chernoblues-de-la-servidumbre-voluntaria-a-la-necesidad-de-servidumbre-2\\\/#primaryimage\",\"url\":\"https:\\\/\\\/zapateneo.net\\\/wordpress\\\/wp-content\\\/uploads\\\/2021\\\/09\\\/chernoblues_05-652x1024-1.jpg\",\"contentUrl\":\"https:\\\/\\\/zapateneo.net\\\/wordpress\\\/wp-content\\\/uploads\\\/2021\\\/09\\\/chernoblues_05-652x1024-1.jpg\",\"width\":254,\"height\":400},{\"@type\":\"BreadcrumbList\",\"@id\":\"https:\\\/\\\/zapateneo.net\\\/wordpress\\\/index.php\\\/producto\\\/chernoblues-de-la-servidumbre-voluntaria-a-la-necesidad-de-servidumbre-2\\\/#breadcrumb\",\"itemListElement\":[{\"@type\":\"ListItem\",\"position\":1,\"name\":\"Portada\",\"item\":\"https:\\\/\\\/zapateneo.net\\\/wordpress\\\/\"},{\"@type\":\"ListItem\",\"position\":2,\"name\":\"Tienda\",\"item\":\"https:\\\/\\\/zapateneo.net\\\/wordpress\\\/\"},{\"@type\":\"ListItem\",\"position\":3,\"name\":\"Chernoblues. De la servidumbre voluntaria a la necesidad de servidumbre\"}]},{\"@type\":\"WebSite\",\"@id\":\"https:\\\/\\\/zapateneo.net\\\/wordpress\\\/#website\",\"url\":\"https:\\\/\\\/zapateneo.net\\\/wordpress\\\/\",\"name\":\"Zapateneo\",\"description\":\"Zapateneoaren webgunea\",\"publisher\":{\"@id\":\"https:\\\/\\\/zapateneo.net\\\/wordpress\\\/#organization\"},\"potentialAction\":[{\"@type\":\"SearchAction\",\"target\":{\"@type\":\"EntryPoint\",\"urlTemplate\":\"https:\\\/\\\/zapateneo.net\\\/wordpress\\\/?s={search_term_string}\"},\"query-input\":{\"@type\":\"PropertyValueSpecification\",\"valueRequired\":true,\"valueName\":\"search_term_string\"}}],\"inLanguage\":\"es\"},{\"@type\":\"Organization\",\"@id\":\"https:\\\/\\\/zapateneo.net\\\/wordpress\\\/#organization\",\"name\":\"Zapateneo Kultur Elkartea\",\"url\":\"https:\\\/\\\/zapateneo.net\\\/wordpress\\\/\",\"logo\":{\"@type\":\"ImageObject\",\"inLanguage\":\"es\",\"@id\":\"https:\\\/\\\/zapateneo.net\\\/wordpress\\\/#\\\/schema\\\/logo\\\/image\\\/\",\"url\":\"https:\\\/\\\/zapateneo.net\\\/wordpress\\\/wp-content\\\/uploads\\\/2021\\\/04\\\/zap-libu-kolec.jpg\",\"contentUrl\":\"https:\\\/\\\/zapateneo.net\\\/wordpress\\\/wp-content\\\/uploads\\\/2021\\\/04\\\/zap-libu-kolec.jpg\",\"width\":2234,\"height\":398,\"caption\":\"Zapateneo Kultur Elkartea\"},\"image\":{\"@id\":\"https:\\\/\\\/zapateneo.net\\\/wordpress\\\/#\\\/schema\\\/logo\\\/image\\\/\"},\"sameAs\":[\"https:\\\/\\\/x.com\\\/zapateneo\"]}]}<\/script>\n<!-- \/ Yoast SEO plugin. -->","yoast_head_json":{"title":"Chernoblues. De la servidumbre voluntaria a la necesidad de servidumbre &#8212; Zapateneo","robots":{"index":"index","follow":"follow","max-snippet":"max-snippet:-1","max-image-preview":"max-image-preview:large","max-video-preview":"max-video-preview:-1"},"canonical":"https:\/\/zapateneo.net\/wordpress\/index.php\/producto\/chernoblues-de-la-servidumbre-voluntaria-a-la-necesidad-de-servidumbre-2\/","og_locale":"es_ES","og_type":"article","og_title":"Chernoblues. De la servidumbre voluntaria a la necesidad de servidumbre &#8212; Zapateneo","og_description":"Roger Belb\u00e9och 978-84-120322-4-6 - Pepitas & El Salm\u00f3n - 2019 - 138 p\u00e1ginas \/orri.","og_url":"https:\/\/zapateneo.net\/wordpress\/index.php\/producto\/chernoblues-de-la-servidumbre-voluntaria-a-la-necesidad-de-servidumbre-2\/","og_site_name":"Zapateneo","article_modified_time":"2023-04-11T15:02:05+00:00","og_image":[{"width":254,"height":400,"url":"https:\/\/zapateneo.net\/wordpress\/wp-content\/uploads\/2021\/09\/chernoblues_05-652x1024-1.jpg","type":"image\/jpeg"}],"twitter_card":"summary_large_image","twitter_site":"@zapateneo","twitter_misc":{"Tiempo de lectura":"2 minutos"},"schema":{"@context":"https:\/\/schema.org","@graph":[{"@type":"WebPage","@id":"https:\/\/zapateneo.net\/wordpress\/index.php\/producto\/chernoblues-de-la-servidumbre-voluntaria-a-la-necesidad-de-servidumbre-2\/","url":"https:\/\/zapateneo.net\/wordpress\/index.php\/producto\/chernoblues-de-la-servidumbre-voluntaria-a-la-necesidad-de-servidumbre-2\/","name":"Chernoblues. De la servidumbre voluntaria a la necesidad de servidumbre &#8212; Zapateneo","isPartOf":{"@id":"https:\/\/zapateneo.net\/wordpress\/#website"},"primaryImageOfPage":{"@id":"https:\/\/zapateneo.net\/wordpress\/index.php\/producto\/chernoblues-de-la-servidumbre-voluntaria-a-la-necesidad-de-servidumbre-2\/#primaryimage"},"image":{"@id":"https:\/\/zapateneo.net\/wordpress\/index.php\/producto\/chernoblues-de-la-servidumbre-voluntaria-a-la-necesidad-de-servidumbre-2\/#primaryimage"},"thumbnailUrl":"https:\/\/zapateneo.net\/wordpress\/wp-content\/uploads\/2021\/09\/chernoblues_05-652x1024-1.jpg","datePublished":"2021-09-15T19:12:34+00:00","dateModified":"2023-04-11T15:02:05+00:00","breadcrumb":{"@id":"https:\/\/zapateneo.net\/wordpress\/index.php\/producto\/chernoblues-de-la-servidumbre-voluntaria-a-la-necesidad-de-servidumbre-2\/#breadcrumb"},"inLanguage":"es","potentialAction":[{"@type":"ReadAction","target":["https:\/\/zapateneo.net\/wordpress\/index.php\/producto\/chernoblues-de-la-servidumbre-voluntaria-a-la-necesidad-de-servidumbre-2\/"]}]},{"@type":"ImageObject","inLanguage":"es","@id":"https:\/\/zapateneo.net\/wordpress\/index.php\/producto\/chernoblues-de-la-servidumbre-voluntaria-a-la-necesidad-de-servidumbre-2\/#primaryimage","url":"https:\/\/zapateneo.net\/wordpress\/wp-content\/uploads\/2021\/09\/chernoblues_05-652x1024-1.jpg","contentUrl":"https:\/\/zapateneo.net\/wordpress\/wp-content\/uploads\/2021\/09\/chernoblues_05-652x1024-1.jpg","width":254,"height":400},{"@type":"BreadcrumbList","@id":"https:\/\/zapateneo.net\/wordpress\/index.php\/producto\/chernoblues-de-la-servidumbre-voluntaria-a-la-necesidad-de-servidumbre-2\/#breadcrumb","itemListElement":[{"@type":"ListItem","position":1,"name":"Portada","item":"https:\/\/zapateneo.net\/wordpress\/"},{"@type":"ListItem","position":2,"name":"Tienda","item":"https:\/\/zapateneo.net\/wordpress\/"},{"@type":"ListItem","position":3,"name":"Chernoblues. De la servidumbre voluntaria a la necesidad de servidumbre"}]},{"@type":"WebSite","@id":"https:\/\/zapateneo.net\/wordpress\/#website","url":"https:\/\/zapateneo.net\/wordpress\/","name":"Zapateneo","description":"Zapateneoaren webgunea","publisher":{"@id":"https:\/\/zapateneo.net\/wordpress\/#organization"},"potentialAction":[{"@type":"SearchAction","target":{"@type":"EntryPoint","urlTemplate":"https:\/\/zapateneo.net\/wordpress\/?s={search_term_string}"},"query-input":{"@type":"PropertyValueSpecification","valueRequired":true,"valueName":"search_term_string"}}],"inLanguage":"es"},{"@type":"Organization","@id":"https:\/\/zapateneo.net\/wordpress\/#organization","name":"Zapateneo Kultur Elkartea","url":"https:\/\/zapateneo.net\/wordpress\/","logo":{"@type":"ImageObject","inLanguage":"es","@id":"https:\/\/zapateneo.net\/wordpress\/#\/schema\/logo\/image\/","url":"https:\/\/zapateneo.net\/wordpress\/wp-content\/uploads\/2021\/04\/zap-libu-kolec.jpg","contentUrl":"https:\/\/zapateneo.net\/wordpress\/wp-content\/uploads\/2021\/04\/zap-libu-kolec.jpg","width":2234,"height":398,"caption":"Zapateneo Kultur Elkartea"},"image":{"@id":"https:\/\/zapateneo.net\/wordpress\/#\/schema\/logo\/image\/"},"sameAs":["https:\/\/x.com\/zapateneo"]}]}},"_links":{"self":[{"href":"https:\/\/zapateneo.net\/wordpress\/index.php\/wp-json\/wp\/v2\/product\/7914","targetHints":{"allow":["GET"]}}],"collection":[{"href":"https:\/\/zapateneo.net\/wordpress\/index.php\/wp-json\/wp\/v2\/product"}],"about":[{"href":"https:\/\/zapateneo.net\/wordpress\/index.php\/wp-json\/wp\/v2\/types\/product"}],"wp:featuredmedia":[{"embeddable":true,"href":"https:\/\/zapateneo.net\/wordpress\/index.php\/wp-json\/wp\/v2\/media\/7961"}],"wp:attachment":[{"href":"https:\/\/zapateneo.net\/wordpress\/index.php\/wp-json\/wp\/v2\/media?parent=7914"}],"wp:term":[{"taxonomy":"product_brand","embeddable":true,"href":"https:\/\/zapateneo.net\/wordpress\/index.php\/wp-json\/wp\/v2\/product_brand?post=7914"},{"taxonomy":"product_cat","embeddable":true,"href":"https:\/\/zapateneo.net\/wordpress\/index.php\/wp-json\/wp\/v2\/product_cat?post=7914"},{"taxonomy":"product_tag","embeddable":true,"href":"https:\/\/zapateneo.net\/wordpress\/index.php\/wp-json\/wp\/v2\/product_tag?post=7914"}],"curies":[{"name":"wp","href":"https:\/\/api.w.org\/{rel}","templated":true}]}}