{"id":7813,"date":"2021-09-15T19:59:45","date_gmt":"2021-09-15T18:59:45","guid":{"rendered":"https:\/\/zapateneo.net\/wordpress\/?post_type=product&#038;p=7813"},"modified":"2021-09-15T20:05:53","modified_gmt":"2021-09-15T19:05:53","slug":"dos-revoluciones-comunistas-en-el-siglo-xx-rusia-y-china","status":"publish","type":"product","link":"https:\/\/zapateneo.net\/wordpress\/index.php\/producto\/dos-revoluciones-comunistas-en-el-siglo-xx-rusia-y-china\/","title":{"rendered":"Dos revoluciones comunistas en el siglo XX: Rusia y China"},"content":{"rendered":"<p>La comparaci\u00f3n de las dos revoluciones comunistas del largo siglo XX es, pues, un ejercicio intelectual fascinante y un objeto de an\u00e1lisis te\u00f3rico de gran envergadura y relevancia pol\u00edticas, porque en estas experiencias hist\u00f3rico-estructurales, los enormes dilemas que el capitalismo hist\u00f3rico hab\u00eda planteado a las sociedades humanas en los albores de nuestra \u00e9poca fueron objeto de una gigantesca experiencia colectiva, que dot\u00f3 de mayor espesor y complejidad a las posibles sendas de constituci\u00f3n pol\u00edtica de las grandes masas secularmente despose\u00eddas.<\/p>\n<p>A primeros del a\u00f1o 2010, Perry Anderson public\u00f3 a modo de borrador, un art\u00edculo en el que comparaba las Revoluciones Rusa y China. Cinco a\u00f1os despu\u00e9s, Wang Chaohua aporta un veredicto cr\u00edtico sobre los resultados y las consecuencias del utopismo de Mao y el pragmatismo de Deng as\u00ed como el amargo legado que dej\u00f3 el aplastamiento de las aspiraciones<br \/>\npopulares en 1989.<br \/>\nPerry Anderson, miembro del comit\u00e9 editorial de la nlr; entre sus \u00faltimos libros The Indian Ideology (2012) y American Foreign Policy and Its Thinkers (2015).<\/p>\n<p>Wang Chaohua, tambien miembro del comit\u00e9 editorial de la nlr es adem\u00e1s ensayista e investigadora, licenciada en literatura moderna china por la Universidad de California, Los \u00c1ngeles. Adem\u00e1s es la editora del libro One China, Many Paths, a collection of essays by contemporary Chinese intellectuals, 2003. Particip\u00f3 activamente en el movimiento estudiantil en la primavera de 1989 durante las protestas dela plaza de Tiananmen. Tuvo que huir a Estados Unidos de Am\u00e9rica al figurar en la lista de los venti\u00fan l\u00edderes estudantiles mas buscados por el gobierno chino.<\/p>\n","protected":false},"excerpt":{"rendered":"<p><strong>Anderson, Perry .  Wang, Chaohua<\/strong><br \/>\n9788494719660 &#8211; Pasado y Presente &#8211; 2017 &#8211; 119 p\u00e1ginas \/orri.<\/p>\n","protected":false},"featured_media":7864,"template":"","meta":[],"product_brand":[],"product_cat":[185,16],"product_tag":[3435,4381,4382,4380],"class_list":{"0":"post-7813","1":"product","2":"type-product","3":"status-publish","4":"has-post-thumbnail","6":"product_cat-historia","7":"product_cat-libros","8":"product_tag-anderson","9":"product_tag-chaohua","10":"product_tag-pasado-y-presente","11":"product_tag-perry-wang","13":"first","14":"instock","15":"sold-individually","16":"shipping-taxable","17":"purchasable","18":"product-type-simple"},"yoast_head":"<!-- This site is optimized with the Yoast SEO plugin v27.3 - https:\/\/yoast.com\/product\/yoast-seo-wordpress\/ -->\n<title>Dos revoluciones comunistas en el siglo XX: Rusia y China &#8212; Zapateneo<\/title>\n<meta name=\"robots\" content=\"index, follow, max-snippet:-1, max-image-preview:large, max-video-preview:-1\" \/>\n<link rel=\"canonical\" href=\"https:\/\/zapateneo.net\/wordpress\/index.php\/producto\/dos-revoluciones-comunistas-en-el-siglo-xx-rusia-y-china\/\" \/>\n<meta property=\"og:locale\" content=\"es_ES\" \/>\n<meta property=\"og:type\" content=\"article\" \/>\n<meta property=\"og:title\" content=\"Dos revoluciones comunistas en el siglo XX: Rusia y China &#8212; Zapateneo\" \/>\n<meta property=\"og:description\" content=\"Anderson, Perry . Wang, Chaohua 9788494719660 - Pasado y Presente - 2017 - 119 p\u00e1ginas \/orri.\" \/>\n<meta property=\"og:url\" content=\"https:\/\/zapateneo.net\/wordpress\/index.php\/producto\/dos-revoluciones-comunistas-en-el-siglo-xx-rusia-y-china\/\" \/>\n<meta property=\"og:site_name\" content=\"Zapateneo\" \/>\n<meta property=\"article:modified_time\" content=\"2021-09-15T19:05:53+00:00\" \/>\n<meta property=\"og:image\" content=\"https:\/\/zapateneo.net\/wordpress\/wp-content\/uploads\/2021\/09\/dos_revoluc.gif\" \/>\n\t<meta property=\"og:image:width\" content=\"232\" \/>\n\t<meta property=\"og:image:height\" content=\"400\" \/>\n\t<meta property=\"og:image:type\" content=\"image\/gif\" \/>\n<meta name=\"twitter:card\" content=\"summary_large_image\" \/>\n<meta name=\"twitter:site\" content=\"@zapateneo\" \/>\n<meta name=\"twitter:label1\" content=\"Tiempo de lectura\" \/>\n\t<meta name=\"twitter:data1\" content=\"1 minuto\" \/>\n<script type=\"application\/ld+json\" class=\"yoast-schema-graph\">{\"@context\":\"https:\\\/\\\/schema.org\",\"@graph\":[{\"@type\":\"WebPage\",\"@id\":\"https:\\\/\\\/zapateneo.net\\\/wordpress\\\/index.php\\\/producto\\\/dos-revoluciones-comunistas-en-el-siglo-xx-rusia-y-china\\\/\",\"url\":\"https:\\\/\\\/zapateneo.net\\\/wordpress\\\/index.php\\\/producto\\\/dos-revoluciones-comunistas-en-el-siglo-xx-rusia-y-china\\\/\",\"name\":\"Dos revoluciones comunistas en el siglo XX: Rusia y China &#8212; Zapateneo\",\"isPartOf\":{\"@id\":\"https:\\\/\\\/zapateneo.net\\\/wordpress\\\/#website\"},\"primaryImageOfPage\":{\"@id\":\"https:\\\/\\\/zapateneo.net\\\/wordpress\\\/index.php\\\/producto\\\/dos-revoluciones-comunistas-en-el-siglo-xx-rusia-y-china\\\/#primaryimage\"},\"image\":{\"@id\":\"https:\\\/\\\/zapateneo.net\\\/wordpress\\\/index.php\\\/producto\\\/dos-revoluciones-comunistas-en-el-siglo-xx-rusia-y-china\\\/#primaryimage\"},\"thumbnailUrl\":\"https:\\\/\\\/zapateneo.net\\\/wordpress\\\/wp-content\\\/uploads\\\/2021\\\/09\\\/dos_revoluc.gif\",\"datePublished\":\"2021-09-15T18:59:45+00:00\",\"dateModified\":\"2021-09-15T19:05:53+00:00\",\"breadcrumb\":{\"@id\":\"https:\\\/\\\/zapateneo.net\\\/wordpress\\\/index.php\\\/producto\\\/dos-revoluciones-comunistas-en-el-siglo-xx-rusia-y-china\\\/#breadcrumb\"},\"inLanguage\":\"es\",\"potentialAction\":[{\"@type\":\"ReadAction\",\"target\":[\"https:\\\/\\\/zapateneo.net\\\/wordpress\\\/index.php\\\/producto\\\/dos-revoluciones-comunistas-en-el-siglo-xx-rusia-y-china\\\/\"]}]},{\"@type\":\"ImageObject\",\"inLanguage\":\"es\",\"@id\":\"https:\\\/\\\/zapateneo.net\\\/wordpress\\\/index.php\\\/producto\\\/dos-revoluciones-comunistas-en-el-siglo-xx-rusia-y-china\\\/#primaryimage\",\"url\":\"https:\\\/\\\/zapateneo.net\\\/wordpress\\\/wp-content\\\/uploads\\\/2021\\\/09\\\/dos_revoluc.gif\",\"contentUrl\":\"https:\\\/\\\/zapateneo.net\\\/wordpress\\\/wp-content\\\/uploads\\\/2021\\\/09\\\/dos_revoluc.gif\",\"width\":232,\"height\":400},{\"@type\":\"BreadcrumbList\",\"@id\":\"https:\\\/\\\/zapateneo.net\\\/wordpress\\\/index.php\\\/producto\\\/dos-revoluciones-comunistas-en-el-siglo-xx-rusia-y-china\\\/#breadcrumb\",\"itemListElement\":[{\"@type\":\"ListItem\",\"position\":1,\"name\":\"Portada\",\"item\":\"https:\\\/\\\/zapateneo.net\\\/wordpress\\\/\"},{\"@type\":\"ListItem\",\"position\":2,\"name\":\"Tienda\",\"item\":\"https:\\\/\\\/zapateneo.net\\\/wordpress\\\/\"},{\"@type\":\"ListItem\",\"position\":3,\"name\":\"Dos revoluciones comunistas en el siglo XX: Rusia y China\"}]},{\"@type\":\"WebSite\",\"@id\":\"https:\\\/\\\/zapateneo.net\\\/wordpress\\\/#website\",\"url\":\"https:\\\/\\\/zapateneo.net\\\/wordpress\\\/\",\"name\":\"Zapateneo\",\"description\":\"Zapateneoaren webgunea\",\"publisher\":{\"@id\":\"https:\\\/\\\/zapateneo.net\\\/wordpress\\\/#organization\"},\"potentialAction\":[{\"@type\":\"SearchAction\",\"target\":{\"@type\":\"EntryPoint\",\"urlTemplate\":\"https:\\\/\\\/zapateneo.net\\\/wordpress\\\/?s={search_term_string}\"},\"query-input\":{\"@type\":\"PropertyValueSpecification\",\"valueRequired\":true,\"valueName\":\"search_term_string\"}}],\"inLanguage\":\"es\"},{\"@type\":\"Organization\",\"@id\":\"https:\\\/\\\/zapateneo.net\\\/wordpress\\\/#organization\",\"name\":\"Zapateneo Kultur Elkartea\",\"url\":\"https:\\\/\\\/zapateneo.net\\\/wordpress\\\/\",\"logo\":{\"@type\":\"ImageObject\",\"inLanguage\":\"es\",\"@id\":\"https:\\\/\\\/zapateneo.net\\\/wordpress\\\/#\\\/schema\\\/logo\\\/image\\\/\",\"url\":\"https:\\\/\\\/zapateneo.net\\\/wordpress\\\/wp-content\\\/uploads\\\/2021\\\/04\\\/zap-libu-kolec.jpg\",\"contentUrl\":\"https:\\\/\\\/zapateneo.net\\\/wordpress\\\/wp-content\\\/uploads\\\/2021\\\/04\\\/zap-libu-kolec.jpg\",\"width\":2234,\"height\":398,\"caption\":\"Zapateneo Kultur Elkartea\"},\"image\":{\"@id\":\"https:\\\/\\\/zapateneo.net\\\/wordpress\\\/#\\\/schema\\\/logo\\\/image\\\/\"},\"sameAs\":[\"https:\\\/\\\/x.com\\\/zapateneo\"]}]}<\/script>\n<!-- \/ Yoast SEO plugin. -->","yoast_head_json":{"title":"Dos revoluciones comunistas en el siglo XX: Rusia y China &#8212; Zapateneo","robots":{"index":"index","follow":"follow","max-snippet":"max-snippet:-1","max-image-preview":"max-image-preview:large","max-video-preview":"max-video-preview:-1"},"canonical":"https:\/\/zapateneo.net\/wordpress\/index.php\/producto\/dos-revoluciones-comunistas-en-el-siglo-xx-rusia-y-china\/","og_locale":"es_ES","og_type":"article","og_title":"Dos revoluciones comunistas en el siglo XX: Rusia y China &#8212; Zapateneo","og_description":"Anderson, Perry . Wang, Chaohua 9788494719660 - Pasado y Presente - 2017 - 119 p\u00e1ginas \/orri.","og_url":"https:\/\/zapateneo.net\/wordpress\/index.php\/producto\/dos-revoluciones-comunistas-en-el-siglo-xx-rusia-y-china\/","og_site_name":"Zapateneo","article_modified_time":"2021-09-15T19:05:53+00:00","og_image":[{"width":232,"height":400,"url":"https:\/\/zapateneo.net\/wordpress\/wp-content\/uploads\/2021\/09\/dos_revoluc.gif","type":"image\/gif"}],"twitter_card":"summary_large_image","twitter_site":"@zapateneo","twitter_misc":{"Tiempo de lectura":"1 minuto"},"schema":{"@context":"https:\/\/schema.org","@graph":[{"@type":"WebPage","@id":"https:\/\/zapateneo.net\/wordpress\/index.php\/producto\/dos-revoluciones-comunistas-en-el-siglo-xx-rusia-y-china\/","url":"https:\/\/zapateneo.net\/wordpress\/index.php\/producto\/dos-revoluciones-comunistas-en-el-siglo-xx-rusia-y-china\/","name":"Dos revoluciones comunistas en el siglo XX: Rusia y China &#8212; Zapateneo","isPartOf":{"@id":"https:\/\/zapateneo.net\/wordpress\/#website"},"primaryImageOfPage":{"@id":"https:\/\/zapateneo.net\/wordpress\/index.php\/producto\/dos-revoluciones-comunistas-en-el-siglo-xx-rusia-y-china\/#primaryimage"},"image":{"@id":"https:\/\/zapateneo.net\/wordpress\/index.php\/producto\/dos-revoluciones-comunistas-en-el-siglo-xx-rusia-y-china\/#primaryimage"},"thumbnailUrl":"https:\/\/zapateneo.net\/wordpress\/wp-content\/uploads\/2021\/09\/dos_revoluc.gif","datePublished":"2021-09-15T18:59:45+00:00","dateModified":"2021-09-15T19:05:53+00:00","breadcrumb":{"@id":"https:\/\/zapateneo.net\/wordpress\/index.php\/producto\/dos-revoluciones-comunistas-en-el-siglo-xx-rusia-y-china\/#breadcrumb"},"inLanguage":"es","potentialAction":[{"@type":"ReadAction","target":["https:\/\/zapateneo.net\/wordpress\/index.php\/producto\/dos-revoluciones-comunistas-en-el-siglo-xx-rusia-y-china\/"]}]},{"@type":"ImageObject","inLanguage":"es","@id":"https:\/\/zapateneo.net\/wordpress\/index.php\/producto\/dos-revoluciones-comunistas-en-el-siglo-xx-rusia-y-china\/#primaryimage","url":"https:\/\/zapateneo.net\/wordpress\/wp-content\/uploads\/2021\/09\/dos_revoluc.gif","contentUrl":"https:\/\/zapateneo.net\/wordpress\/wp-content\/uploads\/2021\/09\/dos_revoluc.gif","width":232,"height":400},{"@type":"BreadcrumbList","@id":"https:\/\/zapateneo.net\/wordpress\/index.php\/producto\/dos-revoluciones-comunistas-en-el-siglo-xx-rusia-y-china\/#breadcrumb","itemListElement":[{"@type":"ListItem","position":1,"name":"Portada","item":"https:\/\/zapateneo.net\/wordpress\/"},{"@type":"ListItem","position":2,"name":"Tienda","item":"https:\/\/zapateneo.net\/wordpress\/"},{"@type":"ListItem","position":3,"name":"Dos revoluciones comunistas en el siglo XX: Rusia y China"}]},{"@type":"WebSite","@id":"https:\/\/zapateneo.net\/wordpress\/#website","url":"https:\/\/zapateneo.net\/wordpress\/","name":"Zapateneo","description":"Zapateneoaren webgunea","publisher":{"@id":"https:\/\/zapateneo.net\/wordpress\/#organization"},"potentialAction":[{"@type":"SearchAction","target":{"@type":"EntryPoint","urlTemplate":"https:\/\/zapateneo.net\/wordpress\/?s={search_term_string}"},"query-input":{"@type":"PropertyValueSpecification","valueRequired":true,"valueName":"search_term_string"}}],"inLanguage":"es"},{"@type":"Organization","@id":"https:\/\/zapateneo.net\/wordpress\/#organization","name":"Zapateneo Kultur Elkartea","url":"https:\/\/zapateneo.net\/wordpress\/","logo":{"@type":"ImageObject","inLanguage":"es","@id":"https:\/\/zapateneo.net\/wordpress\/#\/schema\/logo\/image\/","url":"https:\/\/zapateneo.net\/wordpress\/wp-content\/uploads\/2021\/04\/zap-libu-kolec.jpg","contentUrl":"https:\/\/zapateneo.net\/wordpress\/wp-content\/uploads\/2021\/04\/zap-libu-kolec.jpg","width":2234,"height":398,"caption":"Zapateneo Kultur Elkartea"},"image":{"@id":"https:\/\/zapateneo.net\/wordpress\/#\/schema\/logo\/image\/"},"sameAs":["https:\/\/x.com\/zapateneo"]}]}},"_links":{"self":[{"href":"https:\/\/zapateneo.net\/wordpress\/index.php\/wp-json\/wp\/v2\/product\/7813","targetHints":{"allow":["GET"]}}],"collection":[{"href":"https:\/\/zapateneo.net\/wordpress\/index.php\/wp-json\/wp\/v2\/product"}],"about":[{"href":"https:\/\/zapateneo.net\/wordpress\/index.php\/wp-json\/wp\/v2\/types\/product"}],"wp:featuredmedia":[{"embeddable":true,"href":"https:\/\/zapateneo.net\/wordpress\/index.php\/wp-json\/wp\/v2\/media\/7864"}],"wp:attachment":[{"href":"https:\/\/zapateneo.net\/wordpress\/index.php\/wp-json\/wp\/v2\/media?parent=7813"}],"wp:term":[{"taxonomy":"product_brand","embeddable":true,"href":"https:\/\/zapateneo.net\/wordpress\/index.php\/wp-json\/wp\/v2\/product_brand?post=7813"},{"taxonomy":"product_cat","embeddable":true,"href":"https:\/\/zapateneo.net\/wordpress\/index.php\/wp-json\/wp\/v2\/product_cat?post=7813"},{"taxonomy":"product_tag","embeddable":true,"href":"https:\/\/zapateneo.net\/wordpress\/index.php\/wp-json\/wp\/v2\/product_tag?post=7813"}],"curies":[{"name":"wp","href":"https:\/\/api.w.org\/{rel}","templated":true}]}}