{"id":7596,"date":"2021-05-03T14:45:48","date_gmt":"2021-05-03T13:45:48","guid":{"rendered":"https:\/\/zapateneo.net\/wordpress\/?post_type=product&#038;p=7596"},"modified":"2023-05-05T12:50:43","modified_gmt":"2023-05-05T11:50:43","slug":"drones-sombras-de-la-guerra-contra-el-terror","status":"publish","type":"product","link":"https:\/\/zapateneo.net\/wordpress\/index.php\/producto\/drones-sombras-de-la-guerra-contra-el-terror\/","title":{"rendered":"Drones. sombras de la guerra contra el terror"},"content":{"rendered":"<p>\u00abEl dron fascina y aterroriza a partes iguales por la \u00adinnegable ventaja que confiere a quienes pueden \u00adrecurrir a su poder de muerte.\u00bb Entronizado como adalid de una supuesta \u00abguerra limpia y quir\u00fargica\u00bb, exaltado en la l\u00f3gica neoliberal por sus posibilidades mercantiles o, en el extremo opuesto, representante de una supuesta maldad tecnol\u00f3gica, el dron es hoy un objeto sacralizado.<\/p>\n<p>Pero, en su desnudez, se trata de \u00abversiones perfeccionadas de los viejos aviones teledirigidos\u00bb, y su inter\u00e9s real reside en su papel en las l\u00f3gicas de la guerra mundial contra el terror o en la renovaci\u00f3n del monopolio de la violencia estatal, b\u00e9lica y sist\u00e9mica. El dron es parte y consecuencia de un proyecto de dominaci\u00f3n pol\u00edtica global, que lo condiciona de ra\u00edz.<\/p>\n<p>Este libro desmonta numerosos t\u00f3picos. Su supuesta similitud con un videojuego queda en entredicho por los niveles de estr\u00e9s postraum\u00e1tico que se dan entre los operadores de aviones no tripulados, superiores a los de las tropas en el campo de batalla. Su uso como complemento de operaciones antidisturbios en conflictos urbanos cuestiona la supuesta inocuidad de la violencia dron en los pa\u00edses occidentales. Son s\u00f3lo dos ejemplos de c\u00f3mo este artefacto no aleja la guerra sino que la acerca m\u00e1s si cabe a nuestras vidas.<\/p>\n<div class=\"row\">\n<div class=\"col-12 col-12-small\">\n<p><span class=\"image left autor\"><img decoding=\"async\" class=\"alignleft\" src=\"https:\/\/www.viruseditorial.net\/\/fotos-autor\/enric-lujan2.png\" alt=\"enric-lujan\" \/><\/span><\/p>\n<p><strong>Enric Luj\u00e1n<\/strong>\u00a0(Barcelona, 1991) es graduado en Ciencias Pol\u00edticas y de la Administraci\u00f3n por la Universitat de Barcelona y m\u00e1ster en Estudios Comparativos de Literatura, Arte y Pensamiento por la Universitat Pompeu Fabra. Miembro de Cr\u00edptica, asociaci\u00f3n en defensa de la libertad y la privacidad en Internet, y colaborador del Centre Del\u00e0s d\u2019Estudis per la Pau, sus investigaciones reflejan la inquietud por las implicaciones humanas de la tecnolog\u00eda y la toma de conciencia social en lo que respecta al uso de herramientas seguras.<\/p>\n<p>&nbsp;<\/p>\n<\/div>\n<\/div>\n<div>\n<p>&nbsp;<\/p>\n<p>Pr\u00f3logo de\u00a0<strong>Sonia Arribas<\/strong><\/p>\n<\/div>\n<hr \/>\n<p>&nbsp;<\/p>\n<p><a href=\"http:\/\/www.viruseditorial.net\/file\/mailing-drones(1).pdf\" target=\"_blank\" rel=\"noopener\">Ficha<\/a><\/p>\n<p><a href=\"http:\/\/viruseditorial.net\/editorial\/noticia\/614\" target=\"_blank\" rel=\"noopener\">La falsa ecolog\u00eda de los da\u00f1os colaterales<\/a> (Enric Luj\u00e1n, <em>eldiario.es<\/em>)<\/p>\n<p>Enric Luj\u00e1n: <a href=\"http:\/\/viruseditorial.net\/editorial\/noticia\/615\" target=\"_blank\" rel=\"noopener\">\u00abEstamos asistiendo a una dronificaci\u00f3n de la violencia del Estado\u00bb<\/a> (<em>Carne Cruda<\/em>)<\/p>\n<p><a href=\"http:\/\/viruseditorial.net\/editorial\/noticia\/618\">Enric Luj\u00e1n: \u00abCon el dron la vigilancia deviene perpetua\u00bb<\/a> (Suelta la Olla, <em>Hala Bedi Irratia<\/em>)<\/p>\n<p><a href=\"http:\/\/viruseditorial.net\/editorial\/noticia\/628\" target=\"_blank\" rel=\"noopener\">\u00abGuardar al reba\u00f1o y matar a la bestia\u00bb<\/a> (F\u00e8lix Riera, Cultura\/s<em> La Vanguardia<\/em>)<\/p>\n<p><a href=\"http:\/\/viruseditorial.net\/editorial\/noticia\/632\" target=\"_blank\" rel=\"noopener\">Los drones en el ensamblaje mundial de la excepci\u00f3n<\/a> (Enric Luj\u00e1n, blog <em>Planeta Futuro<\/em> de <em>El Pa\u00eds<\/em>)<\/p>\n<p><a href=\"http:\/\/viruseditorial.net\/editorial\/noticia\/634\" target=\"_blank\" rel=\"noopener\">Drones, tan juguetes como m\u00e1quinas de matar<\/a> (Paula Clemente, <em>P\u00fablico\/Revista Rambl@<\/em>)<\/p>\n<p><a href=\"http:\/\/viruseditorial.net\/editorial\/noticia\/637\" target=\"_blank\" rel=\"noopener\">\u00abEl dron ser\u00e1 el dispositivo clave para entender la contrainsurgencia de nuestro presente\u00bb<\/a> (Enric Luj\u00e1n, <em>El Viejo Topo<\/em>)<\/p>\n<p>[AUDIO] <a href=\"http:\/\/viruseditorial.net\/editorial\/noticia\/638\" target=\"_blank\" rel=\"noopener\">Presentaci\u00f3n de Drones en Katakrak (Iru\u00f1ea)<\/a><\/p>\n<p><iframe loading=\"lazy\" src=\"https:\/\/w.soundcloud.com\/player\/?url=https%3A\/\/api.soundcloud.com\/tracks\/242869605&amp;auto_play=false&amp;hide_related=false&amp;show_comments=true&amp;show_user=true&amp;show_reposts=false&amp;visual=true\" width=\"100%\" height=\"450\" frameborder=\"no\" scrolling=\"no\"><\/iframe><\/p>\n<p>&nbsp;<\/p>\n<p><a href=\"http:\/\/viruseditorial.net\/editorial\/noticia\/640\" target=\"_blank\" rel=\"noopener\">\u00bfDrones contra hombres?<\/a> (A. Ruiz, <em>Noticias de Navarra<\/em>)<\/p>\n<p><a href=\"http:\/\/viruseditorial.net\/editorial\/noticia\/641\" target=\"_blank\" rel=\"noopener\">\u00abBorroka bako guda egiten dute droneek\u00bb<\/a> (Edu Lartzanguren, Berria)<\/p>\n<p>[AUDIO] <a href=\"http:\/\/viruseditorial.net\/editorial\/noticia\/642\" target=\"_blank\" rel=\"noopener\">Enric Luj\u00e1n: \u00abEs muy dif\u00edcil regular legalmente los drones sin vulnerar la privacidad de nadie\u00bb<\/a> (Irola Irratia)<\/p>\n<p><a href=\"http:\/\/viruseditorial.net\/editorial\/noticia\/646\" target=\"_blank\" rel=\"noopener\">\u00abLa guerra dron se asemeja m\u00e1s a una competici\u00f3n de tiro al plato, porque una de las partes no se puede defender\u00bb<\/a> (Enric Luj\u00e1n, Radio Popular)<\/p>\n<p><iframe loading=\"lazy\" src=\"https:\/\/www.youtube.com\/embed\/HBhefTCpnAo\" width=\"560\" height=\"315\" frameborder=\"0\" allowfullscreen=\"allowfullscreen\"><\/iframe><\/p>\n<p><a href=\"http:\/\/viruseditorial.net\/editorial\/noticia\/647\" target=\"_blank\" rel=\"noopener\">Tres lectures per recordar que ens vigilen (i que aix\u00f2 ens hauria de preocupar)<\/a> (Ignasi Franch, elcritic.cat)<\/p>\n<p><a href=\"http:\/\/viruseditorial.net\/editorial\/noticia\/648\" target=\"_blank\" rel=\"noopener\">Enric Luj\u00e1n en \u00abLa casa de la palabra\u00bb de Radio Euskadi<\/a><\/p>\n<p><a href=\"http:\/\/viruseditorial.net\/editorial\/noticia\/652\" target=\"_blank\" rel=\"noopener\">Drons, la m\u00e0scara de la guerra permanent<\/a> (Marc Iglesias, <em>Directa<\/em>)<\/p>\n<div>\n<h2><a href=\"https:\/\/www.viruseditorial.net\/es\/editorial\/descargar-pdf\" target=\"_blank\" rel=\"noopener\">Libro en libre descarga de Virus Editorial<\/a><\/h2>\n<\/div>\n<aside class=\"mashsb-container mashsb-main mashsb-stretched\">\n<div class=\"mashsb-box\">\n<div class=\"mashsb-count mash-large\"><\/div>\n<\/div>\n<\/aside>\n","protected":false},"excerpt":{"rendered":"<p><strong>Luj\u00e1n, Enric<\/strong><br \/>\n9788492559633 &#8211; Virus &#8211; 2015 &#8211; 176 p\u00e1ginas \/orri.<\/p>\n","protected":false},"featured_media":7605,"template":"","meta":[],"product_brand":[],"product_cat":[16,173],"product_tag":[5076,4626,562,57],"class_list":{"0":"post-7596","1":"product","2":"type-product","3":"status-publish","4":"has-post-thumbnail","6":"product_cat-libros","7":"product_cat-saiakera-ensayo","8":"product_tag-antimilitarismo","9":"product_tag-deskargak","10":"product_tag-lujan","11":"product_tag-virus","13":"first","14":"instock","15":"sold-individually","16":"shipping-taxable","17":"purchasable","18":"product-type-simple"},"yoast_head":"<!-- This site is optimized with the Yoast SEO plugin v27.3 - https:\/\/yoast.com\/product\/yoast-seo-wordpress\/ -->\n<title>Drones. sombras de la guerra contra el terror &#8212; Zapateneo<\/title>\n<meta name=\"robots\" content=\"index, follow, max-snippet:-1, max-image-preview:large, max-video-preview:-1\" \/>\n<link rel=\"canonical\" href=\"https:\/\/zapateneo.net\/wordpress\/index.php\/producto\/drones-sombras-de-la-guerra-contra-el-terror\/\" \/>\n<meta property=\"og:locale\" content=\"es_ES\" \/>\n<meta property=\"og:type\" content=\"article\" \/>\n<meta property=\"og:title\" content=\"Drones. sombras de la guerra contra el terror &#8212; Zapateneo\" \/>\n<meta property=\"og:description\" content=\"Luj\u00e1n, Enric 9788492559633 - Virus - 2015 - 176 p\u00e1ginas \/orri.\" \/>\n<meta property=\"og:url\" content=\"https:\/\/zapateneo.net\/wordpress\/index.php\/producto\/drones-sombras-de-la-guerra-contra-el-terror\/\" \/>\n<meta property=\"og:site_name\" content=\"Zapateneo\" \/>\n<meta property=\"article:modified_time\" content=\"2023-05-05T11:50:43+00:00\" \/>\n<meta property=\"og:image\" content=\"https:\/\/zapateneo.net\/wordpress\/wp-content\/uploads\/2021\/05\/9788492559633.png\" \/>\n\t<meta property=\"og:image:width\" content=\"287\" \/>\n\t<meta property=\"og:image:height\" content=\"400\" \/>\n\t<meta property=\"og:image:type\" content=\"image\/png\" \/>\n<meta name=\"twitter:card\" content=\"summary_large_image\" \/>\n<meta name=\"twitter:site\" content=\"@zapateneo\" \/>\n<meta name=\"twitter:label1\" content=\"Tiempo de lectura\" \/>\n\t<meta name=\"twitter:data1\" content=\"3 minutos\" \/>\n<script type=\"application\/ld+json\" class=\"yoast-schema-graph\">{\"@context\":\"https:\\\/\\\/schema.org\",\"@graph\":[{\"@type\":\"WebPage\",\"@id\":\"https:\\\/\\\/zapateneo.net\\\/wordpress\\\/index.php\\\/producto\\\/drones-sombras-de-la-guerra-contra-el-terror\\\/\",\"url\":\"https:\\\/\\\/zapateneo.net\\\/wordpress\\\/index.php\\\/producto\\\/drones-sombras-de-la-guerra-contra-el-terror\\\/\",\"name\":\"Drones. sombras de la guerra contra el terror &#8212; Zapateneo\",\"isPartOf\":{\"@id\":\"https:\\\/\\\/zapateneo.net\\\/wordpress\\\/#website\"},\"primaryImageOfPage\":{\"@id\":\"https:\\\/\\\/zapateneo.net\\\/wordpress\\\/index.php\\\/producto\\\/drones-sombras-de-la-guerra-contra-el-terror\\\/#primaryimage\"},\"image\":{\"@id\":\"https:\\\/\\\/zapateneo.net\\\/wordpress\\\/index.php\\\/producto\\\/drones-sombras-de-la-guerra-contra-el-terror\\\/#primaryimage\"},\"thumbnailUrl\":\"https:\\\/\\\/zapateneo.net\\\/wordpress\\\/wp-content\\\/uploads\\\/2021\\\/05\\\/9788492559633.png\",\"datePublished\":\"2021-05-03T13:45:48+00:00\",\"dateModified\":\"2023-05-05T11:50:43+00:00\",\"breadcrumb\":{\"@id\":\"https:\\\/\\\/zapateneo.net\\\/wordpress\\\/index.php\\\/producto\\\/drones-sombras-de-la-guerra-contra-el-terror\\\/#breadcrumb\"},\"inLanguage\":\"es\",\"potentialAction\":[{\"@type\":\"ReadAction\",\"target\":[\"https:\\\/\\\/zapateneo.net\\\/wordpress\\\/index.php\\\/producto\\\/drones-sombras-de-la-guerra-contra-el-terror\\\/\"]}]},{\"@type\":\"ImageObject\",\"inLanguage\":\"es\",\"@id\":\"https:\\\/\\\/zapateneo.net\\\/wordpress\\\/index.php\\\/producto\\\/drones-sombras-de-la-guerra-contra-el-terror\\\/#primaryimage\",\"url\":\"https:\\\/\\\/zapateneo.net\\\/wordpress\\\/wp-content\\\/uploads\\\/2021\\\/05\\\/9788492559633.png\",\"contentUrl\":\"https:\\\/\\\/zapateneo.net\\\/wordpress\\\/wp-content\\\/uploads\\\/2021\\\/05\\\/9788492559633.png\",\"width\":287,\"height\":400},{\"@type\":\"BreadcrumbList\",\"@id\":\"https:\\\/\\\/zapateneo.net\\\/wordpress\\\/index.php\\\/producto\\\/drones-sombras-de-la-guerra-contra-el-terror\\\/#breadcrumb\",\"itemListElement\":[{\"@type\":\"ListItem\",\"position\":1,\"name\":\"Portada\",\"item\":\"https:\\\/\\\/zapateneo.net\\\/wordpress\\\/\"},{\"@type\":\"ListItem\",\"position\":2,\"name\":\"Tienda\",\"item\":\"https:\\\/\\\/zapateneo.net\\\/wordpress\\\/\"},{\"@type\":\"ListItem\",\"position\":3,\"name\":\"Drones. sombras de la guerra contra el terror\"}]},{\"@type\":\"WebSite\",\"@id\":\"https:\\\/\\\/zapateneo.net\\\/wordpress\\\/#website\",\"url\":\"https:\\\/\\\/zapateneo.net\\\/wordpress\\\/\",\"name\":\"Zapateneo\",\"description\":\"Zapateneoaren webgunea\",\"publisher\":{\"@id\":\"https:\\\/\\\/zapateneo.net\\\/wordpress\\\/#organization\"},\"potentialAction\":[{\"@type\":\"SearchAction\",\"target\":{\"@type\":\"EntryPoint\",\"urlTemplate\":\"https:\\\/\\\/zapateneo.net\\\/wordpress\\\/?s={search_term_string}\"},\"query-input\":{\"@type\":\"PropertyValueSpecification\",\"valueRequired\":true,\"valueName\":\"search_term_string\"}}],\"inLanguage\":\"es\"},{\"@type\":\"Organization\",\"@id\":\"https:\\\/\\\/zapateneo.net\\\/wordpress\\\/#organization\",\"name\":\"Zapateneo Kultur Elkartea\",\"url\":\"https:\\\/\\\/zapateneo.net\\\/wordpress\\\/\",\"logo\":{\"@type\":\"ImageObject\",\"inLanguage\":\"es\",\"@id\":\"https:\\\/\\\/zapateneo.net\\\/wordpress\\\/#\\\/schema\\\/logo\\\/image\\\/\",\"url\":\"https:\\\/\\\/zapateneo.net\\\/wordpress\\\/wp-content\\\/uploads\\\/2021\\\/04\\\/zap-libu-kolec.jpg\",\"contentUrl\":\"https:\\\/\\\/zapateneo.net\\\/wordpress\\\/wp-content\\\/uploads\\\/2021\\\/04\\\/zap-libu-kolec.jpg\",\"width\":2234,\"height\":398,\"caption\":\"Zapateneo Kultur Elkartea\"},\"image\":{\"@id\":\"https:\\\/\\\/zapateneo.net\\\/wordpress\\\/#\\\/schema\\\/logo\\\/image\\\/\"},\"sameAs\":[\"https:\\\/\\\/x.com\\\/zapateneo\"]}]}<\/script>\n<!-- \/ Yoast SEO plugin. -->","yoast_head_json":{"title":"Drones. sombras de la guerra contra el terror &#8212; Zapateneo","robots":{"index":"index","follow":"follow","max-snippet":"max-snippet:-1","max-image-preview":"max-image-preview:large","max-video-preview":"max-video-preview:-1"},"canonical":"https:\/\/zapateneo.net\/wordpress\/index.php\/producto\/drones-sombras-de-la-guerra-contra-el-terror\/","og_locale":"es_ES","og_type":"article","og_title":"Drones. sombras de la guerra contra el terror &#8212; Zapateneo","og_description":"Luj\u00e1n, Enric 9788492559633 - Virus - 2015 - 176 p\u00e1ginas \/orri.","og_url":"https:\/\/zapateneo.net\/wordpress\/index.php\/producto\/drones-sombras-de-la-guerra-contra-el-terror\/","og_site_name":"Zapateneo","article_modified_time":"2023-05-05T11:50:43+00:00","og_image":[{"width":287,"height":400,"url":"https:\/\/zapateneo.net\/wordpress\/wp-content\/uploads\/2021\/05\/9788492559633.png","type":"image\/png"}],"twitter_card":"summary_large_image","twitter_site":"@zapateneo","twitter_misc":{"Tiempo de lectura":"3 minutos"},"schema":{"@context":"https:\/\/schema.org","@graph":[{"@type":"WebPage","@id":"https:\/\/zapateneo.net\/wordpress\/index.php\/producto\/drones-sombras-de-la-guerra-contra-el-terror\/","url":"https:\/\/zapateneo.net\/wordpress\/index.php\/producto\/drones-sombras-de-la-guerra-contra-el-terror\/","name":"Drones. sombras de la guerra contra el terror &#8212; Zapateneo","isPartOf":{"@id":"https:\/\/zapateneo.net\/wordpress\/#website"},"primaryImageOfPage":{"@id":"https:\/\/zapateneo.net\/wordpress\/index.php\/producto\/drones-sombras-de-la-guerra-contra-el-terror\/#primaryimage"},"image":{"@id":"https:\/\/zapateneo.net\/wordpress\/index.php\/producto\/drones-sombras-de-la-guerra-contra-el-terror\/#primaryimage"},"thumbnailUrl":"https:\/\/zapateneo.net\/wordpress\/wp-content\/uploads\/2021\/05\/9788492559633.png","datePublished":"2021-05-03T13:45:48+00:00","dateModified":"2023-05-05T11:50:43+00:00","breadcrumb":{"@id":"https:\/\/zapateneo.net\/wordpress\/index.php\/producto\/drones-sombras-de-la-guerra-contra-el-terror\/#breadcrumb"},"inLanguage":"es","potentialAction":[{"@type":"ReadAction","target":["https:\/\/zapateneo.net\/wordpress\/index.php\/producto\/drones-sombras-de-la-guerra-contra-el-terror\/"]}]},{"@type":"ImageObject","inLanguage":"es","@id":"https:\/\/zapateneo.net\/wordpress\/index.php\/producto\/drones-sombras-de-la-guerra-contra-el-terror\/#primaryimage","url":"https:\/\/zapateneo.net\/wordpress\/wp-content\/uploads\/2021\/05\/9788492559633.png","contentUrl":"https:\/\/zapateneo.net\/wordpress\/wp-content\/uploads\/2021\/05\/9788492559633.png","width":287,"height":400},{"@type":"BreadcrumbList","@id":"https:\/\/zapateneo.net\/wordpress\/index.php\/producto\/drones-sombras-de-la-guerra-contra-el-terror\/#breadcrumb","itemListElement":[{"@type":"ListItem","position":1,"name":"Portada","item":"https:\/\/zapateneo.net\/wordpress\/"},{"@type":"ListItem","position":2,"name":"Tienda","item":"https:\/\/zapateneo.net\/wordpress\/"},{"@type":"ListItem","position":3,"name":"Drones. sombras de la guerra contra el terror"}]},{"@type":"WebSite","@id":"https:\/\/zapateneo.net\/wordpress\/#website","url":"https:\/\/zapateneo.net\/wordpress\/","name":"Zapateneo","description":"Zapateneoaren webgunea","publisher":{"@id":"https:\/\/zapateneo.net\/wordpress\/#organization"},"potentialAction":[{"@type":"SearchAction","target":{"@type":"EntryPoint","urlTemplate":"https:\/\/zapateneo.net\/wordpress\/?s={search_term_string}"},"query-input":{"@type":"PropertyValueSpecification","valueRequired":true,"valueName":"search_term_string"}}],"inLanguage":"es"},{"@type":"Organization","@id":"https:\/\/zapateneo.net\/wordpress\/#organization","name":"Zapateneo Kultur Elkartea","url":"https:\/\/zapateneo.net\/wordpress\/","logo":{"@type":"ImageObject","inLanguage":"es","@id":"https:\/\/zapateneo.net\/wordpress\/#\/schema\/logo\/image\/","url":"https:\/\/zapateneo.net\/wordpress\/wp-content\/uploads\/2021\/04\/zap-libu-kolec.jpg","contentUrl":"https:\/\/zapateneo.net\/wordpress\/wp-content\/uploads\/2021\/04\/zap-libu-kolec.jpg","width":2234,"height":398,"caption":"Zapateneo Kultur Elkartea"},"image":{"@id":"https:\/\/zapateneo.net\/wordpress\/#\/schema\/logo\/image\/"},"sameAs":["https:\/\/x.com\/zapateneo"]}]}},"_links":{"self":[{"href":"https:\/\/zapateneo.net\/wordpress\/index.php\/wp-json\/wp\/v2\/product\/7596","targetHints":{"allow":["GET"]}}],"collection":[{"href":"https:\/\/zapateneo.net\/wordpress\/index.php\/wp-json\/wp\/v2\/product"}],"about":[{"href":"https:\/\/zapateneo.net\/wordpress\/index.php\/wp-json\/wp\/v2\/types\/product"}],"wp:featuredmedia":[{"embeddable":true,"href":"https:\/\/zapateneo.net\/wordpress\/index.php\/wp-json\/wp\/v2\/media\/7605"}],"wp:attachment":[{"href":"https:\/\/zapateneo.net\/wordpress\/index.php\/wp-json\/wp\/v2\/media?parent=7596"}],"wp:term":[{"taxonomy":"product_brand","embeddable":true,"href":"https:\/\/zapateneo.net\/wordpress\/index.php\/wp-json\/wp\/v2\/product_brand?post=7596"},{"taxonomy":"product_cat","embeddable":true,"href":"https:\/\/zapateneo.net\/wordpress\/index.php\/wp-json\/wp\/v2\/product_cat?post=7596"},{"taxonomy":"product_tag","embeddable":true,"href":"https:\/\/zapateneo.net\/wordpress\/index.php\/wp-json\/wp\/v2\/product_tag?post=7596"}],"curies":[{"name":"wp","href":"https:\/\/api.w.org\/{rel}","templated":true}]}}