{"id":7328,"date":"2021-04-09T10:16:22","date_gmt":"2021-04-09T09:16:22","guid":{"rendered":"https:\/\/zapateneo.net\/wordpress\/?post_type=product&#038;p=7328"},"modified":"2021-09-29T13:40:29","modified_gmt":"2021-09-29T12:40:29","slug":"er-revista-de-filosofia-33","status":"publish","type":"product","link":"https:\/\/zapateneo.net\/wordpress\/index.php\/producto\/er-revista-de-filosofia-33\/","title":{"rendered":"ER REVISTA DE FILOSOFIA # 33"},"content":{"rendered":"<p>ESPIRITUS SIN REINO. Eticas de la memoria en la cultura contemporanea.<\/p>\n<p><span style=\"text-decoration: underline;\">Aurkibidea<\/span>:<\/p>\n<p>La iron\u00eda del Norte<\/p>\n<p>&nbsp;<\/p>\n<p>F\u00e9lix de Az\u00faa Comella<\/p>\n<p>pags. 15-25<\/p>\n<p>Arte contempor\u00e1neo, da\u00f1o e identidad democr\u00e1tica<\/p>\n<p>Gerard Vilar Roca<\/p>\n<p>pags. 27-43<\/p>\n<p>Subversi\u00f3n en la transici\u00f3n: violencia y no<br \/>\nviolencia de la ocasi\u00f3n<\/p>\n<p>Alexander Garc\u00eda D\u00fcttmann<\/p>\n<p>pags. 45-57<\/p>\n<p>Ernst Cassirer y la urdimbre de la memoria<br \/>\nsimb\u00f3lica<\/p>\n<p>J\u00e9ssica Jaques Pi<\/p>\n<p>pags. 59-73<\/p>\n<p>La transparencia del l\u00edmite<\/p>\n<p>Eugenio Tr\u00edas Sagnier<\/p>\n<p>pags. 75-90<\/p>\n<p>Memoria, arte contempor\u00e1neo e identidad: Ilya<br \/>\nKab\u00e1kov<\/p>\n<p>Francisca P\u00e9rez Carre\u00f1o<\/p>\n<p>pags. 95-118<\/p>\n<p>Shoah y el debate: \u00abLanzman (Mois\u00e9s)\/Godard (San<br \/>\nPablo)\u00bb<\/p>\n<p>Aurora Fern\u00e1ndez Polanco<\/p>\n<p>pags. 119-150<\/p>\n<p>\u00bfEs posible narrar el totalitarismo?<\/p>\n<p>Marta Tafalla<\/p>\n<p>pags. 151-168<\/p>\n<p>La responsabilidad de la lectura: literatura y<br \/>\nholocausto<\/p>\n<p>Montserrat Iglesias Santos<\/p>\n<p>pags. 169-198<\/p>\n<p>El estado de la disputa: literatura y sociedad en<br \/>\n\u00abFinal de partida\u00bb de Samuel Beckett<\/p>\n<p>Christoph Menke<\/p>\n<p>pags. 199-232<\/p>\n<p>Juan Benet y el Grand Style, o c\u00f3mo no velar la<br \/>\nhistoria<\/p>\n<p>Jordi Ib\u00e1\u00f1ez Fan\u00e9s<\/p>\n<p>pags. 233-256<\/p>\n<p>&nbsp;<\/p>\n<p>&nbsp;<\/p>\n<p>&nbsp;<\/p>\n<p>&nbsp;<\/p>\n<p>&nbsp;<\/p>\n<p>&nbsp;<\/p>\n<p>&nbsp;<\/p>\n<p>&nbsp;<\/p>\n<p>&nbsp;<\/p>\n<p>&nbsp;<\/p>\n<p>&nbsp;<\/p>\n<p>&nbsp;<\/p>\n<p>&nbsp;<\/p>\n<p>&nbsp;<\/p>\n","protected":false},"excerpt":{"rendered":"<p><strong>IBA\u00d1EZ FANES, JORDI &amp; RODRIGUEZ TOUS, J.A. (EDITORES)<\/strong><br \/>\n9770213166008 &#8211; N\u00fam.\/Zbk.: 33 &#8211; Ediciones de Intervenci\u00f3n Cultural &#8211; 2004 &#8211; 266 p\u00e1ginas \/orri.<\/p>\n","protected":false},"featured_media":8440,"template":"","meta":[],"product_brand":[],"product_cat":[164,173],"product_tag":[4284,4637,4281,4282],"class_list":{"0":"post-7328","1":"product","2":"type-product","3":"status-publish","4":"has-post-thumbnail","6":"product_cat-revistas-aldizkariak","7":"product_cat-saiakera-ensayo","8":"product_tag-ediciones-de-intervencion-cultural","9":"product_tag-filosofia","10":"product_tag-ibanez-fanes","11":"product_tag-jordi-rodriguez-tous","13":"first","14":"instock","15":"sold-individually","16":"shipping-taxable","17":"purchasable","18":"product-type-simple"},"yoast_head":"<!-- This site is optimized with the Yoast SEO plugin v27.3 - https:\/\/yoast.com\/product\/yoast-seo-wordpress\/ -->\n<title>ER REVISTA DE FILOSOFIA # 33 &#8212; Zapateneo<\/title>\n<meta name=\"robots\" content=\"index, follow, max-snippet:-1, max-image-preview:large, max-video-preview:-1\" \/>\n<link rel=\"canonical\" href=\"https:\/\/zapateneo.net\/wordpress\/index.php\/producto\/er-revista-de-filosofia-33\/\" \/>\n<meta property=\"og:locale\" content=\"es_ES\" \/>\n<meta property=\"og:type\" content=\"article\" \/>\n<meta property=\"og:title\" content=\"ER REVISTA DE FILOSOFIA # 33 &#8212; Zapateneo\" \/>\n<meta property=\"og:description\" content=\"IBA\u00d1EZ FANES, JORDI &amp; RODRIGUEZ TOUS, J.A. (EDITORES) 9770213166008 - N\u00fam.\/Zbk.: 33 - Ediciones de Intervenci\u00f3n Cultural - 2004 - 266 p\u00e1ginas \/orri.\" \/>\n<meta property=\"og:url\" content=\"https:\/\/zapateneo.net\/wordpress\/index.php\/producto\/er-revista-de-filosofia-33\/\" \/>\n<meta property=\"og:site_name\" content=\"Zapateneo\" \/>\n<meta property=\"article:modified_time\" content=\"2021-09-29T12:40:29+00:00\" \/>\n<meta property=\"og:image\" content=\"https:\/\/zapateneo.net\/wordpress\/wp-content\/uploads\/2021\/04\/er-revista-filosofia-33.jpg\" \/>\n\t<meta property=\"og:image:width\" content=\"300\" \/>\n\t<meta property=\"og:image:height\" content=\"400\" \/>\n\t<meta property=\"og:image:type\" content=\"image\/jpeg\" \/>\n<meta name=\"twitter:card\" content=\"summary_large_image\" \/>\n<meta name=\"twitter:site\" content=\"@zapateneo\" \/>\n<meta name=\"twitter:label1\" content=\"Tiempo de lectura\" \/>\n\t<meta name=\"twitter:data1\" content=\"1 minuto\" \/>\n<script type=\"application\/ld+json\" class=\"yoast-schema-graph\">{\"@context\":\"https:\\\/\\\/schema.org\",\"@graph\":[{\"@type\":\"WebPage\",\"@id\":\"https:\\\/\\\/zapateneo.net\\\/wordpress\\\/index.php\\\/producto\\\/er-revista-de-filosofia-33\\\/\",\"url\":\"https:\\\/\\\/zapateneo.net\\\/wordpress\\\/index.php\\\/producto\\\/er-revista-de-filosofia-33\\\/\",\"name\":\"ER REVISTA DE FILOSOFIA # 33 &#8212; Zapateneo\",\"isPartOf\":{\"@id\":\"https:\\\/\\\/zapateneo.net\\\/wordpress\\\/#website\"},\"primaryImageOfPage\":{\"@id\":\"https:\\\/\\\/zapateneo.net\\\/wordpress\\\/index.php\\\/producto\\\/er-revista-de-filosofia-33\\\/#primaryimage\"},\"image\":{\"@id\":\"https:\\\/\\\/zapateneo.net\\\/wordpress\\\/index.php\\\/producto\\\/er-revista-de-filosofia-33\\\/#primaryimage\"},\"thumbnailUrl\":\"https:\\\/\\\/zapateneo.net\\\/wordpress\\\/wp-content\\\/uploads\\\/2021\\\/04\\\/er-revista-filosofia-33.jpg\",\"datePublished\":\"2021-04-09T09:16:22+00:00\",\"dateModified\":\"2021-09-29T12:40:29+00:00\",\"breadcrumb\":{\"@id\":\"https:\\\/\\\/zapateneo.net\\\/wordpress\\\/index.php\\\/producto\\\/er-revista-de-filosofia-33\\\/#breadcrumb\"},\"inLanguage\":\"es\",\"potentialAction\":[{\"@type\":\"ReadAction\",\"target\":[\"https:\\\/\\\/zapateneo.net\\\/wordpress\\\/index.php\\\/producto\\\/er-revista-de-filosofia-33\\\/\"]}]},{\"@type\":\"ImageObject\",\"inLanguage\":\"es\",\"@id\":\"https:\\\/\\\/zapateneo.net\\\/wordpress\\\/index.php\\\/producto\\\/er-revista-de-filosofia-33\\\/#primaryimage\",\"url\":\"https:\\\/\\\/zapateneo.net\\\/wordpress\\\/wp-content\\\/uploads\\\/2021\\\/04\\\/er-revista-filosofia-33.jpg\",\"contentUrl\":\"https:\\\/\\\/zapateneo.net\\\/wordpress\\\/wp-content\\\/uploads\\\/2021\\\/04\\\/er-revista-filosofia-33.jpg\",\"width\":300,\"height\":400},{\"@type\":\"BreadcrumbList\",\"@id\":\"https:\\\/\\\/zapateneo.net\\\/wordpress\\\/index.php\\\/producto\\\/er-revista-de-filosofia-33\\\/#breadcrumb\",\"itemListElement\":[{\"@type\":\"ListItem\",\"position\":1,\"name\":\"Portada\",\"item\":\"https:\\\/\\\/zapateneo.net\\\/wordpress\\\/\"},{\"@type\":\"ListItem\",\"position\":2,\"name\":\"Tienda\",\"item\":\"https:\\\/\\\/zapateneo.net\\\/wordpress\\\/\"},{\"@type\":\"ListItem\",\"position\":3,\"name\":\"ER REVISTA DE FILOSOFIA # 33\"}]},{\"@type\":\"WebSite\",\"@id\":\"https:\\\/\\\/zapateneo.net\\\/wordpress\\\/#website\",\"url\":\"https:\\\/\\\/zapateneo.net\\\/wordpress\\\/\",\"name\":\"Zapateneo\",\"description\":\"Zapateneoaren webgunea\",\"publisher\":{\"@id\":\"https:\\\/\\\/zapateneo.net\\\/wordpress\\\/#organization\"},\"potentialAction\":[{\"@type\":\"SearchAction\",\"target\":{\"@type\":\"EntryPoint\",\"urlTemplate\":\"https:\\\/\\\/zapateneo.net\\\/wordpress\\\/?s={search_term_string}\"},\"query-input\":{\"@type\":\"PropertyValueSpecification\",\"valueRequired\":true,\"valueName\":\"search_term_string\"}}],\"inLanguage\":\"es\"},{\"@type\":\"Organization\",\"@id\":\"https:\\\/\\\/zapateneo.net\\\/wordpress\\\/#organization\",\"name\":\"Zapateneo Kultur Elkartea\",\"url\":\"https:\\\/\\\/zapateneo.net\\\/wordpress\\\/\",\"logo\":{\"@type\":\"ImageObject\",\"inLanguage\":\"es\",\"@id\":\"https:\\\/\\\/zapateneo.net\\\/wordpress\\\/#\\\/schema\\\/logo\\\/image\\\/\",\"url\":\"https:\\\/\\\/zapateneo.net\\\/wordpress\\\/wp-content\\\/uploads\\\/2021\\\/04\\\/zap-libu-kolec.jpg\",\"contentUrl\":\"https:\\\/\\\/zapateneo.net\\\/wordpress\\\/wp-content\\\/uploads\\\/2021\\\/04\\\/zap-libu-kolec.jpg\",\"width\":2234,\"height\":398,\"caption\":\"Zapateneo Kultur Elkartea\"},\"image\":{\"@id\":\"https:\\\/\\\/zapateneo.net\\\/wordpress\\\/#\\\/schema\\\/logo\\\/image\\\/\"},\"sameAs\":[\"https:\\\/\\\/x.com\\\/zapateneo\"]}]}<\/script>\n<!-- \/ Yoast SEO plugin. -->","yoast_head_json":{"title":"ER REVISTA DE FILOSOFIA # 33 &#8212; Zapateneo","robots":{"index":"index","follow":"follow","max-snippet":"max-snippet:-1","max-image-preview":"max-image-preview:large","max-video-preview":"max-video-preview:-1"},"canonical":"https:\/\/zapateneo.net\/wordpress\/index.php\/producto\/er-revista-de-filosofia-33\/","og_locale":"es_ES","og_type":"article","og_title":"ER REVISTA DE FILOSOFIA # 33 &#8212; Zapateneo","og_description":"IBA\u00d1EZ FANES, JORDI &amp; RODRIGUEZ TOUS, J.A. (EDITORES) 9770213166008 - N\u00fam.\/Zbk.: 33 - Ediciones de Intervenci\u00f3n Cultural - 2004 - 266 p\u00e1ginas \/orri.","og_url":"https:\/\/zapateneo.net\/wordpress\/index.php\/producto\/er-revista-de-filosofia-33\/","og_site_name":"Zapateneo","article_modified_time":"2021-09-29T12:40:29+00:00","og_image":[{"width":300,"height":400,"url":"https:\/\/zapateneo.net\/wordpress\/wp-content\/uploads\/2021\/04\/er-revista-filosofia-33.jpg","type":"image\/jpeg"}],"twitter_card":"summary_large_image","twitter_site":"@zapateneo","twitter_misc":{"Tiempo de lectura":"1 minuto"},"schema":{"@context":"https:\/\/schema.org","@graph":[{"@type":"WebPage","@id":"https:\/\/zapateneo.net\/wordpress\/index.php\/producto\/er-revista-de-filosofia-33\/","url":"https:\/\/zapateneo.net\/wordpress\/index.php\/producto\/er-revista-de-filosofia-33\/","name":"ER REVISTA DE FILOSOFIA # 33 &#8212; Zapateneo","isPartOf":{"@id":"https:\/\/zapateneo.net\/wordpress\/#website"},"primaryImageOfPage":{"@id":"https:\/\/zapateneo.net\/wordpress\/index.php\/producto\/er-revista-de-filosofia-33\/#primaryimage"},"image":{"@id":"https:\/\/zapateneo.net\/wordpress\/index.php\/producto\/er-revista-de-filosofia-33\/#primaryimage"},"thumbnailUrl":"https:\/\/zapateneo.net\/wordpress\/wp-content\/uploads\/2021\/04\/er-revista-filosofia-33.jpg","datePublished":"2021-04-09T09:16:22+00:00","dateModified":"2021-09-29T12:40:29+00:00","breadcrumb":{"@id":"https:\/\/zapateneo.net\/wordpress\/index.php\/producto\/er-revista-de-filosofia-33\/#breadcrumb"},"inLanguage":"es","potentialAction":[{"@type":"ReadAction","target":["https:\/\/zapateneo.net\/wordpress\/index.php\/producto\/er-revista-de-filosofia-33\/"]}]},{"@type":"ImageObject","inLanguage":"es","@id":"https:\/\/zapateneo.net\/wordpress\/index.php\/producto\/er-revista-de-filosofia-33\/#primaryimage","url":"https:\/\/zapateneo.net\/wordpress\/wp-content\/uploads\/2021\/04\/er-revista-filosofia-33.jpg","contentUrl":"https:\/\/zapateneo.net\/wordpress\/wp-content\/uploads\/2021\/04\/er-revista-filosofia-33.jpg","width":300,"height":400},{"@type":"BreadcrumbList","@id":"https:\/\/zapateneo.net\/wordpress\/index.php\/producto\/er-revista-de-filosofia-33\/#breadcrumb","itemListElement":[{"@type":"ListItem","position":1,"name":"Portada","item":"https:\/\/zapateneo.net\/wordpress\/"},{"@type":"ListItem","position":2,"name":"Tienda","item":"https:\/\/zapateneo.net\/wordpress\/"},{"@type":"ListItem","position":3,"name":"ER REVISTA DE FILOSOFIA # 33"}]},{"@type":"WebSite","@id":"https:\/\/zapateneo.net\/wordpress\/#website","url":"https:\/\/zapateneo.net\/wordpress\/","name":"Zapateneo","description":"Zapateneoaren webgunea","publisher":{"@id":"https:\/\/zapateneo.net\/wordpress\/#organization"},"potentialAction":[{"@type":"SearchAction","target":{"@type":"EntryPoint","urlTemplate":"https:\/\/zapateneo.net\/wordpress\/?s={search_term_string}"},"query-input":{"@type":"PropertyValueSpecification","valueRequired":true,"valueName":"search_term_string"}}],"inLanguage":"es"},{"@type":"Organization","@id":"https:\/\/zapateneo.net\/wordpress\/#organization","name":"Zapateneo Kultur Elkartea","url":"https:\/\/zapateneo.net\/wordpress\/","logo":{"@type":"ImageObject","inLanguage":"es","@id":"https:\/\/zapateneo.net\/wordpress\/#\/schema\/logo\/image\/","url":"https:\/\/zapateneo.net\/wordpress\/wp-content\/uploads\/2021\/04\/zap-libu-kolec.jpg","contentUrl":"https:\/\/zapateneo.net\/wordpress\/wp-content\/uploads\/2021\/04\/zap-libu-kolec.jpg","width":2234,"height":398,"caption":"Zapateneo Kultur Elkartea"},"image":{"@id":"https:\/\/zapateneo.net\/wordpress\/#\/schema\/logo\/image\/"},"sameAs":["https:\/\/x.com\/zapateneo"]}]}},"_links":{"self":[{"href":"https:\/\/zapateneo.net\/wordpress\/index.php\/wp-json\/wp\/v2\/product\/7328","targetHints":{"allow":["GET"]}}],"collection":[{"href":"https:\/\/zapateneo.net\/wordpress\/index.php\/wp-json\/wp\/v2\/product"}],"about":[{"href":"https:\/\/zapateneo.net\/wordpress\/index.php\/wp-json\/wp\/v2\/types\/product"}],"wp:featuredmedia":[{"embeddable":true,"href":"https:\/\/zapateneo.net\/wordpress\/index.php\/wp-json\/wp\/v2\/media\/8440"}],"wp:attachment":[{"href":"https:\/\/zapateneo.net\/wordpress\/index.php\/wp-json\/wp\/v2\/media?parent=7328"}],"wp:term":[{"taxonomy":"product_brand","embeddable":true,"href":"https:\/\/zapateneo.net\/wordpress\/index.php\/wp-json\/wp\/v2\/product_brand?post=7328"},{"taxonomy":"product_cat","embeddable":true,"href":"https:\/\/zapateneo.net\/wordpress\/index.php\/wp-json\/wp\/v2\/product_cat?post=7328"},{"taxonomy":"product_tag","embeddable":true,"href":"https:\/\/zapateneo.net\/wordpress\/index.php\/wp-json\/wp\/v2\/product_tag?post=7328"}],"curies":[{"name":"wp","href":"https:\/\/api.w.org\/{rel}","templated":true}]}}