{"id":6339,"date":"2021-04-09T06:59:04","date_gmt":"2021-04-09T05:59:04","guid":{"rendered":"https:\/\/zapateneo.net\/wordpress\/?post_type=product&#038;p=6339"},"modified":"2022-01-02T21:08:26","modified_gmt":"2022-01-02T20:08:26","slug":"el-ingenioso-libertario-lizanote-de-la-acracia-o-la-conquista-de-la-inocencia","status":"publish","type":"product","link":"https:\/\/zapateneo.net\/wordpress\/index.php\/producto\/el-ingenioso-libertario-lizanote-de-la-acracia-o-la-conquista-de-la-inocencia\/","title":{"rendered":"El ingenioso libertario Lizanote de la acracia o la conquista de la inocencia"},"content":{"rendered":"<p>La presente antolog\u00eda sigue un recorrido profundo por el viaje art\u00edstico y a la vez vital de la obra po\u00e9tica de Jes\u00fas Lizano, present\u00e1ndonos una selecci\u00f3n representativa de esa poes\u00eda social y humana que ha hecho de su obra una verdadera poes\u00eda de y para el pueblo. Como el propio Jes\u00fas se\u00f1ala \u00abun artista, un poeta en este caso, no vive para \u00e9l sino para su obra, y su obra no es para \u00e9l sino para los dem\u00e1s; \u00e9l s\u00f3lo es un medio de acercar a los seres humanos el mensaje que recibe de lo natural, es decir, de la inocencia de todo lo creativo que nace sin duda en lo natural, desordenado por todo lo que implican normas, formas y montajes del dominio\u00bb.<\/p>\n<p>Este recorrido nos permite acompa\u00f1ar a Jes\u00fas con la Columna Po\u00e9tica en su esfuerzo por acercarnos al comunismo po\u00e9tico, que no pol\u00edtico ni religioso, ese verdadero humanismo para el que todos somos \u00fanicos y compa\u00f1eros, simplemente mam\u00edferos, y que encontrar\u00e1 su realizaci\u00f3n alg\u00fan d\u00eda no muy lejano en la Acracia.<\/p>\n<p>&nbsp;<\/p>\n<p><strong>Incluye DVD con la lectura p\u00fablica que Jes\u00fas Lizano hizo el 1 de octubre de 2008 en la Sala Ivanow de Barcelona.<\/strong><\/p>\n<hr \/>\n<p>Rese\u00f1as:<\/p>\n<p><a href=\"http:\/\/www.viruseditorial.net\/pags\/noticia.php?id=587\" target=\"_blank\" rel=\"noopener\"><strong>Ha muerto Jes\u00fas Lizano<\/strong><\/a><\/p>\n<p><a href=\"http:\/\/www.viruseditorial.net\/pags\/noticia.php?id=606\" target=\"_blank\" rel=\"noopener\"><strong>La aventura libertaria<\/strong><\/a>\u00a0(Violeta Serrano, P\u00e1gina\/12)<\/p>\n<p><a href=\"http:\/\/www.viruseditorial.net\/pags\/noticia.php?id=148\"><strong>Jes\u00fas Lizano: \u00abHe evolucionado hasta el comunismo po\u00e9tico\u00bb<\/strong><\/a>\u00a0(entrevista en\u00a0<em>P\u00fablico<\/em>\u00a08\/12\/2009)<\/p>\n<p><a href=\"http:\/\/www.viruseditorial.net\/pags\/noticia.php?id=152\"><strong>Jes\u00fas Lizano, demi\u00fcrg de la innoc\u00e8ncia i visionari de l\u2019acr\u00e0cia i la natura\u00a0<\/strong><\/a>(entrevista en\u00a0<em>Catalunya<\/em>, gener de 2010)<\/p>\n<p><a href=\"http:\/\/www.viruseditorial.net\/pags\/noticia.php?id=153\"><strong>Jes\u00fas Lizano, demiurgo de la inocencia y visionario de la acracia y la naturaleza\u00a0<\/strong><\/a>(entrevista en\u00a0<em>Catalunya<\/em>, enero de 2010)<\/p>\n<p><a href=\"http:\/\/www.viruseditorial.net\/pags\/noticia.php?id=156\"><strong>La vida po\u00e8tica de Jes\u00fas Lizano<\/strong><\/a>\u00a0(<em>Directa<\/em>, diciembre de 2010)<\/p>\n<p><a href=\"http:\/\/www.viruseditorial.net\/pags\/noticia.php?id=17\"><strong>David Franco Monthiel: \u00abLizano sabe que fue y es largo el camino contra el poder literario y sus silencios, contra el bodrio regio y el estado de cosas\u00bb<\/strong><\/a>\u00a0(<a href=\"http:\/\/dabolico.blogspot.com\/\" target=\"_blank\" rel=\"noopener\"><em>Cuaderno de Resistencia<\/em><\/a>, abril de 2010)<\/p>\n<p><a href=\"http:\/\/www.viruseditorial.net\/pags\/noticia.php?id=188\"><strong>\u00abEl de Jes\u00fas Lizano es un universo extraordinariamente sugerente, subversivamente po\u00e9tico, con una decidida apuesta por el humanismo y la libertad\u00bb<\/strong><\/a>\u00a0(Alberto Garc\u00eda Teresa,\u00a0<a href=\"http:\/\/www.culturamas.es\/\"><strong>Culturamas<\/strong><\/a>, julio 2010)<\/p>\n<p><a href=\"http:\/\/www.viruseditorial.net\/pags\/noticia.php?id=333\" target=\"_blank\" rel=\"noopener\"><strong>Jes\u00fas Lizano + Putilatex en Carne<\/strong><\/a>\u00a0Cruda (enero 2012)<\/p>\n<hr \/>\n<div>\n<h2><a href=\"https:\/\/www.viruseditorial.net\/es\/editorial\/descargar-pdf\" target=\"_blank\" rel=\"noopener\">Libro en libre descarga de Virus Editorial<\/a><\/h2>\n<\/div>\n<p>&nbsp;<\/p>\n","protected":false},"excerpt":{"rendered":"<p><strong>Jes\u00fas Lizano<\/strong><br \/>\n9788492559121 &#8211; Virus &#8211; 2009 &#8211; 165 p\u00e1ginas \/orri.<\/p>\n","protected":false},"featured_media":6369,"template":"","meta":[],"product_brand":[],"product_cat":[16,4063],"product_tag":[4626,4067,57],"class_list":{"0":"post-6339","1":"product","2":"type-product","3":"status-publish","4":"has-post-thumbnail","6":"product_cat-libros","7":"product_cat-olerkigintza-poesia","8":"product_tag-deskargak","9":"product_tag-jesus-lizano","10":"product_tag-virus","12":"first","13":"instock","14":"sold-individually","15":"shipping-taxable","16":"purchasable","17":"product-type-simple"},"yoast_head":"<!-- This site is optimized with the Yoast SEO plugin v27.3 - https:\/\/yoast.com\/product\/yoast-seo-wordpress\/ -->\n<title>El ingenioso libertario Lizanote de la acracia o la conquista de la inocencia &#8212; Zapateneo<\/title>\n<meta name=\"robots\" content=\"index, follow, max-snippet:-1, max-image-preview:large, max-video-preview:-1\" \/>\n<link rel=\"canonical\" href=\"https:\/\/zapateneo.net\/wordpress\/index.php\/producto\/el-ingenioso-libertario-lizanote-de-la-acracia-o-la-conquista-de-la-inocencia\/\" \/>\n<meta property=\"og:locale\" content=\"es_ES\" \/>\n<meta property=\"og:type\" content=\"article\" \/>\n<meta property=\"og:title\" content=\"El ingenioso libertario Lizanote de la acracia o la conquista de la inocencia &#8212; Zapateneo\" \/>\n<meta property=\"og:description\" content=\"Jes\u00fas Lizano 9788492559121 - Virus - 2009 - 165 p\u00e1ginas \/orri.\" \/>\n<meta property=\"og:url\" content=\"https:\/\/zapateneo.net\/wordpress\/index.php\/producto\/el-ingenioso-libertario-lizanote-de-la-acracia-o-la-conquista-de-la-inocencia\/\" \/>\n<meta property=\"og:site_name\" content=\"Zapateneo\" \/>\n<meta property=\"article:modified_time\" content=\"2022-01-02T20:08:26+00:00\" \/>\n<meta property=\"og:image\" content=\"https:\/\/zapateneo.net\/wordpress\/wp-content\/uploads\/2021\/04\/6029gif.png\" \/>\n\t<meta property=\"og:image:width\" content=\"111\" \/>\n\t<meta property=\"og:image:height\" content=\"172\" \/>\n\t<meta property=\"og:image:type\" content=\"image\/png\" \/>\n<meta name=\"twitter:card\" content=\"summary_large_image\" \/>\n<meta name=\"twitter:site\" content=\"@zapateneo\" \/>\n<meta name=\"twitter:label1\" content=\"Tiempo de lectura\" \/>\n\t<meta name=\"twitter:data1\" content=\"2 minutos\" \/>\n<script type=\"application\/ld+json\" class=\"yoast-schema-graph\">{\"@context\":\"https:\\\/\\\/schema.org\",\"@graph\":[{\"@type\":\"WebPage\",\"@id\":\"https:\\\/\\\/zapateneo.net\\\/wordpress\\\/index.php\\\/producto\\\/el-ingenioso-libertario-lizanote-de-la-acracia-o-la-conquista-de-la-inocencia\\\/\",\"url\":\"https:\\\/\\\/zapateneo.net\\\/wordpress\\\/index.php\\\/producto\\\/el-ingenioso-libertario-lizanote-de-la-acracia-o-la-conquista-de-la-inocencia\\\/\",\"name\":\"El ingenioso libertario Lizanote de la acracia o la conquista de la inocencia &#8212; Zapateneo\",\"isPartOf\":{\"@id\":\"https:\\\/\\\/zapateneo.net\\\/wordpress\\\/#website\"},\"primaryImageOfPage\":{\"@id\":\"https:\\\/\\\/zapateneo.net\\\/wordpress\\\/index.php\\\/producto\\\/el-ingenioso-libertario-lizanote-de-la-acracia-o-la-conquista-de-la-inocencia\\\/#primaryimage\"},\"image\":{\"@id\":\"https:\\\/\\\/zapateneo.net\\\/wordpress\\\/index.php\\\/producto\\\/el-ingenioso-libertario-lizanote-de-la-acracia-o-la-conquista-de-la-inocencia\\\/#primaryimage\"},\"thumbnailUrl\":\"https:\\\/\\\/zapateneo.net\\\/wordpress\\\/wp-content\\\/uploads\\\/2021\\\/04\\\/6029gif.png\",\"datePublished\":\"2021-04-09T05:59:04+00:00\",\"dateModified\":\"2022-01-02T20:08:26+00:00\",\"breadcrumb\":{\"@id\":\"https:\\\/\\\/zapateneo.net\\\/wordpress\\\/index.php\\\/producto\\\/el-ingenioso-libertario-lizanote-de-la-acracia-o-la-conquista-de-la-inocencia\\\/#breadcrumb\"},\"inLanguage\":\"es\",\"potentialAction\":[{\"@type\":\"ReadAction\",\"target\":[\"https:\\\/\\\/zapateneo.net\\\/wordpress\\\/index.php\\\/producto\\\/el-ingenioso-libertario-lizanote-de-la-acracia-o-la-conquista-de-la-inocencia\\\/\"]}]},{\"@type\":\"ImageObject\",\"inLanguage\":\"es\",\"@id\":\"https:\\\/\\\/zapateneo.net\\\/wordpress\\\/index.php\\\/producto\\\/el-ingenioso-libertario-lizanote-de-la-acracia-o-la-conquista-de-la-inocencia\\\/#primaryimage\",\"url\":\"https:\\\/\\\/zapateneo.net\\\/wordpress\\\/wp-content\\\/uploads\\\/2021\\\/04\\\/6029gif.png\",\"contentUrl\":\"https:\\\/\\\/zapateneo.net\\\/wordpress\\\/wp-content\\\/uploads\\\/2021\\\/04\\\/6029gif.png\",\"width\":111,\"height\":172},{\"@type\":\"BreadcrumbList\",\"@id\":\"https:\\\/\\\/zapateneo.net\\\/wordpress\\\/index.php\\\/producto\\\/el-ingenioso-libertario-lizanote-de-la-acracia-o-la-conquista-de-la-inocencia\\\/#breadcrumb\",\"itemListElement\":[{\"@type\":\"ListItem\",\"position\":1,\"name\":\"Portada\",\"item\":\"https:\\\/\\\/zapateneo.net\\\/wordpress\\\/\"},{\"@type\":\"ListItem\",\"position\":2,\"name\":\"Tienda\",\"item\":\"https:\\\/\\\/zapateneo.net\\\/wordpress\\\/\"},{\"@type\":\"ListItem\",\"position\":3,\"name\":\"El ingenioso libertario Lizanote de la acracia o la conquista de la inocencia\"}]},{\"@type\":\"WebSite\",\"@id\":\"https:\\\/\\\/zapateneo.net\\\/wordpress\\\/#website\",\"url\":\"https:\\\/\\\/zapateneo.net\\\/wordpress\\\/\",\"name\":\"Zapateneo\",\"description\":\"Zapateneoaren webgunea\",\"publisher\":{\"@id\":\"https:\\\/\\\/zapateneo.net\\\/wordpress\\\/#organization\"},\"potentialAction\":[{\"@type\":\"SearchAction\",\"target\":{\"@type\":\"EntryPoint\",\"urlTemplate\":\"https:\\\/\\\/zapateneo.net\\\/wordpress\\\/?s={search_term_string}\"},\"query-input\":{\"@type\":\"PropertyValueSpecification\",\"valueRequired\":true,\"valueName\":\"search_term_string\"}}],\"inLanguage\":\"es\"},{\"@type\":\"Organization\",\"@id\":\"https:\\\/\\\/zapateneo.net\\\/wordpress\\\/#organization\",\"name\":\"Zapateneo Kultur Elkartea\",\"url\":\"https:\\\/\\\/zapateneo.net\\\/wordpress\\\/\",\"logo\":{\"@type\":\"ImageObject\",\"inLanguage\":\"es\",\"@id\":\"https:\\\/\\\/zapateneo.net\\\/wordpress\\\/#\\\/schema\\\/logo\\\/image\\\/\",\"url\":\"https:\\\/\\\/zapateneo.net\\\/wordpress\\\/wp-content\\\/uploads\\\/2021\\\/04\\\/zap-libu-kolec.jpg\",\"contentUrl\":\"https:\\\/\\\/zapateneo.net\\\/wordpress\\\/wp-content\\\/uploads\\\/2021\\\/04\\\/zap-libu-kolec.jpg\",\"width\":2234,\"height\":398,\"caption\":\"Zapateneo Kultur Elkartea\"},\"image\":{\"@id\":\"https:\\\/\\\/zapateneo.net\\\/wordpress\\\/#\\\/schema\\\/logo\\\/image\\\/\"},\"sameAs\":[\"https:\\\/\\\/x.com\\\/zapateneo\"]}]}<\/script>\n<!-- \/ Yoast SEO plugin. -->","yoast_head_json":{"title":"El ingenioso libertario Lizanote de la acracia o la conquista de la inocencia &#8212; Zapateneo","robots":{"index":"index","follow":"follow","max-snippet":"max-snippet:-1","max-image-preview":"max-image-preview:large","max-video-preview":"max-video-preview:-1"},"canonical":"https:\/\/zapateneo.net\/wordpress\/index.php\/producto\/el-ingenioso-libertario-lizanote-de-la-acracia-o-la-conquista-de-la-inocencia\/","og_locale":"es_ES","og_type":"article","og_title":"El ingenioso libertario Lizanote de la acracia o la conquista de la inocencia &#8212; Zapateneo","og_description":"Jes\u00fas Lizano 9788492559121 - Virus - 2009 - 165 p\u00e1ginas \/orri.","og_url":"https:\/\/zapateneo.net\/wordpress\/index.php\/producto\/el-ingenioso-libertario-lizanote-de-la-acracia-o-la-conquista-de-la-inocencia\/","og_site_name":"Zapateneo","article_modified_time":"2022-01-02T20:08:26+00:00","og_image":[{"width":111,"height":172,"url":"https:\/\/zapateneo.net\/wordpress\/wp-content\/uploads\/2021\/04\/6029gif.png","type":"image\/png"}],"twitter_card":"summary_large_image","twitter_site":"@zapateneo","twitter_misc":{"Tiempo de lectura":"2 minutos"},"schema":{"@context":"https:\/\/schema.org","@graph":[{"@type":"WebPage","@id":"https:\/\/zapateneo.net\/wordpress\/index.php\/producto\/el-ingenioso-libertario-lizanote-de-la-acracia-o-la-conquista-de-la-inocencia\/","url":"https:\/\/zapateneo.net\/wordpress\/index.php\/producto\/el-ingenioso-libertario-lizanote-de-la-acracia-o-la-conquista-de-la-inocencia\/","name":"El ingenioso libertario Lizanote de la acracia o la conquista de la inocencia &#8212; Zapateneo","isPartOf":{"@id":"https:\/\/zapateneo.net\/wordpress\/#website"},"primaryImageOfPage":{"@id":"https:\/\/zapateneo.net\/wordpress\/index.php\/producto\/el-ingenioso-libertario-lizanote-de-la-acracia-o-la-conquista-de-la-inocencia\/#primaryimage"},"image":{"@id":"https:\/\/zapateneo.net\/wordpress\/index.php\/producto\/el-ingenioso-libertario-lizanote-de-la-acracia-o-la-conquista-de-la-inocencia\/#primaryimage"},"thumbnailUrl":"https:\/\/zapateneo.net\/wordpress\/wp-content\/uploads\/2021\/04\/6029gif.png","datePublished":"2021-04-09T05:59:04+00:00","dateModified":"2022-01-02T20:08:26+00:00","breadcrumb":{"@id":"https:\/\/zapateneo.net\/wordpress\/index.php\/producto\/el-ingenioso-libertario-lizanote-de-la-acracia-o-la-conquista-de-la-inocencia\/#breadcrumb"},"inLanguage":"es","potentialAction":[{"@type":"ReadAction","target":["https:\/\/zapateneo.net\/wordpress\/index.php\/producto\/el-ingenioso-libertario-lizanote-de-la-acracia-o-la-conquista-de-la-inocencia\/"]}]},{"@type":"ImageObject","inLanguage":"es","@id":"https:\/\/zapateneo.net\/wordpress\/index.php\/producto\/el-ingenioso-libertario-lizanote-de-la-acracia-o-la-conquista-de-la-inocencia\/#primaryimage","url":"https:\/\/zapateneo.net\/wordpress\/wp-content\/uploads\/2021\/04\/6029gif.png","contentUrl":"https:\/\/zapateneo.net\/wordpress\/wp-content\/uploads\/2021\/04\/6029gif.png","width":111,"height":172},{"@type":"BreadcrumbList","@id":"https:\/\/zapateneo.net\/wordpress\/index.php\/producto\/el-ingenioso-libertario-lizanote-de-la-acracia-o-la-conquista-de-la-inocencia\/#breadcrumb","itemListElement":[{"@type":"ListItem","position":1,"name":"Portada","item":"https:\/\/zapateneo.net\/wordpress\/"},{"@type":"ListItem","position":2,"name":"Tienda","item":"https:\/\/zapateneo.net\/wordpress\/"},{"@type":"ListItem","position":3,"name":"El ingenioso libertario Lizanote de la acracia o la conquista de la inocencia"}]},{"@type":"WebSite","@id":"https:\/\/zapateneo.net\/wordpress\/#website","url":"https:\/\/zapateneo.net\/wordpress\/","name":"Zapateneo","description":"Zapateneoaren webgunea","publisher":{"@id":"https:\/\/zapateneo.net\/wordpress\/#organization"},"potentialAction":[{"@type":"SearchAction","target":{"@type":"EntryPoint","urlTemplate":"https:\/\/zapateneo.net\/wordpress\/?s={search_term_string}"},"query-input":{"@type":"PropertyValueSpecification","valueRequired":true,"valueName":"search_term_string"}}],"inLanguage":"es"},{"@type":"Organization","@id":"https:\/\/zapateneo.net\/wordpress\/#organization","name":"Zapateneo Kultur Elkartea","url":"https:\/\/zapateneo.net\/wordpress\/","logo":{"@type":"ImageObject","inLanguage":"es","@id":"https:\/\/zapateneo.net\/wordpress\/#\/schema\/logo\/image\/","url":"https:\/\/zapateneo.net\/wordpress\/wp-content\/uploads\/2021\/04\/zap-libu-kolec.jpg","contentUrl":"https:\/\/zapateneo.net\/wordpress\/wp-content\/uploads\/2021\/04\/zap-libu-kolec.jpg","width":2234,"height":398,"caption":"Zapateneo Kultur Elkartea"},"image":{"@id":"https:\/\/zapateneo.net\/wordpress\/#\/schema\/logo\/image\/"},"sameAs":["https:\/\/x.com\/zapateneo"]}]}},"_links":{"self":[{"href":"https:\/\/zapateneo.net\/wordpress\/index.php\/wp-json\/wp\/v2\/product\/6339","targetHints":{"allow":["GET"]}}],"collection":[{"href":"https:\/\/zapateneo.net\/wordpress\/index.php\/wp-json\/wp\/v2\/product"}],"about":[{"href":"https:\/\/zapateneo.net\/wordpress\/index.php\/wp-json\/wp\/v2\/types\/product"}],"wp:featuredmedia":[{"embeddable":true,"href":"https:\/\/zapateneo.net\/wordpress\/index.php\/wp-json\/wp\/v2\/media\/6369"}],"wp:attachment":[{"href":"https:\/\/zapateneo.net\/wordpress\/index.php\/wp-json\/wp\/v2\/media?parent=6339"}],"wp:term":[{"taxonomy":"product_brand","embeddable":true,"href":"https:\/\/zapateneo.net\/wordpress\/index.php\/wp-json\/wp\/v2\/product_brand?post=6339"},{"taxonomy":"product_cat","embeddable":true,"href":"https:\/\/zapateneo.net\/wordpress\/index.php\/wp-json\/wp\/v2\/product_cat?post=6339"},{"taxonomy":"product_tag","embeddable":true,"href":"https:\/\/zapateneo.net\/wordpress\/index.php\/wp-json\/wp\/v2\/product_tag?post=6339"}],"curies":[{"name":"wp","href":"https:\/\/api.w.org\/{rel}","templated":true}]}}