{"id":5717,"date":"2021-04-08T17:13:44","date_gmt":"2021-04-08T16:13:44","guid":{"rendered":"https:\/\/zapateneo.net\/wordpress\/?post_type=product&#038;p=5717"},"modified":"2022-01-03T09:40:26","modified_gmt":"2022-01-03T08:40:26","slug":"la-convivencialidad","status":"publish","type":"product","link":"https:\/\/zapateneo.net\/wordpress\/index.php\/producto\/la-convivencialidad\/","title":{"rendered":"La convivencialidad"},"content":{"rendered":"<div>\n<p>La l\u00f3gica industrial no forma parte solamente de los modos de producci\u00f3n de objetos de consumo, sino que es inherente a todas las instancias fundamentales del capitalismo contempor\u00e1neo. La tecnolog\u00eda en su conjunto, el sistema de transportes, la escuela o el sistema sanitario, tal\u00a0\u00a0y como se edificaron a lo largo del siglo XX, han adoptado el modo de producci\u00f3n industrial, basado en el crecimiento exacerbado y sin fin. Las herramientas que hab\u00edan de liberar a las personas de la esclavitud del trabajo, han acabado por ponerlas a su servicio.<\/p>\n<p>La productividad sin l\u00edmites genera una oferta continua de nuevos productos y servicios, que sometidos a la ley de la obsolescencia, provocan una sensaci\u00f3n de escasez y frustraci\u00f3n creciente por todo aquello que todav\u00eda no se tiene o no se podr\u00e1 tener nunca. La autonom\u00eda personal, el trabajo creativo, el saber compartido en los terrenos de la salud y de la formaci\u00f3n para el empleo de las herramientas a nuestro alcance, se ve anulado progresivamente por una tecnolog\u00eda cada vez m\u00e1s alejada de las necesidades inmediatas reales y de las posibilidades de uso de las personas; cada vez m\u00e1s en manos de una \u00e9lite de especialistas que deciden por su cuenta los medios y los fines de los que se ha de dotar la sociedad, reduciendo la participaci\u00f3n de las personas a la de meras usuarias y consumidoras. El resultado es una sociedad cada vez m\u00e1s jerarquizada y m\u00e1s opresiva.<i>\u00a0<\/i>Seg\u00fan Ivan Illich, una sociedad convivencial ser\u00eda aquella que permita \u00aba todos sus miembros la acci\u00f3n m\u00e1s aut\u00f3noma y m\u00e1s creativa posible, con ayuda de las herramientas menos controlables por los dem\u00e1s\u00bb.<\/p>\n<p>Para el autor de\u00a0<i>La Convivencialidad<\/i>,<i>\u00a0<\/i>\u00abla su\u00adper\u00adpro\u00adduc\u00adci\u00f3n in\u00addus\u00adtrial de un ser\u00advi\u00adcio tie\u00adne efec\u00adtos se\u00adcun\u00adda\u00adrios tan ca\u00adtas\u00adtr\u00f3fi\u00adcos y des\u00adtruc\u00adto\u00adres co\u00admo la su\u00adper\u00adpro\u00adduc\u00adci\u00f3n de un bien\u00bb, planteamiento sobre el que basa su teor\u00eda de los umbrales. Seg\u00fan \u00e9sta, a partir de un determinado umbral de desarrollo, una instituci\u00f3n produce precisamente lo contrario de lo que, en teor\u00eda, es su fin. La medicina, encargada de paliar las nuevas enfermedades sociales para asegurar el funcionamiento de la m\u00e1quina, produce nuevas enfermedades relacionadas con los tratamientos; mientras que el sistema educativo, encargado de asegurar la adaptaci\u00f3n del hombre a la m\u00e1quina y a sus necesidades de consumo, produce mecanicismo e ignorancia. De la misma manera, cuando la industria automovil\u00edstica hegemoniza el sistema de transportes, acaba por dificultar la movilidad.<\/p>\n<p>Ivan Illich escribi\u00f3 este libro en 1974, anticip\u00e1ndose en su an\u00e1lisis y sus planteamientos a muchos de los debates, como el del decrecimiento, hoy ineludibles. Ya en pleno siglo XXI, cuando muchas de las estructuras de funcionamiento y dominaci\u00f3n del capitalismo industrial est\u00e1n inmersas en un colapso de dif\u00edcil salida, la propuesta de\u00a0<i>La Convivencialidad<\/i>, en la que se plantea un horizonte de sociedad postindustrial, debe ser, nunca mejor dicho, una herramienta en manos de aquellos que buscan una transformaci\u00f3n real y profunda.<\/p>\n<p>&nbsp;<\/p>\n<\/div>\n<div class=\"row\">\n<div class=\"col-12 col-12-small\">\n<p><span class=\"image left autor\"><img decoding=\"async\" class=\"alignleft\" src=\"https:\/\/www.viruseditorial.net\/\/fotos-autor\/illich.jpg\" alt=\"ivan-illich\" \/><\/span><\/p>\n<p><strong>Ivan Illich<\/strong>\u00a0(Viena, 4 de septiembre de 1926 &#8211; Bremen, 2 de diciembre de 2002) fue un pensador austr\u00edaco polifac\u00e9tico y pol\u00e9mico, autor de una serie de 45 cr\u00edticas a las instituciones clave del progreso en la cultura moderna. Se ocup\u00f3 en formular profundas cr\u00edticas a la educaci\u00f3n escolar, la medicina profesional y de patente, el trabajo ajeno y no creador, y el consumo voraz de energ\u00eda necesaria para el desarrollo econ\u00f3mico como una negaci\u00f3n de la equidad y la justicia social, entre otros muchos temas.<\/p>\n<\/div>\n<\/div>\n<p>&nbsp;<\/p>\n<p>&nbsp;<\/p>\n<p>&nbsp;<\/p>\n<div>\n<p>&nbsp;<\/p>\n<p><a href=\"http:\/\/www.viruseditorial.net\/file\/mailing-laconvivencialidad.pdf\" target=\"_blank\" rel=\"noopener\">Descargar ficha<\/a><\/p>\n<p><strong>\u00a0<\/strong><a href=\"http:\/\/www.youtube.com\/watch?v=BrtO8kPdlRg\">http:\/\/www.youtube.com\/watch?v=BrtO8kPdlRg<\/a><\/p>\n<p><a href=\"http:\/\/www.viruseditorial.net\/pags\/noticia.php?id=346\" target=\"_blank\" rel=\"noopener\">\u00ab<em>La convivencialidad<\/em>\u00a0es la mejor forma de acercarse a la cr\u00edtica antiindustrial\u00bb<\/a>\u00a0(Javier Rodr\u00edguez Hidalgo, Tas Tas)<\/p>\n<\/div>\n<p><a href=\"http:\/\/www.viruseditorial.net\/pags\/noticia.php?id=356\" target=\"_blank\" rel=\"noopener\">\u00c9s possible conviure amb les m\u00e0quines?<\/a>\u00a0(\u00c0lex Vila, Directa)<\/p>\n<p><a href=\"http:\/\/www.youtube.com\/watch?v=BrtO8kPdlRg\">http:\/\/www.youtube.com\/watch?v=BrtO8kPdlRg<\/a><\/p>\n<p><a href=\"http:\/\/www.viruseditorial.net\/file\/dossierIllich-ViejoTopo-mayo1980.pdf\" target=\"_blank\" rel=\"noopener\">Dossier Ivan Illich, publicado en El Viejo Topo n.\u00ba 44 de la primera \u00e9poca, mayo 1980<\/a><\/p>\n<p><a href=\"http:\/\/www.viruseditorial.net\/pags\/noticia.php?id=419\">La cara oculta de la luna econ\u00f3mica<\/a>\u00a0(F\u00e9lix Soria, La Voz de Galicia)<\/p>\n<p><a href=\"http:\/\/www.viruseditorial.net\/pags\/noticia.php?id=367\" target=\"_blank\" rel=\"noopener\">Contra la dictadura de los expertos y el autoritarismo de la ciencia<\/a>\u00a0(Lu\u00eds Roca Jusmet,\u00a0<em>Le Monde Diplomatique<\/em>)<\/p>\n<p><a href=\"http:\/\/www.viruseditorial.net\/pags\/noticia.php?id=373\" target=\"_blank\" rel=\"noopener\">Un libro brillante de un autor injustamente olvidado<\/a>\u00a0(Layla Mart\u00ednez,\u00a0<em>Culturamas.es<\/em>)<\/p>\n<p><a href=\"http:\/\/www.viruseditorial.net\/pags\/noticia.php?id=420\" target=\"_blank\" rel=\"noopener\">\u00abLa \u00fanica posibilidad de dejar de ser esclavos de las instituciones es construir una sociedad convivencial\u00bb<\/a>\u00a0(Layla Mart\u00ednez, Diagonal)<\/p>\n<p><a href=\"http:\/\/www.viruseditorial.net\/pags\/noticia.php?id=409\" target=\"_blank\" rel=\"noopener\">El discreto regreso de Ivan Illich<\/a>\u00a0(Toni Garc\u00eda,\u00a0<em>Ekintza Zuzena<\/em>)<\/p>\n<hr \/>\n<div>\n<h2><a href=\"https:\/\/www.viruseditorial.net\/es\/editorial\/descargar-pdf\" target=\"_blank\" rel=\"noopener\">Libro en libre descarga de Virus Editorial<\/a><\/h2>\n<\/div>\n<aside class=\"mashsb-container mashsb-main mashsb-stretched\">\n<div class=\"mashsb-box\">\n<div class=\"mashsb-count mash-large\"><\/div>\n<\/div>\n<\/aside>\n","protected":false},"excerpt":{"rendered":"<p><strong>Illich, Ivan<\/strong><br \/>\n9788492559350 &#8211; Virus &#8211; 2012 &#8211; 198 p\u00e1ginas \/orri.<\/p>\n","protected":false},"featured_media":5757,"template":"","meta":[],"product_brand":[],"product_cat":[186,16],"product_tag":[4626,3609,4409,57],"class_list":{"0":"post-5717","1":"product","2":"type-product","3":"status-publish","4":"has-post-thumbnail","6":"product_cat-hezkuntza-educacion","7":"product_cat-libros","8":"product_tag-deskargak","9":"product_tag-illich","10":"product_tag-ivan-illich","11":"product_tag-virus","13":"first","14":"instock","15":"sold-individually","16":"shipping-taxable","17":"purchasable","18":"product-type-simple"},"yoast_head":"<!-- This site is optimized with the Yoast SEO plugin v27.3 - https:\/\/yoast.com\/product\/yoast-seo-wordpress\/ -->\n<title>La convivencialidad &#8212; Zapateneo<\/title>\n<meta name=\"robots\" content=\"index, follow, max-snippet:-1, max-image-preview:large, max-video-preview:-1\" \/>\n<link rel=\"canonical\" href=\"https:\/\/zapateneo.net\/wordpress\/index.php\/producto\/la-convivencialidad\/\" \/>\n<meta property=\"og:locale\" content=\"es_ES\" \/>\n<meta property=\"og:type\" content=\"article\" \/>\n<meta property=\"og:title\" content=\"La convivencialidad &#8212; Zapateneo\" \/>\n<meta property=\"og:description\" content=\"Illich, Ivan 9788492559350 - Virus - 2012 - 198 p\u00e1ginas \/orri.\" \/>\n<meta property=\"og:url\" content=\"https:\/\/zapateneo.net\/wordpress\/index.php\/producto\/la-convivencialidad\/\" \/>\n<meta property=\"og:site_name\" content=\"Zapateneo\" \/>\n<meta property=\"article:modified_time\" content=\"2022-01-03T08:40:26+00:00\" \/>\n<meta property=\"og:image\" content=\"https:\/\/zapateneo.net\/wordpress\/wp-content\/uploads\/2021\/04\/7134.jpg\" \/>\n\t<meta property=\"og:image:width\" content=\"120\" \/>\n\t<meta property=\"og:image:height\" content=\"180\" \/>\n\t<meta property=\"og:image:type\" content=\"image\/jpeg\" \/>\n<meta name=\"twitter:card\" content=\"summary_large_image\" \/>\n<meta name=\"twitter:site\" content=\"@zapateneo\" \/>\n<meta name=\"twitter:label1\" content=\"Tiempo de lectura\" \/>\n\t<meta name=\"twitter:data1\" content=\"4 minutos\" \/>\n<script type=\"application\/ld+json\" class=\"yoast-schema-graph\">{\"@context\":\"https:\\\/\\\/schema.org\",\"@graph\":[{\"@type\":\"WebPage\",\"@id\":\"https:\\\/\\\/zapateneo.net\\\/wordpress\\\/index.php\\\/producto\\\/la-convivencialidad\\\/\",\"url\":\"https:\\\/\\\/zapateneo.net\\\/wordpress\\\/index.php\\\/producto\\\/la-convivencialidad\\\/\",\"name\":\"La convivencialidad &#8212; Zapateneo\",\"isPartOf\":{\"@id\":\"https:\\\/\\\/zapateneo.net\\\/wordpress\\\/#website\"},\"primaryImageOfPage\":{\"@id\":\"https:\\\/\\\/zapateneo.net\\\/wordpress\\\/index.php\\\/producto\\\/la-convivencialidad\\\/#primaryimage\"},\"image\":{\"@id\":\"https:\\\/\\\/zapateneo.net\\\/wordpress\\\/index.php\\\/producto\\\/la-convivencialidad\\\/#primaryimage\"},\"thumbnailUrl\":\"https:\\\/\\\/zapateneo.net\\\/wordpress\\\/wp-content\\\/uploads\\\/2021\\\/04\\\/7134.jpg\",\"datePublished\":\"2021-04-08T16:13:44+00:00\",\"dateModified\":\"2022-01-03T08:40:26+00:00\",\"breadcrumb\":{\"@id\":\"https:\\\/\\\/zapateneo.net\\\/wordpress\\\/index.php\\\/producto\\\/la-convivencialidad\\\/#breadcrumb\"},\"inLanguage\":\"es\",\"potentialAction\":[{\"@type\":\"ReadAction\",\"target\":[\"https:\\\/\\\/zapateneo.net\\\/wordpress\\\/index.php\\\/producto\\\/la-convivencialidad\\\/\"]}]},{\"@type\":\"ImageObject\",\"inLanguage\":\"es\",\"@id\":\"https:\\\/\\\/zapateneo.net\\\/wordpress\\\/index.php\\\/producto\\\/la-convivencialidad\\\/#primaryimage\",\"url\":\"https:\\\/\\\/zapateneo.net\\\/wordpress\\\/wp-content\\\/uploads\\\/2021\\\/04\\\/7134.jpg\",\"contentUrl\":\"https:\\\/\\\/zapateneo.net\\\/wordpress\\\/wp-content\\\/uploads\\\/2021\\\/04\\\/7134.jpg\",\"width\":120,\"height\":180},{\"@type\":\"BreadcrumbList\",\"@id\":\"https:\\\/\\\/zapateneo.net\\\/wordpress\\\/index.php\\\/producto\\\/la-convivencialidad\\\/#breadcrumb\",\"itemListElement\":[{\"@type\":\"ListItem\",\"position\":1,\"name\":\"Portada\",\"item\":\"https:\\\/\\\/zapateneo.net\\\/wordpress\\\/\"},{\"@type\":\"ListItem\",\"position\":2,\"name\":\"Tienda\",\"item\":\"https:\\\/\\\/zapateneo.net\\\/wordpress\\\/\"},{\"@type\":\"ListItem\",\"position\":3,\"name\":\"La convivencialidad\"}]},{\"@type\":\"WebSite\",\"@id\":\"https:\\\/\\\/zapateneo.net\\\/wordpress\\\/#website\",\"url\":\"https:\\\/\\\/zapateneo.net\\\/wordpress\\\/\",\"name\":\"Zapateneo\",\"description\":\"Zapateneoaren webgunea\",\"publisher\":{\"@id\":\"https:\\\/\\\/zapateneo.net\\\/wordpress\\\/#organization\"},\"potentialAction\":[{\"@type\":\"SearchAction\",\"target\":{\"@type\":\"EntryPoint\",\"urlTemplate\":\"https:\\\/\\\/zapateneo.net\\\/wordpress\\\/?s={search_term_string}\"},\"query-input\":{\"@type\":\"PropertyValueSpecification\",\"valueRequired\":true,\"valueName\":\"search_term_string\"}}],\"inLanguage\":\"es\"},{\"@type\":\"Organization\",\"@id\":\"https:\\\/\\\/zapateneo.net\\\/wordpress\\\/#organization\",\"name\":\"Zapateneo Kultur Elkartea\",\"url\":\"https:\\\/\\\/zapateneo.net\\\/wordpress\\\/\",\"logo\":{\"@type\":\"ImageObject\",\"inLanguage\":\"es\",\"@id\":\"https:\\\/\\\/zapateneo.net\\\/wordpress\\\/#\\\/schema\\\/logo\\\/image\\\/\",\"url\":\"https:\\\/\\\/zapateneo.net\\\/wordpress\\\/wp-content\\\/uploads\\\/2021\\\/04\\\/zap-libu-kolec.jpg\",\"contentUrl\":\"https:\\\/\\\/zapateneo.net\\\/wordpress\\\/wp-content\\\/uploads\\\/2021\\\/04\\\/zap-libu-kolec.jpg\",\"width\":2234,\"height\":398,\"caption\":\"Zapateneo Kultur Elkartea\"},\"image\":{\"@id\":\"https:\\\/\\\/zapateneo.net\\\/wordpress\\\/#\\\/schema\\\/logo\\\/image\\\/\"},\"sameAs\":[\"https:\\\/\\\/x.com\\\/zapateneo\"]}]}<\/script>\n<!-- \/ Yoast SEO plugin. -->","yoast_head_json":{"title":"La convivencialidad &#8212; Zapateneo","robots":{"index":"index","follow":"follow","max-snippet":"max-snippet:-1","max-image-preview":"max-image-preview:large","max-video-preview":"max-video-preview:-1"},"canonical":"https:\/\/zapateneo.net\/wordpress\/index.php\/producto\/la-convivencialidad\/","og_locale":"es_ES","og_type":"article","og_title":"La convivencialidad &#8212; Zapateneo","og_description":"Illich, Ivan 9788492559350 - Virus - 2012 - 198 p\u00e1ginas \/orri.","og_url":"https:\/\/zapateneo.net\/wordpress\/index.php\/producto\/la-convivencialidad\/","og_site_name":"Zapateneo","article_modified_time":"2022-01-03T08:40:26+00:00","og_image":[{"width":120,"height":180,"url":"https:\/\/zapateneo.net\/wordpress\/wp-content\/uploads\/2021\/04\/7134.jpg","type":"image\/jpeg"}],"twitter_card":"summary_large_image","twitter_site":"@zapateneo","twitter_misc":{"Tiempo de lectura":"4 minutos"},"schema":{"@context":"https:\/\/schema.org","@graph":[{"@type":"WebPage","@id":"https:\/\/zapateneo.net\/wordpress\/index.php\/producto\/la-convivencialidad\/","url":"https:\/\/zapateneo.net\/wordpress\/index.php\/producto\/la-convivencialidad\/","name":"La convivencialidad &#8212; Zapateneo","isPartOf":{"@id":"https:\/\/zapateneo.net\/wordpress\/#website"},"primaryImageOfPage":{"@id":"https:\/\/zapateneo.net\/wordpress\/index.php\/producto\/la-convivencialidad\/#primaryimage"},"image":{"@id":"https:\/\/zapateneo.net\/wordpress\/index.php\/producto\/la-convivencialidad\/#primaryimage"},"thumbnailUrl":"https:\/\/zapateneo.net\/wordpress\/wp-content\/uploads\/2021\/04\/7134.jpg","datePublished":"2021-04-08T16:13:44+00:00","dateModified":"2022-01-03T08:40:26+00:00","breadcrumb":{"@id":"https:\/\/zapateneo.net\/wordpress\/index.php\/producto\/la-convivencialidad\/#breadcrumb"},"inLanguage":"es","potentialAction":[{"@type":"ReadAction","target":["https:\/\/zapateneo.net\/wordpress\/index.php\/producto\/la-convivencialidad\/"]}]},{"@type":"ImageObject","inLanguage":"es","@id":"https:\/\/zapateneo.net\/wordpress\/index.php\/producto\/la-convivencialidad\/#primaryimage","url":"https:\/\/zapateneo.net\/wordpress\/wp-content\/uploads\/2021\/04\/7134.jpg","contentUrl":"https:\/\/zapateneo.net\/wordpress\/wp-content\/uploads\/2021\/04\/7134.jpg","width":120,"height":180},{"@type":"BreadcrumbList","@id":"https:\/\/zapateneo.net\/wordpress\/index.php\/producto\/la-convivencialidad\/#breadcrumb","itemListElement":[{"@type":"ListItem","position":1,"name":"Portada","item":"https:\/\/zapateneo.net\/wordpress\/"},{"@type":"ListItem","position":2,"name":"Tienda","item":"https:\/\/zapateneo.net\/wordpress\/"},{"@type":"ListItem","position":3,"name":"La convivencialidad"}]},{"@type":"WebSite","@id":"https:\/\/zapateneo.net\/wordpress\/#website","url":"https:\/\/zapateneo.net\/wordpress\/","name":"Zapateneo","description":"Zapateneoaren webgunea","publisher":{"@id":"https:\/\/zapateneo.net\/wordpress\/#organization"},"potentialAction":[{"@type":"SearchAction","target":{"@type":"EntryPoint","urlTemplate":"https:\/\/zapateneo.net\/wordpress\/?s={search_term_string}"},"query-input":{"@type":"PropertyValueSpecification","valueRequired":true,"valueName":"search_term_string"}}],"inLanguage":"es"},{"@type":"Organization","@id":"https:\/\/zapateneo.net\/wordpress\/#organization","name":"Zapateneo Kultur Elkartea","url":"https:\/\/zapateneo.net\/wordpress\/","logo":{"@type":"ImageObject","inLanguage":"es","@id":"https:\/\/zapateneo.net\/wordpress\/#\/schema\/logo\/image\/","url":"https:\/\/zapateneo.net\/wordpress\/wp-content\/uploads\/2021\/04\/zap-libu-kolec.jpg","contentUrl":"https:\/\/zapateneo.net\/wordpress\/wp-content\/uploads\/2021\/04\/zap-libu-kolec.jpg","width":2234,"height":398,"caption":"Zapateneo Kultur Elkartea"},"image":{"@id":"https:\/\/zapateneo.net\/wordpress\/#\/schema\/logo\/image\/"},"sameAs":["https:\/\/x.com\/zapateneo"]}]}},"_links":{"self":[{"href":"https:\/\/zapateneo.net\/wordpress\/index.php\/wp-json\/wp\/v2\/product\/5717","targetHints":{"allow":["GET"]}}],"collection":[{"href":"https:\/\/zapateneo.net\/wordpress\/index.php\/wp-json\/wp\/v2\/product"}],"about":[{"href":"https:\/\/zapateneo.net\/wordpress\/index.php\/wp-json\/wp\/v2\/types\/product"}],"wp:featuredmedia":[{"embeddable":true,"href":"https:\/\/zapateneo.net\/wordpress\/index.php\/wp-json\/wp\/v2\/media\/5757"}],"wp:attachment":[{"href":"https:\/\/zapateneo.net\/wordpress\/index.php\/wp-json\/wp\/v2\/media?parent=5717"}],"wp:term":[{"taxonomy":"product_brand","embeddable":true,"href":"https:\/\/zapateneo.net\/wordpress\/index.php\/wp-json\/wp\/v2\/product_brand?post=5717"},{"taxonomy":"product_cat","embeddable":true,"href":"https:\/\/zapateneo.net\/wordpress\/index.php\/wp-json\/wp\/v2\/product_cat?post=5717"},{"taxonomy":"product_tag","embeddable":true,"href":"https:\/\/zapateneo.net\/wordpress\/index.php\/wp-json\/wp\/v2\/product_tag?post=5717"}],"curies":[{"name":"wp","href":"https:\/\/api.w.org\/{rel}","templated":true}]}}