{"id":5373,"date":"2021-04-08T17:02:06","date_gmt":"2021-04-08T16:02:06","guid":{"rendered":"https:\/\/zapateneo.net\/wordpress\/?post_type=product&#038;p=5373"},"modified":"2022-01-03T18:53:38","modified_gmt":"2022-01-03T17:53:38","slug":"rastros-de-rostros-en-un-prado-rojo-y-negro","status":"publish","type":"product","link":"https:\/\/zapateneo.net\/wordpress\/index.php\/producto\/rastros-de-rostros-en-un-prado-rojo-y-negro\/","title":{"rendered":"Rastros de rostros en un prado rojo (y negro)"},"content":{"rendered":"<div>\n<p>Las Casas Baratas del Prat Vermell \u2014o de Can Tunis o de Casa Ant\u00fanez o de Francisco Ferrer Guardia\u2014 fueron levantadas en 1929 porque el brillo de la Exposici\u00f3n Internacional de Barcelona no consent\u00eda que, por las faldas de la monta\u00f1a de Montju\u00efc, se esparcieran \u00abtugurios de hojalata y mal ajustada madera\u00bb. Los desalojados, ya asentados en las apelotonadas casitas de aquel prado rojo, pronto se aunaron para que aquel rec\u00f3ndito e inh\u00f3spito rinc\u00f3n fuera suyo. Adem\u00e1s, siguieron aprendiendo y peleando para, a la que pudieran, reapropiarse de la ciudad entera. En julio de 1936, junto a otros muchos como ellos, lograron que su sue\u00f1o igualitario de la Revoluci\u00f3n Social empezara a ser realidad.<\/p>\n<p>Las historias de aquellas gentes, que apostaron y lucharon \u2014un d\u00eda s\u00ed y otro tambi\u00e9n\u2014 por un mundo material y moralmente mejor, se amalgaman en una narraci\u00f3n que estira de sus voces en los recuerdos de otros y escarba entre los papeles de los archivos. Los protagonistas, muchos hombres y mujeres sin renombre que no dudaron en dar vida a la ciudad que les desde\u00f1aba y explotaba a un mismo tiempo, lo fueron por su sentido de lo com\u00fan. Su legado fue el Ateneo Cultural de Defensa Obrera, el compromiso con la Organizaci\u00f3n Sanitaria Obrera, la larga huelga de alquileres, las otras muchas luchas en la f\u00e1brica del Prat Vermell, en las Arenas, en la Alena, en la Rivi\u00e8re\u2026 y, luego, la entrega a las colectivizaciones: la agr\u00edcola, en abastos, en la administraci\u00f3n popular urbana\u2026 Tambi\u00e9n marcharon al frente de Arag\u00f3n como milicianos y milicianas en las columnas confederales.<br \/>\nTras el estruendo de aquel banquete por la vida, vino la derrota: la larga y silenciada noche negra de los vencidos entre los vencidos.<\/p>\n<p>Estampida al sin futuro en tierra de nadie, suplicios carcelarios aqu\u00ed y all\u00e1, pelotones de fusilamiento, campos de concentraci\u00f3n, crematorios en los campos de exterminio nazis, castigos en los gulags&#8230; Ni aun as\u00ed renegaron ni se doblegaron. Algunos prosiguieron su andadura insumisa \u2014el maquis, la guerrilla libertaria urbana&#8230;\u2014 y se mantuvieron activos en la brega.<\/p>\n<p>El barrio, despu\u00e9s y para todos, pas\u00f3 a denominarse y conocerse como las Casas Baratas de Eduardo Aun\u00f3s. Con el tiempo, el manoseado imaginario urbano de los triunfadores de siempre le hizo caer encima el estigma de zona maldita, poblada de clases laboriosas que, por serlo, resultaban peligrosas; sobre todo con aquel pasado a cuestas que no se pod\u00eda mentar.<\/p>\n<p>Por ellos y por ellas y su mundo igualitario \u2014mal enterrados en las fosas comunes del olvido\u2014, procurando que no se prolonguen las secuelas de la derrota mediante la ignorancia o la denigraci\u00f3n, se cuenta su historia para que la memoria compartida pueda seguir entre nosotros viva y activa.\n<\/p><\/div>\n<div class=\"row\">\n<div class=\"col-12 col-12-small\">\n<p><span class=\"image left autor\"><img loading=\"lazy\" decoding=\"async\" class=\"alignleft\" src=\"https:\/\/www.viruseditorial.net\/\/fotos-autor\/pere-lopez-sanchez.jpg\" alt=\"pere-lopez-sanchez\" width=\"159\" height=\"228\" \/><\/span><\/p>\n<p><strong>Pere L\u00f3pez S\u00e1nchez<\/strong> (Barcelona, 1956). Inmerso desde los a\u00f1os setenta en las Barcelonas rebeldes, lleva un tiempo volcado en seguir la trayectoria del pasado de luchas sociales, salpicado de proyectos y pr\u00e1cticas de emancipaci\u00f3n, que marcan la historia de esta ciudad. Ha publicado los libros El centro hist\u00f3rico un lugar para el conflicto (1986) y Un verano con mil julios y otras estaciones (1993). Tambi\u00e9n ha escrito otros textos \u2014firmando o sin firmar\u2014 en publicaciones de \u00edndole diversa y ha colaborado con las editoriales Alikornio, Traficantes de Sue\u00f1os o Virus en varias obras de autor\u00eda colectiva.<\/p>\n<\/div>\n<\/div>\n<div>\n<p>Pr\u00f3logo de <strong>Tom\u00e1s Ib\u00e1\u00f1ez<\/strong><\/p>\n<p><a href=\"http:\/\/www.viruseditorial.net\/file\/mailing-rastros-de-rostros.pdf\" target=\"_blank\" rel=\"noopener\">Ficha<\/a><\/p>\n<p><a href=\"http:\/\/www.viruseditorial.net\/file\/rastros_de_rostros_cap_21.pdf\" target=\"_blank\" rel=\"noopener\">Cap\u00edtulo 21, Ellos y ellas<\/a><\/p>\n<p>La memoria colectiva de Can Tunis en el blog:<br \/>\n<a href=\"http:\/\/rastrosderostros.wordpress.com\/\" target=\"_blank\" rel=\"noopener\">http:\/\/rastrosderostros.wordpress.com\/<\/a><\/p>\n<p>&nbsp;<\/p>\n<p><a href=\"http:\/\/vimeo.com\/66633257\">Las Casas Baratas del Prat Vermell en la revoluci\u00f3n social de los a\u00f1os 30<\/a> from <a href=\"http:\/\/vimeo.com\/rastrosderostros\">Rastros de rostros<\/a> on <a href=\"http:\/\/vimeo.com\">Vimeo<\/a>.<\/p>\n<\/div>\n<p><a href=\"http:\/\/www.viruseditorial.net\/pags\/noticia.php?id=423\" target=\"_blank\" rel=\"noopener\">Rostros de Can Tunis<\/a> (Helena L\u00f3pez, <em>El Peri\u00f3dico<\/em>)<\/p>\n<p><a href=\"http:\/\/www.viruseditorial.net\/pags\/noticia.php?id=412\" target=\"_blank\" rel=\"noopener\">Ells i Elles: Nosaltres. La revoluci\u00f3 social dels anys 30 a les Cases Barates de Can Tunis<\/a> (Marc Dalmau, <em>Directa<\/em>)<\/p>\n<p><a href=\"http:\/\/www.viruseditorial.net\/pags\/noticia.php?id=416\" target=\"_blank\" rel=\"noopener\">\u00abCan Tunis como mercado de la droga es un estereotipo creado por los medios de comunicaci\u00f3n\u00bb<\/a> (<em>Revista Rambl@<\/em>, agosto 2013)<\/p>\n<p><a href=\"http:\/\/www.viruseditorial.net\/pags\/noticia.php?id=422\" target=\"_blank\" rel=\"noopener\">\u00abUn gran libro, reflejo de combatividad\u00bb<\/a> (Frank Mintz, Foundation Pierre Besnard)<\/p>\n<p><a href=\"http:\/\/www.viruseditorial.net\/pags\/noticia.php?id=424\" target=\"_blank\" rel=\"noopener\">Relat rigor\u00f3s i minuci\u00f3s d&#8217;una obreriada<\/a> (Jordi Bonet i Mart\u00ed, <em>La Veu del Carrer<\/em>)<\/p>\n<p><a href=\"http:\/\/www.viruseditorial.net\/pags\/noticia.php?id=427\" target=\"_blank\" rel=\"noopener\">Algo m\u00e1s que un libro de historia local<\/a> (Jose Lu\u00eds Gutierrez Molina, <em>Peri\u00f3dico CNT<\/em>)<\/p>\n<p><a href=\"http:\/\/www.viruseditorial.net\/pags\/noticia.php?id=428\" target=\"_blank\" rel=\"noopener\">Una historia de individuos asociados que hacen avanzar la sociedad<\/a> (Juli\u00e1n Vadillo, Diagonal)<\/p>\n<p><a href=\"http:\/\/www.viruseditorial.net\/pags\/noticia.php?id=430\" target=\"_blank\" rel=\"noopener\">Can Batll\u00f3 presenta un llibre sobre la revoluci\u00f3 social de Can Tunis als anys 30<\/a> (<em>El 3<\/em>)<\/p>\n<p><a href=\"http:\/\/www.viruseditorial.net\/pags\/noticia.php?id=431\" target=\"_blank\" rel=\"noopener\">El somni d&#8217;un m\u00f3n just a Can Tunis<\/a> (<em>L&#8217;Accent<\/em>)<\/p>\n<p><a href=\"http:\/\/www.viruseditorial.net\/pags\/noticia.php?id=434\" target=\"_blank\" rel=\"noopener\">\u00abLa lucha de los trabajadores de Can Tunis no era un caso aparte\u00bb<\/a> (<em>Diagonal<\/em>)<\/p>\n<p><strong>Presentaci\u00f3n de Rastros de rostros en Can Batll\u00f3<\/strong><\/p>\n<p><iframe loading=\"lazy\" src=\"https:\/\/www.youtube.com\/embed\/RLAQMSpmBvs\" width=\"420\" height=\"315\" frameborder=\"0\" allowfullscreen=\"allowfullscreen\" data-mce-fragment=\"1\"><\/iframe><\/p>\n<p><a href=\"http:\/\/www.viruseditorial.net\/pags\/noticia.php?id=440\" target=\"_blank\" rel=\"noopener\">\u00abLa fidelidad al pasado no consiste en intentar repetirlo sino en \u00abcrear\u00bb como nuestras abuelas y abuelos\u00bb<\/a> (Tom\u00e1s Ib\u00e1\u00f1ez, presentaci\u00f3n de <em>Rastros de rostros<\/em> en Can Batll\u00f3)<\/p>\n<p><a href=\"http:\/\/www.viruseditorial.net\/pags\/noticia.php?id=445\" target=\"_blank\" rel=\"noopener\">\u00abHi ha un bon grapat de gent que t\u00e9 ganes de recuperar aquest orgull de barri lluitador\u00bb<\/a> (Pere L\u00f3pez, La Burxa)<\/p>\n<p><a href=\"https:\/\/www.viruseditorial.net\/pags\/noticia.php?id=452\" target=\"_blank\" rel=\"noopener\">El sue\u00f1o igualitario: la utop\u00eda concreta de las periferias<\/a> (Pere L\u00f3pez, Geocr\u00edtiQ)<\/p>\n<p><a href=\"https:\/\/www.viruseditorial.net\/pags\/noticia.php?id=454\" target=\"_blank\" rel=\"noopener\">Escribir la historia desde abajo, oponi\u00e9ndose al reba\u00f1o de los que la escriben desde arriba<\/a> (CeNiT)<\/p>\n<p><a href=\"https:\/\/www.viruseditorial.net\/pags\/noticia.php?id=455\" target=\"_blank\" rel=\"noopener\">La memoria colectiva como herramienta militante<\/a> (Paco Marcell\u00e1n, Libre Pensamiento)<\/p>\n<p><a href=\"https:\/\/www.viruseditorial.net\/pags\/noticia.php?id=488\">Memoria de la dignidad en acci\u00f3n en el menospreciado centro de las periferias <\/a>(Miquel Fern\u00e1ndez, Geocritiq)<\/p>\n<h2><a href=\"https:\/\/www.viruseditorial.net\/es\/editorial\/descargar-pdf\" target=\"_blank\" rel=\"noopener\">Libro en libre descarga de Virus Editorial<\/a><\/h2>\n","protected":false},"excerpt":{"rendered":"<p><strong>L\u00f3pez S\u00e1nchez, Pere<\/strong><br \/>\n9788492559459 &#8211; Virus &#8211; 2013 &#8211; 439 p\u00e1ginas \/orri.<\/p>\n","protected":false},"featured_media":5416,"template":"","meta":[],"product_brand":[],"product_cat":[185,16],"product_tag":[4626,1870,57],"class_list":{"0":"post-5373","1":"product","2":"type-product","3":"status-publish","4":"has-post-thumbnail","6":"product_cat-historia","7":"product_cat-libros","8":"product_tag-deskargak","9":"product_tag-lopez-sanchez","10":"product_tag-virus","12":"first","13":"instock","14":"sold-individually","15":"shipping-taxable","16":"purchasable","17":"product-type-simple"},"yoast_head":"<!-- This site is optimized with the Yoast SEO plugin v27.4 - https:\/\/yoast.com\/product\/yoast-seo-wordpress\/ -->\n<title>Rastros de rostros en un prado rojo (y negro) &#8212; Zapateneo<\/title>\n<meta name=\"robots\" content=\"index, follow, max-snippet:-1, max-image-preview:large, max-video-preview:-1\" \/>\n<link rel=\"canonical\" href=\"https:\/\/zapateneo.net\/wordpress\/index.php\/producto\/rastros-de-rostros-en-un-prado-rojo-y-negro\/\" \/>\n<meta property=\"og:locale\" content=\"es_ES\" \/>\n<meta property=\"og:type\" content=\"article\" \/>\n<meta property=\"og:title\" content=\"Rastros de rostros en un prado rojo (y negro) &#8212; Zapateneo\" \/>\n<meta property=\"og:description\" content=\"L\u00f3pez S\u00e1nchez, Pere 9788492559459 - Virus - 2013 - 439 p\u00e1ginas \/orri.\" \/>\n<meta property=\"og:url\" content=\"https:\/\/zapateneo.net\/wordpress\/index.php\/producto\/rastros-de-rostros-en-un-prado-rojo-y-negro\/\" \/>\n<meta property=\"og:site_name\" content=\"Zapateneo\" \/>\n<meta property=\"article:modified_time\" content=\"2022-01-03T17:53:38+00:00\" \/>\n<meta property=\"og:image\" content=\"https:\/\/zapateneo.net\/wordpress\/wp-content\/uploads\/2021\/04\/7667.jpg\" \/>\n\t<meta property=\"og:image:width\" content=\"120\" \/>\n\t<meta property=\"og:image:height\" content=\"170\" \/>\n\t<meta property=\"og:image:type\" content=\"image\/jpeg\" \/>\n<meta name=\"twitter:card\" content=\"summary_large_image\" \/>\n<meta name=\"twitter:site\" content=\"@zapateneo\" \/>\n<meta name=\"twitter:label1\" content=\"Tiempo de lectura\" \/>\n\t<meta name=\"twitter:data1\" content=\"5 minutos\" \/>\n<script type=\"application\/ld+json\" class=\"yoast-schema-graph\">{\"@context\":\"https:\\\/\\\/schema.org\",\"@graph\":[{\"@type\":\"WebPage\",\"@id\":\"https:\\\/\\\/zapateneo.net\\\/wordpress\\\/index.php\\\/producto\\\/rastros-de-rostros-en-un-prado-rojo-y-negro\\\/\",\"url\":\"https:\\\/\\\/zapateneo.net\\\/wordpress\\\/index.php\\\/producto\\\/rastros-de-rostros-en-un-prado-rojo-y-negro\\\/\",\"name\":\"Rastros de rostros en un prado rojo (y negro) &#8212; Zapateneo\",\"isPartOf\":{\"@id\":\"https:\\\/\\\/zapateneo.net\\\/wordpress\\\/#website\"},\"primaryImageOfPage\":{\"@id\":\"https:\\\/\\\/zapateneo.net\\\/wordpress\\\/index.php\\\/producto\\\/rastros-de-rostros-en-un-prado-rojo-y-negro\\\/#primaryimage\"},\"image\":{\"@id\":\"https:\\\/\\\/zapateneo.net\\\/wordpress\\\/index.php\\\/producto\\\/rastros-de-rostros-en-un-prado-rojo-y-negro\\\/#primaryimage\"},\"thumbnailUrl\":\"https:\\\/\\\/zapateneo.net\\\/wordpress\\\/wp-content\\\/uploads\\\/2021\\\/04\\\/7667.jpg\",\"datePublished\":\"2021-04-08T16:02:06+00:00\",\"dateModified\":\"2022-01-03T17:53:38+00:00\",\"breadcrumb\":{\"@id\":\"https:\\\/\\\/zapateneo.net\\\/wordpress\\\/index.php\\\/producto\\\/rastros-de-rostros-en-un-prado-rojo-y-negro\\\/#breadcrumb\"},\"inLanguage\":\"es\",\"potentialAction\":[{\"@type\":\"ReadAction\",\"target\":[\"https:\\\/\\\/zapateneo.net\\\/wordpress\\\/index.php\\\/producto\\\/rastros-de-rostros-en-un-prado-rojo-y-negro\\\/\"]}]},{\"@type\":\"ImageObject\",\"inLanguage\":\"es\",\"@id\":\"https:\\\/\\\/zapateneo.net\\\/wordpress\\\/index.php\\\/producto\\\/rastros-de-rostros-en-un-prado-rojo-y-negro\\\/#primaryimage\",\"url\":\"https:\\\/\\\/zapateneo.net\\\/wordpress\\\/wp-content\\\/uploads\\\/2021\\\/04\\\/7667.jpg\",\"contentUrl\":\"https:\\\/\\\/zapateneo.net\\\/wordpress\\\/wp-content\\\/uploads\\\/2021\\\/04\\\/7667.jpg\",\"width\":120,\"height\":170},{\"@type\":\"BreadcrumbList\",\"@id\":\"https:\\\/\\\/zapateneo.net\\\/wordpress\\\/index.php\\\/producto\\\/rastros-de-rostros-en-un-prado-rojo-y-negro\\\/#breadcrumb\",\"itemListElement\":[{\"@type\":\"ListItem\",\"position\":1,\"name\":\"Portada\",\"item\":\"https:\\\/\\\/zapateneo.net\\\/wordpress\\\/\"},{\"@type\":\"ListItem\",\"position\":2,\"name\":\"Tienda\",\"item\":\"https:\\\/\\\/zapateneo.net\\\/wordpress\\\/\"},{\"@type\":\"ListItem\",\"position\":3,\"name\":\"Rastros de rostros en un prado rojo (y negro)\"}]},{\"@type\":\"WebSite\",\"@id\":\"https:\\\/\\\/zapateneo.net\\\/wordpress\\\/#website\",\"url\":\"https:\\\/\\\/zapateneo.net\\\/wordpress\\\/\",\"name\":\"Zapateneo\",\"description\":\"Zapateneoaren webgunea\",\"publisher\":{\"@id\":\"https:\\\/\\\/zapateneo.net\\\/wordpress\\\/#organization\"},\"potentialAction\":[{\"@type\":\"SearchAction\",\"target\":{\"@type\":\"EntryPoint\",\"urlTemplate\":\"https:\\\/\\\/zapateneo.net\\\/wordpress\\\/?s={search_term_string}\"},\"query-input\":{\"@type\":\"PropertyValueSpecification\",\"valueRequired\":true,\"valueName\":\"search_term_string\"}}],\"inLanguage\":\"es\"},{\"@type\":\"Organization\",\"@id\":\"https:\\\/\\\/zapateneo.net\\\/wordpress\\\/#organization\",\"name\":\"Zapateneo Kultur Elkartea\",\"url\":\"https:\\\/\\\/zapateneo.net\\\/wordpress\\\/\",\"logo\":{\"@type\":\"ImageObject\",\"inLanguage\":\"es\",\"@id\":\"https:\\\/\\\/zapateneo.net\\\/wordpress\\\/#\\\/schema\\\/logo\\\/image\\\/\",\"url\":\"https:\\\/\\\/zapateneo.net\\\/wordpress\\\/wp-content\\\/uploads\\\/2021\\\/04\\\/zap-libu-kolec.jpg\",\"contentUrl\":\"https:\\\/\\\/zapateneo.net\\\/wordpress\\\/wp-content\\\/uploads\\\/2021\\\/04\\\/zap-libu-kolec.jpg\",\"width\":2234,\"height\":398,\"caption\":\"Zapateneo Kultur Elkartea\"},\"image\":{\"@id\":\"https:\\\/\\\/zapateneo.net\\\/wordpress\\\/#\\\/schema\\\/logo\\\/image\\\/\"},\"sameAs\":[\"https:\\\/\\\/x.com\\\/zapateneo\"]}]}<\/script>\n<!-- \/ Yoast SEO plugin. -->","yoast_head_json":{"title":"Rastros de rostros en un prado rojo (y negro) &#8212; Zapateneo","robots":{"index":"index","follow":"follow","max-snippet":"max-snippet:-1","max-image-preview":"max-image-preview:large","max-video-preview":"max-video-preview:-1"},"canonical":"https:\/\/zapateneo.net\/wordpress\/index.php\/producto\/rastros-de-rostros-en-un-prado-rojo-y-negro\/","og_locale":"es_ES","og_type":"article","og_title":"Rastros de rostros en un prado rojo (y negro) &#8212; Zapateneo","og_description":"L\u00f3pez S\u00e1nchez, Pere 9788492559459 - Virus - 2013 - 439 p\u00e1ginas \/orri.","og_url":"https:\/\/zapateneo.net\/wordpress\/index.php\/producto\/rastros-de-rostros-en-un-prado-rojo-y-negro\/","og_site_name":"Zapateneo","article_modified_time":"2022-01-03T17:53:38+00:00","og_image":[{"width":120,"height":170,"url":"https:\/\/zapateneo.net\/wordpress\/wp-content\/uploads\/2021\/04\/7667.jpg","type":"image\/jpeg"}],"twitter_card":"summary_large_image","twitter_site":"@zapateneo","twitter_misc":{"Tiempo de lectura":"5 minutos"},"schema":{"@context":"https:\/\/schema.org","@graph":[{"@type":"WebPage","@id":"https:\/\/zapateneo.net\/wordpress\/index.php\/producto\/rastros-de-rostros-en-un-prado-rojo-y-negro\/","url":"https:\/\/zapateneo.net\/wordpress\/index.php\/producto\/rastros-de-rostros-en-un-prado-rojo-y-negro\/","name":"Rastros de rostros en un prado rojo (y negro) &#8212; Zapateneo","isPartOf":{"@id":"https:\/\/zapateneo.net\/wordpress\/#website"},"primaryImageOfPage":{"@id":"https:\/\/zapateneo.net\/wordpress\/index.php\/producto\/rastros-de-rostros-en-un-prado-rojo-y-negro\/#primaryimage"},"image":{"@id":"https:\/\/zapateneo.net\/wordpress\/index.php\/producto\/rastros-de-rostros-en-un-prado-rojo-y-negro\/#primaryimage"},"thumbnailUrl":"https:\/\/zapateneo.net\/wordpress\/wp-content\/uploads\/2021\/04\/7667.jpg","datePublished":"2021-04-08T16:02:06+00:00","dateModified":"2022-01-03T17:53:38+00:00","breadcrumb":{"@id":"https:\/\/zapateneo.net\/wordpress\/index.php\/producto\/rastros-de-rostros-en-un-prado-rojo-y-negro\/#breadcrumb"},"inLanguage":"es","potentialAction":[{"@type":"ReadAction","target":["https:\/\/zapateneo.net\/wordpress\/index.php\/producto\/rastros-de-rostros-en-un-prado-rojo-y-negro\/"]}]},{"@type":"ImageObject","inLanguage":"es","@id":"https:\/\/zapateneo.net\/wordpress\/index.php\/producto\/rastros-de-rostros-en-un-prado-rojo-y-negro\/#primaryimage","url":"https:\/\/zapateneo.net\/wordpress\/wp-content\/uploads\/2021\/04\/7667.jpg","contentUrl":"https:\/\/zapateneo.net\/wordpress\/wp-content\/uploads\/2021\/04\/7667.jpg","width":120,"height":170},{"@type":"BreadcrumbList","@id":"https:\/\/zapateneo.net\/wordpress\/index.php\/producto\/rastros-de-rostros-en-un-prado-rojo-y-negro\/#breadcrumb","itemListElement":[{"@type":"ListItem","position":1,"name":"Portada","item":"https:\/\/zapateneo.net\/wordpress\/"},{"@type":"ListItem","position":2,"name":"Tienda","item":"https:\/\/zapateneo.net\/wordpress\/"},{"@type":"ListItem","position":3,"name":"Rastros de rostros en un prado rojo (y negro)"}]},{"@type":"WebSite","@id":"https:\/\/zapateneo.net\/wordpress\/#website","url":"https:\/\/zapateneo.net\/wordpress\/","name":"Zapateneo","description":"Zapateneoaren webgunea","publisher":{"@id":"https:\/\/zapateneo.net\/wordpress\/#organization"},"potentialAction":[{"@type":"SearchAction","target":{"@type":"EntryPoint","urlTemplate":"https:\/\/zapateneo.net\/wordpress\/?s={search_term_string}"},"query-input":{"@type":"PropertyValueSpecification","valueRequired":true,"valueName":"search_term_string"}}],"inLanguage":"es"},{"@type":"Organization","@id":"https:\/\/zapateneo.net\/wordpress\/#organization","name":"Zapateneo Kultur Elkartea","url":"https:\/\/zapateneo.net\/wordpress\/","logo":{"@type":"ImageObject","inLanguage":"es","@id":"https:\/\/zapateneo.net\/wordpress\/#\/schema\/logo\/image\/","url":"https:\/\/zapateneo.net\/wordpress\/wp-content\/uploads\/2021\/04\/zap-libu-kolec.jpg","contentUrl":"https:\/\/zapateneo.net\/wordpress\/wp-content\/uploads\/2021\/04\/zap-libu-kolec.jpg","width":2234,"height":398,"caption":"Zapateneo Kultur Elkartea"},"image":{"@id":"https:\/\/zapateneo.net\/wordpress\/#\/schema\/logo\/image\/"},"sameAs":["https:\/\/x.com\/zapateneo"]}]}},"_links":{"self":[{"href":"https:\/\/zapateneo.net\/wordpress\/index.php\/wp-json\/wp\/v2\/product\/5373","targetHints":{"allow":["GET"]}}],"collection":[{"href":"https:\/\/zapateneo.net\/wordpress\/index.php\/wp-json\/wp\/v2\/product"}],"about":[{"href":"https:\/\/zapateneo.net\/wordpress\/index.php\/wp-json\/wp\/v2\/types\/product"}],"wp:featuredmedia":[{"embeddable":true,"href":"https:\/\/zapateneo.net\/wordpress\/index.php\/wp-json\/wp\/v2\/media\/5416"}],"wp:attachment":[{"href":"https:\/\/zapateneo.net\/wordpress\/index.php\/wp-json\/wp\/v2\/media?parent=5373"}],"wp:term":[{"taxonomy":"product_brand","embeddable":true,"href":"https:\/\/zapateneo.net\/wordpress\/index.php\/wp-json\/wp\/v2\/product_brand?post=5373"},{"taxonomy":"product_cat","embeddable":true,"href":"https:\/\/zapateneo.net\/wordpress\/index.php\/wp-json\/wp\/v2\/product_cat?post=5373"},{"taxonomy":"product_tag","embeddable":true,"href":"https:\/\/zapateneo.net\/wordpress\/index.php\/wp-json\/wp\/v2\/product_tag?post=5373"}],"curies":[{"name":"wp","href":"https:\/\/api.w.org\/{rel}","templated":true}]}}