{"id":5248,"date":"2021-04-08T17:00:17","date_gmt":"2021-04-08T16:00:17","guid":{"rendered":"https:\/\/zapateneo.net\/wordpress\/?post_type=product&#038;p=5248"},"modified":"2021-04-08T17:00:50","modified_gmt":"2021-04-08T16:00:50","slug":"autogestion-y-revolucion-de-las-primeras-cooperativas-a-petrogrado-y-barcelona","status":"publish","type":"product","link":"https:\/\/zapateneo.net\/wordpress\/index.php\/producto\/autogestion-y-revolucion-de-las-primeras-cooperativas-a-petrogrado-y-barcelona\/","title":{"rendered":"Autogesti\u00f3n y revoluci\u00f3n. De las primeras cooperativas a Petrogrado y Barcelona"},"content":{"rendered":"<p>Las primeras cooperativas, la Revoluci\u00f3n Rusa, los Consejos Obreros en Italia o la colectivizaci\u00f3n en la Revoluci\u00f3n Social espa\u00f1ola son algunos de los distintos casos de autogesti\u00f3n obrera tratados en este volumen. Un an\u00e1lisis de los problemas de la autogesti\u00f3n, entendi\u00e9ndola como aquellos momentos en que, aun con limitaciones, el trabajo logra organizarse sin el capital y alcanzar la democratizaci\u00f3n total y directa de los mecanismos de poder econ\u00f3mico.<\/p>\n<p>Situaciones concretas y puntuales, en que emerge otra forma de producci\u00f3n y organizaci\u00f3n que a veces se vislumbra como un momento de quiebre sist\u00e9mico y otras, la mayor\u00eda, como resistencias o salidas frente a contextos de crisis o, para el presente y ampliando la mirada, como resistencias y alternativas a la hegemon\u00eda de una forma del capitalismo global que apunta a prescindir de grandes sectores de la clase trabajadora, por lo menos como asalariados, especialmente asalariados formales.<\/p>\n","protected":false},"excerpt":{"rendered":"<p><strong>Andr\u00e9s Ruggeri<\/strong><br \/>\n9788418283086 &#8211; Descontrol &#8211; 2020 &#8211; 318 p\u00e1ginas \/orri.<\/p>\n","protected":false},"featured_media":5294,"template":"","meta":[],"product_brand":[],"product_cat":[185,16],"product_tag":[2226,53],"class_list":{"0":"post-5248","1":"product","2":"type-product","3":"status-publish","4":"has-post-thumbnail","6":"product_cat-historia","7":"product_cat-libros","8":"product_tag-andres-ruggeri","9":"product_tag-descontrol","11":"first","12":"instock","13":"sold-individually","14":"shipping-taxable","15":"purchasable","16":"product-type-simple"},"yoast_head":"<!-- This site is optimized with the Yoast SEO plugin v27.4 - https:\/\/yoast.com\/product\/yoast-seo-wordpress\/ -->\n<title>Autogesti\u00f3n y revoluci\u00f3n. De las primeras cooperativas a Petrogrado y Barcelona &#8212; Zapateneo<\/title>\n<meta name=\"robots\" content=\"index, follow, max-snippet:-1, max-image-preview:large, max-video-preview:-1\" \/>\n<link rel=\"canonical\" href=\"https:\/\/zapateneo.net\/wordpress\/index.php\/producto\/autogestion-y-revolucion-de-las-primeras-cooperativas-a-petrogrado-y-barcelona\/\" \/>\n<meta property=\"og:locale\" content=\"es_ES\" \/>\n<meta property=\"og:type\" content=\"article\" \/>\n<meta property=\"og:title\" content=\"Autogesti\u00f3n y revoluci\u00f3n. De las primeras cooperativas a Petrogrado y Barcelona &#8212; Zapateneo\" \/>\n<meta property=\"og:description\" content=\"Andr\u00e9s Ruggeri 9788418283086 - Descontrol - 2020 - 318 p\u00e1ginas \/orri.\" \/>\n<meta property=\"og:url\" content=\"https:\/\/zapateneo.net\/wordpress\/index.php\/producto\/autogestion-y-revolucion-de-las-primeras-cooperativas-a-petrogrado-y-barcelona\/\" \/>\n<meta property=\"og:site_name\" content=\"Zapateneo\" \/>\n<meta property=\"article:modified_time\" content=\"2021-04-08T16:00:50+00:00\" \/>\n<meta property=\"og:image\" content=\"https:\/\/zapateneo.net\/wordpress\/wp-content\/uploads\/2021\/04\/captura-de-pantalla-2020-10-30-a-les-85601-676x1024-1.png\" \/>\n\t<meta property=\"og:image:width\" content=\"264\" \/>\n\t<meta property=\"og:image:height\" content=\"400\" \/>\n\t<meta property=\"og:image:type\" content=\"image\/png\" \/>\n<meta name=\"twitter:card\" content=\"summary_large_image\" \/>\n<meta name=\"twitter:site\" content=\"@zapateneo\" \/>\n<meta name=\"twitter:label1\" content=\"Tiempo de lectura\" \/>\n\t<meta name=\"twitter:data1\" content=\"1 minuto\" \/>\n<script type=\"application\/ld+json\" class=\"yoast-schema-graph\">{\"@context\":\"https:\\\/\\\/schema.org\",\"@graph\":[{\"@type\":\"WebPage\",\"@id\":\"https:\\\/\\\/zapateneo.net\\\/wordpress\\\/index.php\\\/producto\\\/autogestion-y-revolucion-de-las-primeras-cooperativas-a-petrogrado-y-barcelona\\\/\",\"url\":\"https:\\\/\\\/zapateneo.net\\\/wordpress\\\/index.php\\\/producto\\\/autogestion-y-revolucion-de-las-primeras-cooperativas-a-petrogrado-y-barcelona\\\/\",\"name\":\"Autogesti\u00f3n y revoluci\u00f3n. De las primeras cooperativas a Petrogrado y Barcelona &#8212; Zapateneo\",\"isPartOf\":{\"@id\":\"https:\\\/\\\/zapateneo.net\\\/wordpress\\\/#website\"},\"primaryImageOfPage\":{\"@id\":\"https:\\\/\\\/zapateneo.net\\\/wordpress\\\/index.php\\\/producto\\\/autogestion-y-revolucion-de-las-primeras-cooperativas-a-petrogrado-y-barcelona\\\/#primaryimage\"},\"image\":{\"@id\":\"https:\\\/\\\/zapateneo.net\\\/wordpress\\\/index.php\\\/producto\\\/autogestion-y-revolucion-de-las-primeras-cooperativas-a-petrogrado-y-barcelona\\\/#primaryimage\"},\"thumbnailUrl\":\"https:\\\/\\\/zapateneo.net\\\/wordpress\\\/wp-content\\\/uploads\\\/2021\\\/04\\\/captura-de-pantalla-2020-10-30-a-les-85601-676x1024-1.png\",\"datePublished\":\"2021-04-08T16:00:17+00:00\",\"dateModified\":\"2021-04-08T16:00:50+00:00\",\"breadcrumb\":{\"@id\":\"https:\\\/\\\/zapateneo.net\\\/wordpress\\\/index.php\\\/producto\\\/autogestion-y-revolucion-de-las-primeras-cooperativas-a-petrogrado-y-barcelona\\\/#breadcrumb\"},\"inLanguage\":\"es\",\"potentialAction\":[{\"@type\":\"ReadAction\",\"target\":[\"https:\\\/\\\/zapateneo.net\\\/wordpress\\\/index.php\\\/producto\\\/autogestion-y-revolucion-de-las-primeras-cooperativas-a-petrogrado-y-barcelona\\\/\"]}]},{\"@type\":\"ImageObject\",\"inLanguage\":\"es\",\"@id\":\"https:\\\/\\\/zapateneo.net\\\/wordpress\\\/index.php\\\/producto\\\/autogestion-y-revolucion-de-las-primeras-cooperativas-a-petrogrado-y-barcelona\\\/#primaryimage\",\"url\":\"https:\\\/\\\/zapateneo.net\\\/wordpress\\\/wp-content\\\/uploads\\\/2021\\\/04\\\/captura-de-pantalla-2020-10-30-a-les-85601-676x1024-1.png\",\"contentUrl\":\"https:\\\/\\\/zapateneo.net\\\/wordpress\\\/wp-content\\\/uploads\\\/2021\\\/04\\\/captura-de-pantalla-2020-10-30-a-les-85601-676x1024-1.png\",\"width\":264,\"height\":400},{\"@type\":\"BreadcrumbList\",\"@id\":\"https:\\\/\\\/zapateneo.net\\\/wordpress\\\/index.php\\\/producto\\\/autogestion-y-revolucion-de-las-primeras-cooperativas-a-petrogrado-y-barcelona\\\/#breadcrumb\",\"itemListElement\":[{\"@type\":\"ListItem\",\"position\":1,\"name\":\"Portada\",\"item\":\"https:\\\/\\\/zapateneo.net\\\/wordpress\\\/\"},{\"@type\":\"ListItem\",\"position\":2,\"name\":\"Tienda\",\"item\":\"https:\\\/\\\/zapateneo.net\\\/wordpress\\\/\"},{\"@type\":\"ListItem\",\"position\":3,\"name\":\"Autogesti\u00f3n y revoluci\u00f3n. De las primeras cooperativas a Petrogrado y Barcelona\"}]},{\"@type\":\"WebSite\",\"@id\":\"https:\\\/\\\/zapateneo.net\\\/wordpress\\\/#website\",\"url\":\"https:\\\/\\\/zapateneo.net\\\/wordpress\\\/\",\"name\":\"Zapateneo\",\"description\":\"Zapateneoaren webgunea\",\"publisher\":{\"@id\":\"https:\\\/\\\/zapateneo.net\\\/wordpress\\\/#organization\"},\"potentialAction\":[{\"@type\":\"SearchAction\",\"target\":{\"@type\":\"EntryPoint\",\"urlTemplate\":\"https:\\\/\\\/zapateneo.net\\\/wordpress\\\/?s={search_term_string}\"},\"query-input\":{\"@type\":\"PropertyValueSpecification\",\"valueRequired\":true,\"valueName\":\"search_term_string\"}}],\"inLanguage\":\"es\"},{\"@type\":\"Organization\",\"@id\":\"https:\\\/\\\/zapateneo.net\\\/wordpress\\\/#organization\",\"name\":\"Zapateneo Kultur Elkartea\",\"url\":\"https:\\\/\\\/zapateneo.net\\\/wordpress\\\/\",\"logo\":{\"@type\":\"ImageObject\",\"inLanguage\":\"es\",\"@id\":\"https:\\\/\\\/zapateneo.net\\\/wordpress\\\/#\\\/schema\\\/logo\\\/image\\\/\",\"url\":\"https:\\\/\\\/zapateneo.net\\\/wordpress\\\/wp-content\\\/uploads\\\/2021\\\/04\\\/zap-libu-kolec.jpg\",\"contentUrl\":\"https:\\\/\\\/zapateneo.net\\\/wordpress\\\/wp-content\\\/uploads\\\/2021\\\/04\\\/zap-libu-kolec.jpg\",\"width\":2234,\"height\":398,\"caption\":\"Zapateneo Kultur Elkartea\"},\"image\":{\"@id\":\"https:\\\/\\\/zapateneo.net\\\/wordpress\\\/#\\\/schema\\\/logo\\\/image\\\/\"},\"sameAs\":[\"https:\\\/\\\/x.com\\\/zapateneo\"]}]}<\/script>\n<!-- \/ Yoast SEO plugin. -->","yoast_head_json":{"title":"Autogesti\u00f3n y revoluci\u00f3n. De las primeras cooperativas a Petrogrado y Barcelona &#8212; Zapateneo","robots":{"index":"index","follow":"follow","max-snippet":"max-snippet:-1","max-image-preview":"max-image-preview:large","max-video-preview":"max-video-preview:-1"},"canonical":"https:\/\/zapateneo.net\/wordpress\/index.php\/producto\/autogestion-y-revolucion-de-las-primeras-cooperativas-a-petrogrado-y-barcelona\/","og_locale":"es_ES","og_type":"article","og_title":"Autogesti\u00f3n y revoluci\u00f3n. De las primeras cooperativas a Petrogrado y Barcelona &#8212; Zapateneo","og_description":"Andr\u00e9s Ruggeri 9788418283086 - Descontrol - 2020 - 318 p\u00e1ginas \/orri.","og_url":"https:\/\/zapateneo.net\/wordpress\/index.php\/producto\/autogestion-y-revolucion-de-las-primeras-cooperativas-a-petrogrado-y-barcelona\/","og_site_name":"Zapateneo","article_modified_time":"2021-04-08T16:00:50+00:00","og_image":[{"width":264,"height":400,"url":"https:\/\/zapateneo.net\/wordpress\/wp-content\/uploads\/2021\/04\/captura-de-pantalla-2020-10-30-a-les-85601-676x1024-1.png","type":"image\/png"}],"twitter_card":"summary_large_image","twitter_site":"@zapateneo","twitter_misc":{"Tiempo de lectura":"1 minuto"},"schema":{"@context":"https:\/\/schema.org","@graph":[{"@type":"WebPage","@id":"https:\/\/zapateneo.net\/wordpress\/index.php\/producto\/autogestion-y-revolucion-de-las-primeras-cooperativas-a-petrogrado-y-barcelona\/","url":"https:\/\/zapateneo.net\/wordpress\/index.php\/producto\/autogestion-y-revolucion-de-las-primeras-cooperativas-a-petrogrado-y-barcelona\/","name":"Autogesti\u00f3n y revoluci\u00f3n. De las primeras cooperativas a Petrogrado y Barcelona &#8212; Zapateneo","isPartOf":{"@id":"https:\/\/zapateneo.net\/wordpress\/#website"},"primaryImageOfPage":{"@id":"https:\/\/zapateneo.net\/wordpress\/index.php\/producto\/autogestion-y-revolucion-de-las-primeras-cooperativas-a-petrogrado-y-barcelona\/#primaryimage"},"image":{"@id":"https:\/\/zapateneo.net\/wordpress\/index.php\/producto\/autogestion-y-revolucion-de-las-primeras-cooperativas-a-petrogrado-y-barcelona\/#primaryimage"},"thumbnailUrl":"https:\/\/zapateneo.net\/wordpress\/wp-content\/uploads\/2021\/04\/captura-de-pantalla-2020-10-30-a-les-85601-676x1024-1.png","datePublished":"2021-04-08T16:00:17+00:00","dateModified":"2021-04-08T16:00:50+00:00","breadcrumb":{"@id":"https:\/\/zapateneo.net\/wordpress\/index.php\/producto\/autogestion-y-revolucion-de-las-primeras-cooperativas-a-petrogrado-y-barcelona\/#breadcrumb"},"inLanguage":"es","potentialAction":[{"@type":"ReadAction","target":["https:\/\/zapateneo.net\/wordpress\/index.php\/producto\/autogestion-y-revolucion-de-las-primeras-cooperativas-a-petrogrado-y-barcelona\/"]}]},{"@type":"ImageObject","inLanguage":"es","@id":"https:\/\/zapateneo.net\/wordpress\/index.php\/producto\/autogestion-y-revolucion-de-las-primeras-cooperativas-a-petrogrado-y-barcelona\/#primaryimage","url":"https:\/\/zapateneo.net\/wordpress\/wp-content\/uploads\/2021\/04\/captura-de-pantalla-2020-10-30-a-les-85601-676x1024-1.png","contentUrl":"https:\/\/zapateneo.net\/wordpress\/wp-content\/uploads\/2021\/04\/captura-de-pantalla-2020-10-30-a-les-85601-676x1024-1.png","width":264,"height":400},{"@type":"BreadcrumbList","@id":"https:\/\/zapateneo.net\/wordpress\/index.php\/producto\/autogestion-y-revolucion-de-las-primeras-cooperativas-a-petrogrado-y-barcelona\/#breadcrumb","itemListElement":[{"@type":"ListItem","position":1,"name":"Portada","item":"https:\/\/zapateneo.net\/wordpress\/"},{"@type":"ListItem","position":2,"name":"Tienda","item":"https:\/\/zapateneo.net\/wordpress\/"},{"@type":"ListItem","position":3,"name":"Autogesti\u00f3n y revoluci\u00f3n. De las primeras cooperativas a Petrogrado y Barcelona"}]},{"@type":"WebSite","@id":"https:\/\/zapateneo.net\/wordpress\/#website","url":"https:\/\/zapateneo.net\/wordpress\/","name":"Zapateneo","description":"Zapateneoaren webgunea","publisher":{"@id":"https:\/\/zapateneo.net\/wordpress\/#organization"},"potentialAction":[{"@type":"SearchAction","target":{"@type":"EntryPoint","urlTemplate":"https:\/\/zapateneo.net\/wordpress\/?s={search_term_string}"},"query-input":{"@type":"PropertyValueSpecification","valueRequired":true,"valueName":"search_term_string"}}],"inLanguage":"es"},{"@type":"Organization","@id":"https:\/\/zapateneo.net\/wordpress\/#organization","name":"Zapateneo Kultur Elkartea","url":"https:\/\/zapateneo.net\/wordpress\/","logo":{"@type":"ImageObject","inLanguage":"es","@id":"https:\/\/zapateneo.net\/wordpress\/#\/schema\/logo\/image\/","url":"https:\/\/zapateneo.net\/wordpress\/wp-content\/uploads\/2021\/04\/zap-libu-kolec.jpg","contentUrl":"https:\/\/zapateneo.net\/wordpress\/wp-content\/uploads\/2021\/04\/zap-libu-kolec.jpg","width":2234,"height":398,"caption":"Zapateneo Kultur Elkartea"},"image":{"@id":"https:\/\/zapateneo.net\/wordpress\/#\/schema\/logo\/image\/"},"sameAs":["https:\/\/x.com\/zapateneo"]}]}},"_links":{"self":[{"href":"https:\/\/zapateneo.net\/wordpress\/index.php\/wp-json\/wp\/v2\/product\/5248","targetHints":{"allow":["GET"]}}],"collection":[{"href":"https:\/\/zapateneo.net\/wordpress\/index.php\/wp-json\/wp\/v2\/product"}],"about":[{"href":"https:\/\/zapateneo.net\/wordpress\/index.php\/wp-json\/wp\/v2\/types\/product"}],"wp:featuredmedia":[{"embeddable":true,"href":"https:\/\/zapateneo.net\/wordpress\/index.php\/wp-json\/wp\/v2\/media\/5294"}],"wp:attachment":[{"href":"https:\/\/zapateneo.net\/wordpress\/index.php\/wp-json\/wp\/v2\/media?parent=5248"}],"wp:term":[{"taxonomy":"product_brand","embeddable":true,"href":"https:\/\/zapateneo.net\/wordpress\/index.php\/wp-json\/wp\/v2\/product_brand?post=5248"},{"taxonomy":"product_cat","embeddable":true,"href":"https:\/\/zapateneo.net\/wordpress\/index.php\/wp-json\/wp\/v2\/product_cat?post=5248"},{"taxonomy":"product_tag","embeddable":true,"href":"https:\/\/zapateneo.net\/wordpress\/index.php\/wp-json\/wp\/v2\/product_tag?post=5248"}],"curies":[{"name":"wp","href":"https:\/\/api.w.org\/{rel}","templated":true}]}}