{"id":5172,"date":"2021-04-08T16:59:24","date_gmt":"2021-04-08T15:59:24","guid":{"rendered":"https:\/\/zapateneo.net\/wordpress\/?post_type=product&#038;p=5172"},"modified":"2022-01-04T09:58:01","modified_gmt":"2022-01-04T08:58:01","slug":"fray-dulcino-y-margarita-mesianismo-igualitario-y-resistencia-montanesa","status":"publish","type":"product","link":"https:\/\/zapateneo.net\/wordpress\/index.php\/producto\/fray-dulcino-y-margarita-mesianismo-igualitario-y-resistencia-montanesa\/","title":{"rendered":"Fray Dulcino y Margarita. Mesianismo igualitario y resistencia monta\u00f1esa"},"content":{"rendered":"<div>\n<p><em>Pues dile a Fray Dulcino que se avitualle t\u00fa que tal vez pronto ver\u00e1s el sol si no desea un\u00edrseme aqu\u00ed, quemado que se procure v\u00edveres, pues las nevadas dar\u00e1n paso a la victoria del novar\u00e9s que de otro modo no le ser\u00eda f\u00e1cil conquistar<\/em><\/p>\n<p>Dante Alighieri,\u00a0<em>La Divina Comedia<\/em><\/p>\n<p>Dolcino da Novara y Margherita Boninsegna \u2014Margherita da Trento\u2014 son hoy dos figuras m\u00edticas que, a pesar de su enfrentamiento con el poder m\u00e1s duradero de la historia, la Iglesia cat\u00f3lica que los conden\u00f3 y martiriz\u00f3 hasta la muerte, han pervivido<br \/>\nen la memoria popular italiana como s\u00edmbolos de rebeli\u00f3n popular y libertaria.<\/p>\n<p>En agosto del a\u00f1o 1300, Dulcino dirigi\u00f3 una carta a los apost\u00f3licos, despu\u00e9s de que su l\u00edder Gherardo Segarelli fuera quemado en la hoguera. Ese fue el principio del movimiento dulciniano, que denunciaba al clero corrupto y reivindicaba la vida en comunidad y la pobreza frente a la opulencia eclesi\u00e1stica. \u00c9l y Margarita se conocieron en 1303, en Trento, y lideraron una comunidad que llev\u00f3 a la Iglesia romana a declarar una guerra santa para combatirlos.<\/p>\n<p>El movimiento dulciniano recorri\u00f3 la pen\u00ednsula italiana de sur a norte y acab\u00f3 ali\u00e1ndose con los monta\u00f1eses de Valsesia, enfrentados a la imposici\u00f3n del derecho romano y la religi\u00f3n, para proteger su modelo de organizaci\u00f3n comunitaria. Con una guerrilla que lleg\u00f3 a tener alrededor de diez mil miembros, el movimiento dulciniano se enfrent\u00f3 a las tropas de Roma durante dos a\u00f1os.<\/p>\n<p>&nbsp;<\/p>\n<\/div>\n<div class=\"row\">\n<div class=\"col-12 col-12-small\">\n<p><span class=\"image left autor\"><img loading=\"lazy\" decoding=\"async\" class=\"alignleft\" src=\"https:\/\/www.viruseditorial.net\/\/fotos-autor\/tavo-burat.png\" alt=\"tavo-burat\" width=\"286\" height=\"316\" \/><\/span><\/p>\n<p><em>Tavo Burat, <\/em>pseud\u00f3nimo de Gustavo Buratti Zanchi, fue un periodista y escritor italiano, destacado por su defensa de la cultura y la lengua piamontesas. Llev\u00f3 a cabo su actividad pol\u00edtica en el \u00e1mbito local y municipal, fue miembro del Partido Socialista Italiano entre 1975 y 1984 y, m\u00e1s tarde, entre los a\u00f1os 2000 y 2009, consejero nacional de los Verdes. Intenso activista cultural, fund\u00f3 las revistas\u00a0<em>La sl\u00f2ira<\/em>\u00a0y\u00a0<em>ALP<\/em>, fue coordinador del Centro di Studi Dolciniani y fundador del<br \/>\nConsiglio federativo della Resistenza di Biella. Escribi\u00f3 tambi\u00e9n una decena de obras dedicadas a la historia de las comunidades herejes y monta\u00f1esas, y a las formas de autonom\u00eda pol\u00edtica y participaci\u00f3n<br \/>\npopular.<\/p>\n<p>&nbsp;<\/p>\n<\/div>\n<\/div>\n<p>&nbsp;<\/p>\n<p><a href=\"http:\/\/viruseditorial.net\/editorial\/noticia\/697\" target=\"_blank\" rel=\"noopener\">Una p\u00e1gina olvidada de la eterna lucha por la justicia<\/a>\u00a0(Jes\u00fas Aller, Rebeli\u00f3n)<\/p>\n<div>\n<h2><a href=\"https:\/\/www.viruseditorial.net\/es\/editorial\/descargar-pdf\" target=\"_blank\" rel=\"noopener\">Libro en libre descarga de Virus Editorial<\/a><\/h2>\n<\/div>\n","protected":false},"excerpt":{"rendered":"<p><strong>Burat, Tavo<\/strong><br \/>\n9788492559688 &#8211; Virus &#8211; 2016 &#8211; 213 p\u00e1ginas \/orri.<\/p>\n","protected":false},"featured_media":5219,"template":"","meta":[],"product_brand":[],"product_cat":[185,16],"product_tag":[3347,4626,57],"class_list":{"0":"post-5172","1":"product","2":"type-product","3":"status-publish","4":"has-post-thumbnail","6":"product_cat-historia","7":"product_cat-libros","8":"product_tag-burat","9":"product_tag-deskargak","10":"product_tag-virus","12":"first","13":"instock","14":"sold-individually","15":"shipping-taxable","16":"purchasable","17":"product-type-simple"},"yoast_head":"<!-- This site is optimized with the Yoast SEO plugin v27.4 - https:\/\/yoast.com\/product\/yoast-seo-wordpress\/ -->\n<title>Fray Dulcino y Margarita. Mesianismo igualitario y resistencia monta\u00f1esa &#8212; Zapateneo<\/title>\n<meta name=\"robots\" content=\"index, follow, max-snippet:-1, max-image-preview:large, max-video-preview:-1\" \/>\n<link rel=\"canonical\" href=\"https:\/\/zapateneo.net\/wordpress\/index.php\/producto\/fray-dulcino-y-margarita-mesianismo-igualitario-y-resistencia-montanesa\/\" \/>\n<meta property=\"og:locale\" content=\"es_ES\" \/>\n<meta property=\"og:type\" content=\"article\" \/>\n<meta property=\"og:title\" content=\"Fray Dulcino y Margarita. Mesianismo igualitario y resistencia monta\u00f1esa &#8212; Zapateneo\" \/>\n<meta property=\"og:description\" content=\"Burat, Tavo 9788492559688 - Virus - 2016 - 213 p\u00e1ginas \/orri.\" \/>\n<meta property=\"og:url\" content=\"https:\/\/zapateneo.net\/wordpress\/index.php\/producto\/fray-dulcino-y-margarita-mesianismo-igualitario-y-resistencia-montanesa\/\" \/>\n<meta property=\"og:site_name\" content=\"Zapateneo\" \/>\n<meta property=\"article:modified_time\" content=\"2022-01-04T08:58:01+00:00\" \/>\n<meta property=\"og:image\" content=\"https:\/\/zapateneo.net\/wordpress\/wp-content\/uploads\/2021\/04\/9788492559688.jpg\" \/>\n\t<meta property=\"og:image:width\" content=\"120\" \/>\n\t<meta property=\"og:image:height\" content=\"81\" \/>\n\t<meta property=\"og:image:type\" content=\"image\/jpeg\" \/>\n<meta name=\"twitter:card\" content=\"summary_large_image\" \/>\n<meta name=\"twitter:site\" content=\"@zapateneo\" \/>\n<meta name=\"twitter:label1\" content=\"Tiempo de lectura\" \/>\n\t<meta name=\"twitter:data1\" content=\"2 minutos\" \/>\n<script type=\"application\/ld+json\" class=\"yoast-schema-graph\">{\"@context\":\"https:\\\/\\\/schema.org\",\"@graph\":[{\"@type\":\"WebPage\",\"@id\":\"https:\\\/\\\/zapateneo.net\\\/wordpress\\\/index.php\\\/producto\\\/fray-dulcino-y-margarita-mesianismo-igualitario-y-resistencia-montanesa\\\/\",\"url\":\"https:\\\/\\\/zapateneo.net\\\/wordpress\\\/index.php\\\/producto\\\/fray-dulcino-y-margarita-mesianismo-igualitario-y-resistencia-montanesa\\\/\",\"name\":\"Fray Dulcino y Margarita. Mesianismo igualitario y resistencia monta\u00f1esa &#8212; Zapateneo\",\"isPartOf\":{\"@id\":\"https:\\\/\\\/zapateneo.net\\\/wordpress\\\/#website\"},\"primaryImageOfPage\":{\"@id\":\"https:\\\/\\\/zapateneo.net\\\/wordpress\\\/index.php\\\/producto\\\/fray-dulcino-y-margarita-mesianismo-igualitario-y-resistencia-montanesa\\\/#primaryimage\"},\"image\":{\"@id\":\"https:\\\/\\\/zapateneo.net\\\/wordpress\\\/index.php\\\/producto\\\/fray-dulcino-y-margarita-mesianismo-igualitario-y-resistencia-montanesa\\\/#primaryimage\"},\"thumbnailUrl\":\"https:\\\/\\\/zapateneo.net\\\/wordpress\\\/wp-content\\\/uploads\\\/2021\\\/04\\\/9788492559688.jpg\",\"datePublished\":\"2021-04-08T15:59:24+00:00\",\"dateModified\":\"2022-01-04T08:58:01+00:00\",\"breadcrumb\":{\"@id\":\"https:\\\/\\\/zapateneo.net\\\/wordpress\\\/index.php\\\/producto\\\/fray-dulcino-y-margarita-mesianismo-igualitario-y-resistencia-montanesa\\\/#breadcrumb\"},\"inLanguage\":\"es\",\"potentialAction\":[{\"@type\":\"ReadAction\",\"target\":[\"https:\\\/\\\/zapateneo.net\\\/wordpress\\\/index.php\\\/producto\\\/fray-dulcino-y-margarita-mesianismo-igualitario-y-resistencia-montanesa\\\/\"]}]},{\"@type\":\"ImageObject\",\"inLanguage\":\"es\",\"@id\":\"https:\\\/\\\/zapateneo.net\\\/wordpress\\\/index.php\\\/producto\\\/fray-dulcino-y-margarita-mesianismo-igualitario-y-resistencia-montanesa\\\/#primaryimage\",\"url\":\"https:\\\/\\\/zapateneo.net\\\/wordpress\\\/wp-content\\\/uploads\\\/2021\\\/04\\\/9788492559688.jpg\",\"contentUrl\":\"https:\\\/\\\/zapateneo.net\\\/wordpress\\\/wp-content\\\/uploads\\\/2021\\\/04\\\/9788492559688.jpg\",\"width\":120,\"height\":81},{\"@type\":\"BreadcrumbList\",\"@id\":\"https:\\\/\\\/zapateneo.net\\\/wordpress\\\/index.php\\\/producto\\\/fray-dulcino-y-margarita-mesianismo-igualitario-y-resistencia-montanesa\\\/#breadcrumb\",\"itemListElement\":[{\"@type\":\"ListItem\",\"position\":1,\"name\":\"Portada\",\"item\":\"https:\\\/\\\/zapateneo.net\\\/wordpress\\\/\"},{\"@type\":\"ListItem\",\"position\":2,\"name\":\"Tienda\",\"item\":\"https:\\\/\\\/zapateneo.net\\\/wordpress\\\/\"},{\"@type\":\"ListItem\",\"position\":3,\"name\":\"Fray Dulcino y Margarita. Mesianismo igualitario y resistencia monta\u00f1esa\"}]},{\"@type\":\"WebSite\",\"@id\":\"https:\\\/\\\/zapateneo.net\\\/wordpress\\\/#website\",\"url\":\"https:\\\/\\\/zapateneo.net\\\/wordpress\\\/\",\"name\":\"Zapateneo\",\"description\":\"Zapateneoaren webgunea\",\"publisher\":{\"@id\":\"https:\\\/\\\/zapateneo.net\\\/wordpress\\\/#organization\"},\"potentialAction\":[{\"@type\":\"SearchAction\",\"target\":{\"@type\":\"EntryPoint\",\"urlTemplate\":\"https:\\\/\\\/zapateneo.net\\\/wordpress\\\/?s={search_term_string}\"},\"query-input\":{\"@type\":\"PropertyValueSpecification\",\"valueRequired\":true,\"valueName\":\"search_term_string\"}}],\"inLanguage\":\"es\"},{\"@type\":\"Organization\",\"@id\":\"https:\\\/\\\/zapateneo.net\\\/wordpress\\\/#organization\",\"name\":\"Zapateneo Kultur Elkartea\",\"url\":\"https:\\\/\\\/zapateneo.net\\\/wordpress\\\/\",\"logo\":{\"@type\":\"ImageObject\",\"inLanguage\":\"es\",\"@id\":\"https:\\\/\\\/zapateneo.net\\\/wordpress\\\/#\\\/schema\\\/logo\\\/image\\\/\",\"url\":\"https:\\\/\\\/zapateneo.net\\\/wordpress\\\/wp-content\\\/uploads\\\/2021\\\/04\\\/zap-libu-kolec.jpg\",\"contentUrl\":\"https:\\\/\\\/zapateneo.net\\\/wordpress\\\/wp-content\\\/uploads\\\/2021\\\/04\\\/zap-libu-kolec.jpg\",\"width\":2234,\"height\":398,\"caption\":\"Zapateneo Kultur Elkartea\"},\"image\":{\"@id\":\"https:\\\/\\\/zapateneo.net\\\/wordpress\\\/#\\\/schema\\\/logo\\\/image\\\/\"},\"sameAs\":[\"https:\\\/\\\/x.com\\\/zapateneo\"]}]}<\/script>\n<!-- \/ Yoast SEO plugin. -->","yoast_head_json":{"title":"Fray Dulcino y Margarita. Mesianismo igualitario y resistencia monta\u00f1esa &#8212; Zapateneo","robots":{"index":"index","follow":"follow","max-snippet":"max-snippet:-1","max-image-preview":"max-image-preview:large","max-video-preview":"max-video-preview:-1"},"canonical":"https:\/\/zapateneo.net\/wordpress\/index.php\/producto\/fray-dulcino-y-margarita-mesianismo-igualitario-y-resistencia-montanesa\/","og_locale":"es_ES","og_type":"article","og_title":"Fray Dulcino y Margarita. Mesianismo igualitario y resistencia monta\u00f1esa &#8212; Zapateneo","og_description":"Burat, Tavo 9788492559688 - Virus - 2016 - 213 p\u00e1ginas \/orri.","og_url":"https:\/\/zapateneo.net\/wordpress\/index.php\/producto\/fray-dulcino-y-margarita-mesianismo-igualitario-y-resistencia-montanesa\/","og_site_name":"Zapateneo","article_modified_time":"2022-01-04T08:58:01+00:00","og_image":[{"width":120,"height":81,"url":"https:\/\/zapateneo.net\/wordpress\/wp-content\/uploads\/2021\/04\/9788492559688.jpg","type":"image\/jpeg"}],"twitter_card":"summary_large_image","twitter_site":"@zapateneo","twitter_misc":{"Tiempo de lectura":"2 minutos"},"schema":{"@context":"https:\/\/schema.org","@graph":[{"@type":"WebPage","@id":"https:\/\/zapateneo.net\/wordpress\/index.php\/producto\/fray-dulcino-y-margarita-mesianismo-igualitario-y-resistencia-montanesa\/","url":"https:\/\/zapateneo.net\/wordpress\/index.php\/producto\/fray-dulcino-y-margarita-mesianismo-igualitario-y-resistencia-montanesa\/","name":"Fray Dulcino y Margarita. Mesianismo igualitario y resistencia monta\u00f1esa &#8212; Zapateneo","isPartOf":{"@id":"https:\/\/zapateneo.net\/wordpress\/#website"},"primaryImageOfPage":{"@id":"https:\/\/zapateneo.net\/wordpress\/index.php\/producto\/fray-dulcino-y-margarita-mesianismo-igualitario-y-resistencia-montanesa\/#primaryimage"},"image":{"@id":"https:\/\/zapateneo.net\/wordpress\/index.php\/producto\/fray-dulcino-y-margarita-mesianismo-igualitario-y-resistencia-montanesa\/#primaryimage"},"thumbnailUrl":"https:\/\/zapateneo.net\/wordpress\/wp-content\/uploads\/2021\/04\/9788492559688.jpg","datePublished":"2021-04-08T15:59:24+00:00","dateModified":"2022-01-04T08:58:01+00:00","breadcrumb":{"@id":"https:\/\/zapateneo.net\/wordpress\/index.php\/producto\/fray-dulcino-y-margarita-mesianismo-igualitario-y-resistencia-montanesa\/#breadcrumb"},"inLanguage":"es","potentialAction":[{"@type":"ReadAction","target":["https:\/\/zapateneo.net\/wordpress\/index.php\/producto\/fray-dulcino-y-margarita-mesianismo-igualitario-y-resistencia-montanesa\/"]}]},{"@type":"ImageObject","inLanguage":"es","@id":"https:\/\/zapateneo.net\/wordpress\/index.php\/producto\/fray-dulcino-y-margarita-mesianismo-igualitario-y-resistencia-montanesa\/#primaryimage","url":"https:\/\/zapateneo.net\/wordpress\/wp-content\/uploads\/2021\/04\/9788492559688.jpg","contentUrl":"https:\/\/zapateneo.net\/wordpress\/wp-content\/uploads\/2021\/04\/9788492559688.jpg","width":120,"height":81},{"@type":"BreadcrumbList","@id":"https:\/\/zapateneo.net\/wordpress\/index.php\/producto\/fray-dulcino-y-margarita-mesianismo-igualitario-y-resistencia-montanesa\/#breadcrumb","itemListElement":[{"@type":"ListItem","position":1,"name":"Portada","item":"https:\/\/zapateneo.net\/wordpress\/"},{"@type":"ListItem","position":2,"name":"Tienda","item":"https:\/\/zapateneo.net\/wordpress\/"},{"@type":"ListItem","position":3,"name":"Fray Dulcino y Margarita. Mesianismo igualitario y resistencia monta\u00f1esa"}]},{"@type":"WebSite","@id":"https:\/\/zapateneo.net\/wordpress\/#website","url":"https:\/\/zapateneo.net\/wordpress\/","name":"Zapateneo","description":"Zapateneoaren webgunea","publisher":{"@id":"https:\/\/zapateneo.net\/wordpress\/#organization"},"potentialAction":[{"@type":"SearchAction","target":{"@type":"EntryPoint","urlTemplate":"https:\/\/zapateneo.net\/wordpress\/?s={search_term_string}"},"query-input":{"@type":"PropertyValueSpecification","valueRequired":true,"valueName":"search_term_string"}}],"inLanguage":"es"},{"@type":"Organization","@id":"https:\/\/zapateneo.net\/wordpress\/#organization","name":"Zapateneo Kultur Elkartea","url":"https:\/\/zapateneo.net\/wordpress\/","logo":{"@type":"ImageObject","inLanguage":"es","@id":"https:\/\/zapateneo.net\/wordpress\/#\/schema\/logo\/image\/","url":"https:\/\/zapateneo.net\/wordpress\/wp-content\/uploads\/2021\/04\/zap-libu-kolec.jpg","contentUrl":"https:\/\/zapateneo.net\/wordpress\/wp-content\/uploads\/2021\/04\/zap-libu-kolec.jpg","width":2234,"height":398,"caption":"Zapateneo Kultur Elkartea"},"image":{"@id":"https:\/\/zapateneo.net\/wordpress\/#\/schema\/logo\/image\/"},"sameAs":["https:\/\/x.com\/zapateneo"]}]}},"_links":{"self":[{"href":"https:\/\/zapateneo.net\/wordpress\/index.php\/wp-json\/wp\/v2\/product\/5172","targetHints":{"allow":["GET"]}}],"collection":[{"href":"https:\/\/zapateneo.net\/wordpress\/index.php\/wp-json\/wp\/v2\/product"}],"about":[{"href":"https:\/\/zapateneo.net\/wordpress\/index.php\/wp-json\/wp\/v2\/types\/product"}],"wp:featuredmedia":[{"embeddable":true,"href":"https:\/\/zapateneo.net\/wordpress\/index.php\/wp-json\/wp\/v2\/media\/5219"}],"wp:attachment":[{"href":"https:\/\/zapateneo.net\/wordpress\/index.php\/wp-json\/wp\/v2\/media?parent=5172"}],"wp:term":[{"taxonomy":"product_brand","embeddable":true,"href":"https:\/\/zapateneo.net\/wordpress\/index.php\/wp-json\/wp\/v2\/product_brand?post=5172"},{"taxonomy":"product_cat","embeddable":true,"href":"https:\/\/zapateneo.net\/wordpress\/index.php\/wp-json\/wp\/v2\/product_cat?post=5172"},{"taxonomy":"product_tag","embeddable":true,"href":"https:\/\/zapateneo.net\/wordpress\/index.php\/wp-json\/wp\/v2\/product_tag?post=5172"}],"curies":[{"name":"wp","href":"https:\/\/api.w.org\/{rel}","templated":true}]}}