{"id":5014,"date":"2021-04-08T16:48:01","date_gmt":"2021-04-08T15:48:01","guid":{"rendered":"https:\/\/zapateneo.net\/wordpress\/?post_type=product&#038;p=5014"},"modified":"2022-01-04T10:06:24","modified_gmt":"2022-01-04T09:06:24","slug":"tercera-piel","status":"publish","type":"product","link":"https:\/\/zapateneo.net\/wordpress\/index.php\/producto\/tercera-piel\/","title":{"rendered":"Tercera piel"},"content":{"rendered":"<div>\n<p>El siglo XX va a ser testigo de un cambio espectacular: la conquista de las sociedades humanas por la imagen, y la creciente supeditaci\u00f3n a \u00e9sta del texto escrito y el sonido (voz y m\u00fasica), creando una verdadera \u00abrealidad virtual\u00bb. Esta transformaci\u00f3n se produce en el marco de la expansi\u00f3n del capitalismo a escala global, posibilitada y enormemente reforzada por la creaci\u00f3n de la llamada \u00abTercera Piel\u00bb o infoesfera (radio, televisi\u00f3n, Internet&#8230;). El desarrollo de la Tercera Piel favorece el desplazamiento de las preocupaciones humanas hacia el espacio de lo virtual, ocultando el deterioro del espacio real, la Segunda Piel, donde residimos f\u00edsicamente, y trastocando la comprensi\u00f3n del funcionamiento de la sociedad en la que habitamos.<\/p>\n<p>La televisi\u00f3n llega hoy en d\u00eda a m\u00e1s del 80% de la poblaci\u00f3n mundial, ayudando a configurar una verdadera \u00abAldea Global\u00bb. All\u00ed donde en muchas ocasiones no llega el agua, llega la tele. La irrupci\u00f3n de los medios de comunicaci\u00f3n de masas, y sobre todo de la televisi\u00f3n, ha impulsado el desarrollo de la Sociedad de Consumo (mediante la constante generaci\u00f3n de nuevas y falsas necesidades) y, adem\u00e1s, ha permitido crear las condiciones para proyectar fuera de los espacios centrales los valores urbano-metropolitanos, propiciando una capacidad de imposici\u00f3n mundial sin precedentes de los valores e intereses dominantes de Occidente.<\/p>\n<p>Las nuevas tecnolog\u00edas de la informaci\u00f3n y la comunicaci\u00f3n (NTIC) asimismo han posibilitado la creaci\u00f3n de un capitalismo mundial cada vez m\u00e1s internacionalizado y corporativo, dominado sobre todo por su dimensi\u00f3n monetario-financiera, que opera non-stop, veinticuatro horas al d\u00eda, y que impone la dictadura del presente, un \u00abtiempo real\u00bb \u00fanico y universal, como el valor del dinero, que desbanca los tiempos, las econom\u00edas y las culturas locales, provocando el retroceso intelectual y humano de las sociedades tecnol\u00f3gicamente avanzadas.<\/p>\n<p>&nbsp;<\/p>\n<\/div>\n<div class=\"row\">\n<div class=\"col-12 col-12-small\">\n<p><span class=\"image left autor\"><img decoding=\"async\" class=\"alignleft\" src=\"https:\/\/www.viruseditorial.net\/\/fotos-autor\/ramon-fernandez-duran.jpg\" alt=\"ramon-fernandez-duran\" \/><\/span><\/p>\n<p><strong>Ram\u00f3n Fern\u00e1ndez Dur\u00e1n<\/strong>\u00a0es ingeniero de caminos, urbanista y militante de Ecologistas en Acci\u00f3n. Es uno de los autores de referencia en la cr\u00edtica del capitalismo global como motor de desarrollo y de lo que \u00e9l mismo ha denominado como \u00abglobalizaci\u00f3n armada\u00bb. Entre sus trabajos m\u00e1s destacados est\u00e1n\u00a0<em>La explosi\u00f3n del desorden<\/em>\u00a0(ed. Fundamentos, 1996),\u00a0<em>El movimiento alternativo en la RFA. El caso de Berl\u00edn<\/em>\u00a0(ed. La Idea, 1985) o\u00a0<em>Contra la Europa del Capital y la globalizaci\u00f3n econ\u00f3mica<\/em>\u00a0(Talasa, 1996). Con Virus ha editado varias de sus obras en los \u00faltimos a\u00f1os, donde analiza acontecimientos de crucial importancia:\u00a0<em>Capitalismo (financiero) global y guerra permanente<\/em>\u00a0(2003),\u00a0<em>La compleja construcci\u00f3n de la Europa superpotencia<\/em>\u00a0(2005),\u00a0<em>El tsunami urbanizador espa\u00f1ol y mundial<\/em>\u00a0(2006),\u00a0<em>El crep\u00fasculo de la era tr\u00e1gica del petr\u00f3leo. Pico del oro negro y colapso financiero y ecol\u00f3gico mundial<\/em>,\u00a0<em>Tercera Piel. Sociedad de la imagen y conquista del alma\u00a0<\/em>(2010),\u00a0<em>El Estado y la conflictividad pol\u00edtico-social en el siglo XX. Claves para entender la crisis del siglo XXI<\/em>\u00a0(2010) y\u00a0<em>El Antropoceno. La expansi\u00f3n del capitalismo global choca con la biosfera<\/em>\u00a0(2011)<\/p>\n<p>En marzo de 2011 Ram\u00f3n Fern\u00e1ndez Dur\u00e1n comunicaba p\u00fablicamente su decisi\u00f3n de abandonar el tratamiento que estaba siguiendo por una dura enfermedad, anunciando su decisi\u00f3n de optar por una muerte digna escogida por \u00e9l mismo. El 10 de mayo de 2011 le lleg\u00f3 la muerte, mientras en decenas de ciudades se presentaban sus dos \u00faltimos libros y se le homenajeaba entre las personas y los colectivos que trabajaron con \u00e9l o que lo tuvieron como un referente. Aqu\u00ed pod\u00e9is leer su carta de despedida<\/p>\n<p><a href=\"http:\/\/www.viruseditorial.net\/pags\/noticia.php?id=261\" target=\"_blank\" rel=\"noopener\"><strong>Carta de despedida de Ram\u00f3n Fern\u00e1ndez Dur\u00e1n<\/strong><\/a><\/p>\n<\/div>\n<\/div>\n<p><strong><a href=\"http:\/\/www.viruseditorial.net\/pags\/noticia.php?id=162\" target=\"_blank\" rel=\"noopener\">Tercera Piel: los Nuevos Dioses de la infoesfera<\/a>\u00a0<\/strong>(<em>Le Monde Diplomatique,\u00a0<\/em>marzo 2010)<\/p>\n<p><a href=\"http:\/\/www.viruseditorial.net\/pags\/noticia.php?id=165\" target=\"_blank\" rel=\"noopener\"><strong>\u00abNo hay nada totalmente inmaterial. La red tambi\u00e9n tiene un impacto social y ecol\u00f3gico\u00bb<\/strong><\/a>\u00a0(Full de Ruta,\u00a0<em>IB3 Radio<\/em>, marzo 2010)<\/p>\n<p><strong><a href=\"http:\/\/www.viruseditorial.net\/pags\/noticia.php?id=169\" target=\"_blank\" rel=\"noopener\">\u00abLa sociedad de la informaci\u00f3n tambi\u00e9n requiere de la explotaci\u00f3n del trabajo\u00bb<\/a><\/strong>\u00a0(En un mundo feliz,\u00a0<em>Radio 3<\/em>, abril 2010)<\/p>\n<p><a href=\"http:\/\/www.viruseditorial.net\/pags\/noticia.php?id=182\" target=\"_blank\" rel=\"noopener\"><strong>\u00abUna lectura global de una supuesta sociedad inmaterial que se sustenta sobre miles de muertos\u00bb<\/strong><\/a>\u00a0(Javier Rodr\u00edguez Hidalgo, TAS TAS Irratia, junio de 2010)<\/p>\n<p><a href=\"http:\/\/www.viruseditorial.net\/pags\/noticia.php?id=261\" target=\"_blank\" rel=\"noopener\"><strong>Carta de despedida de Ram\u00f3n Fern\u00e1ndez Dur\u00e1n<\/strong><\/a><\/p>\n<hr \/>\n<div>\n<h2><a href=\"https:\/\/www.viruseditorial.net\/es\/editorial\/descargar-pdf\" target=\"_blank\" rel=\"noopener\">Libro en libre descarga de Virus Editorial<\/a><\/h2>\n<\/div>\n","protected":false},"excerpt":{"rendered":"<p><strong>Fernandez Duran, Ramon<\/strong><br \/>\n9788492559190 &#8211; virus &#8211; 2010 &#8211; 80 p\u00e1ginas \/orri.<\/p>\n","protected":false},"featured_media":5044,"template":"","meta":[],"product_brand":[],"product_cat":[184,16],"product_tag":[4626,920,2405,57],"class_list":{"0":"post-5014","1":"product","2":"type-product","3":"status-publish","4":"has-post-thumbnail","6":"product_cat-komunikazioa-comunicacion","7":"product_cat-libros","8":"product_tag-deskargak","9":"product_tag-fernandez-duran","10":"product_tag-ramon-fernandez-duran","11":"product_tag-virus","13":"first","14":"instock","15":"sold-individually","16":"shipping-taxable","17":"purchasable","18":"product-type-simple"},"yoast_head":"<!-- This site is optimized with the Yoast SEO plugin v27.3 - https:\/\/yoast.com\/product\/yoast-seo-wordpress\/ -->\n<title>Tercera piel &#8212; Zapateneo<\/title>\n<meta name=\"robots\" content=\"index, follow, max-snippet:-1, max-image-preview:large, max-video-preview:-1\" \/>\n<link rel=\"canonical\" href=\"https:\/\/zapateneo.net\/wordpress\/index.php\/producto\/tercera-piel\/\" \/>\n<meta property=\"og:locale\" content=\"es_ES\" \/>\n<meta property=\"og:type\" content=\"article\" \/>\n<meta property=\"og:title\" content=\"Tercera piel &#8212; Zapateneo\" \/>\n<meta property=\"og:description\" content=\"Fernandez Duran, Ramon 9788492559190 - virus - 2010 - 80 p\u00e1ginas \/orri.\" \/>\n<meta property=\"og:url\" content=\"https:\/\/zapateneo.net\/wordpress\/index.php\/producto\/tercera-piel\/\" \/>\n<meta property=\"og:site_name\" content=\"Zapateneo\" \/>\n<meta property=\"article:modified_time\" content=\"2022-01-04T09:06:24+00:00\" \/>\n<meta property=\"og:image\" content=\"https:\/\/zapateneo.net\/wordpress\/wp-content\/uploads\/2021\/04\/6340.jpg\" \/>\n\t<meta property=\"og:image:width\" content=\"135\" \/>\n\t<meta property=\"og:image:height\" content=\"200\" \/>\n\t<meta property=\"og:image:type\" content=\"image\/jpeg\" \/>\n<meta name=\"twitter:card\" content=\"summary_large_image\" \/>\n<meta name=\"twitter:site\" content=\"@zapateneo\" \/>\n<meta name=\"twitter:label1\" content=\"Tiempo de lectura\" \/>\n\t<meta name=\"twitter:data1\" content=\"4 minutos\" \/>\n<script type=\"application\/ld+json\" class=\"yoast-schema-graph\">{\"@context\":\"https:\\\/\\\/schema.org\",\"@graph\":[{\"@type\":\"WebPage\",\"@id\":\"https:\\\/\\\/zapateneo.net\\\/wordpress\\\/index.php\\\/producto\\\/tercera-piel\\\/\",\"url\":\"https:\\\/\\\/zapateneo.net\\\/wordpress\\\/index.php\\\/producto\\\/tercera-piel\\\/\",\"name\":\"Tercera piel &#8212; Zapateneo\",\"isPartOf\":{\"@id\":\"https:\\\/\\\/zapateneo.net\\\/wordpress\\\/#website\"},\"primaryImageOfPage\":{\"@id\":\"https:\\\/\\\/zapateneo.net\\\/wordpress\\\/index.php\\\/producto\\\/tercera-piel\\\/#primaryimage\"},\"image\":{\"@id\":\"https:\\\/\\\/zapateneo.net\\\/wordpress\\\/index.php\\\/producto\\\/tercera-piel\\\/#primaryimage\"},\"thumbnailUrl\":\"https:\\\/\\\/zapateneo.net\\\/wordpress\\\/wp-content\\\/uploads\\\/2021\\\/04\\\/6340.jpg\",\"datePublished\":\"2021-04-08T15:48:01+00:00\",\"dateModified\":\"2022-01-04T09:06:24+00:00\",\"breadcrumb\":{\"@id\":\"https:\\\/\\\/zapateneo.net\\\/wordpress\\\/index.php\\\/producto\\\/tercera-piel\\\/#breadcrumb\"},\"inLanguage\":\"es\",\"potentialAction\":[{\"@type\":\"ReadAction\",\"target\":[\"https:\\\/\\\/zapateneo.net\\\/wordpress\\\/index.php\\\/producto\\\/tercera-piel\\\/\"]}]},{\"@type\":\"ImageObject\",\"inLanguage\":\"es\",\"@id\":\"https:\\\/\\\/zapateneo.net\\\/wordpress\\\/index.php\\\/producto\\\/tercera-piel\\\/#primaryimage\",\"url\":\"https:\\\/\\\/zapateneo.net\\\/wordpress\\\/wp-content\\\/uploads\\\/2021\\\/04\\\/6340.jpg\",\"contentUrl\":\"https:\\\/\\\/zapateneo.net\\\/wordpress\\\/wp-content\\\/uploads\\\/2021\\\/04\\\/6340.jpg\",\"width\":135,\"height\":200},{\"@type\":\"BreadcrumbList\",\"@id\":\"https:\\\/\\\/zapateneo.net\\\/wordpress\\\/index.php\\\/producto\\\/tercera-piel\\\/#breadcrumb\",\"itemListElement\":[{\"@type\":\"ListItem\",\"position\":1,\"name\":\"Portada\",\"item\":\"https:\\\/\\\/zapateneo.net\\\/wordpress\\\/\"},{\"@type\":\"ListItem\",\"position\":2,\"name\":\"Tienda\",\"item\":\"https:\\\/\\\/zapateneo.net\\\/wordpress\\\/\"},{\"@type\":\"ListItem\",\"position\":3,\"name\":\"Tercera piel\"}]},{\"@type\":\"WebSite\",\"@id\":\"https:\\\/\\\/zapateneo.net\\\/wordpress\\\/#website\",\"url\":\"https:\\\/\\\/zapateneo.net\\\/wordpress\\\/\",\"name\":\"Zapateneo\",\"description\":\"Zapateneoaren webgunea\",\"publisher\":{\"@id\":\"https:\\\/\\\/zapateneo.net\\\/wordpress\\\/#organization\"},\"potentialAction\":[{\"@type\":\"SearchAction\",\"target\":{\"@type\":\"EntryPoint\",\"urlTemplate\":\"https:\\\/\\\/zapateneo.net\\\/wordpress\\\/?s={search_term_string}\"},\"query-input\":{\"@type\":\"PropertyValueSpecification\",\"valueRequired\":true,\"valueName\":\"search_term_string\"}}],\"inLanguage\":\"es\"},{\"@type\":\"Organization\",\"@id\":\"https:\\\/\\\/zapateneo.net\\\/wordpress\\\/#organization\",\"name\":\"Zapateneo Kultur Elkartea\",\"url\":\"https:\\\/\\\/zapateneo.net\\\/wordpress\\\/\",\"logo\":{\"@type\":\"ImageObject\",\"inLanguage\":\"es\",\"@id\":\"https:\\\/\\\/zapateneo.net\\\/wordpress\\\/#\\\/schema\\\/logo\\\/image\\\/\",\"url\":\"https:\\\/\\\/zapateneo.net\\\/wordpress\\\/wp-content\\\/uploads\\\/2021\\\/04\\\/zap-libu-kolec.jpg\",\"contentUrl\":\"https:\\\/\\\/zapateneo.net\\\/wordpress\\\/wp-content\\\/uploads\\\/2021\\\/04\\\/zap-libu-kolec.jpg\",\"width\":2234,\"height\":398,\"caption\":\"Zapateneo Kultur Elkartea\"},\"image\":{\"@id\":\"https:\\\/\\\/zapateneo.net\\\/wordpress\\\/#\\\/schema\\\/logo\\\/image\\\/\"},\"sameAs\":[\"https:\\\/\\\/x.com\\\/zapateneo\"]}]}<\/script>\n<!-- \/ Yoast SEO plugin. -->","yoast_head_json":{"title":"Tercera piel &#8212; Zapateneo","robots":{"index":"index","follow":"follow","max-snippet":"max-snippet:-1","max-image-preview":"max-image-preview:large","max-video-preview":"max-video-preview:-1"},"canonical":"https:\/\/zapateneo.net\/wordpress\/index.php\/producto\/tercera-piel\/","og_locale":"es_ES","og_type":"article","og_title":"Tercera piel &#8212; Zapateneo","og_description":"Fernandez Duran, Ramon 9788492559190 - virus - 2010 - 80 p\u00e1ginas \/orri.","og_url":"https:\/\/zapateneo.net\/wordpress\/index.php\/producto\/tercera-piel\/","og_site_name":"Zapateneo","article_modified_time":"2022-01-04T09:06:24+00:00","og_image":[{"width":135,"height":200,"url":"https:\/\/zapateneo.net\/wordpress\/wp-content\/uploads\/2021\/04\/6340.jpg","type":"image\/jpeg"}],"twitter_card":"summary_large_image","twitter_site":"@zapateneo","twitter_misc":{"Tiempo de lectura":"4 minutos"},"schema":{"@context":"https:\/\/schema.org","@graph":[{"@type":"WebPage","@id":"https:\/\/zapateneo.net\/wordpress\/index.php\/producto\/tercera-piel\/","url":"https:\/\/zapateneo.net\/wordpress\/index.php\/producto\/tercera-piel\/","name":"Tercera piel &#8212; Zapateneo","isPartOf":{"@id":"https:\/\/zapateneo.net\/wordpress\/#website"},"primaryImageOfPage":{"@id":"https:\/\/zapateneo.net\/wordpress\/index.php\/producto\/tercera-piel\/#primaryimage"},"image":{"@id":"https:\/\/zapateneo.net\/wordpress\/index.php\/producto\/tercera-piel\/#primaryimage"},"thumbnailUrl":"https:\/\/zapateneo.net\/wordpress\/wp-content\/uploads\/2021\/04\/6340.jpg","datePublished":"2021-04-08T15:48:01+00:00","dateModified":"2022-01-04T09:06:24+00:00","breadcrumb":{"@id":"https:\/\/zapateneo.net\/wordpress\/index.php\/producto\/tercera-piel\/#breadcrumb"},"inLanguage":"es","potentialAction":[{"@type":"ReadAction","target":["https:\/\/zapateneo.net\/wordpress\/index.php\/producto\/tercera-piel\/"]}]},{"@type":"ImageObject","inLanguage":"es","@id":"https:\/\/zapateneo.net\/wordpress\/index.php\/producto\/tercera-piel\/#primaryimage","url":"https:\/\/zapateneo.net\/wordpress\/wp-content\/uploads\/2021\/04\/6340.jpg","contentUrl":"https:\/\/zapateneo.net\/wordpress\/wp-content\/uploads\/2021\/04\/6340.jpg","width":135,"height":200},{"@type":"BreadcrumbList","@id":"https:\/\/zapateneo.net\/wordpress\/index.php\/producto\/tercera-piel\/#breadcrumb","itemListElement":[{"@type":"ListItem","position":1,"name":"Portada","item":"https:\/\/zapateneo.net\/wordpress\/"},{"@type":"ListItem","position":2,"name":"Tienda","item":"https:\/\/zapateneo.net\/wordpress\/"},{"@type":"ListItem","position":3,"name":"Tercera piel"}]},{"@type":"WebSite","@id":"https:\/\/zapateneo.net\/wordpress\/#website","url":"https:\/\/zapateneo.net\/wordpress\/","name":"Zapateneo","description":"Zapateneoaren webgunea","publisher":{"@id":"https:\/\/zapateneo.net\/wordpress\/#organization"},"potentialAction":[{"@type":"SearchAction","target":{"@type":"EntryPoint","urlTemplate":"https:\/\/zapateneo.net\/wordpress\/?s={search_term_string}"},"query-input":{"@type":"PropertyValueSpecification","valueRequired":true,"valueName":"search_term_string"}}],"inLanguage":"es"},{"@type":"Organization","@id":"https:\/\/zapateneo.net\/wordpress\/#organization","name":"Zapateneo Kultur Elkartea","url":"https:\/\/zapateneo.net\/wordpress\/","logo":{"@type":"ImageObject","inLanguage":"es","@id":"https:\/\/zapateneo.net\/wordpress\/#\/schema\/logo\/image\/","url":"https:\/\/zapateneo.net\/wordpress\/wp-content\/uploads\/2021\/04\/zap-libu-kolec.jpg","contentUrl":"https:\/\/zapateneo.net\/wordpress\/wp-content\/uploads\/2021\/04\/zap-libu-kolec.jpg","width":2234,"height":398,"caption":"Zapateneo Kultur Elkartea"},"image":{"@id":"https:\/\/zapateneo.net\/wordpress\/#\/schema\/logo\/image\/"},"sameAs":["https:\/\/x.com\/zapateneo"]}]}},"_links":{"self":[{"href":"https:\/\/zapateneo.net\/wordpress\/index.php\/wp-json\/wp\/v2\/product\/5014","targetHints":{"allow":["GET"]}}],"collection":[{"href":"https:\/\/zapateneo.net\/wordpress\/index.php\/wp-json\/wp\/v2\/product"}],"about":[{"href":"https:\/\/zapateneo.net\/wordpress\/index.php\/wp-json\/wp\/v2\/types\/product"}],"wp:featuredmedia":[{"embeddable":true,"href":"https:\/\/zapateneo.net\/wordpress\/index.php\/wp-json\/wp\/v2\/media\/5044"}],"wp:attachment":[{"href":"https:\/\/zapateneo.net\/wordpress\/index.php\/wp-json\/wp\/v2\/media?parent=5014"}],"wp:term":[{"taxonomy":"product_brand","embeddable":true,"href":"https:\/\/zapateneo.net\/wordpress\/index.php\/wp-json\/wp\/v2\/product_brand?post=5014"},{"taxonomy":"product_cat","embeddable":true,"href":"https:\/\/zapateneo.net\/wordpress\/index.php\/wp-json\/wp\/v2\/product_cat?post=5014"},{"taxonomy":"product_tag","embeddable":true,"href":"https:\/\/zapateneo.net\/wordpress\/index.php\/wp-json\/wp\/v2\/product_tag?post=5014"}],"curies":[{"name":"wp","href":"https:\/\/api.w.org\/{rel}","templated":true}]}}