{"id":4889,"date":"2021-04-08T16:39:38","date_gmt":"2021-04-08T15:39:38","guid":{"rendered":"https:\/\/zapateneo.net\/wordpress\/?post_type=product&#038;p=4889"},"modified":"2022-01-05T18:06:08","modified_gmt":"2022-01-05T17:06:08","slug":"como-vivimos-y-como-podriamos-vivir-2","status":"publish","type":"product","link":"https:\/\/zapateneo.net\/wordpress\/index.php\/producto\/como-vivimos-y-como-podriamos-vivir-2\/","title":{"rendered":"COMO VIVIMOS Y COMO PODRIAMOS VIVIR"},"content":{"rendered":"<p><span class=\"txparrafo\">Tres ensayos de William Morris acompa\u00f1ados del pr\u00f3logo de Estela Schindel \u00abWilliam Morris: la t\u00e9cnica, la belleza y la revoluci\u00f3n\u00bb. <\/span><\/p>\n<p>William Morris (1834-1896).<br \/>\nFue un individuo renacentista en pleno apogeo del capitalismo industrial, un esteta refinado ante la vulgaridad de la producci\u00f3n en masa, un poeta atra\u00eddo por enso\u00f1aciones medievales y antiguas sagas n\u00f3rdicas, un dise\u00f1ador textil de enrg\u00eda inagotable y un agitador socialista ferviente y convencido. Aunque es la fuente de su originalidad, esta pluralidad de facetas en la obra de Morris ha dado tambi\u00e9n origen a la distorsi\u00f3n de su legado y al olvido de la potencia pol\u00edtica que subyace a esa pluralidad de intereses: una misma aspiraci\u00f3n al goce de la belleza y la plenitud de la vida, al trabajo como \u00e1mbito para la realizaci\u00f3n y la felicidad humanas y a la justicia social como condici\u00f3n para su consumaci\u00f3n.<\/p>\n<p>Estela Schindel (Buenos Aires, 1968).<br \/>\nEs ensayista y soci\u00f3loga; interesada en temas vinculados a la modernidad t\u00e9cnica, a la est\u00e9tica y la memoria. Es miembro del grupo editor de la revista <em>Artefacto<\/em> y ha publicado art\u00edculos sobre la relaci\u00f3n entre cultura y tecnolog\u00eda y sobre los \u00abdesaparecidos\u00bb de la \u00faltima dictadura militar Argentina. Desde 1999 vive en Berl\u00edn.<\/p>\n<p>\u00abLas vidas de algunos hombres pueden leerse como prismas de su tiempo. Al modo de un cristal facetado, capturan la energ\u00eda de la historia y la descomponen, desplegando los matices fundamentales de su \u00e9poca y creando con ellos una nueva forma de luz. William Morris, hijo inequ\u00edvoco y rebelde de la revoluci\u00f3n industrial, es un caso privilegiado de esta cualidad. Nacido en 1834 y muerto en 1896, su vida transcurri\u00f3 paralela al victorianismo triunfante que convirti\u00f3 a Inglaterra en la f\u00e1brica del mundo y consagr\u00f3 a la hicpocres\u00eda como sustento<br \/>\nmoral de la sociedad. Sensible a los movimientos que atravesaron el siglo diecinueve ingl\u00e9s, Morris decidi\u00f3 reformularlos y resistir a la miseria de su \u00e9poca desde valores opuestos a los que ella promovi\u00f3: la nobleza del trabajo humano, la camarader\u00eda e igualda entre los hombres y la consecuci\u00f3n del socialismo por medio de la revoluci\u00f3n. Una impugnaci\u00f3n radical inspir\u00f3 a William Morris su revuelta contra la \u00e9poca que le toc\u00f3 vivir: la fealdad del mundo que el capitalismo estaba erigiendo a su alrededor. As\u00ed, descalific\u00f3 el progreso civilizatorio en virtud del derecho a la belleza y propuso modos alternativos para la organizaci\u00f3n de los hombres y la producci\u00f3n industrial. En el ideal de Morris, la t\u00e9cnica ser\u00eda adem\u00e1s un modo de la\u00e9tica y no un altar erigido al progreso donde sacrificar la propia humanidad\u00bb.<\/p>\n<p>\u00ab[&#8230;] Adem\u00e1s del deseo de producir cosas hermosas, la pasi\u00f3n rectora de mi vida ha sido y sigue siendo el odio hacia la civilizaci\u00f3n moderna [&#8230;]\u00bb (William Morris).<\/p>\n","protected":false},"excerpt":{"rendered":"<p><strong>WILLIAM MORRIS &amp; ESTELA SCHINDEL<\/strong><br \/>\n9788496044401 &#8211; PEPITAS &#8211; 2004 &#8211; 182 p\u00e1ginas \/orri.<\/p>\n","protected":false},"featured_media":4934,"template":"","meta":[],"product_brand":[],"product_cat":[183,16],"product_tag":[5405,47,5404,3182],"class_list":{"0":"post-4889","1":"product","2":"type-product","3":"status-publish","4":"has-post-thumbnail","6":"product_cat-kultur-adierazpenak-expresiones-culturales","7":"product_cat-libros","8":"product_tag-estela-schindel","9":"product_tag-pepitas-de-calabaza","10":"product_tag-william-morris","11":"product_tag-william-morris-estela-schindel","13":"first","14":"instock","15":"sold-individually","16":"shipping-taxable","17":"purchasable","18":"product-type-simple"},"yoast_head":"<!-- This site is optimized with the Yoast SEO plugin v27.3 - https:\/\/yoast.com\/product\/yoast-seo-wordpress\/ -->\n<title>COMO VIVIMOS Y COMO PODRIAMOS VIVIR &#8212; Zapateneo<\/title>\n<meta name=\"robots\" content=\"index, follow, max-snippet:-1, max-image-preview:large, max-video-preview:-1\" \/>\n<link rel=\"canonical\" href=\"https:\/\/zapateneo.net\/wordpress\/index.php\/producto\/como-vivimos-y-como-podriamos-vivir-2\/\" \/>\n<meta property=\"og:locale\" content=\"es_ES\" \/>\n<meta property=\"og:type\" content=\"article\" \/>\n<meta property=\"og:title\" content=\"COMO VIVIMOS Y COMO PODRIAMOS VIVIR &#8212; Zapateneo\" \/>\n<meta property=\"og:description\" content=\"WILLIAM MORRIS &amp; ESTELA SCHINDEL 9788496044401 - PEPITAS - 2004 - 182 p\u00e1ginas \/orri.\" \/>\n<meta property=\"og:url\" content=\"https:\/\/zapateneo.net\/wordpress\/index.php\/producto\/como-vivimos-y-como-podriamos-vivir-2\/\" \/>\n<meta property=\"og:site_name\" content=\"Zapateneo\" \/>\n<meta property=\"article:modified_time\" content=\"2022-01-05T17:06:08+00:00\" \/>\n<meta property=\"og:image\" content=\"https:\/\/zapateneo.net\/wordpress\/wp-content\/uploads\/2021\/04\/2255.jpg\" \/>\n\t<meta property=\"og:image:width\" content=\"124\" \/>\n\t<meta property=\"og:image:height\" content=\"180\" \/>\n\t<meta property=\"og:image:type\" content=\"image\/jpeg\" \/>\n<meta name=\"twitter:card\" content=\"summary_large_image\" \/>\n<meta name=\"twitter:site\" content=\"@zapateneo\" \/>\n<meta name=\"twitter:label1\" content=\"Tiempo de lectura\" \/>\n\t<meta name=\"twitter:data1\" content=\"2 minutos\" \/>\n<script type=\"application\/ld+json\" class=\"yoast-schema-graph\">{\"@context\":\"https:\\\/\\\/schema.org\",\"@graph\":[{\"@type\":\"WebPage\",\"@id\":\"https:\\\/\\\/zapateneo.net\\\/wordpress\\\/index.php\\\/producto\\\/como-vivimos-y-como-podriamos-vivir-2\\\/\",\"url\":\"https:\\\/\\\/zapateneo.net\\\/wordpress\\\/index.php\\\/producto\\\/como-vivimos-y-como-podriamos-vivir-2\\\/\",\"name\":\"COMO VIVIMOS Y COMO PODRIAMOS VIVIR &#8212; Zapateneo\",\"isPartOf\":{\"@id\":\"https:\\\/\\\/zapateneo.net\\\/wordpress\\\/#website\"},\"primaryImageOfPage\":{\"@id\":\"https:\\\/\\\/zapateneo.net\\\/wordpress\\\/index.php\\\/producto\\\/como-vivimos-y-como-podriamos-vivir-2\\\/#primaryimage\"},\"image\":{\"@id\":\"https:\\\/\\\/zapateneo.net\\\/wordpress\\\/index.php\\\/producto\\\/como-vivimos-y-como-podriamos-vivir-2\\\/#primaryimage\"},\"thumbnailUrl\":\"https:\\\/\\\/zapateneo.net\\\/wordpress\\\/wp-content\\\/uploads\\\/2021\\\/04\\\/2255.jpg\",\"datePublished\":\"2021-04-08T15:39:38+00:00\",\"dateModified\":\"2022-01-05T17:06:08+00:00\",\"breadcrumb\":{\"@id\":\"https:\\\/\\\/zapateneo.net\\\/wordpress\\\/index.php\\\/producto\\\/como-vivimos-y-como-podriamos-vivir-2\\\/#breadcrumb\"},\"inLanguage\":\"es\",\"potentialAction\":[{\"@type\":\"ReadAction\",\"target\":[\"https:\\\/\\\/zapateneo.net\\\/wordpress\\\/index.php\\\/producto\\\/como-vivimos-y-como-podriamos-vivir-2\\\/\"]}]},{\"@type\":\"ImageObject\",\"inLanguage\":\"es\",\"@id\":\"https:\\\/\\\/zapateneo.net\\\/wordpress\\\/index.php\\\/producto\\\/como-vivimos-y-como-podriamos-vivir-2\\\/#primaryimage\",\"url\":\"https:\\\/\\\/zapateneo.net\\\/wordpress\\\/wp-content\\\/uploads\\\/2021\\\/04\\\/2255.jpg\",\"contentUrl\":\"https:\\\/\\\/zapateneo.net\\\/wordpress\\\/wp-content\\\/uploads\\\/2021\\\/04\\\/2255.jpg\",\"width\":124,\"height\":180},{\"@type\":\"BreadcrumbList\",\"@id\":\"https:\\\/\\\/zapateneo.net\\\/wordpress\\\/index.php\\\/producto\\\/como-vivimos-y-como-podriamos-vivir-2\\\/#breadcrumb\",\"itemListElement\":[{\"@type\":\"ListItem\",\"position\":1,\"name\":\"Portada\",\"item\":\"https:\\\/\\\/zapateneo.net\\\/wordpress\\\/\"},{\"@type\":\"ListItem\",\"position\":2,\"name\":\"Tienda\",\"item\":\"https:\\\/\\\/zapateneo.net\\\/wordpress\\\/\"},{\"@type\":\"ListItem\",\"position\":3,\"name\":\"COMO VIVIMOS Y COMO PODRIAMOS VIVIR\"}]},{\"@type\":\"WebSite\",\"@id\":\"https:\\\/\\\/zapateneo.net\\\/wordpress\\\/#website\",\"url\":\"https:\\\/\\\/zapateneo.net\\\/wordpress\\\/\",\"name\":\"Zapateneo\",\"description\":\"Zapateneoaren webgunea\",\"publisher\":{\"@id\":\"https:\\\/\\\/zapateneo.net\\\/wordpress\\\/#organization\"},\"potentialAction\":[{\"@type\":\"SearchAction\",\"target\":{\"@type\":\"EntryPoint\",\"urlTemplate\":\"https:\\\/\\\/zapateneo.net\\\/wordpress\\\/?s={search_term_string}\"},\"query-input\":{\"@type\":\"PropertyValueSpecification\",\"valueRequired\":true,\"valueName\":\"search_term_string\"}}],\"inLanguage\":\"es\"},{\"@type\":\"Organization\",\"@id\":\"https:\\\/\\\/zapateneo.net\\\/wordpress\\\/#organization\",\"name\":\"Zapateneo Kultur Elkartea\",\"url\":\"https:\\\/\\\/zapateneo.net\\\/wordpress\\\/\",\"logo\":{\"@type\":\"ImageObject\",\"inLanguage\":\"es\",\"@id\":\"https:\\\/\\\/zapateneo.net\\\/wordpress\\\/#\\\/schema\\\/logo\\\/image\\\/\",\"url\":\"https:\\\/\\\/zapateneo.net\\\/wordpress\\\/wp-content\\\/uploads\\\/2021\\\/04\\\/zap-libu-kolec.jpg\",\"contentUrl\":\"https:\\\/\\\/zapateneo.net\\\/wordpress\\\/wp-content\\\/uploads\\\/2021\\\/04\\\/zap-libu-kolec.jpg\",\"width\":2234,\"height\":398,\"caption\":\"Zapateneo Kultur Elkartea\"},\"image\":{\"@id\":\"https:\\\/\\\/zapateneo.net\\\/wordpress\\\/#\\\/schema\\\/logo\\\/image\\\/\"},\"sameAs\":[\"https:\\\/\\\/x.com\\\/zapateneo\"]}]}<\/script>\n<!-- \/ Yoast SEO plugin. -->","yoast_head_json":{"title":"COMO VIVIMOS Y COMO PODRIAMOS VIVIR &#8212; Zapateneo","robots":{"index":"index","follow":"follow","max-snippet":"max-snippet:-1","max-image-preview":"max-image-preview:large","max-video-preview":"max-video-preview:-1"},"canonical":"https:\/\/zapateneo.net\/wordpress\/index.php\/producto\/como-vivimos-y-como-podriamos-vivir-2\/","og_locale":"es_ES","og_type":"article","og_title":"COMO VIVIMOS Y COMO PODRIAMOS VIVIR &#8212; Zapateneo","og_description":"WILLIAM MORRIS &amp; ESTELA SCHINDEL 9788496044401 - PEPITAS - 2004 - 182 p\u00e1ginas \/orri.","og_url":"https:\/\/zapateneo.net\/wordpress\/index.php\/producto\/como-vivimos-y-como-podriamos-vivir-2\/","og_site_name":"Zapateneo","article_modified_time":"2022-01-05T17:06:08+00:00","og_image":[{"width":124,"height":180,"url":"https:\/\/zapateneo.net\/wordpress\/wp-content\/uploads\/2021\/04\/2255.jpg","type":"image\/jpeg"}],"twitter_card":"summary_large_image","twitter_site":"@zapateneo","twitter_misc":{"Tiempo de lectura":"2 minutos"},"schema":{"@context":"https:\/\/schema.org","@graph":[{"@type":"WebPage","@id":"https:\/\/zapateneo.net\/wordpress\/index.php\/producto\/como-vivimos-y-como-podriamos-vivir-2\/","url":"https:\/\/zapateneo.net\/wordpress\/index.php\/producto\/como-vivimos-y-como-podriamos-vivir-2\/","name":"COMO VIVIMOS Y COMO PODRIAMOS VIVIR &#8212; Zapateneo","isPartOf":{"@id":"https:\/\/zapateneo.net\/wordpress\/#website"},"primaryImageOfPage":{"@id":"https:\/\/zapateneo.net\/wordpress\/index.php\/producto\/como-vivimos-y-como-podriamos-vivir-2\/#primaryimage"},"image":{"@id":"https:\/\/zapateneo.net\/wordpress\/index.php\/producto\/como-vivimos-y-como-podriamos-vivir-2\/#primaryimage"},"thumbnailUrl":"https:\/\/zapateneo.net\/wordpress\/wp-content\/uploads\/2021\/04\/2255.jpg","datePublished":"2021-04-08T15:39:38+00:00","dateModified":"2022-01-05T17:06:08+00:00","breadcrumb":{"@id":"https:\/\/zapateneo.net\/wordpress\/index.php\/producto\/como-vivimos-y-como-podriamos-vivir-2\/#breadcrumb"},"inLanguage":"es","potentialAction":[{"@type":"ReadAction","target":["https:\/\/zapateneo.net\/wordpress\/index.php\/producto\/como-vivimos-y-como-podriamos-vivir-2\/"]}]},{"@type":"ImageObject","inLanguage":"es","@id":"https:\/\/zapateneo.net\/wordpress\/index.php\/producto\/como-vivimos-y-como-podriamos-vivir-2\/#primaryimage","url":"https:\/\/zapateneo.net\/wordpress\/wp-content\/uploads\/2021\/04\/2255.jpg","contentUrl":"https:\/\/zapateneo.net\/wordpress\/wp-content\/uploads\/2021\/04\/2255.jpg","width":124,"height":180},{"@type":"BreadcrumbList","@id":"https:\/\/zapateneo.net\/wordpress\/index.php\/producto\/como-vivimos-y-como-podriamos-vivir-2\/#breadcrumb","itemListElement":[{"@type":"ListItem","position":1,"name":"Portada","item":"https:\/\/zapateneo.net\/wordpress\/"},{"@type":"ListItem","position":2,"name":"Tienda","item":"https:\/\/zapateneo.net\/wordpress\/"},{"@type":"ListItem","position":3,"name":"COMO VIVIMOS Y COMO PODRIAMOS VIVIR"}]},{"@type":"WebSite","@id":"https:\/\/zapateneo.net\/wordpress\/#website","url":"https:\/\/zapateneo.net\/wordpress\/","name":"Zapateneo","description":"Zapateneoaren webgunea","publisher":{"@id":"https:\/\/zapateneo.net\/wordpress\/#organization"},"potentialAction":[{"@type":"SearchAction","target":{"@type":"EntryPoint","urlTemplate":"https:\/\/zapateneo.net\/wordpress\/?s={search_term_string}"},"query-input":{"@type":"PropertyValueSpecification","valueRequired":true,"valueName":"search_term_string"}}],"inLanguage":"es"},{"@type":"Organization","@id":"https:\/\/zapateneo.net\/wordpress\/#organization","name":"Zapateneo Kultur Elkartea","url":"https:\/\/zapateneo.net\/wordpress\/","logo":{"@type":"ImageObject","inLanguage":"es","@id":"https:\/\/zapateneo.net\/wordpress\/#\/schema\/logo\/image\/","url":"https:\/\/zapateneo.net\/wordpress\/wp-content\/uploads\/2021\/04\/zap-libu-kolec.jpg","contentUrl":"https:\/\/zapateneo.net\/wordpress\/wp-content\/uploads\/2021\/04\/zap-libu-kolec.jpg","width":2234,"height":398,"caption":"Zapateneo Kultur Elkartea"},"image":{"@id":"https:\/\/zapateneo.net\/wordpress\/#\/schema\/logo\/image\/"},"sameAs":["https:\/\/x.com\/zapateneo"]}]}},"_links":{"self":[{"href":"https:\/\/zapateneo.net\/wordpress\/index.php\/wp-json\/wp\/v2\/product\/4889","targetHints":{"allow":["GET"]}}],"collection":[{"href":"https:\/\/zapateneo.net\/wordpress\/index.php\/wp-json\/wp\/v2\/product"}],"about":[{"href":"https:\/\/zapateneo.net\/wordpress\/index.php\/wp-json\/wp\/v2\/types\/product"}],"wp:featuredmedia":[{"embeddable":true,"href":"https:\/\/zapateneo.net\/wordpress\/index.php\/wp-json\/wp\/v2\/media\/4934"}],"wp:attachment":[{"href":"https:\/\/zapateneo.net\/wordpress\/index.php\/wp-json\/wp\/v2\/media?parent=4889"}],"wp:term":[{"taxonomy":"product_brand","embeddable":true,"href":"https:\/\/zapateneo.net\/wordpress\/index.php\/wp-json\/wp\/v2\/product_brand?post=4889"},{"taxonomy":"product_cat","embeddable":true,"href":"https:\/\/zapateneo.net\/wordpress\/index.php\/wp-json\/wp\/v2\/product_cat?post=4889"},{"taxonomy":"product_tag","embeddable":true,"href":"https:\/\/zapateneo.net\/wordpress\/index.php\/wp-json\/wp\/v2\/product_tag?post=4889"}],"curies":[{"name":"wp","href":"https:\/\/api.w.org\/{rel}","templated":true}]}}