{"id":4842,"date":"2021-04-08T16:39:11","date_gmt":"2021-04-08T15:39:11","guid":{"rendered":"https:\/\/zapateneo.net\/wordpress\/?post_type=product&#038;p=4842"},"modified":"2023-07-25T16:42:51","modified_gmt":"2023-07-25T15:42:51","slug":"agotados-de-esperar-el-fin-subculturas-esteticas-y-politicas-del-desecho","status":"publish","type":"product","link":"https:\/\/zapateneo.net\/wordpress\/index.php\/producto\/agotados-de-esperar-el-fin-subculturas-esteticas-y-politicas-del-desecho\/","title":{"rendered":"Agotados de esperar el fin. Subculturas, esteticas y politicas del desecho"},"content":{"rendered":"<div>\n<p>De pronto, grupos de j\u00f3venes exhib\u00edan un profundo desprecio hacia la figura del profesor, el polic\u00eda o sus mayores. Pero suced\u00edan cosas todav\u00eda m\u00e1s sorprendentes: ruido de cristales rotos en mitad de la noche, peleas y navajas brillantes rasgando los asientos de los locales que programaban conciertos de rock and roll. El adolescente, como tal, apareci\u00f3, y con \u00e9ste, atroces visiones de grupos salvajes armados con motos y modern jazz, fren\u00e9ticos bailes en la calle o en los pasillos del cine, cabellos cubiertos de grasa, droga como comunicaci\u00f3n e introspecci\u00f3n, cabezas rapadas, canciones que anunciaban un apocalipsis y colapso total inminentes, camisas rotas mostrando los malditos rostros de Bakunin o Charles Manson. Si James Dean o el desafiante Marlon Brando fueron los s\u00edmbolos de toda una generaci\u00f3n, la subcultura punk resucit\u00f3 otros monstruos. Jack el Destripador parec\u00eda pasear su horrible figura por King&#8217;s Road&#8230; El presente ensayo no deja de ser un borrador que debiera ser convenientemente completado y revisado, en definitiva: ser puesto contra las cuerdas de la dial\u00e9ctica. Aun as\u00ed, sus pretensiones son las de lograr \u00ableer lo que nunca fue escrito\u00bb (Hofmannsthal) acerca del estilo punk y otras subculturas surgidas tras la Segunda Guerra Mundial, como la teddy boy, rocker, mod o skinhead. Igualmente, se exponen ciertas implicaciones que afectan a lo subcultural, como la estetizaci\u00f3n de la guerra y el concepto de desecho en el estilo y la moda. Lo m\u00e1s complicado de tales planteamientos -como indagar el esp\u00edritu que subyace en las subculturas y el estilo- es, asimismo, analizado desde la perspectiva de lo posmoderno y el fin de la historia. Estas breves palabras, ambiciosas por otro lado, deber\u00edan bastar para entender las intenciones de su autor.<\/p>\n<\/div>\n<div class=\"row\">\n<div class=\"col-12 col-12-small\">\n<p><span class=\"image left autor\"><img loading=\"lazy\" decoding=\"async\" class=\"alignleft\" src=\"https:\/\/www.viruseditorial.net\/\/fotos-autor\/servando-rocha.jpg\" alt=\"servando-rocha\" width=\"348\" height=\"261\" \/><\/span><\/p>\n<p>Servando Rocha, miembro del Colectivo de Trabajadores Culturales \u00abLa Felguera\u00bb, forma parte de la revista del mismo nombre dedicada a la investigaci\u00f3n, el conocimiento y la difusi\u00f3n de los movimientos car\u00e1cter contracultural y pol\u00edtico que en las \u00faltimas d\u00e9cadas han intentado remover los cimientos de lo establecido. Es ensayista y editor y actualmente es miembro de una banda de punkrock (Muletrain) con una trayectoria musical de casi veinte a\u00f1os. Regularmente, participa en conferencias y charlas que afectan a fen\u00f3menos de car\u00e1cter social y a movimientos art\u00edsticos radicales y extremos. Sus investigaciones son una especie de recorrido a trav\u00e9s de la historia secreta de lo subcultural, la contracultura y la violencia simb\u00f3lica en la cultura dominante. Servando Rocha est\u00e1 inmerso en una narraci\u00f3n heterodoxa de la desviaci\u00f3n social y los estudios culturales, donde no habla como un mero espectador sino como alguien que proyecta la cr\u00edtica sobre aquello de lo que forma o ha formado parte. Desde esta posici\u00f3n, ha participado en foros de distinto tipo, desde centros sociales hasta universitarios. En los \u00faltimos a\u00f1os ha publicado \u00abLos d\u00edas de furia: contracultura y lucha armada en los Estados Unidos (1960-1985)\u00bb (La Felguera ed. 2004) e \u00abHistoria de un incendio: arte y revoluci\u00f3n en los tiempos salvajes, de la comuna de Par\u00eds al advenimiento del punk\u00bb (La Felguera ed. 2006). Recientemente ha editado \u00abNos estamos acercando: la historia de la Angry Brigade\u00bb (La Felguera ed. 2008).<\/p>\n<\/div>\n<\/div>\n<p><a class=\"mas_info\" href=\"http:\/\/www.nodo50.org\/lafelguera\" target=\"_blank\" rel=\"noopener\">http:\/\/www.nodo50.org\/lafelguera<\/a><\/p>\n<p><a href=\"http:\/\/www.viruseditorial.net\/pags\/noticia.php?id=84\">Hist\u00f2ria d&#8217;una rebel.li\u00f3 apocal\u00edptica integrada<\/a>\u00a0(Xavier Diez, en\u00a0<em>Diari de Girona<\/em>)<\/p>\n<p><a href=\"http:\/\/www.viruseditorial.net\/pags\/noticia.php?id=86\">Servando Rocha en Siglo XXI de RNE-Radio 3<\/a><\/p>\n<p><a href=\"http:\/\/www.viruseditorial.net\/pags\/noticia.php?id=88\">Servando Rocha a El Cabaret El\u00e8ctric<\/a>\u00a0de ICAT-FM<\/p>\n<p><a href=\"http:\/\/www.viruseditorial.net\/pags\/noticia.php?id=88\">Esgotats d&#8217;esperar la fi<\/a>\u00a0(David Castillo, en\u00a0<em>Avu<\/em>i)<\/p>\n<p><a href=\"http:\/\/www.viruseditorial.net\/pags\/noticia.php?id=92\">Quien espere encontrar aqu\u00ed aventuritas del tipo de Pedro Pico &amp; Pico Vena se va a llevar un buen susto intelectual<\/a>\u00a0(Nando Watergate, en\u00a0<em>Vice<\/em>)<\/p>\n<p><a href=\"http:\/\/www.viruseditorial.net\/pags\/noticia.php?id=93\">Tota revolta necesita la seva banda sonora<\/a>\u00a0(Xavier Urbano, a\u00a0<em>Directa<\/em>)<\/p>\n<p><a href=\"http:\/\/www.viruseditorial.net\/pags\/noticia.php?id=94\">Un texto breve pero con grosor anal\u00edtico en un campo donde estos no abundan<\/a>\u00a0(Jordi Bianciotto en\u00a0<em>Rock de Lux<\/em>)<\/p>\n<p><a href=\"http:\/\/www.viruseditorial.net\/pags\/noticia.php?id=123\">Video de la presentaci\u00f3n de\u00a0<em>Agotados de Esperar el Fin<\/em>\u00a0en Barcelona<\/a><\/p>\n","protected":false},"excerpt":{"rendered":"<p><strong>Rocha, Servando<\/strong><br \/>\n9788492559015 &#8211; Virus &#8211; 2008 &#8211; 176 p\u00e1ginas \/orri.<\/p>\n","protected":false},"featured_media":4893,"template":"","meta":[],"product_brand":[],"product_cat":[183,16],"product_tag":[3145,5093,57],"class_list":{"0":"post-4842","1":"product","2":"type-product","3":"status-publish","4":"has-post-thumbnail","6":"product_cat-kultur-adierazpenak-expresiones-culturales","7":"product_cat-libros","8":"product_tag-rocha","9":"product_tag-servando-rocha","10":"product_tag-virus","12":"first","13":"outofstock","14":"sold-individually","15":"shipping-taxable","16":"purchasable","17":"product-type-simple"},"yoast_head":"<!-- This site is optimized with the Yoast SEO plugin v27.3 - https:\/\/yoast.com\/product\/yoast-seo-wordpress\/ -->\n<title>Agotados de esperar el fin. Subculturas, esteticas y politicas del desecho &#8212; Zapateneo<\/title>\n<meta name=\"robots\" content=\"index, follow, max-snippet:-1, max-image-preview:large, max-video-preview:-1\" \/>\n<link rel=\"canonical\" href=\"https:\/\/zapateneo.net\/wordpress\/index.php\/producto\/agotados-de-esperar-el-fin-subculturas-esteticas-y-politicas-del-desecho\/\" \/>\n<meta property=\"og:locale\" content=\"es_ES\" \/>\n<meta property=\"og:type\" content=\"article\" \/>\n<meta property=\"og:title\" content=\"Agotados de esperar el fin. Subculturas, esteticas y politicas del desecho &#8212; Zapateneo\" \/>\n<meta property=\"og:description\" content=\"Rocha, Servando 9788492559015 - Virus - 2008 - 176 p\u00e1ginas \/orri.\" \/>\n<meta property=\"og:url\" content=\"https:\/\/zapateneo.net\/wordpress\/index.php\/producto\/agotados-de-esperar-el-fin-subculturas-esteticas-y-politicas-del-desecho\/\" \/>\n<meta property=\"og:site_name\" content=\"Zapateneo\" \/>\n<meta property=\"article:modified_time\" content=\"2023-07-25T15:42:51+00:00\" \/>\n<meta property=\"og:image\" content=\"https:\/\/zapateneo.net\/wordpress\/wp-content\/uploads\/2021\/04\/5731.jpg\" \/>\n\t<meta property=\"og:image:width\" content=\"200\" \/>\n\t<meta property=\"og:image:height\" content=\"304\" \/>\n\t<meta property=\"og:image:type\" content=\"image\/jpeg\" \/>\n<meta name=\"twitter:card\" content=\"summary_large_image\" \/>\n<meta name=\"twitter:site\" content=\"@zapateneo\" \/>\n<meta name=\"twitter:label1\" content=\"Tiempo de lectura\" \/>\n\t<meta name=\"twitter:data1\" content=\"4 minutos\" \/>\n<script type=\"application\/ld+json\" class=\"yoast-schema-graph\">{\"@context\":\"https:\\\/\\\/schema.org\",\"@graph\":[{\"@type\":\"WebPage\",\"@id\":\"https:\\\/\\\/zapateneo.net\\\/wordpress\\\/index.php\\\/producto\\\/agotados-de-esperar-el-fin-subculturas-esteticas-y-politicas-del-desecho\\\/\",\"url\":\"https:\\\/\\\/zapateneo.net\\\/wordpress\\\/index.php\\\/producto\\\/agotados-de-esperar-el-fin-subculturas-esteticas-y-politicas-del-desecho\\\/\",\"name\":\"Agotados de esperar el fin. Subculturas, esteticas y politicas del desecho &#8212; Zapateneo\",\"isPartOf\":{\"@id\":\"https:\\\/\\\/zapateneo.net\\\/wordpress\\\/#website\"},\"primaryImageOfPage\":{\"@id\":\"https:\\\/\\\/zapateneo.net\\\/wordpress\\\/index.php\\\/producto\\\/agotados-de-esperar-el-fin-subculturas-esteticas-y-politicas-del-desecho\\\/#primaryimage\"},\"image\":{\"@id\":\"https:\\\/\\\/zapateneo.net\\\/wordpress\\\/index.php\\\/producto\\\/agotados-de-esperar-el-fin-subculturas-esteticas-y-politicas-del-desecho\\\/#primaryimage\"},\"thumbnailUrl\":\"https:\\\/\\\/zapateneo.net\\\/wordpress\\\/wp-content\\\/uploads\\\/2021\\\/04\\\/5731.jpg\",\"datePublished\":\"2021-04-08T15:39:11+00:00\",\"dateModified\":\"2023-07-25T15:42:51+00:00\",\"breadcrumb\":{\"@id\":\"https:\\\/\\\/zapateneo.net\\\/wordpress\\\/index.php\\\/producto\\\/agotados-de-esperar-el-fin-subculturas-esteticas-y-politicas-del-desecho\\\/#breadcrumb\"},\"inLanguage\":\"es\",\"potentialAction\":[{\"@type\":\"ReadAction\",\"target\":[\"https:\\\/\\\/zapateneo.net\\\/wordpress\\\/index.php\\\/producto\\\/agotados-de-esperar-el-fin-subculturas-esteticas-y-politicas-del-desecho\\\/\"]}]},{\"@type\":\"ImageObject\",\"inLanguage\":\"es\",\"@id\":\"https:\\\/\\\/zapateneo.net\\\/wordpress\\\/index.php\\\/producto\\\/agotados-de-esperar-el-fin-subculturas-esteticas-y-politicas-del-desecho\\\/#primaryimage\",\"url\":\"https:\\\/\\\/zapateneo.net\\\/wordpress\\\/wp-content\\\/uploads\\\/2021\\\/04\\\/5731.jpg\",\"contentUrl\":\"https:\\\/\\\/zapateneo.net\\\/wordpress\\\/wp-content\\\/uploads\\\/2021\\\/04\\\/5731.jpg\",\"width\":200,\"height\":304},{\"@type\":\"BreadcrumbList\",\"@id\":\"https:\\\/\\\/zapateneo.net\\\/wordpress\\\/index.php\\\/producto\\\/agotados-de-esperar-el-fin-subculturas-esteticas-y-politicas-del-desecho\\\/#breadcrumb\",\"itemListElement\":[{\"@type\":\"ListItem\",\"position\":1,\"name\":\"Portada\",\"item\":\"https:\\\/\\\/zapateneo.net\\\/wordpress\\\/\"},{\"@type\":\"ListItem\",\"position\":2,\"name\":\"Tienda\",\"item\":\"https:\\\/\\\/zapateneo.net\\\/wordpress\\\/\"},{\"@type\":\"ListItem\",\"position\":3,\"name\":\"Agotados de esperar el fin. Subculturas, esteticas y politicas del desecho\"}]},{\"@type\":\"WebSite\",\"@id\":\"https:\\\/\\\/zapateneo.net\\\/wordpress\\\/#website\",\"url\":\"https:\\\/\\\/zapateneo.net\\\/wordpress\\\/\",\"name\":\"Zapateneo\",\"description\":\"Zapateneoaren webgunea\",\"publisher\":{\"@id\":\"https:\\\/\\\/zapateneo.net\\\/wordpress\\\/#organization\"},\"potentialAction\":[{\"@type\":\"SearchAction\",\"target\":{\"@type\":\"EntryPoint\",\"urlTemplate\":\"https:\\\/\\\/zapateneo.net\\\/wordpress\\\/?s={search_term_string}\"},\"query-input\":{\"@type\":\"PropertyValueSpecification\",\"valueRequired\":true,\"valueName\":\"search_term_string\"}}],\"inLanguage\":\"es\"},{\"@type\":\"Organization\",\"@id\":\"https:\\\/\\\/zapateneo.net\\\/wordpress\\\/#organization\",\"name\":\"Zapateneo Kultur Elkartea\",\"url\":\"https:\\\/\\\/zapateneo.net\\\/wordpress\\\/\",\"logo\":{\"@type\":\"ImageObject\",\"inLanguage\":\"es\",\"@id\":\"https:\\\/\\\/zapateneo.net\\\/wordpress\\\/#\\\/schema\\\/logo\\\/image\\\/\",\"url\":\"https:\\\/\\\/zapateneo.net\\\/wordpress\\\/wp-content\\\/uploads\\\/2021\\\/04\\\/zap-libu-kolec.jpg\",\"contentUrl\":\"https:\\\/\\\/zapateneo.net\\\/wordpress\\\/wp-content\\\/uploads\\\/2021\\\/04\\\/zap-libu-kolec.jpg\",\"width\":2234,\"height\":398,\"caption\":\"Zapateneo Kultur Elkartea\"},\"image\":{\"@id\":\"https:\\\/\\\/zapateneo.net\\\/wordpress\\\/#\\\/schema\\\/logo\\\/image\\\/\"},\"sameAs\":[\"https:\\\/\\\/x.com\\\/zapateneo\"]}]}<\/script>\n<!-- \/ Yoast SEO plugin. -->","yoast_head_json":{"title":"Agotados de esperar el fin. Subculturas, esteticas y politicas del desecho &#8212; Zapateneo","robots":{"index":"index","follow":"follow","max-snippet":"max-snippet:-1","max-image-preview":"max-image-preview:large","max-video-preview":"max-video-preview:-1"},"canonical":"https:\/\/zapateneo.net\/wordpress\/index.php\/producto\/agotados-de-esperar-el-fin-subculturas-esteticas-y-politicas-del-desecho\/","og_locale":"es_ES","og_type":"article","og_title":"Agotados de esperar el fin. Subculturas, esteticas y politicas del desecho &#8212; Zapateneo","og_description":"Rocha, Servando 9788492559015 - Virus - 2008 - 176 p\u00e1ginas \/orri.","og_url":"https:\/\/zapateneo.net\/wordpress\/index.php\/producto\/agotados-de-esperar-el-fin-subculturas-esteticas-y-politicas-del-desecho\/","og_site_name":"Zapateneo","article_modified_time":"2023-07-25T15:42:51+00:00","og_image":[{"width":200,"height":304,"url":"https:\/\/zapateneo.net\/wordpress\/wp-content\/uploads\/2021\/04\/5731.jpg","type":"image\/jpeg"}],"twitter_card":"summary_large_image","twitter_site":"@zapateneo","twitter_misc":{"Tiempo de lectura":"4 minutos"},"schema":{"@context":"https:\/\/schema.org","@graph":[{"@type":"WebPage","@id":"https:\/\/zapateneo.net\/wordpress\/index.php\/producto\/agotados-de-esperar-el-fin-subculturas-esteticas-y-politicas-del-desecho\/","url":"https:\/\/zapateneo.net\/wordpress\/index.php\/producto\/agotados-de-esperar-el-fin-subculturas-esteticas-y-politicas-del-desecho\/","name":"Agotados de esperar el fin. Subculturas, esteticas y politicas del desecho &#8212; Zapateneo","isPartOf":{"@id":"https:\/\/zapateneo.net\/wordpress\/#website"},"primaryImageOfPage":{"@id":"https:\/\/zapateneo.net\/wordpress\/index.php\/producto\/agotados-de-esperar-el-fin-subculturas-esteticas-y-politicas-del-desecho\/#primaryimage"},"image":{"@id":"https:\/\/zapateneo.net\/wordpress\/index.php\/producto\/agotados-de-esperar-el-fin-subculturas-esteticas-y-politicas-del-desecho\/#primaryimage"},"thumbnailUrl":"https:\/\/zapateneo.net\/wordpress\/wp-content\/uploads\/2021\/04\/5731.jpg","datePublished":"2021-04-08T15:39:11+00:00","dateModified":"2023-07-25T15:42:51+00:00","breadcrumb":{"@id":"https:\/\/zapateneo.net\/wordpress\/index.php\/producto\/agotados-de-esperar-el-fin-subculturas-esteticas-y-politicas-del-desecho\/#breadcrumb"},"inLanguage":"es","potentialAction":[{"@type":"ReadAction","target":["https:\/\/zapateneo.net\/wordpress\/index.php\/producto\/agotados-de-esperar-el-fin-subculturas-esteticas-y-politicas-del-desecho\/"]}]},{"@type":"ImageObject","inLanguage":"es","@id":"https:\/\/zapateneo.net\/wordpress\/index.php\/producto\/agotados-de-esperar-el-fin-subculturas-esteticas-y-politicas-del-desecho\/#primaryimage","url":"https:\/\/zapateneo.net\/wordpress\/wp-content\/uploads\/2021\/04\/5731.jpg","contentUrl":"https:\/\/zapateneo.net\/wordpress\/wp-content\/uploads\/2021\/04\/5731.jpg","width":200,"height":304},{"@type":"BreadcrumbList","@id":"https:\/\/zapateneo.net\/wordpress\/index.php\/producto\/agotados-de-esperar-el-fin-subculturas-esteticas-y-politicas-del-desecho\/#breadcrumb","itemListElement":[{"@type":"ListItem","position":1,"name":"Portada","item":"https:\/\/zapateneo.net\/wordpress\/"},{"@type":"ListItem","position":2,"name":"Tienda","item":"https:\/\/zapateneo.net\/wordpress\/"},{"@type":"ListItem","position":3,"name":"Agotados de esperar el fin. Subculturas, esteticas y politicas del desecho"}]},{"@type":"WebSite","@id":"https:\/\/zapateneo.net\/wordpress\/#website","url":"https:\/\/zapateneo.net\/wordpress\/","name":"Zapateneo","description":"Zapateneoaren webgunea","publisher":{"@id":"https:\/\/zapateneo.net\/wordpress\/#organization"},"potentialAction":[{"@type":"SearchAction","target":{"@type":"EntryPoint","urlTemplate":"https:\/\/zapateneo.net\/wordpress\/?s={search_term_string}"},"query-input":{"@type":"PropertyValueSpecification","valueRequired":true,"valueName":"search_term_string"}}],"inLanguage":"es"},{"@type":"Organization","@id":"https:\/\/zapateneo.net\/wordpress\/#organization","name":"Zapateneo Kultur Elkartea","url":"https:\/\/zapateneo.net\/wordpress\/","logo":{"@type":"ImageObject","inLanguage":"es","@id":"https:\/\/zapateneo.net\/wordpress\/#\/schema\/logo\/image\/","url":"https:\/\/zapateneo.net\/wordpress\/wp-content\/uploads\/2021\/04\/zap-libu-kolec.jpg","contentUrl":"https:\/\/zapateneo.net\/wordpress\/wp-content\/uploads\/2021\/04\/zap-libu-kolec.jpg","width":2234,"height":398,"caption":"Zapateneo Kultur Elkartea"},"image":{"@id":"https:\/\/zapateneo.net\/wordpress\/#\/schema\/logo\/image\/"},"sameAs":["https:\/\/x.com\/zapateneo"]}]}},"_links":{"self":[{"href":"https:\/\/zapateneo.net\/wordpress\/index.php\/wp-json\/wp\/v2\/product\/4842","targetHints":{"allow":["GET"]}}],"collection":[{"href":"https:\/\/zapateneo.net\/wordpress\/index.php\/wp-json\/wp\/v2\/product"}],"about":[{"href":"https:\/\/zapateneo.net\/wordpress\/index.php\/wp-json\/wp\/v2\/types\/product"}],"wp:featuredmedia":[{"embeddable":true,"href":"https:\/\/zapateneo.net\/wordpress\/index.php\/wp-json\/wp\/v2\/media\/4893"}],"wp:attachment":[{"href":"https:\/\/zapateneo.net\/wordpress\/index.php\/wp-json\/wp\/v2\/media?parent=4842"}],"wp:term":[{"taxonomy":"product_brand","embeddable":true,"href":"https:\/\/zapateneo.net\/wordpress\/index.php\/wp-json\/wp\/v2\/product_brand?post=4842"},{"taxonomy":"product_cat","embeddable":true,"href":"https:\/\/zapateneo.net\/wordpress\/index.php\/wp-json\/wp\/v2\/product_cat?post=4842"},{"taxonomy":"product_tag","embeddable":true,"href":"https:\/\/zapateneo.net\/wordpress\/index.php\/wp-json\/wp\/v2\/product_tag?post=4842"}],"curies":[{"name":"wp","href":"https:\/\/api.w.org\/{rel}","templated":true}]}}