{"id":4288,"date":"2021-04-08T16:14:52","date_gmt":"2021-04-08T15:14:52","guid":{"rendered":"https:\/\/zapateneo.net\/wordpress\/?post_type=product&#038;p=4288"},"modified":"2022-01-05T16:18:33","modified_gmt":"2022-01-05T15:18:33","slug":"panoptico","status":"publish","type":"product","link":"https:\/\/zapateneo.net\/wordpress\/index.php\/producto\/panoptico\/","title":{"rendered":"Pan\u00f3ptico"},"content":{"rendered":"<div>\n<h3>Incluye \u00abEl ojo del poder\u00bb, entrevista a Michel Foucault<\/h3>\n<h3>Jeremy Bentham con ilustraciones de El\u00edas Ta\u00f1o<\/h3>\n<hr \/>\n<p>\u00abSi se hallara el medio de hacerse due\u00f1o de cuanto puede alcanzar a un cierto n\u00famero de hombres, de disponer de todo lo que los rodea, de modo que en ellos obrara la impresi\u00f3n que se quisiera producir, de asegurarse de sus acciones, de sus lesiones y de todas las circunstancias de su vida, sin que cosa alguna pudiese entorpecer ni contraria el efecto deseado, no puede dudarse de que un medio de esta especie ser\u00eda el instrumento m\u00e1s en\u00e9rgico y m\u00e1s \u00fatil que los gobiernos pudieran aplicar a diferentes objetos de la m\u00e1s grande importancia.\u00bb<\/p>\n<p>A finales del siglo XVIII, Jeremy Bentham concibi\u00f3 la estructura pan\u00f3ptica aplicada a las c\u00e1rceles, aunque su intenci\u00f3n era incorporarla como diagrama b\u00e1sico de las tecnolog\u00edas de poder y vigilancia de escuelas, manicomios, f\u00e1bricas y hospitales.<\/p>\n<p>En la actualidad, los mecanismos de control social se han sofisticado, y administrar las sociedades disciplinarias \u2014y los cuerpos que las conforman\u2014 es la nueva misi\u00f3n del pan\u00f3ptico. Las implicaciones que la utop\u00eda fracasada de Bentham tiene sobre la inspecci\u00f3n poblacional configuran una \u00abgram\u00e1tica\u00bb de control global a la que ninguna corporaci\u00f3n ni gobierno est\u00e1 dispuesta a renunciar.<\/p>\n<p>La reedici\u00f3n de este cl\u00e1sico no responde al gusto por la erudici\u00f3n acad\u00e9mica ni al amor por un pasado hist\u00f3rico, ni tampoco al deseo de reeditar libros curiosos. Publicamos\u00a0<em>El pan\u00f3ptico<\/em>\u00a0porque es frecuentemente citado pero raramente le\u00eddo. Con ello perseguimos animar la reflexi\u00f3n profunda (y olvidada) sobre la importancia de la mirada y la observaci\u00f3n cotidiana como herramientas para identificar los panoptismos del siglo XXI.<\/p>\n<p>&nbsp;<\/p>\n<\/div>\n<div class=\"row\">\n<div class=\"col-12 col-12-small\">\n<p><span class=\"image left autor\"><img loading=\"lazy\" decoding=\"async\" class=\"alignleft\" src=\"https:\/\/www.viruseditorial.net\/\/fotos-autor\/benthan-white.png\" alt=\"jeremy-benthan\" width=\"295\" height=\"324\" \/><\/span><\/p>\n<p><strong>JEREMY BENTHAM<\/strong>\u00a0(1748-1832). Pensador ingl\u00e9s y padre del utilitarismo. Su teor\u00eda econ\u00f3mica fue determinante para los primeros marginalistas del siglo xix; su \u00e9tica redujo toda conducta al placer y al dolor, y la moralidad al acto \u00fatil. Seg\u00fan \u00e9l, la moralidad pod\u00eda calcularse matem\u00e1ticamente como balance de satisfacciones y sufrimientos. Sus ideas impulsaron la reforma de la estructura administrativa, del derecho penal y del procedimiento administrativo brit\u00e1nico. Entre sus obras destacan:\u00a0<em>Defensa de la usura<\/em>\u00a0(1788),\u00a0<em>Fundamento de la evidencia judicial<\/em>\u00a0(1827) y el\u00a0<em>C\u00f3digo constitucional<\/em>\u00a0(1830). Bentham fund\u00f3 el University College de Londres donde, por expreso deseo suyo, est\u00e1 expuesto al p\u00fablico su esqueleto.<\/p>\n<p>&nbsp;<\/p>\n<p>&nbsp;<\/p>\n<p>&nbsp;<\/p>\n<p><strong><img loading=\"lazy\" decoding=\"async\" class=\"alignleft\" src=\"https:\/\/www.viruseditorial.net\/imagenes_subidas\/elias-tano-white.png\" alt=\"\" width=\"220\" height=\"215\" align=\"left\" \/><\/strong><\/p>\n<p>&nbsp;<\/p>\n<p><strong>EL\u00cdAS TA\u00d1O\u00a0<\/strong>(TENERIFE, 1983) Ilustrador, dibujante, dise\u00f1ador y muralista, reside en Valencia desde los once a\u00f1os. Ha desarrollado un estilo caracter\u00edstico, de trazo grueso, estructura casi laber\u00edntica y figuras estramb\u00f3ticas, inseparable de un fuerte peso de la denuncia pol\u00edtica. En 2011, cre\u00f3 con Carla Chillida el grupo de teatro pol\u00edtico Atirohecho (www.atirohecho.net). Actualmente forma parte del taller de serigraf\u00eda La Miliciana. Su libro\u00a0<em>Delitos de papel<\/em>\u00a0recoge algunas de las obras que le han intentado censurar. Su trabajo puede verse en: eliastano.es.<\/p>\n<\/div>\n<\/div>\n<p>&nbsp;<\/p>\n<hr \/>\n<div>\n<h2><a href=\"https:\/\/www.viruseditorial.net\/es\/editorial\/descargar-pdf\" target=\"_blank\" rel=\"noopener\">Libro en libre descarga de Virus Editorial<\/a><\/h2>\n<\/div>\n","protected":false},"excerpt":{"rendered":"<p><strong>Bentham, Jeremy<\/strong><br \/>\n9788417870027 &#8211; Virus &#8211; 2020 &#8211; 224 p\u00e1ginas \/orri.<\/p>\n","protected":false},"featured_media":4329,"template":"","meta":[],"product_brand":[],"product_cat":[181,16],"product_tag":[2819,5396,4626,5400,57],"class_list":{"0":"post-4288","1":"product","2":"type-product","3":"status-publish","4":"has-post-thumbnail","6":"product_cat-bazterketa-soziala-eta-errepresioa-exclusion-social-y-represion","7":"product_cat-libros","8":"product_tag-bentham","9":"product_tag-carcel","10":"product_tag-deskargak","11":"product_tag-jeremy-bentham","12":"product_tag-virus","14":"first","15":"instock","16":"sold-individually","17":"shipping-taxable","18":"purchasable","19":"product-type-simple"},"yoast_head":"<!-- This site is optimized with the Yoast SEO plugin v27.3 - https:\/\/yoast.com\/product\/yoast-seo-wordpress\/ -->\n<title>Pan\u00f3ptico &#8212; Zapateneo<\/title>\n<meta name=\"robots\" content=\"index, follow, max-snippet:-1, max-image-preview:large, max-video-preview:-1\" \/>\n<link rel=\"canonical\" href=\"https:\/\/zapateneo.net\/wordpress\/index.php\/producto\/panoptico\/\" \/>\n<meta property=\"og:locale\" content=\"es_ES\" \/>\n<meta property=\"og:type\" content=\"article\" \/>\n<meta property=\"og:title\" content=\"Pan\u00f3ptico &#8212; Zapateneo\" \/>\n<meta property=\"og:description\" content=\"Bentham, Jeremy 9788417870027 - Virus - 2020 - 224 p\u00e1ginas \/orri.\" \/>\n<meta property=\"og:url\" content=\"https:\/\/zapateneo.net\/wordpress\/index.php\/producto\/panoptico\/\" \/>\n<meta property=\"og:site_name\" content=\"Zapateneo\" \/>\n<meta property=\"article:modified_time\" content=\"2022-01-05T15:18:33+00:00\" \/>\n<meta property=\"og:image\" content=\"https:\/\/zapateneo.net\/wordpress\/wp-content\/uploads\/2021\/04\/panoptico3.png\" \/>\n\t<meta property=\"og:image:width\" content=\"274\" \/>\n\t<meta property=\"og:image:height\" content=\"400\" \/>\n\t<meta property=\"og:image:type\" content=\"image\/png\" \/>\n<meta name=\"twitter:card\" content=\"summary_large_image\" \/>\n<meta name=\"twitter:site\" content=\"@zapateneo\" \/>\n<meta name=\"twitter:label1\" content=\"Tiempo de lectura\" \/>\n\t<meta name=\"twitter:data1\" content=\"3 minutos\" \/>\n<script type=\"application\/ld+json\" class=\"yoast-schema-graph\">{\"@context\":\"https:\\\/\\\/schema.org\",\"@graph\":[{\"@type\":\"WebPage\",\"@id\":\"https:\\\/\\\/zapateneo.net\\\/wordpress\\\/index.php\\\/producto\\\/panoptico\\\/\",\"url\":\"https:\\\/\\\/zapateneo.net\\\/wordpress\\\/index.php\\\/producto\\\/panoptico\\\/\",\"name\":\"Pan\u00f3ptico &#8212; Zapateneo\",\"isPartOf\":{\"@id\":\"https:\\\/\\\/zapateneo.net\\\/wordpress\\\/#website\"},\"primaryImageOfPage\":{\"@id\":\"https:\\\/\\\/zapateneo.net\\\/wordpress\\\/index.php\\\/producto\\\/panoptico\\\/#primaryimage\"},\"image\":{\"@id\":\"https:\\\/\\\/zapateneo.net\\\/wordpress\\\/index.php\\\/producto\\\/panoptico\\\/#primaryimage\"},\"thumbnailUrl\":\"https:\\\/\\\/zapateneo.net\\\/wordpress\\\/wp-content\\\/uploads\\\/2021\\\/04\\\/panoptico3.png\",\"datePublished\":\"2021-04-08T15:14:52+00:00\",\"dateModified\":\"2022-01-05T15:18:33+00:00\",\"breadcrumb\":{\"@id\":\"https:\\\/\\\/zapateneo.net\\\/wordpress\\\/index.php\\\/producto\\\/panoptico\\\/#breadcrumb\"},\"inLanguage\":\"es\",\"potentialAction\":[{\"@type\":\"ReadAction\",\"target\":[\"https:\\\/\\\/zapateneo.net\\\/wordpress\\\/index.php\\\/producto\\\/panoptico\\\/\"]}]},{\"@type\":\"ImageObject\",\"inLanguage\":\"es\",\"@id\":\"https:\\\/\\\/zapateneo.net\\\/wordpress\\\/index.php\\\/producto\\\/panoptico\\\/#primaryimage\",\"url\":\"https:\\\/\\\/zapateneo.net\\\/wordpress\\\/wp-content\\\/uploads\\\/2021\\\/04\\\/panoptico3.png\",\"contentUrl\":\"https:\\\/\\\/zapateneo.net\\\/wordpress\\\/wp-content\\\/uploads\\\/2021\\\/04\\\/panoptico3.png\",\"width\":274,\"height\":400},{\"@type\":\"BreadcrumbList\",\"@id\":\"https:\\\/\\\/zapateneo.net\\\/wordpress\\\/index.php\\\/producto\\\/panoptico\\\/#breadcrumb\",\"itemListElement\":[{\"@type\":\"ListItem\",\"position\":1,\"name\":\"Portada\",\"item\":\"https:\\\/\\\/zapateneo.net\\\/wordpress\\\/\"},{\"@type\":\"ListItem\",\"position\":2,\"name\":\"Tienda\",\"item\":\"https:\\\/\\\/zapateneo.net\\\/wordpress\\\/\"},{\"@type\":\"ListItem\",\"position\":3,\"name\":\"Pan\u00f3ptico\"}]},{\"@type\":\"WebSite\",\"@id\":\"https:\\\/\\\/zapateneo.net\\\/wordpress\\\/#website\",\"url\":\"https:\\\/\\\/zapateneo.net\\\/wordpress\\\/\",\"name\":\"Zapateneo\",\"description\":\"Zapateneoaren webgunea\",\"publisher\":{\"@id\":\"https:\\\/\\\/zapateneo.net\\\/wordpress\\\/#organization\"},\"potentialAction\":[{\"@type\":\"SearchAction\",\"target\":{\"@type\":\"EntryPoint\",\"urlTemplate\":\"https:\\\/\\\/zapateneo.net\\\/wordpress\\\/?s={search_term_string}\"},\"query-input\":{\"@type\":\"PropertyValueSpecification\",\"valueRequired\":true,\"valueName\":\"search_term_string\"}}],\"inLanguage\":\"es\"},{\"@type\":\"Organization\",\"@id\":\"https:\\\/\\\/zapateneo.net\\\/wordpress\\\/#organization\",\"name\":\"Zapateneo Kultur Elkartea\",\"url\":\"https:\\\/\\\/zapateneo.net\\\/wordpress\\\/\",\"logo\":{\"@type\":\"ImageObject\",\"inLanguage\":\"es\",\"@id\":\"https:\\\/\\\/zapateneo.net\\\/wordpress\\\/#\\\/schema\\\/logo\\\/image\\\/\",\"url\":\"https:\\\/\\\/zapateneo.net\\\/wordpress\\\/wp-content\\\/uploads\\\/2021\\\/04\\\/zap-libu-kolec.jpg\",\"contentUrl\":\"https:\\\/\\\/zapateneo.net\\\/wordpress\\\/wp-content\\\/uploads\\\/2021\\\/04\\\/zap-libu-kolec.jpg\",\"width\":2234,\"height\":398,\"caption\":\"Zapateneo Kultur Elkartea\"},\"image\":{\"@id\":\"https:\\\/\\\/zapateneo.net\\\/wordpress\\\/#\\\/schema\\\/logo\\\/image\\\/\"},\"sameAs\":[\"https:\\\/\\\/x.com\\\/zapateneo\"]}]}<\/script>\n<!-- \/ Yoast SEO plugin. -->","yoast_head_json":{"title":"Pan\u00f3ptico &#8212; Zapateneo","robots":{"index":"index","follow":"follow","max-snippet":"max-snippet:-1","max-image-preview":"max-image-preview:large","max-video-preview":"max-video-preview:-1"},"canonical":"https:\/\/zapateneo.net\/wordpress\/index.php\/producto\/panoptico\/","og_locale":"es_ES","og_type":"article","og_title":"Pan\u00f3ptico &#8212; Zapateneo","og_description":"Bentham, Jeremy 9788417870027 - Virus - 2020 - 224 p\u00e1ginas \/orri.","og_url":"https:\/\/zapateneo.net\/wordpress\/index.php\/producto\/panoptico\/","og_site_name":"Zapateneo","article_modified_time":"2022-01-05T15:18:33+00:00","og_image":[{"width":274,"height":400,"url":"https:\/\/zapateneo.net\/wordpress\/wp-content\/uploads\/2021\/04\/panoptico3.png","type":"image\/png"}],"twitter_card":"summary_large_image","twitter_site":"@zapateneo","twitter_misc":{"Tiempo de lectura":"3 minutos"},"schema":{"@context":"https:\/\/schema.org","@graph":[{"@type":"WebPage","@id":"https:\/\/zapateneo.net\/wordpress\/index.php\/producto\/panoptico\/","url":"https:\/\/zapateneo.net\/wordpress\/index.php\/producto\/panoptico\/","name":"Pan\u00f3ptico &#8212; Zapateneo","isPartOf":{"@id":"https:\/\/zapateneo.net\/wordpress\/#website"},"primaryImageOfPage":{"@id":"https:\/\/zapateneo.net\/wordpress\/index.php\/producto\/panoptico\/#primaryimage"},"image":{"@id":"https:\/\/zapateneo.net\/wordpress\/index.php\/producto\/panoptico\/#primaryimage"},"thumbnailUrl":"https:\/\/zapateneo.net\/wordpress\/wp-content\/uploads\/2021\/04\/panoptico3.png","datePublished":"2021-04-08T15:14:52+00:00","dateModified":"2022-01-05T15:18:33+00:00","breadcrumb":{"@id":"https:\/\/zapateneo.net\/wordpress\/index.php\/producto\/panoptico\/#breadcrumb"},"inLanguage":"es","potentialAction":[{"@type":"ReadAction","target":["https:\/\/zapateneo.net\/wordpress\/index.php\/producto\/panoptico\/"]}]},{"@type":"ImageObject","inLanguage":"es","@id":"https:\/\/zapateneo.net\/wordpress\/index.php\/producto\/panoptico\/#primaryimage","url":"https:\/\/zapateneo.net\/wordpress\/wp-content\/uploads\/2021\/04\/panoptico3.png","contentUrl":"https:\/\/zapateneo.net\/wordpress\/wp-content\/uploads\/2021\/04\/panoptico3.png","width":274,"height":400},{"@type":"BreadcrumbList","@id":"https:\/\/zapateneo.net\/wordpress\/index.php\/producto\/panoptico\/#breadcrumb","itemListElement":[{"@type":"ListItem","position":1,"name":"Portada","item":"https:\/\/zapateneo.net\/wordpress\/"},{"@type":"ListItem","position":2,"name":"Tienda","item":"https:\/\/zapateneo.net\/wordpress\/"},{"@type":"ListItem","position":3,"name":"Pan\u00f3ptico"}]},{"@type":"WebSite","@id":"https:\/\/zapateneo.net\/wordpress\/#website","url":"https:\/\/zapateneo.net\/wordpress\/","name":"Zapateneo","description":"Zapateneoaren webgunea","publisher":{"@id":"https:\/\/zapateneo.net\/wordpress\/#organization"},"potentialAction":[{"@type":"SearchAction","target":{"@type":"EntryPoint","urlTemplate":"https:\/\/zapateneo.net\/wordpress\/?s={search_term_string}"},"query-input":{"@type":"PropertyValueSpecification","valueRequired":true,"valueName":"search_term_string"}}],"inLanguage":"es"},{"@type":"Organization","@id":"https:\/\/zapateneo.net\/wordpress\/#organization","name":"Zapateneo Kultur Elkartea","url":"https:\/\/zapateneo.net\/wordpress\/","logo":{"@type":"ImageObject","inLanguage":"es","@id":"https:\/\/zapateneo.net\/wordpress\/#\/schema\/logo\/image\/","url":"https:\/\/zapateneo.net\/wordpress\/wp-content\/uploads\/2021\/04\/zap-libu-kolec.jpg","contentUrl":"https:\/\/zapateneo.net\/wordpress\/wp-content\/uploads\/2021\/04\/zap-libu-kolec.jpg","width":2234,"height":398,"caption":"Zapateneo Kultur Elkartea"},"image":{"@id":"https:\/\/zapateneo.net\/wordpress\/#\/schema\/logo\/image\/"},"sameAs":["https:\/\/x.com\/zapateneo"]}]}},"_links":{"self":[{"href":"https:\/\/zapateneo.net\/wordpress\/index.php\/wp-json\/wp\/v2\/product\/4288","targetHints":{"allow":["GET"]}}],"collection":[{"href":"https:\/\/zapateneo.net\/wordpress\/index.php\/wp-json\/wp\/v2\/product"}],"about":[{"href":"https:\/\/zapateneo.net\/wordpress\/index.php\/wp-json\/wp\/v2\/types\/product"}],"wp:featuredmedia":[{"embeddable":true,"href":"https:\/\/zapateneo.net\/wordpress\/index.php\/wp-json\/wp\/v2\/media\/4329"}],"wp:attachment":[{"href":"https:\/\/zapateneo.net\/wordpress\/index.php\/wp-json\/wp\/v2\/media?parent=4288"}],"wp:term":[{"taxonomy":"product_brand","embeddable":true,"href":"https:\/\/zapateneo.net\/wordpress\/index.php\/wp-json\/wp\/v2\/product_brand?post=4288"},{"taxonomy":"product_cat","embeddable":true,"href":"https:\/\/zapateneo.net\/wordpress\/index.php\/wp-json\/wp\/v2\/product_cat?post=4288"},{"taxonomy":"product_tag","embeddable":true,"href":"https:\/\/zapateneo.net\/wordpress\/index.php\/wp-json\/wp\/v2\/product_tag?post=4288"}],"curies":[{"name":"wp","href":"https:\/\/api.w.org\/{rel}","templated":true}]}}