{"id":3913,"date":"2021-04-08T11:30:52","date_gmt":"2021-04-08T10:30:52","guid":{"rendered":"https:\/\/zapateneo.net\/wordpress\/?post_type=product&#038;p=3913"},"modified":"2023-03-05T12:13:40","modified_gmt":"2023-03-05T11:13:40","slug":"crear-una-vida-juntos-herramientas-practicas-para-formar-ecoaldeas-y-comunidades-intencionales","status":"publish","type":"product","link":"https:\/\/zapateneo.net\/wordpress\/index.php\/producto\/crear-una-vida-juntos-herramientas-practicas-para-formar-ecoaldeas-y-comunidades-intencionales\/","title":{"rendered":"Crear una vida juntos. Herramientas pr\u00e1cticas para formar Ecoaldeas y Comunidades Intencionales."},"content":{"rendered":"<p><em>Crear una vida juntos<\/em> (de t\u00edtulo original <em>Creating a Life Together: Practical Tools to Grow Ecovillages and Intentional Communities<\/em>) es un libro concebido para quienes se han embarcado en la aventura de crear un proyecto de vida en comunidad o se sienten cercanos a dar este paso. Su autora, Diana Leafe Christian, nos aporta la valiosa experiencia tanto de comunidades que han salido adelante como de proyectos que se diluyeron en el intento.<\/p>\n<p>Las ecoaldeas y comunidades intencionales son asentamientos humanos que aspiran a convertirse en espacios de vida sostenibles en la gesti\u00f3n de sus recursos y necesidades, as\u00ed como en su convivencia y relaci\u00f3n con el entorno. Se trata de proyectos de fabulosa belleza y val\u00eda, que a menudo contienen todos los sue\u00f1os, inquietudes, aspiraciones, y compromiso vital de quienes los llevan a cabo.<\/p>\n<p>Muchos grupos, la mayor\u00eda, no consiguen superar la fase inicial. Los obst\u00e1culos con que se enfrentan est\u00e1n relacionados fundamentalmente con las relaciones interpersonales y con la dimensi\u00f3n econ\u00f3mica y financiera, y por ello este libro ofrece herramientas y experiencias reales para ayudar a enfrentarse a estas cuestiones desde el principio.<\/p>\n<p>Explica detalladamente el trabajo de creaci\u00f3n de los documentos de visi\u00f3n, misi\u00f3n y objetivos; una eficaz manera de prevenir lo que la autora llama conflicto estructural, es decir, aquel que surge por partir las personas implicadas de suposiciones distintas sobre el prop\u00f3sito primario del grupo y de la comunidad. Aborda la facilitaci\u00f3n y el consenso \u2014la forma de tomar decisiones preferida por la mayor\u00eda de las comunidades, por encima de los m\u00faltiples tipos de votaci\u00f3n\u2014 como herramientas de proceso grupal, y propone ejercicios para sacar a la luz las expectativas ocultas, los valores o los l\u00edmites de cada persona. Finalmente, tambi\u00e9n trata el proceso de b\u00fasqueda del terreno y las formas de financiaci\u00f3n de la compra y dem\u00e1s gastos de puesta en marcha, aport\u00e1ndonos ejemplos pr\u00e1cticos de c\u00f3mo se organizaron econ\u00f3micamente varias comunidades.<\/p>\n<p>Informaci\u00f3n pr\u00e1ctica, en definitiva, para afrontar los desaf\u00edos de estos tiempos de tr\u00e1nsito que vivimos, donde a medida que nuestro caduco modelo de sociedad se agota, florece el espacio de la creatividad y la siembra de una nueva vida.<\/p>\n<p><a name=\"referencias\"><\/a><\/p>\n<h3 class=\"hpers\">Referencias<\/h3>\n<ul>\n<li><a href=\"http:\/\/www.selba.org\/CaminoHaceAndarIntro.pdf\"><em>Camino se hace al andar<\/em><\/a> (Jos\u00e9 Luis Escorihuela)<\/li>\n<li>Entrevistas a Diana Leafe Christian\n<ul>\n<li><a href=\"http:\/\/www.youtube.com\/watch?v=WfSbgRsmrPg\">Community Wisdom<\/a> (en ingl\u00e9s)<\/li>\n<li><a href=\"http:\/\/www.youtube.com\/watch?v=PGMjT2HZUKE\">Entrevista en Peak Moment TV<\/a> (subt\u00edtulos en espa\u00f1ol)<\/li>\n<\/ul>\n<\/li>\n<li><a href=\"http:\/\/www.eurotopia.de\/spanish.html\"><em>Eurotopia, Gu\u00eda Europea de Comunidades y Ecoaldeas<\/em><\/a><\/li>\n<\/ul>\n","protected":false},"excerpt":{"rendered":"<p><strong>Diana Leafe Christian<\/strong><br \/>\n9788493787165 &#8211; Cauac editorial Nativa &#8211; 2011 &#8211; 312 p\u00e1ginas \/orri.<\/p>\n","protected":false},"featured_media":3956,"template":"","meta":[],"product_brand":[],"product_cat":[180,16],"product_tag":[2716,2706],"class_list":{"0":"post-3913","1":"product","2":"type-product","3":"status-publish","4":"has-post-thumbnail","6":"product_cat-ekologia-ecologia","7":"product_cat-libros","8":"product_tag-cauac-editorial-nativa","9":"product_tag-diana-leafe-christian","11":"first","12":"outofstock","13":"sold-individually","14":"shipping-taxable","15":"purchasable","16":"product-type-simple"},"yoast_head":"<!-- This site is optimized with the Yoast SEO plugin v27.3 - https:\/\/yoast.com\/product\/yoast-seo-wordpress\/ -->\n<title>Crear una vida juntos. Herramientas pr\u00e1cticas para formar Ecoaldeas y Comunidades Intencionales. &#8212; Zapateneo<\/title>\n<meta name=\"robots\" content=\"index, follow, max-snippet:-1, max-image-preview:large, max-video-preview:-1\" \/>\n<link rel=\"canonical\" href=\"https:\/\/zapateneo.net\/wordpress\/index.php\/producto\/crear-una-vida-juntos-herramientas-practicas-para-formar-ecoaldeas-y-comunidades-intencionales\/\" \/>\n<meta property=\"og:locale\" content=\"es_ES\" \/>\n<meta property=\"og:type\" content=\"article\" \/>\n<meta property=\"og:title\" content=\"Crear una vida juntos. Herramientas pr\u00e1cticas para formar Ecoaldeas y Comunidades Intencionales. &#8212; Zapateneo\" \/>\n<meta property=\"og:description\" content=\"Diana Leafe Christian 9788493787165 - Cauac editorial Nativa - 2011 - 312 p\u00e1ginas \/orri.\" \/>\n<meta property=\"og:url\" content=\"https:\/\/zapateneo.net\/wordpress\/index.php\/producto\/crear-una-vida-juntos-herramientas-practicas-para-formar-ecoaldeas-y-comunidades-intencionales\/\" \/>\n<meta property=\"og:site_name\" content=\"Zapateneo\" \/>\n<meta property=\"article:modified_time\" content=\"2023-03-05T11:13:40+00:00\" \/>\n<meta property=\"og:image\" content=\"https:\/\/zapateneo.net\/wordpress\/wp-content\/uploads\/2021\/04\/6942.png\" \/>\n\t<meta property=\"og:image:width\" content=\"354\" \/>\n\t<meta property=\"og:image:height\" content=\"506\" \/>\n\t<meta property=\"og:image:type\" content=\"image\/png\" \/>\n<meta name=\"twitter:card\" content=\"summary_large_image\" \/>\n<meta name=\"twitter:site\" content=\"@zapateneo\" \/>\n<meta name=\"twitter:label1\" content=\"Tiempo de lectura\" \/>\n\t<meta name=\"twitter:data1\" content=\"2 minutos\" \/>\n<script type=\"application\/ld+json\" class=\"yoast-schema-graph\">{\"@context\":\"https:\\\/\\\/schema.org\",\"@graph\":[{\"@type\":\"WebPage\",\"@id\":\"https:\\\/\\\/zapateneo.net\\\/wordpress\\\/index.php\\\/producto\\\/crear-una-vida-juntos-herramientas-practicas-para-formar-ecoaldeas-y-comunidades-intencionales\\\/\",\"url\":\"https:\\\/\\\/zapateneo.net\\\/wordpress\\\/index.php\\\/producto\\\/crear-una-vida-juntos-herramientas-practicas-para-formar-ecoaldeas-y-comunidades-intencionales\\\/\",\"name\":\"Crear una vida juntos. Herramientas pr\u00e1cticas para formar Ecoaldeas y Comunidades Intencionales. &#8212; Zapateneo\",\"isPartOf\":{\"@id\":\"https:\\\/\\\/zapateneo.net\\\/wordpress\\\/#website\"},\"primaryImageOfPage\":{\"@id\":\"https:\\\/\\\/zapateneo.net\\\/wordpress\\\/index.php\\\/producto\\\/crear-una-vida-juntos-herramientas-practicas-para-formar-ecoaldeas-y-comunidades-intencionales\\\/#primaryimage\"},\"image\":{\"@id\":\"https:\\\/\\\/zapateneo.net\\\/wordpress\\\/index.php\\\/producto\\\/crear-una-vida-juntos-herramientas-practicas-para-formar-ecoaldeas-y-comunidades-intencionales\\\/#primaryimage\"},\"thumbnailUrl\":\"https:\\\/\\\/zapateneo.net\\\/wordpress\\\/wp-content\\\/uploads\\\/2021\\\/04\\\/6942.png\",\"datePublished\":\"2021-04-08T10:30:52+00:00\",\"dateModified\":\"2023-03-05T11:13:40+00:00\",\"breadcrumb\":{\"@id\":\"https:\\\/\\\/zapateneo.net\\\/wordpress\\\/index.php\\\/producto\\\/crear-una-vida-juntos-herramientas-practicas-para-formar-ecoaldeas-y-comunidades-intencionales\\\/#breadcrumb\"},\"inLanguage\":\"es\",\"potentialAction\":[{\"@type\":\"ReadAction\",\"target\":[\"https:\\\/\\\/zapateneo.net\\\/wordpress\\\/index.php\\\/producto\\\/crear-una-vida-juntos-herramientas-practicas-para-formar-ecoaldeas-y-comunidades-intencionales\\\/\"]}]},{\"@type\":\"ImageObject\",\"inLanguage\":\"es\",\"@id\":\"https:\\\/\\\/zapateneo.net\\\/wordpress\\\/index.php\\\/producto\\\/crear-una-vida-juntos-herramientas-practicas-para-formar-ecoaldeas-y-comunidades-intencionales\\\/#primaryimage\",\"url\":\"https:\\\/\\\/zapateneo.net\\\/wordpress\\\/wp-content\\\/uploads\\\/2021\\\/04\\\/6942.png\",\"contentUrl\":\"https:\\\/\\\/zapateneo.net\\\/wordpress\\\/wp-content\\\/uploads\\\/2021\\\/04\\\/6942.png\",\"width\":354,\"height\":506},{\"@type\":\"BreadcrumbList\",\"@id\":\"https:\\\/\\\/zapateneo.net\\\/wordpress\\\/index.php\\\/producto\\\/crear-una-vida-juntos-herramientas-practicas-para-formar-ecoaldeas-y-comunidades-intencionales\\\/#breadcrumb\",\"itemListElement\":[{\"@type\":\"ListItem\",\"position\":1,\"name\":\"Portada\",\"item\":\"https:\\\/\\\/zapateneo.net\\\/wordpress\\\/\"},{\"@type\":\"ListItem\",\"position\":2,\"name\":\"Tienda\",\"item\":\"https:\\\/\\\/zapateneo.net\\\/wordpress\\\/\"},{\"@type\":\"ListItem\",\"position\":3,\"name\":\"Crear una vida juntos. Herramientas pr\u00e1cticas para formar Ecoaldeas y Comunidades Intencionales.\"}]},{\"@type\":\"WebSite\",\"@id\":\"https:\\\/\\\/zapateneo.net\\\/wordpress\\\/#website\",\"url\":\"https:\\\/\\\/zapateneo.net\\\/wordpress\\\/\",\"name\":\"Zapateneo\",\"description\":\"Zapateneoaren webgunea\",\"publisher\":{\"@id\":\"https:\\\/\\\/zapateneo.net\\\/wordpress\\\/#organization\"},\"potentialAction\":[{\"@type\":\"SearchAction\",\"target\":{\"@type\":\"EntryPoint\",\"urlTemplate\":\"https:\\\/\\\/zapateneo.net\\\/wordpress\\\/?s={search_term_string}\"},\"query-input\":{\"@type\":\"PropertyValueSpecification\",\"valueRequired\":true,\"valueName\":\"search_term_string\"}}],\"inLanguage\":\"es\"},{\"@type\":\"Organization\",\"@id\":\"https:\\\/\\\/zapateneo.net\\\/wordpress\\\/#organization\",\"name\":\"Zapateneo Kultur Elkartea\",\"url\":\"https:\\\/\\\/zapateneo.net\\\/wordpress\\\/\",\"logo\":{\"@type\":\"ImageObject\",\"inLanguage\":\"es\",\"@id\":\"https:\\\/\\\/zapateneo.net\\\/wordpress\\\/#\\\/schema\\\/logo\\\/image\\\/\",\"url\":\"https:\\\/\\\/zapateneo.net\\\/wordpress\\\/wp-content\\\/uploads\\\/2021\\\/04\\\/zap-libu-kolec.jpg\",\"contentUrl\":\"https:\\\/\\\/zapateneo.net\\\/wordpress\\\/wp-content\\\/uploads\\\/2021\\\/04\\\/zap-libu-kolec.jpg\",\"width\":2234,\"height\":398,\"caption\":\"Zapateneo Kultur Elkartea\"},\"image\":{\"@id\":\"https:\\\/\\\/zapateneo.net\\\/wordpress\\\/#\\\/schema\\\/logo\\\/image\\\/\"},\"sameAs\":[\"https:\\\/\\\/x.com\\\/zapateneo\"]}]}<\/script>\n<!-- \/ Yoast SEO plugin. -->","yoast_head_json":{"title":"Crear una vida juntos. Herramientas pr\u00e1cticas para formar Ecoaldeas y Comunidades Intencionales. &#8212; Zapateneo","robots":{"index":"index","follow":"follow","max-snippet":"max-snippet:-1","max-image-preview":"max-image-preview:large","max-video-preview":"max-video-preview:-1"},"canonical":"https:\/\/zapateneo.net\/wordpress\/index.php\/producto\/crear-una-vida-juntos-herramientas-practicas-para-formar-ecoaldeas-y-comunidades-intencionales\/","og_locale":"es_ES","og_type":"article","og_title":"Crear una vida juntos. Herramientas pr\u00e1cticas para formar Ecoaldeas y Comunidades Intencionales. &#8212; Zapateneo","og_description":"Diana Leafe Christian 9788493787165 - Cauac editorial Nativa - 2011 - 312 p\u00e1ginas \/orri.","og_url":"https:\/\/zapateneo.net\/wordpress\/index.php\/producto\/crear-una-vida-juntos-herramientas-practicas-para-formar-ecoaldeas-y-comunidades-intencionales\/","og_site_name":"Zapateneo","article_modified_time":"2023-03-05T11:13:40+00:00","og_image":[{"width":354,"height":506,"url":"https:\/\/zapateneo.net\/wordpress\/wp-content\/uploads\/2021\/04\/6942.png","type":"image\/png"}],"twitter_card":"summary_large_image","twitter_site":"@zapateneo","twitter_misc":{"Tiempo de lectura":"2 minutos"},"schema":{"@context":"https:\/\/schema.org","@graph":[{"@type":"WebPage","@id":"https:\/\/zapateneo.net\/wordpress\/index.php\/producto\/crear-una-vida-juntos-herramientas-practicas-para-formar-ecoaldeas-y-comunidades-intencionales\/","url":"https:\/\/zapateneo.net\/wordpress\/index.php\/producto\/crear-una-vida-juntos-herramientas-practicas-para-formar-ecoaldeas-y-comunidades-intencionales\/","name":"Crear una vida juntos. Herramientas pr\u00e1cticas para formar Ecoaldeas y Comunidades Intencionales. &#8212; Zapateneo","isPartOf":{"@id":"https:\/\/zapateneo.net\/wordpress\/#website"},"primaryImageOfPage":{"@id":"https:\/\/zapateneo.net\/wordpress\/index.php\/producto\/crear-una-vida-juntos-herramientas-practicas-para-formar-ecoaldeas-y-comunidades-intencionales\/#primaryimage"},"image":{"@id":"https:\/\/zapateneo.net\/wordpress\/index.php\/producto\/crear-una-vida-juntos-herramientas-practicas-para-formar-ecoaldeas-y-comunidades-intencionales\/#primaryimage"},"thumbnailUrl":"https:\/\/zapateneo.net\/wordpress\/wp-content\/uploads\/2021\/04\/6942.png","datePublished":"2021-04-08T10:30:52+00:00","dateModified":"2023-03-05T11:13:40+00:00","breadcrumb":{"@id":"https:\/\/zapateneo.net\/wordpress\/index.php\/producto\/crear-una-vida-juntos-herramientas-practicas-para-formar-ecoaldeas-y-comunidades-intencionales\/#breadcrumb"},"inLanguage":"es","potentialAction":[{"@type":"ReadAction","target":["https:\/\/zapateneo.net\/wordpress\/index.php\/producto\/crear-una-vida-juntos-herramientas-practicas-para-formar-ecoaldeas-y-comunidades-intencionales\/"]}]},{"@type":"ImageObject","inLanguage":"es","@id":"https:\/\/zapateneo.net\/wordpress\/index.php\/producto\/crear-una-vida-juntos-herramientas-practicas-para-formar-ecoaldeas-y-comunidades-intencionales\/#primaryimage","url":"https:\/\/zapateneo.net\/wordpress\/wp-content\/uploads\/2021\/04\/6942.png","contentUrl":"https:\/\/zapateneo.net\/wordpress\/wp-content\/uploads\/2021\/04\/6942.png","width":354,"height":506},{"@type":"BreadcrumbList","@id":"https:\/\/zapateneo.net\/wordpress\/index.php\/producto\/crear-una-vida-juntos-herramientas-practicas-para-formar-ecoaldeas-y-comunidades-intencionales\/#breadcrumb","itemListElement":[{"@type":"ListItem","position":1,"name":"Portada","item":"https:\/\/zapateneo.net\/wordpress\/"},{"@type":"ListItem","position":2,"name":"Tienda","item":"https:\/\/zapateneo.net\/wordpress\/"},{"@type":"ListItem","position":3,"name":"Crear una vida juntos. Herramientas pr\u00e1cticas para formar Ecoaldeas y Comunidades Intencionales."}]},{"@type":"WebSite","@id":"https:\/\/zapateneo.net\/wordpress\/#website","url":"https:\/\/zapateneo.net\/wordpress\/","name":"Zapateneo","description":"Zapateneoaren webgunea","publisher":{"@id":"https:\/\/zapateneo.net\/wordpress\/#organization"},"potentialAction":[{"@type":"SearchAction","target":{"@type":"EntryPoint","urlTemplate":"https:\/\/zapateneo.net\/wordpress\/?s={search_term_string}"},"query-input":{"@type":"PropertyValueSpecification","valueRequired":true,"valueName":"search_term_string"}}],"inLanguage":"es"},{"@type":"Organization","@id":"https:\/\/zapateneo.net\/wordpress\/#organization","name":"Zapateneo Kultur Elkartea","url":"https:\/\/zapateneo.net\/wordpress\/","logo":{"@type":"ImageObject","inLanguage":"es","@id":"https:\/\/zapateneo.net\/wordpress\/#\/schema\/logo\/image\/","url":"https:\/\/zapateneo.net\/wordpress\/wp-content\/uploads\/2021\/04\/zap-libu-kolec.jpg","contentUrl":"https:\/\/zapateneo.net\/wordpress\/wp-content\/uploads\/2021\/04\/zap-libu-kolec.jpg","width":2234,"height":398,"caption":"Zapateneo Kultur Elkartea"},"image":{"@id":"https:\/\/zapateneo.net\/wordpress\/#\/schema\/logo\/image\/"},"sameAs":["https:\/\/x.com\/zapateneo"]}]}},"_links":{"self":[{"href":"https:\/\/zapateneo.net\/wordpress\/index.php\/wp-json\/wp\/v2\/product\/3913","targetHints":{"allow":["GET"]}}],"collection":[{"href":"https:\/\/zapateneo.net\/wordpress\/index.php\/wp-json\/wp\/v2\/product"}],"about":[{"href":"https:\/\/zapateneo.net\/wordpress\/index.php\/wp-json\/wp\/v2\/types\/product"}],"wp:featuredmedia":[{"embeddable":true,"href":"https:\/\/zapateneo.net\/wordpress\/index.php\/wp-json\/wp\/v2\/media\/3956"}],"wp:attachment":[{"href":"https:\/\/zapateneo.net\/wordpress\/index.php\/wp-json\/wp\/v2\/media?parent=3913"}],"wp:term":[{"taxonomy":"product_brand","embeddable":true,"href":"https:\/\/zapateneo.net\/wordpress\/index.php\/wp-json\/wp\/v2\/product_brand?post=3913"},{"taxonomy":"product_cat","embeddable":true,"href":"https:\/\/zapateneo.net\/wordpress\/index.php\/wp-json\/wp\/v2\/product_cat?post=3913"},{"taxonomy":"product_tag","embeddable":true,"href":"https:\/\/zapateneo.net\/wordpress\/index.php\/wp-json\/wp\/v2\/product_tag?post=3913"}],"curies":[{"name":"wp","href":"https:\/\/api.w.org\/{rel}","templated":true}]}}