{"id":3880,"date":"2021-04-08T11:30:18","date_gmt":"2021-04-08T10:30:18","guid":{"rendered":"https:\/\/zapateneo.net\/wordpress\/?post_type=product&#038;p=3880"},"modified":"2023-03-05T15:56:53","modified_gmt":"2023-03-05T14:56:53","slug":"la-lagrima-esmeralda","status":"publish","type":"product","link":"https:\/\/zapateneo.net\/wordpress\/index.php\/producto\/la-lagrima-esmeralda\/","title":{"rendered":"La lagrima esmeralda"},"content":{"rendered":"<p>&nbsp;<\/p>\n<p>&nbsp;<\/p>\n<p>&nbsp;<\/p>\n<p>\u00bfSeg\u00fan cuenta la leyenda, pasada de boca en boca, hay una manera de saber si una piedra es una aut\u00e9ntica esmeralda. Se calienta hasta alcanzar cierta temperatura, y si se rompe en a\u00f1icos es que era real. Pero entonces\u00bf \u00bfd\u00f3nde queda la esmeralda? \u00bfDestruida y pulverizada a pesar de su gran valor? \u00bfQui\u00e9n se arriesgar\u00eda a comprobarlo si despu\u00e9s de muchos esfuerzos y sacrificios ha encontrado la l\u00e1grima de una esmeralda que podr\u00eda haber sido la salvaci\u00f3n de su vida y la de su familia? \u00bfCu\u00e1nto valor hay que demostrar, cu\u00e1nta estupidez hay que tener y cu\u00e1nta ceguera cubriendo las neuronas si se diera ese paso? La Tierra es nuestra esmeralda. Una piedra preciosa de color verde intenso, del color de la selva, de la vida y, por qu\u00e9 no, de la esperanza. Una piedra que estamos destruyendo, calentando con intensidad. Estamos ahogando el porvenir de las generaciones futuras y llegando con la rapidez del cicl\u00f3n al punto del no retorno, al l\u00edmite de la seguridad estable de nuestro planeta, el mismo punto de ebullici\u00f3n en el que una esmeralda, nuestra Tierra, est\u00e1 a punto de saltar en mil pedazos.\u00bf Selvas y bosques, pueblos ind\u00edgenas, fauna\u00bf Nada escapa a la inconsciencia de la maquinaria moderna, una maquinaria sustentada por todos nosotros, desde las \u00e9lites econ\u00f3micas y pol\u00edticas hasta los ciudadanos de a pie, que observamos desde nuestra individualidad como m\u00e1s all\u00e1 de las fronteras de nuestro pa\u00eds se vulneran los derechos del planeta y los seres que lo habitan. Esta esclavitud a la que est\u00e1n sometidos esos pa\u00edses que llamamos \u00bfdel tercer mundo\u00bf es la que hace posible nuestra sociedad moderna, del progreso y los excesos, tal y como la conocemos, impensable sin el expolio de materias primas para la producci\u00f3n y el consumo insostenible. Un expolio que est\u00e1 provocando la desestructuraci\u00f3n de las comunidades ind\u00edgenas, contaminando el medio, arrasando selvas y dejando sin alimento, hogar y dignidad a miles de seres humanos y no-humanos. Es entre \u00e9stos \u00faltimos donde se encuentran los grandes simios, hermanos evolutivos olvidados a los que estamos robando el h\u00e1bitat y la vida. L\u00e1grima esmeralda nos ofrece una visi\u00f3n integral de la actualidad mundial respecto a selvas y bosques, las comunidades que all\u00ed habitan y las especies animales en peligro, con particular atenci\u00f3n en los grandes simios. La lucha por los derechos naturales y legales de estos \u00faltimos ha sido durante lustros la punta de lanza de un intenso activismo y apasionada dedicaci\u00f3n, por parte del autor de este libro, en pos de la recuperaci\u00f3n de nuestra preciosa esmeralda.<\/p>\n<p>&nbsp;<\/p>\n<p>&nbsp;<\/p>\n<hr \/>\n<p>&nbsp;<\/p>\n<p>Selvas y bosques, pueblos ind\u00edgenas, fauna\u2026 Nada escapa a la inconsciencia de la maquinaria moderna, una maquinaria sustentada por todos nosotros, desde las \u00e9lites econ\u00f3micas y pol\u00edticas hasta los ciudadanos de a pie, que observamos desde nuestra individualidad como m\u00e1s all\u00e1 de las fronteras de nuestro pa\u00eds se vulneran los derechos del planeta y los seres que lo habitan. Esta esclavitud a la que est\u00e1n sometidos esos pa\u00edses que llamamos \u201cdel tercer mundo\u201d es la que hace posible nuestra sociedad moderna, del progreso y los excesos, tal y como la conocemos, impensable sin el expolio de materias primas para la producci\u00f3n y el consumo insostenible. Un expolio que est\u00e1 provocando la desestructuraci\u00f3n de las comunidades ind\u00edgenas, contaminando el medio, arrasando selvas y dejando sin alimento, hogar y dignidad a miles de seres humanos y no-humanos. Es entre \u00e9stos \u00faltimos donde se encuentran los grandes simios, hermanos evolutivos olvidados a los que estamos robando el h\u00e1bitat y la vida.<\/p>\n<p><em>L\u00e1grima esmeralda<\/em> nos ofrece una visi\u00f3n integral de la actualidad mundial respecto a selvas y bosques, las comunidades que all\u00ed habitan y las especies animales en peligro, con particular atenci\u00f3n en los grandes simios. La lucha por los derechos naturales y legales de estos \u00faltimos ha sido durante lustros la punta de lanza de un intenso activismo y apasionada dedicaci\u00f3n, por parte del autor de este libro, en pos de la recuperaci\u00f3n de nuestra preciosa esmeralda.<\/p>\n<p>&nbsp;<\/p>\n<p>&nbsp;<\/p>\n<p>&nbsp;<\/p>\n<p>&nbsp;<\/p>\n<p>&nbsp;<\/p>\n","protected":false},"excerpt":{"rendered":"<p><strong>Pedro Pozas Terrado<\/strong><br \/>\n9788493787189 &#8211; cauac \/ crimentales &#8211; 2012 &#8211; 290 p\u00e1ginas \/orri.<\/p>\n","protected":false},"featured_media":3927,"template":"","meta":[],"product_brand":[],"product_cat":[180,16],"product_tag":[2702,2701],"class_list":{"0":"post-3880","1":"product","2":"type-product","3":"status-publish","4":"has-post-thumbnail","6":"product_cat-ekologia-ecologia","7":"product_cat-libros","8":"product_tag-cauac-crimentales","9":"product_tag-pedro-pozas-terrado","11":"first","12":"outofstock","13":"sold-individually","14":"shipping-taxable","15":"purchasable","16":"product-type-simple"},"yoast_head":"<!-- This site is optimized with the Yoast SEO plugin v27.3 - https:\/\/yoast.com\/product\/yoast-seo-wordpress\/ -->\n<title>La lagrima esmeralda &#8212; Zapateneo<\/title>\n<meta name=\"robots\" content=\"index, follow, max-snippet:-1, max-image-preview:large, max-video-preview:-1\" \/>\n<link rel=\"canonical\" href=\"https:\/\/zapateneo.net\/wordpress\/index.php\/producto\/la-lagrima-esmeralda\/\" \/>\n<meta property=\"og:locale\" content=\"es_ES\" \/>\n<meta property=\"og:type\" content=\"article\" \/>\n<meta property=\"og:title\" content=\"La lagrima esmeralda &#8212; Zapateneo\" \/>\n<meta property=\"og:description\" content=\"Pedro Pozas Terrado 9788493787189 - cauac \/ crimentales - 2012 - 290 p\u00e1ginas \/orri.\" \/>\n<meta property=\"og:url\" content=\"https:\/\/zapateneo.net\/wordpress\/index.php\/producto\/la-lagrima-esmeralda\/\" \/>\n<meta property=\"og:site_name\" content=\"Zapateneo\" \/>\n<meta property=\"article:modified_time\" content=\"2023-03-05T14:56:53+00:00\" \/>\n<meta property=\"og:image\" content=\"https:\/\/zapateneo.net\/wordpress\/wp-content\/uploads\/2021\/04\/7401.png\" \/>\n\t<meta property=\"og:image:width\" content=\"354\" \/>\n\t<meta property=\"og:image:height\" content=\"534\" \/>\n\t<meta property=\"og:image:type\" content=\"image\/png\" \/>\n<meta name=\"twitter:card\" content=\"summary_large_image\" \/>\n<meta name=\"twitter:site\" content=\"@zapateneo\" \/>\n<meta name=\"twitter:label1\" content=\"Tiempo de lectura\" \/>\n\t<meta name=\"twitter:data1\" content=\"4 minutos\" \/>\n<script type=\"application\/ld+json\" class=\"yoast-schema-graph\">{\"@context\":\"https:\\\/\\\/schema.org\",\"@graph\":[{\"@type\":\"WebPage\",\"@id\":\"https:\\\/\\\/zapateneo.net\\\/wordpress\\\/index.php\\\/producto\\\/la-lagrima-esmeralda\\\/\",\"url\":\"https:\\\/\\\/zapateneo.net\\\/wordpress\\\/index.php\\\/producto\\\/la-lagrima-esmeralda\\\/\",\"name\":\"La lagrima esmeralda &#8212; Zapateneo\",\"isPartOf\":{\"@id\":\"https:\\\/\\\/zapateneo.net\\\/wordpress\\\/#website\"},\"primaryImageOfPage\":{\"@id\":\"https:\\\/\\\/zapateneo.net\\\/wordpress\\\/index.php\\\/producto\\\/la-lagrima-esmeralda\\\/#primaryimage\"},\"image\":{\"@id\":\"https:\\\/\\\/zapateneo.net\\\/wordpress\\\/index.php\\\/producto\\\/la-lagrima-esmeralda\\\/#primaryimage\"},\"thumbnailUrl\":\"https:\\\/\\\/zapateneo.net\\\/wordpress\\\/wp-content\\\/uploads\\\/2021\\\/04\\\/7401.png\",\"datePublished\":\"2021-04-08T10:30:18+00:00\",\"dateModified\":\"2023-03-05T14:56:53+00:00\",\"breadcrumb\":{\"@id\":\"https:\\\/\\\/zapateneo.net\\\/wordpress\\\/index.php\\\/producto\\\/la-lagrima-esmeralda\\\/#breadcrumb\"},\"inLanguage\":\"es\",\"potentialAction\":[{\"@type\":\"ReadAction\",\"target\":[\"https:\\\/\\\/zapateneo.net\\\/wordpress\\\/index.php\\\/producto\\\/la-lagrima-esmeralda\\\/\"]}]},{\"@type\":\"ImageObject\",\"inLanguage\":\"es\",\"@id\":\"https:\\\/\\\/zapateneo.net\\\/wordpress\\\/index.php\\\/producto\\\/la-lagrima-esmeralda\\\/#primaryimage\",\"url\":\"https:\\\/\\\/zapateneo.net\\\/wordpress\\\/wp-content\\\/uploads\\\/2021\\\/04\\\/7401.png\",\"contentUrl\":\"https:\\\/\\\/zapateneo.net\\\/wordpress\\\/wp-content\\\/uploads\\\/2021\\\/04\\\/7401.png\",\"width\":354,\"height\":534},{\"@type\":\"BreadcrumbList\",\"@id\":\"https:\\\/\\\/zapateneo.net\\\/wordpress\\\/index.php\\\/producto\\\/la-lagrima-esmeralda\\\/#breadcrumb\",\"itemListElement\":[{\"@type\":\"ListItem\",\"position\":1,\"name\":\"Portada\",\"item\":\"https:\\\/\\\/zapateneo.net\\\/wordpress\\\/\"},{\"@type\":\"ListItem\",\"position\":2,\"name\":\"Tienda\",\"item\":\"https:\\\/\\\/zapateneo.net\\\/wordpress\\\/\"},{\"@type\":\"ListItem\",\"position\":3,\"name\":\"La lagrima esmeralda\"}]},{\"@type\":\"WebSite\",\"@id\":\"https:\\\/\\\/zapateneo.net\\\/wordpress\\\/#website\",\"url\":\"https:\\\/\\\/zapateneo.net\\\/wordpress\\\/\",\"name\":\"Zapateneo\",\"description\":\"Zapateneoaren webgunea\",\"publisher\":{\"@id\":\"https:\\\/\\\/zapateneo.net\\\/wordpress\\\/#organization\"},\"potentialAction\":[{\"@type\":\"SearchAction\",\"target\":{\"@type\":\"EntryPoint\",\"urlTemplate\":\"https:\\\/\\\/zapateneo.net\\\/wordpress\\\/?s={search_term_string}\"},\"query-input\":{\"@type\":\"PropertyValueSpecification\",\"valueRequired\":true,\"valueName\":\"search_term_string\"}}],\"inLanguage\":\"es\"},{\"@type\":\"Organization\",\"@id\":\"https:\\\/\\\/zapateneo.net\\\/wordpress\\\/#organization\",\"name\":\"Zapateneo Kultur Elkartea\",\"url\":\"https:\\\/\\\/zapateneo.net\\\/wordpress\\\/\",\"logo\":{\"@type\":\"ImageObject\",\"inLanguage\":\"es\",\"@id\":\"https:\\\/\\\/zapateneo.net\\\/wordpress\\\/#\\\/schema\\\/logo\\\/image\\\/\",\"url\":\"https:\\\/\\\/zapateneo.net\\\/wordpress\\\/wp-content\\\/uploads\\\/2021\\\/04\\\/zap-libu-kolec.jpg\",\"contentUrl\":\"https:\\\/\\\/zapateneo.net\\\/wordpress\\\/wp-content\\\/uploads\\\/2021\\\/04\\\/zap-libu-kolec.jpg\",\"width\":2234,\"height\":398,\"caption\":\"Zapateneo Kultur Elkartea\"},\"image\":{\"@id\":\"https:\\\/\\\/zapateneo.net\\\/wordpress\\\/#\\\/schema\\\/logo\\\/image\\\/\"},\"sameAs\":[\"https:\\\/\\\/x.com\\\/zapateneo\"]}]}<\/script>\n<!-- \/ Yoast SEO plugin. -->","yoast_head_json":{"title":"La lagrima esmeralda &#8212; Zapateneo","robots":{"index":"index","follow":"follow","max-snippet":"max-snippet:-1","max-image-preview":"max-image-preview:large","max-video-preview":"max-video-preview:-1"},"canonical":"https:\/\/zapateneo.net\/wordpress\/index.php\/producto\/la-lagrima-esmeralda\/","og_locale":"es_ES","og_type":"article","og_title":"La lagrima esmeralda &#8212; Zapateneo","og_description":"Pedro Pozas Terrado 9788493787189 - cauac \/ crimentales - 2012 - 290 p\u00e1ginas \/orri.","og_url":"https:\/\/zapateneo.net\/wordpress\/index.php\/producto\/la-lagrima-esmeralda\/","og_site_name":"Zapateneo","article_modified_time":"2023-03-05T14:56:53+00:00","og_image":[{"width":354,"height":534,"url":"https:\/\/zapateneo.net\/wordpress\/wp-content\/uploads\/2021\/04\/7401.png","type":"image\/png"}],"twitter_card":"summary_large_image","twitter_site":"@zapateneo","twitter_misc":{"Tiempo de lectura":"4 minutos"},"schema":{"@context":"https:\/\/schema.org","@graph":[{"@type":"WebPage","@id":"https:\/\/zapateneo.net\/wordpress\/index.php\/producto\/la-lagrima-esmeralda\/","url":"https:\/\/zapateneo.net\/wordpress\/index.php\/producto\/la-lagrima-esmeralda\/","name":"La lagrima esmeralda &#8212; Zapateneo","isPartOf":{"@id":"https:\/\/zapateneo.net\/wordpress\/#website"},"primaryImageOfPage":{"@id":"https:\/\/zapateneo.net\/wordpress\/index.php\/producto\/la-lagrima-esmeralda\/#primaryimage"},"image":{"@id":"https:\/\/zapateneo.net\/wordpress\/index.php\/producto\/la-lagrima-esmeralda\/#primaryimage"},"thumbnailUrl":"https:\/\/zapateneo.net\/wordpress\/wp-content\/uploads\/2021\/04\/7401.png","datePublished":"2021-04-08T10:30:18+00:00","dateModified":"2023-03-05T14:56:53+00:00","breadcrumb":{"@id":"https:\/\/zapateneo.net\/wordpress\/index.php\/producto\/la-lagrima-esmeralda\/#breadcrumb"},"inLanguage":"es","potentialAction":[{"@type":"ReadAction","target":["https:\/\/zapateneo.net\/wordpress\/index.php\/producto\/la-lagrima-esmeralda\/"]}]},{"@type":"ImageObject","inLanguage":"es","@id":"https:\/\/zapateneo.net\/wordpress\/index.php\/producto\/la-lagrima-esmeralda\/#primaryimage","url":"https:\/\/zapateneo.net\/wordpress\/wp-content\/uploads\/2021\/04\/7401.png","contentUrl":"https:\/\/zapateneo.net\/wordpress\/wp-content\/uploads\/2021\/04\/7401.png","width":354,"height":534},{"@type":"BreadcrumbList","@id":"https:\/\/zapateneo.net\/wordpress\/index.php\/producto\/la-lagrima-esmeralda\/#breadcrumb","itemListElement":[{"@type":"ListItem","position":1,"name":"Portada","item":"https:\/\/zapateneo.net\/wordpress\/"},{"@type":"ListItem","position":2,"name":"Tienda","item":"https:\/\/zapateneo.net\/wordpress\/"},{"@type":"ListItem","position":3,"name":"La lagrima esmeralda"}]},{"@type":"WebSite","@id":"https:\/\/zapateneo.net\/wordpress\/#website","url":"https:\/\/zapateneo.net\/wordpress\/","name":"Zapateneo","description":"Zapateneoaren webgunea","publisher":{"@id":"https:\/\/zapateneo.net\/wordpress\/#organization"},"potentialAction":[{"@type":"SearchAction","target":{"@type":"EntryPoint","urlTemplate":"https:\/\/zapateneo.net\/wordpress\/?s={search_term_string}"},"query-input":{"@type":"PropertyValueSpecification","valueRequired":true,"valueName":"search_term_string"}}],"inLanguage":"es"},{"@type":"Organization","@id":"https:\/\/zapateneo.net\/wordpress\/#organization","name":"Zapateneo Kultur Elkartea","url":"https:\/\/zapateneo.net\/wordpress\/","logo":{"@type":"ImageObject","inLanguage":"es","@id":"https:\/\/zapateneo.net\/wordpress\/#\/schema\/logo\/image\/","url":"https:\/\/zapateneo.net\/wordpress\/wp-content\/uploads\/2021\/04\/zap-libu-kolec.jpg","contentUrl":"https:\/\/zapateneo.net\/wordpress\/wp-content\/uploads\/2021\/04\/zap-libu-kolec.jpg","width":2234,"height":398,"caption":"Zapateneo Kultur Elkartea"},"image":{"@id":"https:\/\/zapateneo.net\/wordpress\/#\/schema\/logo\/image\/"},"sameAs":["https:\/\/x.com\/zapateneo"]}]}},"_links":{"self":[{"href":"https:\/\/zapateneo.net\/wordpress\/index.php\/wp-json\/wp\/v2\/product\/3880","targetHints":{"allow":["GET"]}}],"collection":[{"href":"https:\/\/zapateneo.net\/wordpress\/index.php\/wp-json\/wp\/v2\/product"}],"about":[{"href":"https:\/\/zapateneo.net\/wordpress\/index.php\/wp-json\/wp\/v2\/types\/product"}],"wp:featuredmedia":[{"embeddable":true,"href":"https:\/\/zapateneo.net\/wordpress\/index.php\/wp-json\/wp\/v2\/media\/3927"}],"wp:attachment":[{"href":"https:\/\/zapateneo.net\/wordpress\/index.php\/wp-json\/wp\/v2\/media?parent=3880"}],"wp:term":[{"taxonomy":"product_brand","embeddable":true,"href":"https:\/\/zapateneo.net\/wordpress\/index.php\/wp-json\/wp\/v2\/product_brand?post=3880"},{"taxonomy":"product_cat","embeddable":true,"href":"https:\/\/zapateneo.net\/wordpress\/index.php\/wp-json\/wp\/v2\/product_cat?post=3880"},{"taxonomy":"product_tag","embeddable":true,"href":"https:\/\/zapateneo.net\/wordpress\/index.php\/wp-json\/wp\/v2\/product_tag?post=3880"}],"curies":[{"name":"wp","href":"https:\/\/api.w.org\/{rel}","templated":true}]}}