{"id":2763,"date":"2021-04-07T16:41:49","date_gmt":"2021-04-07T15:41:49","guid":{"rendered":"https:\/\/zapateneo.net\/wordpress\/?post_type=product&#038;p=2763"},"modified":"2021-04-07T16:42:10","modified_gmt":"2021-04-07T15:42:10","slug":"ni-zares-ni-sultanes-anarquistas-y-revolucionarios-del-caucaso-1890-1925","status":"publish","type":"product","link":"https:\/\/zapateneo.net\/wordpress\/index.php\/producto\/ni-zares-ni-sultanes-anarquistas-y-revolucionarios-del-caucaso-1890-1925\/","title":{"rendered":"Ni zares ni sultanes. anarquistas y revolucionarios del C\u00e1ucaso (1890-1925)"},"content":{"rendered":"<p>Este libro es el duod\u00e9cimo t\u00edtulo de la colecci\u00f3n Lmentales, si bien inaugura la Serie Internacionalistas que pretende rescatar la historia del anarquismo fuera de las fronteras de Espa\u00f1a. Esta investigaci\u00f3n de Jordi Ma\u00edz se atreve a bucear, con audacia, en la historia poco conocida del movimiento libertario armenio, una historia apasionante y dolorosa, donde se entrecruzan los caminos del mundo eslavo y del Oriente pr\u00f3ximo:<\/p>\n<p>Que la historia del mundo contempor\u00e1neo siga movi\u00e9ndose alrededor de los viejos y nuevos imperios no es fruto de la casualidad, sino que forma parte de la pol\u00edtica cultural de las \u00e9lites de eso que solemos llamar Occidente.<\/p>\n<p>Para luchar contra el olvido surge Ni zares ni sultanes. Anarquistas y revolucionarios del C\u00e1ucaso (1890-1925), un trabajo de investigaci\u00f3n asequible para cualquier lector o lectora que nos adentra en la apasionante historia del casi desconocido movimiento anarquista de Armenia y su relaci\u00f3n con el anarquismo ruso, b\u00falgaro, franc\u00e9s, etc.<\/p>\n<p>Esta obra es un peque\u00f1o relato sobre los genocidios ninguneados. Es tambi\u00e9n una historia de la compleja relaci\u00f3n del anarquismo de principios del siglo XX con los movimientos de liberaci\u00f3n de corte nacional. Adem\u00e1s, representa un testimonio de esa solidaridad que las fronteras no pudieron contener y que tom\u00f3 forma de revistas, libros, asociaciones, acciones de lucha, etc.<\/p>\n<p>A mitad de camino entre oriente y occidente, las vidas de los y las anarquistas del C\u00e1ucaso nos ofrecen un legado imprescindible para desarrollar herramientas que nos sirvan para analizar nuestra realidad y enfrentarla en la lucha por construir un mundo nuevo.<\/p>\n","protected":false},"excerpt":{"rendered":"<p><strong>Jordi Maiz<\/strong><br \/>\n9788412134209 &#8211; La neurosis o las barricadas &#8211; 2019 &#8211; 117 p\u00e1ginas \/orri.<\/p>\n","protected":false},"featured_media":2792,"template":"","meta":[],"product_brand":[],"product_cat":[1868,16],"product_tag":[2029,714],"class_list":{"0":"post-2763","1":"product","2":"type-product","3":"status-publish","4":"has-post-thumbnail","6":"product_cat-anarkismoa-anarquismo","7":"product_cat-libros","8":"product_tag-jordi-maiz","9":"product_tag-la-neurosis-o-las-barricadas","11":"first","12":"instock","13":"sold-individually","14":"shipping-taxable","15":"purchasable","16":"product-type-simple"},"yoast_head":"<!-- This site is optimized with the Yoast SEO plugin v27.3 - https:\/\/yoast.com\/product\/yoast-seo-wordpress\/ -->\n<title>Ni zares ni sultanes. anarquistas y revolucionarios del C\u00e1ucaso (1890-1925) &#8212; Zapateneo<\/title>\n<meta name=\"robots\" content=\"index, follow, max-snippet:-1, max-image-preview:large, max-video-preview:-1\" \/>\n<link rel=\"canonical\" href=\"https:\/\/zapateneo.net\/wordpress\/index.php\/producto\/ni-zares-ni-sultanes-anarquistas-y-revolucionarios-del-caucaso-1890-1925\/\" \/>\n<meta property=\"og:locale\" content=\"es_ES\" \/>\n<meta property=\"og:type\" content=\"article\" \/>\n<meta property=\"og:title\" content=\"Ni zares ni sultanes. anarquistas y revolucionarios del C\u00e1ucaso (1890-1925) &#8212; Zapateneo\" \/>\n<meta property=\"og:description\" content=\"Jordi Maiz 9788412134209 - La neurosis o las barricadas - 2019 - 117 p\u00e1ginas \/orri.\" \/>\n<meta property=\"og:url\" content=\"https:\/\/zapateneo.net\/wordpress\/index.php\/producto\/ni-zares-ni-sultanes-anarquistas-y-revolucionarios-del-caucaso-1890-1925\/\" \/>\n<meta property=\"og:site_name\" content=\"Zapateneo\" \/>\n<meta property=\"article:modified_time\" content=\"2021-04-07T15:42:10+00:00\" \/>\n<meta property=\"og:image\" content=\"https:\/\/zapateneo.net\/wordpress\/wp-content\/uploads\/2021\/04\/9789200647048.gif\" \/>\n\t<meta property=\"og:image:width\" content=\"175\" \/>\n\t<meta property=\"og:image:height\" content=\"210\" \/>\n\t<meta property=\"og:image:type\" content=\"image\/gif\" \/>\n<meta name=\"twitter:card\" content=\"summary_large_image\" \/>\n<meta name=\"twitter:site\" content=\"@zapateneo\" \/>\n<meta name=\"twitter:label1\" content=\"Tiempo de lectura\" \/>\n\t<meta name=\"twitter:data1\" content=\"1 minuto\" \/>\n<script type=\"application\/ld+json\" class=\"yoast-schema-graph\">{\"@context\":\"https:\\\/\\\/schema.org\",\"@graph\":[{\"@type\":\"WebPage\",\"@id\":\"https:\\\/\\\/zapateneo.net\\\/wordpress\\\/index.php\\\/producto\\\/ni-zares-ni-sultanes-anarquistas-y-revolucionarios-del-caucaso-1890-1925\\\/\",\"url\":\"https:\\\/\\\/zapateneo.net\\\/wordpress\\\/index.php\\\/producto\\\/ni-zares-ni-sultanes-anarquistas-y-revolucionarios-del-caucaso-1890-1925\\\/\",\"name\":\"Ni zares ni sultanes. anarquistas y revolucionarios del C\u00e1ucaso (1890-1925) &#8212; Zapateneo\",\"isPartOf\":{\"@id\":\"https:\\\/\\\/zapateneo.net\\\/wordpress\\\/#website\"},\"primaryImageOfPage\":{\"@id\":\"https:\\\/\\\/zapateneo.net\\\/wordpress\\\/index.php\\\/producto\\\/ni-zares-ni-sultanes-anarquistas-y-revolucionarios-del-caucaso-1890-1925\\\/#primaryimage\"},\"image\":{\"@id\":\"https:\\\/\\\/zapateneo.net\\\/wordpress\\\/index.php\\\/producto\\\/ni-zares-ni-sultanes-anarquistas-y-revolucionarios-del-caucaso-1890-1925\\\/#primaryimage\"},\"thumbnailUrl\":\"https:\\\/\\\/zapateneo.net\\\/wordpress\\\/wp-content\\\/uploads\\\/2021\\\/04\\\/9789200647048.gif\",\"datePublished\":\"2021-04-07T15:41:49+00:00\",\"dateModified\":\"2021-04-07T15:42:10+00:00\",\"breadcrumb\":{\"@id\":\"https:\\\/\\\/zapateneo.net\\\/wordpress\\\/index.php\\\/producto\\\/ni-zares-ni-sultanes-anarquistas-y-revolucionarios-del-caucaso-1890-1925\\\/#breadcrumb\"},\"inLanguage\":\"es\",\"potentialAction\":[{\"@type\":\"ReadAction\",\"target\":[\"https:\\\/\\\/zapateneo.net\\\/wordpress\\\/index.php\\\/producto\\\/ni-zares-ni-sultanes-anarquistas-y-revolucionarios-del-caucaso-1890-1925\\\/\"]}]},{\"@type\":\"ImageObject\",\"inLanguage\":\"es\",\"@id\":\"https:\\\/\\\/zapateneo.net\\\/wordpress\\\/index.php\\\/producto\\\/ni-zares-ni-sultanes-anarquistas-y-revolucionarios-del-caucaso-1890-1925\\\/#primaryimage\",\"url\":\"https:\\\/\\\/zapateneo.net\\\/wordpress\\\/wp-content\\\/uploads\\\/2021\\\/04\\\/9789200647048.gif\",\"contentUrl\":\"https:\\\/\\\/zapateneo.net\\\/wordpress\\\/wp-content\\\/uploads\\\/2021\\\/04\\\/9789200647048.gif\",\"width\":175,\"height\":210},{\"@type\":\"BreadcrumbList\",\"@id\":\"https:\\\/\\\/zapateneo.net\\\/wordpress\\\/index.php\\\/producto\\\/ni-zares-ni-sultanes-anarquistas-y-revolucionarios-del-caucaso-1890-1925\\\/#breadcrumb\",\"itemListElement\":[{\"@type\":\"ListItem\",\"position\":1,\"name\":\"Portada\",\"item\":\"https:\\\/\\\/zapateneo.net\\\/wordpress\\\/\"},{\"@type\":\"ListItem\",\"position\":2,\"name\":\"Tienda\",\"item\":\"https:\\\/\\\/zapateneo.net\\\/wordpress\\\/\"},{\"@type\":\"ListItem\",\"position\":3,\"name\":\"Ni zares ni sultanes. anarquistas y revolucionarios del C\u00e1ucaso (1890-1925)\"}]},{\"@type\":\"WebSite\",\"@id\":\"https:\\\/\\\/zapateneo.net\\\/wordpress\\\/#website\",\"url\":\"https:\\\/\\\/zapateneo.net\\\/wordpress\\\/\",\"name\":\"Zapateneo\",\"description\":\"Zapateneoaren webgunea\",\"publisher\":{\"@id\":\"https:\\\/\\\/zapateneo.net\\\/wordpress\\\/#organization\"},\"potentialAction\":[{\"@type\":\"SearchAction\",\"target\":{\"@type\":\"EntryPoint\",\"urlTemplate\":\"https:\\\/\\\/zapateneo.net\\\/wordpress\\\/?s={search_term_string}\"},\"query-input\":{\"@type\":\"PropertyValueSpecification\",\"valueRequired\":true,\"valueName\":\"search_term_string\"}}],\"inLanguage\":\"es\"},{\"@type\":\"Organization\",\"@id\":\"https:\\\/\\\/zapateneo.net\\\/wordpress\\\/#organization\",\"name\":\"Zapateneo Kultur Elkartea\",\"url\":\"https:\\\/\\\/zapateneo.net\\\/wordpress\\\/\",\"logo\":{\"@type\":\"ImageObject\",\"inLanguage\":\"es\",\"@id\":\"https:\\\/\\\/zapateneo.net\\\/wordpress\\\/#\\\/schema\\\/logo\\\/image\\\/\",\"url\":\"https:\\\/\\\/zapateneo.net\\\/wordpress\\\/wp-content\\\/uploads\\\/2021\\\/04\\\/zap-libu-kolec.jpg\",\"contentUrl\":\"https:\\\/\\\/zapateneo.net\\\/wordpress\\\/wp-content\\\/uploads\\\/2021\\\/04\\\/zap-libu-kolec.jpg\",\"width\":2234,\"height\":398,\"caption\":\"Zapateneo Kultur Elkartea\"},\"image\":{\"@id\":\"https:\\\/\\\/zapateneo.net\\\/wordpress\\\/#\\\/schema\\\/logo\\\/image\\\/\"},\"sameAs\":[\"https:\\\/\\\/x.com\\\/zapateneo\"]}]}<\/script>\n<!-- \/ Yoast SEO plugin. -->","yoast_head_json":{"title":"Ni zares ni sultanes. anarquistas y revolucionarios del C\u00e1ucaso (1890-1925) &#8212; Zapateneo","robots":{"index":"index","follow":"follow","max-snippet":"max-snippet:-1","max-image-preview":"max-image-preview:large","max-video-preview":"max-video-preview:-1"},"canonical":"https:\/\/zapateneo.net\/wordpress\/index.php\/producto\/ni-zares-ni-sultanes-anarquistas-y-revolucionarios-del-caucaso-1890-1925\/","og_locale":"es_ES","og_type":"article","og_title":"Ni zares ni sultanes. anarquistas y revolucionarios del C\u00e1ucaso (1890-1925) &#8212; Zapateneo","og_description":"Jordi Maiz 9788412134209 - La neurosis o las barricadas - 2019 - 117 p\u00e1ginas \/orri.","og_url":"https:\/\/zapateneo.net\/wordpress\/index.php\/producto\/ni-zares-ni-sultanes-anarquistas-y-revolucionarios-del-caucaso-1890-1925\/","og_site_name":"Zapateneo","article_modified_time":"2021-04-07T15:42:10+00:00","og_image":[{"width":175,"height":210,"url":"https:\/\/zapateneo.net\/wordpress\/wp-content\/uploads\/2021\/04\/9789200647048.gif","type":"image\/gif"}],"twitter_card":"summary_large_image","twitter_site":"@zapateneo","twitter_misc":{"Tiempo de lectura":"1 minuto"},"schema":{"@context":"https:\/\/schema.org","@graph":[{"@type":"WebPage","@id":"https:\/\/zapateneo.net\/wordpress\/index.php\/producto\/ni-zares-ni-sultanes-anarquistas-y-revolucionarios-del-caucaso-1890-1925\/","url":"https:\/\/zapateneo.net\/wordpress\/index.php\/producto\/ni-zares-ni-sultanes-anarquistas-y-revolucionarios-del-caucaso-1890-1925\/","name":"Ni zares ni sultanes. anarquistas y revolucionarios del C\u00e1ucaso (1890-1925) &#8212; Zapateneo","isPartOf":{"@id":"https:\/\/zapateneo.net\/wordpress\/#website"},"primaryImageOfPage":{"@id":"https:\/\/zapateneo.net\/wordpress\/index.php\/producto\/ni-zares-ni-sultanes-anarquistas-y-revolucionarios-del-caucaso-1890-1925\/#primaryimage"},"image":{"@id":"https:\/\/zapateneo.net\/wordpress\/index.php\/producto\/ni-zares-ni-sultanes-anarquistas-y-revolucionarios-del-caucaso-1890-1925\/#primaryimage"},"thumbnailUrl":"https:\/\/zapateneo.net\/wordpress\/wp-content\/uploads\/2021\/04\/9789200647048.gif","datePublished":"2021-04-07T15:41:49+00:00","dateModified":"2021-04-07T15:42:10+00:00","breadcrumb":{"@id":"https:\/\/zapateneo.net\/wordpress\/index.php\/producto\/ni-zares-ni-sultanes-anarquistas-y-revolucionarios-del-caucaso-1890-1925\/#breadcrumb"},"inLanguage":"es","potentialAction":[{"@type":"ReadAction","target":["https:\/\/zapateneo.net\/wordpress\/index.php\/producto\/ni-zares-ni-sultanes-anarquistas-y-revolucionarios-del-caucaso-1890-1925\/"]}]},{"@type":"ImageObject","inLanguage":"es","@id":"https:\/\/zapateneo.net\/wordpress\/index.php\/producto\/ni-zares-ni-sultanes-anarquistas-y-revolucionarios-del-caucaso-1890-1925\/#primaryimage","url":"https:\/\/zapateneo.net\/wordpress\/wp-content\/uploads\/2021\/04\/9789200647048.gif","contentUrl":"https:\/\/zapateneo.net\/wordpress\/wp-content\/uploads\/2021\/04\/9789200647048.gif","width":175,"height":210},{"@type":"BreadcrumbList","@id":"https:\/\/zapateneo.net\/wordpress\/index.php\/producto\/ni-zares-ni-sultanes-anarquistas-y-revolucionarios-del-caucaso-1890-1925\/#breadcrumb","itemListElement":[{"@type":"ListItem","position":1,"name":"Portada","item":"https:\/\/zapateneo.net\/wordpress\/"},{"@type":"ListItem","position":2,"name":"Tienda","item":"https:\/\/zapateneo.net\/wordpress\/"},{"@type":"ListItem","position":3,"name":"Ni zares ni sultanes. anarquistas y revolucionarios del C\u00e1ucaso (1890-1925)"}]},{"@type":"WebSite","@id":"https:\/\/zapateneo.net\/wordpress\/#website","url":"https:\/\/zapateneo.net\/wordpress\/","name":"Zapateneo","description":"Zapateneoaren webgunea","publisher":{"@id":"https:\/\/zapateneo.net\/wordpress\/#organization"},"potentialAction":[{"@type":"SearchAction","target":{"@type":"EntryPoint","urlTemplate":"https:\/\/zapateneo.net\/wordpress\/?s={search_term_string}"},"query-input":{"@type":"PropertyValueSpecification","valueRequired":true,"valueName":"search_term_string"}}],"inLanguage":"es"},{"@type":"Organization","@id":"https:\/\/zapateneo.net\/wordpress\/#organization","name":"Zapateneo Kultur Elkartea","url":"https:\/\/zapateneo.net\/wordpress\/","logo":{"@type":"ImageObject","inLanguage":"es","@id":"https:\/\/zapateneo.net\/wordpress\/#\/schema\/logo\/image\/","url":"https:\/\/zapateneo.net\/wordpress\/wp-content\/uploads\/2021\/04\/zap-libu-kolec.jpg","contentUrl":"https:\/\/zapateneo.net\/wordpress\/wp-content\/uploads\/2021\/04\/zap-libu-kolec.jpg","width":2234,"height":398,"caption":"Zapateneo Kultur Elkartea"},"image":{"@id":"https:\/\/zapateneo.net\/wordpress\/#\/schema\/logo\/image\/"},"sameAs":["https:\/\/x.com\/zapateneo"]}]}},"_links":{"self":[{"href":"https:\/\/zapateneo.net\/wordpress\/index.php\/wp-json\/wp\/v2\/product\/2763","targetHints":{"allow":["GET"]}}],"collection":[{"href":"https:\/\/zapateneo.net\/wordpress\/index.php\/wp-json\/wp\/v2\/product"}],"about":[{"href":"https:\/\/zapateneo.net\/wordpress\/index.php\/wp-json\/wp\/v2\/types\/product"}],"wp:featuredmedia":[{"embeddable":true,"href":"https:\/\/zapateneo.net\/wordpress\/index.php\/wp-json\/wp\/v2\/media\/2792"}],"wp:attachment":[{"href":"https:\/\/zapateneo.net\/wordpress\/index.php\/wp-json\/wp\/v2\/media?parent=2763"}],"wp:term":[{"taxonomy":"product_brand","embeddable":true,"href":"https:\/\/zapateneo.net\/wordpress\/index.php\/wp-json\/wp\/v2\/product_brand?post=2763"},{"taxonomy":"product_cat","embeddable":true,"href":"https:\/\/zapateneo.net\/wordpress\/index.php\/wp-json\/wp\/v2\/product_cat?post=2763"},{"taxonomy":"product_tag","embeddable":true,"href":"https:\/\/zapateneo.net\/wordpress\/index.php\/wp-json\/wp\/v2\/product_tag?post=2763"}],"curies":[{"name":"wp","href":"https:\/\/api.w.org\/{rel}","templated":true}]}}