{"id":2694,"date":"2021-04-07T16:40:44","date_gmt":"2021-04-07T15:40:44","guid":{"rendered":"https:\/\/zapateneo.net\/wordpress\/?post_type=product&#038;p=2694"},"modified":"2021-04-07T16:41:05","modified_gmt":"2021-04-07T15:41:05","slug":"pueblos-sin-estado-antropologia-y-anarquismo","status":"publish","type":"product","link":"https:\/\/zapateneo.net\/wordpress\/index.php\/producto\/pueblos-sin-estado-antropologia-y-anarquismo\/","title":{"rendered":"Pueblos sin Estado. Antropolog\u00eda y anarquismo"},"content":{"rendered":"<p>Pueblos sin Estado. Antropolog\u00eda y anarquismo es el decimosegundo t\u00edtulo de nuestra colecci\u00f3n central. En este trabajo, el investigador holand\u00e9s Thom Holterman se aproxima a algunas de las obras m\u00e1s significativas de la antropolog\u00eda de las \u00faltimas d\u00e9cadas para explorar, lejos de los prejuicios t\u00edpicos del pensamiento occidental, qu\u00e9 rasgos culturales de las sociedades organizadas en estructuras no estatales impiden el desarrollo de formas de dominaci\u00f3n. Los detalles aportados por diversas investigaciones servir\u00e1n al autor para deducir las diferencias entre sociedades organizadas alrededor de valores que desprecian la centralizaci\u00f3n del poder y otras, que, por el contrario, estimulan y normalizan las relaciones de dominio de unas personas sobre otras:<\/p>\n<p>Puede resultar interesante indagar qu\u00e9 pueblos y culturas se han protegido de la acumulaci\u00f3n de poder y c\u00f3mo lo han hecho. Si miramos al presente o al pasado, resulta obvio que hay diversos pueblos que han demostrado un enorme desprecio por la desigualdad, el ego\u00edsmo y la violencia. Desde este punto de vista podemos poner en duda muchos prejuicios sobre la superioridad de las sociedades occidentales sobre otras culturas. Resultar\u00eda sencillo poner un ejemplo: si valor\u00e1semos el sentido de comunidad y la preocupaci\u00f3n por el equilibrio social, la generosidad o la autosuficiencia, resultar\u00eda que las sociedades occidentales no son en absoluto sociedades avanzadas y tendr\u00edamos entonces que envidiar c\u00f3mo en determinadas culturas se articulan normas sociales que obstaculizan la posibilidad de que unos grupos sociales puedan ejercer alguna forma de dominaci\u00f3n sobre otros.<\/p>\n<p>Este es el eje sobre el que gira Pueblos sin Estado. Antropolog\u00eda y anarquismo que, de esta manera, cuestiona que toda norma legal sea una herramienta de dominaci\u00f3n. Holterman penetra en las costumbres de diferentes pueblos, donde las normas no escritas, sus leyes nunca plasmadas en c\u00f3digos, sirven para asegurar una igualdad que impida la centralizaci\u00f3n del poder. Ese modo de organizaci\u00f3n social no ser\u00eda el simple fruto de las circunstancias econ\u00f3micas y materiales, sino que ser\u00eda una decisi\u00f3n colectiva. Esta idea desmiente que formas de centralizaci\u00f3n del poder pol\u00edtico como el Estado sean un avance y que las sociedades sin Estado vivan ancladas en un estadio primitivo de la evoluci\u00f3n humana.<\/p>\n<p>Holterman dedica, adem\u00e1s, una atenci\u00f3n especial al an\u00e1lisis de la inteligencia colectiva que posibilita en m\u00faltiples comunidades un sistema basado en la justicia restaurativa. Su lectura aporta lecciones que debi\u00e9ramos tener muy en cuenta.<\/p>\n","protected":false},"excerpt":{"rendered":"<p><strong>Thom Holterman<\/strong><br \/>\n9788412134216 &#8211; La neurosis o las barricadas &#8211; 2020 &#8211; 134 p\u00e1ginas \/orri.<\/p>\n","protected":false},"featured_media":2724,"template":"","meta":[],"product_brand":[],"product_cat":[1868,16],"product_tag":[714,1984],"class_list":{"0":"post-2694","1":"product","2":"type-product","3":"status-publish","4":"has-post-thumbnail","6":"product_cat-anarkismoa-anarquismo","7":"product_cat-libros","8":"product_tag-la-neurosis-o-las-barricadas","9":"product_tag-thom-holterman","11":"first","12":"instock","13":"sold-individually","14":"shipping-taxable","15":"purchasable","16":"product-type-simple"},"yoast_head":"<!-- This site is optimized with the Yoast SEO plugin v27.3 - https:\/\/yoast.com\/product\/yoast-seo-wordpress\/ -->\n<title>Pueblos sin Estado. Antropolog\u00eda y anarquismo &#8212; Zapateneo<\/title>\n<meta name=\"robots\" content=\"index, follow, max-snippet:-1, max-image-preview:large, max-video-preview:-1\" \/>\n<link rel=\"canonical\" href=\"https:\/\/zapateneo.net\/wordpress\/index.php\/producto\/pueblos-sin-estado-antropologia-y-anarquismo\/\" \/>\n<meta property=\"og:locale\" content=\"es_ES\" \/>\n<meta property=\"og:type\" content=\"article\" \/>\n<meta property=\"og:title\" content=\"Pueblos sin Estado. Antropolog\u00eda y anarquismo &#8212; Zapateneo\" \/>\n<meta property=\"og:description\" content=\"Thom Holterman 9788412134216 - La neurosis o las barricadas - 2020 - 134 p\u00e1ginas \/orri.\" \/>\n<meta property=\"og:url\" content=\"https:\/\/zapateneo.net\/wordpress\/index.php\/producto\/pueblos-sin-estado-antropologia-y-anarquismo\/\" \/>\n<meta property=\"og:site_name\" content=\"Zapateneo\" \/>\n<meta property=\"article:modified_time\" content=\"2021-04-07T15:41:05+00:00\" \/>\n<meta property=\"og:image\" content=\"https:\/\/zapateneo.net\/wordpress\/wp-content\/uploads\/2021\/04\/9788412134216.gif\" \/>\n\t<meta property=\"og:image:width\" content=\"240\" \/>\n\t<meta property=\"og:image:height\" content=\"306\" \/>\n\t<meta property=\"og:image:type\" content=\"image\/gif\" \/>\n<meta name=\"twitter:card\" content=\"summary_large_image\" \/>\n<meta name=\"twitter:site\" content=\"@zapateneo\" \/>\n<meta name=\"twitter:label1\" content=\"Tiempo de lectura\" \/>\n\t<meta name=\"twitter:data1\" content=\"2 minutos\" \/>\n<script type=\"application\/ld+json\" class=\"yoast-schema-graph\">{\"@context\":\"https:\\\/\\\/schema.org\",\"@graph\":[{\"@type\":\"WebPage\",\"@id\":\"https:\\\/\\\/zapateneo.net\\\/wordpress\\\/index.php\\\/producto\\\/pueblos-sin-estado-antropologia-y-anarquismo\\\/\",\"url\":\"https:\\\/\\\/zapateneo.net\\\/wordpress\\\/index.php\\\/producto\\\/pueblos-sin-estado-antropologia-y-anarquismo\\\/\",\"name\":\"Pueblos sin Estado. Antropolog\u00eda y anarquismo &#8212; Zapateneo\",\"isPartOf\":{\"@id\":\"https:\\\/\\\/zapateneo.net\\\/wordpress\\\/#website\"},\"primaryImageOfPage\":{\"@id\":\"https:\\\/\\\/zapateneo.net\\\/wordpress\\\/index.php\\\/producto\\\/pueblos-sin-estado-antropologia-y-anarquismo\\\/#primaryimage\"},\"image\":{\"@id\":\"https:\\\/\\\/zapateneo.net\\\/wordpress\\\/index.php\\\/producto\\\/pueblos-sin-estado-antropologia-y-anarquismo\\\/#primaryimage\"},\"thumbnailUrl\":\"https:\\\/\\\/zapateneo.net\\\/wordpress\\\/wp-content\\\/uploads\\\/2021\\\/04\\\/9788412134216.gif\",\"datePublished\":\"2021-04-07T15:40:44+00:00\",\"dateModified\":\"2021-04-07T15:41:05+00:00\",\"breadcrumb\":{\"@id\":\"https:\\\/\\\/zapateneo.net\\\/wordpress\\\/index.php\\\/producto\\\/pueblos-sin-estado-antropologia-y-anarquismo\\\/#breadcrumb\"},\"inLanguage\":\"es\",\"potentialAction\":[{\"@type\":\"ReadAction\",\"target\":[\"https:\\\/\\\/zapateneo.net\\\/wordpress\\\/index.php\\\/producto\\\/pueblos-sin-estado-antropologia-y-anarquismo\\\/\"]}]},{\"@type\":\"ImageObject\",\"inLanguage\":\"es\",\"@id\":\"https:\\\/\\\/zapateneo.net\\\/wordpress\\\/index.php\\\/producto\\\/pueblos-sin-estado-antropologia-y-anarquismo\\\/#primaryimage\",\"url\":\"https:\\\/\\\/zapateneo.net\\\/wordpress\\\/wp-content\\\/uploads\\\/2021\\\/04\\\/9788412134216.gif\",\"contentUrl\":\"https:\\\/\\\/zapateneo.net\\\/wordpress\\\/wp-content\\\/uploads\\\/2021\\\/04\\\/9788412134216.gif\",\"width\":240,\"height\":306},{\"@type\":\"BreadcrumbList\",\"@id\":\"https:\\\/\\\/zapateneo.net\\\/wordpress\\\/index.php\\\/producto\\\/pueblos-sin-estado-antropologia-y-anarquismo\\\/#breadcrumb\",\"itemListElement\":[{\"@type\":\"ListItem\",\"position\":1,\"name\":\"Portada\",\"item\":\"https:\\\/\\\/zapateneo.net\\\/wordpress\\\/\"},{\"@type\":\"ListItem\",\"position\":2,\"name\":\"Tienda\",\"item\":\"https:\\\/\\\/zapateneo.net\\\/wordpress\\\/\"},{\"@type\":\"ListItem\",\"position\":3,\"name\":\"Pueblos sin Estado. Antropolog\u00eda y anarquismo\"}]},{\"@type\":\"WebSite\",\"@id\":\"https:\\\/\\\/zapateneo.net\\\/wordpress\\\/#website\",\"url\":\"https:\\\/\\\/zapateneo.net\\\/wordpress\\\/\",\"name\":\"Zapateneo\",\"description\":\"Zapateneoaren webgunea\",\"publisher\":{\"@id\":\"https:\\\/\\\/zapateneo.net\\\/wordpress\\\/#organization\"},\"potentialAction\":[{\"@type\":\"SearchAction\",\"target\":{\"@type\":\"EntryPoint\",\"urlTemplate\":\"https:\\\/\\\/zapateneo.net\\\/wordpress\\\/?s={search_term_string}\"},\"query-input\":{\"@type\":\"PropertyValueSpecification\",\"valueRequired\":true,\"valueName\":\"search_term_string\"}}],\"inLanguage\":\"es\"},{\"@type\":\"Organization\",\"@id\":\"https:\\\/\\\/zapateneo.net\\\/wordpress\\\/#organization\",\"name\":\"Zapateneo Kultur Elkartea\",\"url\":\"https:\\\/\\\/zapateneo.net\\\/wordpress\\\/\",\"logo\":{\"@type\":\"ImageObject\",\"inLanguage\":\"es\",\"@id\":\"https:\\\/\\\/zapateneo.net\\\/wordpress\\\/#\\\/schema\\\/logo\\\/image\\\/\",\"url\":\"https:\\\/\\\/zapateneo.net\\\/wordpress\\\/wp-content\\\/uploads\\\/2021\\\/04\\\/zap-libu-kolec.jpg\",\"contentUrl\":\"https:\\\/\\\/zapateneo.net\\\/wordpress\\\/wp-content\\\/uploads\\\/2021\\\/04\\\/zap-libu-kolec.jpg\",\"width\":2234,\"height\":398,\"caption\":\"Zapateneo Kultur Elkartea\"},\"image\":{\"@id\":\"https:\\\/\\\/zapateneo.net\\\/wordpress\\\/#\\\/schema\\\/logo\\\/image\\\/\"},\"sameAs\":[\"https:\\\/\\\/x.com\\\/zapateneo\"]}]}<\/script>\n<!-- \/ Yoast SEO plugin. -->","yoast_head_json":{"title":"Pueblos sin Estado. Antropolog\u00eda y anarquismo &#8212; Zapateneo","robots":{"index":"index","follow":"follow","max-snippet":"max-snippet:-1","max-image-preview":"max-image-preview:large","max-video-preview":"max-video-preview:-1"},"canonical":"https:\/\/zapateneo.net\/wordpress\/index.php\/producto\/pueblos-sin-estado-antropologia-y-anarquismo\/","og_locale":"es_ES","og_type":"article","og_title":"Pueblos sin Estado. Antropolog\u00eda y anarquismo &#8212; Zapateneo","og_description":"Thom Holterman 9788412134216 - La neurosis o las barricadas - 2020 - 134 p\u00e1ginas \/orri.","og_url":"https:\/\/zapateneo.net\/wordpress\/index.php\/producto\/pueblos-sin-estado-antropologia-y-anarquismo\/","og_site_name":"Zapateneo","article_modified_time":"2021-04-07T15:41:05+00:00","og_image":[{"width":240,"height":306,"url":"https:\/\/zapateneo.net\/wordpress\/wp-content\/uploads\/2021\/04\/9788412134216.gif","type":"image\/gif"}],"twitter_card":"summary_large_image","twitter_site":"@zapateneo","twitter_misc":{"Tiempo de lectura":"2 minutos"},"schema":{"@context":"https:\/\/schema.org","@graph":[{"@type":"WebPage","@id":"https:\/\/zapateneo.net\/wordpress\/index.php\/producto\/pueblos-sin-estado-antropologia-y-anarquismo\/","url":"https:\/\/zapateneo.net\/wordpress\/index.php\/producto\/pueblos-sin-estado-antropologia-y-anarquismo\/","name":"Pueblos sin Estado. Antropolog\u00eda y anarquismo &#8212; Zapateneo","isPartOf":{"@id":"https:\/\/zapateneo.net\/wordpress\/#website"},"primaryImageOfPage":{"@id":"https:\/\/zapateneo.net\/wordpress\/index.php\/producto\/pueblos-sin-estado-antropologia-y-anarquismo\/#primaryimage"},"image":{"@id":"https:\/\/zapateneo.net\/wordpress\/index.php\/producto\/pueblos-sin-estado-antropologia-y-anarquismo\/#primaryimage"},"thumbnailUrl":"https:\/\/zapateneo.net\/wordpress\/wp-content\/uploads\/2021\/04\/9788412134216.gif","datePublished":"2021-04-07T15:40:44+00:00","dateModified":"2021-04-07T15:41:05+00:00","breadcrumb":{"@id":"https:\/\/zapateneo.net\/wordpress\/index.php\/producto\/pueblos-sin-estado-antropologia-y-anarquismo\/#breadcrumb"},"inLanguage":"es","potentialAction":[{"@type":"ReadAction","target":["https:\/\/zapateneo.net\/wordpress\/index.php\/producto\/pueblos-sin-estado-antropologia-y-anarquismo\/"]}]},{"@type":"ImageObject","inLanguage":"es","@id":"https:\/\/zapateneo.net\/wordpress\/index.php\/producto\/pueblos-sin-estado-antropologia-y-anarquismo\/#primaryimage","url":"https:\/\/zapateneo.net\/wordpress\/wp-content\/uploads\/2021\/04\/9788412134216.gif","contentUrl":"https:\/\/zapateneo.net\/wordpress\/wp-content\/uploads\/2021\/04\/9788412134216.gif","width":240,"height":306},{"@type":"BreadcrumbList","@id":"https:\/\/zapateneo.net\/wordpress\/index.php\/producto\/pueblos-sin-estado-antropologia-y-anarquismo\/#breadcrumb","itemListElement":[{"@type":"ListItem","position":1,"name":"Portada","item":"https:\/\/zapateneo.net\/wordpress\/"},{"@type":"ListItem","position":2,"name":"Tienda","item":"https:\/\/zapateneo.net\/wordpress\/"},{"@type":"ListItem","position":3,"name":"Pueblos sin Estado. Antropolog\u00eda y anarquismo"}]},{"@type":"WebSite","@id":"https:\/\/zapateneo.net\/wordpress\/#website","url":"https:\/\/zapateneo.net\/wordpress\/","name":"Zapateneo","description":"Zapateneoaren webgunea","publisher":{"@id":"https:\/\/zapateneo.net\/wordpress\/#organization"},"potentialAction":[{"@type":"SearchAction","target":{"@type":"EntryPoint","urlTemplate":"https:\/\/zapateneo.net\/wordpress\/?s={search_term_string}"},"query-input":{"@type":"PropertyValueSpecification","valueRequired":true,"valueName":"search_term_string"}}],"inLanguage":"es"},{"@type":"Organization","@id":"https:\/\/zapateneo.net\/wordpress\/#organization","name":"Zapateneo Kultur Elkartea","url":"https:\/\/zapateneo.net\/wordpress\/","logo":{"@type":"ImageObject","inLanguage":"es","@id":"https:\/\/zapateneo.net\/wordpress\/#\/schema\/logo\/image\/","url":"https:\/\/zapateneo.net\/wordpress\/wp-content\/uploads\/2021\/04\/zap-libu-kolec.jpg","contentUrl":"https:\/\/zapateneo.net\/wordpress\/wp-content\/uploads\/2021\/04\/zap-libu-kolec.jpg","width":2234,"height":398,"caption":"Zapateneo Kultur Elkartea"},"image":{"@id":"https:\/\/zapateneo.net\/wordpress\/#\/schema\/logo\/image\/"},"sameAs":["https:\/\/x.com\/zapateneo"]}]}},"_links":{"self":[{"href":"https:\/\/zapateneo.net\/wordpress\/index.php\/wp-json\/wp\/v2\/product\/2694","targetHints":{"allow":["GET"]}}],"collection":[{"href":"https:\/\/zapateneo.net\/wordpress\/index.php\/wp-json\/wp\/v2\/product"}],"about":[{"href":"https:\/\/zapateneo.net\/wordpress\/index.php\/wp-json\/wp\/v2\/types\/product"}],"wp:featuredmedia":[{"embeddable":true,"href":"https:\/\/zapateneo.net\/wordpress\/index.php\/wp-json\/wp\/v2\/media\/2724"}],"wp:attachment":[{"href":"https:\/\/zapateneo.net\/wordpress\/index.php\/wp-json\/wp\/v2\/media?parent=2694"}],"wp:term":[{"taxonomy":"product_brand","embeddable":true,"href":"https:\/\/zapateneo.net\/wordpress\/index.php\/wp-json\/wp\/v2\/product_brand?post=2694"},{"taxonomy":"product_cat","embeddable":true,"href":"https:\/\/zapateneo.net\/wordpress\/index.php\/wp-json\/wp\/v2\/product_cat?post=2694"},{"taxonomy":"product_tag","embeddable":true,"href":"https:\/\/zapateneo.net\/wordpress\/index.php\/wp-json\/wp\/v2\/product_tag?post=2694"}],"curies":[{"name":"wp","href":"https:\/\/api.w.org\/{rel}","templated":true}]}}