{"id":2567,"date":"2021-04-07T16:22:33","date_gmt":"2021-04-07T15:22:33","guid":{"rendered":"https:\/\/zapateneo.net\/wordpress\/?post_type=product&#038;p=2567"},"modified":"2023-05-05T06:30:55","modified_gmt":"2023-05-05T05:30:55","slug":"los-ejercitos-humanitarios-y-la-violencia-sexista-militar","status":"publish","type":"product","link":"https:\/\/zapateneo.net\/wordpress\/index.php\/producto\/los-ejercitos-humanitarios-y-la-violencia-sexista-militar\/","title":{"rendered":"Los ej\u00e9rcitos humanitarios y la violencia sexista militar"},"content":{"rendered":"<p>Hace ahora cinco a\u00f1os, con la publicaci\u00f3n de La abominable cara oculta de los ej\u00e9rcitos humanitarios, pretend\u00edamos aportar al movimiento antimilitarista una herramienta para reforzar -sobre la base de la denuncia de hechos concretos- muchos de los argumentos te\u00f3ricos con los que se cuestiona el pretendido militarismo humanitario. Al abordar ese trabajo nos percatamos de que entre los numerosos delitos y barbaridades cometidas por los soldados humanitarios hab\u00eda uno especialmente deleznable: la violencia de car\u00e1cter sexista, y en particular, la violencia sexual, tanto por el hecho en s\u00ed como por su especial reiteraci\u00f3n, que produce graves secuelas f\u00edsicas, ps\u00edquicas y socioecon\u00f3micas as\u00ed como el abandono, falta de justicia y reparaci\u00f3n para las v\u00edctimas y supervivientes, cuando no su victimizaci\u00f3n. Al mismo tiempo observ\u00e1bamos c\u00f3mo con cada nuevo caso de violencia sexual perpetrado por los cascos azules, las m\u00e1ximas autoridades de Naciones Unidas -NN.UU.- respond\u00edan con rotundas declaraciones manifestando su firme decisi\u00f3n de practicar una Tolerancia Cero ante este tipo de delitos. Y a pesar de ello, la aparici\u00f3n de nuevos y continuos casos ha sido y es la dura realidad que contradice estas palabras. (Colectivo Gasteizkoak)<\/p>\n<p>&nbsp;<\/p>\n<p>&nbsp;<\/p>\n<p>&nbsp;<\/p>\n<p>Por esto consideramos que era una cuesti\u00f3n sobre la que era necesario volver a incidir con mayor profundidad. Para llevar a cabo este an\u00e1lisis hemos considerado l\u00f3gico buscar la posible relaci\u00f3n entre la violencia sexual de los cascos azules y su condici\u00f3n de militares, ya que la violencia sexista militar est\u00e1 presente all\u00e1 donde existan ej\u00e9rcitos, sean estos de la condici\u00f3n que sean. Al analizar los or\u00edgenes y la dimensi\u00f3n de esa violencia sexista militar, adem\u00e1s de para denunciar una terrible y a menudo silenciada realidad, hemos llegado a unas conclusiones finales sobre lo que consideramos puede ser el \u00fanico modo real de acabar con la violencia sexista de los ej\u00e9rcitos humanitarios.<\/p>\n<p>La necesidad de retomar la cuesti\u00f3n del papel de los ej\u00e9rcitos humanitarios tambi\u00e9n viene impulsada por el hecho de que desde \u00e1mbitos institucionales y militares -tanto locales como internacionales- se ha mantenido -acrecent\u00e1ndola incluso- una intensa campa\u00f1a de impulso a esa pretendida faceta humanitaria de los ej\u00e9rcitos actuales, sin reparar en medios e incluso utilizando \u00e1mbitos como el sistema educativo, acompa\u00f1ada, adem\u00e1s, de un herm\u00e9tico cierre de filas de los mass media que hace realmente dif\u00edcil acercar a la poblaci\u00f3n cualquier posici\u00f3n o argumento que cuestione esa id\u00edlica imagen con la que se pretende caracterizar a los ej\u00e9rcitos.<\/p>\n<p>Sin embargo, y siendo conscientes de que nuestro anterior trabajo estaba dirigido principalmente al movimiento antimilitarista -por lo que introduc\u00eda afirmaciones y posicionamientos rotundos que consider\u00e1bamos era innecesario argumentar por ser el fruto de debates y an\u00e1lisis abordados desde hac\u00eda mucho tiempo en los grupos antimilitaristas-, nos ha parecido m\u00e1s oportuno, en esta ocasi\u00f3n, dirigirnos a una poblaci\u00f3n m\u00e1s amplia y heterog\u00e9nea: aquellas personas y grupos que, a\u00fan reconociendo que el concepto de ej\u00e9rcito humanitario no termina de convencerles plenamente, tampoco consideran que los ej\u00e9rcitos sean incompatibles con el humanitarismo.<\/p>\n<p>Para ello hemos optado por armar el contenido del libro con reflexiones ex\u00f3genas y con nuevos datos que sirvan para que cada cual elabore sus propias conclusiones.<\/p>\n<p>Menci\u00f3n especial merecen los apartados que hemos denominado Islas, que est\u00e1n intercalados entre los diferentes cap\u00edtulos de la primera parte, y que recogen -a trav\u00e9s de extractos de trabajos publicados- el punto de vista que sobre la cuesti\u00f3n que nos ocupa nos ofrecen personas sobradamente conocidas en los campos de la acci\u00f3n humanitaria, la docencia universitaria, el an\u00e1lisis pol\u00edtico o la militancia pacifista. Nos referimos a Karlos P\u00e9rez de Armi\u00f1o, Itziar Ruiz-Gim\u00e9nez Arrieta, Jordi Raich, Alejandro Pozo, Carlos Taibo y Francisco Rey, a quienes desde aqu\u00ed pedimos excusas si consideran que con nuestra selecci\u00f3n de extractos hemos distorsionado sus mensajes originales, pues no ha sido esa nuestra intenci\u00f3n.<\/p>\n<p>La raz\u00f3n de incluir estas Islas reside en la indignaci\u00f3n y desasosiego que probablemente provoque la dureza de lo narrado en la primera parte y en la conveniencia de intercalar peque\u00f1os respiraderos que permitan recuperarse vitalmente antes de proseguir con el resto. Esperamos haber acertado.<\/p>\n<p>La primera parte del libro, para evitar centrarnos en nuestras propias opiniones, utiliza como fuente principal los documentos oficiales de NN.UU., as\u00ed como de otras instituciones, acompa\u00f1ados de noticias y art\u00edculos de opini\u00f3n aparecidos en medios de difusi\u00f3n.<\/p>\n<p>Esta primera parte es un relato cronol\u00f3gico de la violencia sexual cometida por los ej\u00e9rcitos humanitarios-nos hemos limitado a este aspecto de la violencia sexista-, de las medidas o su ausencia que se han tomado para tratar de hacerle frente, y de los resultados de todo ello.<\/p>\n<p>As\u00ed, el cap\u00edtulo I aborda los comienzos -en los a\u00f1os 60, con la primera misi\u00f3n humanitaria en el Congo-, la emergencia p\u00fablica de los primeros grandes esc\u00e1ndalos -Camboya y Balcanes- y c\u00f3mo en los primeros a\u00f1os 90 comienzan a escucharse valientes voces que denuncian p\u00fablicamente lo que est\u00e1 ocurriendo -Informe Machel-. Tambi\u00e9n observaremos c\u00f3mo la actitud de NN.UU. durante estos a\u00f1os pr\u00e1cticamente consiste en ignorar el problema, lo que propicia su multiplicaci\u00f3n -Somalia, Angola, de nuevo Balcanes, Eritrea, Etiop\u00eda, Liberia, Guinea, Sierra Leona&#8230;-.<\/p>\n<p>Tuvo que llegar el siglo xxi para que NN.UU. decidiera abordar la cuesti\u00f3n, poniendo en marcha la denominada pol\u00edtica de Tolerancia Cero ante la violencia sexual de sus cascos azules. El cap\u00edtulo II del libro se dedica a analizar la realidad de esa Tolerancia Cero.<\/p>\n<p>El cap\u00edtulo III, por su parte, analiza la cuesti\u00f3n de la mano de una de las pocas y valientes voces que han denunciado la situaci\u00f3n en la propia ONU. Nos referimos al conocido Informe Zeid. Como las denuncias y recomendaciones del jordano Zeid o bien se han ignorado o bien se han estrellado contra los muros de la burocracia diplom\u00e1tica, el cap\u00edtulo nos mostrar\u00e1 con datos c\u00f3mo a pesar de estos esfuerzos, la impunidad se sigue imponiendo.<\/p>\n<p>Por eso, lo que encontramos en el cap\u00edtulo IV es desolador. Gui\u00e1ndonos cronol\u00f3gicamente con los documentos de la propia ONU vamos a contemplar c\u00f3mo 15 a\u00f1os despu\u00e9s de que emergieran las primeras denuncias p\u00fablicas sobre la grav\u00edsima dimensi\u00f3n del abuso y la violencia sexual cometidas por los ej\u00e9rcitos humanitarios; a pesar de los detallados informes con que cuenta la Organizaci\u00f3n y de su pretendida Tolerancia Cero; y sobre todo, de los miles de v\u00edctimas que ya ha habido, la realidad no ha variado sustancialmente respecto a la que imperaba d\u00e9cada y media antes: nuevos casos, connivencia e impunidad.<\/p>\n<p>El an\u00e1lisis de lo que parece ser la actual pol\u00edtica de NN.UU. ante el problema -lavarse las manos- es lo que aborda el cap\u00edtulo V. En \u00e9l se detallan las novedades introducidas tras la elecci\u00f3n del nuevo Secretario General Ban Ki-moon y se analiza el nuevo Memorando de entendimiento entre NN.UU. y los pa\u00edses que aportan contingentes a las operaciones de paz -instrumento que deja en manos de los respectivos gobiernos las actuaciones e investigaciones de los delitos de sus cascos azules, a\u00fan a sabiendas de que la actitud mantenida hasta ahora por los gobiernos a este respecto ha sido la de tratar de exculpar, cuando no de encubrir o justificar, las barbaridades de sus muchachos-. En este cap\u00edtulo, y haciendo una excepci\u00f3n -as\u00ed se advierte-, hay un apartado en el que dejamos plasmados nuestros an\u00e1lisis particulares sobre las razones de esta nueva pol\u00edtica de NN.UU.<br \/>\nEl cap\u00edtulo VI se centra en las v\u00edctimas y supervivientes<br \/>\nde las violaciones, abusos y otras violencias sexuales de los ej\u00e9rcitos humanitarios, analizando con cierto detenimiento cu\u00e1l ha sido la actitud mostrada hasta ahora por NN.UU. ante las graves situaciones que deben abordar las v\u00edctimas de los pacificadores.<\/p>\n<p>Finalmente, el extenso cap\u00edtulo VII va a fijar su mirada en una delicada cuesti\u00f3n. As\u00ed, pone al descubierto utilizando los datos de la ONU la falta de veracidad de las cifras que facilita acerca de los casos de violencia sexual cometidos por cascos azules. Tambi\u00e9n los burdos y denunciables intentos que pone en pr\u00e1ctica para maquillar esas cifras para intentar minimizar la terrible dimensi\u00f3n de los delitos cometidos por los ej\u00e9rcitos humanitarios.<\/p>\n<p>La segunda parte del libro, en la din\u00e1mica ya comentada de evitar nuestras opiniones particulares, est\u00e1 construida principalmente con gran variedad de an\u00e1lisis de personas, organizaciones y colectivos, recogidos, en su gran mayor\u00eda, de trabajos ya publicados con anterioridad. Pensamos que el engarzado de estas opiniones ofrece una perspectiva plural y enriquecedora y permite hacerse una visi\u00f3n de conjunto de las verdaderas dimensiones del problema de la violencia sexista militar. Somos conscientes, no obstante, de que la construcci\u00f3n de este discurso conjunto es \u00fanicamente responsabilidad nuestra.<\/p>\n<p>El cap\u00edtulo VIII se centra en las relaciones entre militarismo, violencia y machismo. Analiza las violencias -oficiales y paralelas- que conviven y se entrecruzan en los cuarteles, para plantearse luego la cuesti\u00f3n de c\u00f3mo se consigue esa socializaci\u00f3n de la violencia en los ej\u00e9rcitos. Finalmente aborda las estrechas relaciones entre ej\u00e9rcito y masculinidad.<\/p>\n<p>En el noveno cap\u00edtulo se analiza el origen de la violencia sexista militar, para centrarse posteriormente, en la violencia sexual dentro de los ej\u00e9rcitos. Se aportan datos que nos permiten comprobar que es una realidad presente en los cuarteles de la generalidad de los ej\u00e9rcitos y c\u00f3mo ello es posible, en buena parte, gracias a la impunidad y comprensi\u00f3n con que es abordada la cuesti\u00f3n por los mandos militares y pol\u00edticos. Este cap\u00edtulo termina centr\u00e1ndose en el machismo y la violencia sexual militar tras la incorporaci\u00f3n de mujeres a los ej\u00e9rcitos, deteni\u00e9ndose especialmente en el debate suscitado en torno a la cuesti\u00f3n tras los horrores de Abu Ghraib.<\/p>\n<p>La utilizaci\u00f3n de una concreta forma de violencia sexual como arma de guerra -la violaci\u00f3n- es la cuesti\u00f3n que aborda el cap\u00edtulo X. Se rastrea su realidad hist\u00f3rica para centrarse en la dimensi\u00f3n tan brutal que ha alcanzado en las \u00faltimas d\u00e9cadas, lo que probablemente se deba a que, hasta hace poco, no se hab\u00edan realizado investigaciones. M\u00e1s adelante se profundiza en las razones de por qu\u00e9 es utilizada como estrategia militar, para concluir que violencia sexual militar e impunidad se retroalimentan.<\/p>\n<p>El cap\u00edtulo XI se dedica a las v\u00edctimas y supervivientes de la violencia sexual de las guerras, describiendo las principales consecuencias f\u00edsicas, psicol\u00f3gicas y socioecon\u00f3micas a las que han de enfrentarse, que en la mayor\u00eda de los casos son totalmente ignoradas o minimizadas. De igual forma se aborda la cuesti\u00f3n de la victimizaci\u00f3n de las v\u00edctimas, indicando que en no pocas ocasiones \u00e9ste es otro de los objetivos perseguidos por la estrategia militar que las ocasiona, como forma de intentar incapacitarlas socialmente.<\/p>\n<p>La segunda parte concluye con el cap\u00edtulo XII, que se dedica a denunciar la impunidad y a reclamar justicia y reparaci\u00f3n para las v\u00edctimas y supervivientes, por ser estas cuestiones tan b\u00e1sicas como normalmente ignoradas, y sin embargo, elementos centrales de toda iniciativa que pretenda hacer frente a la violencia sexual militar.<\/p>\n<p>Finaliza el libro con el cap\u00edtulo XIII, de Recopilaci\u00f3n y conclusiones en el que, tras sintetizar lo visto sobre la violencia sexista militar y contrastarlo con lo analizado sobre los ej\u00e9rcitos humanitarios, planteamos nuestras conclusiones sobre cu\u00e1l puede ser la v\u00eda directa para acabar con la violencia sexista de los ej\u00e9rcitos humanitarios. Esperamos que tras la lectura del libro se puedan compartir nuestras conclusiones.<\/p>\n<p>Con este trabajo, ni se busca adoctrinar, ni que se comulgue con las ruedas de molino del an\u00e1lisis antimilitarista. Se pretende aportar una herramienta m\u00e1s para la reflexi\u00f3n y el debate. An\u00e1lisis y debate que, una vez efectuados, pueden servir para facilitar puntos de encuentro en el trabajo cotidiano de todas aquellas personas y organizaciones dispuestas a movilizarse para acabar con la terrible lacra de la violencia sexista de los ej\u00e9rcitos y, en particular, de los ej\u00e9rcitos humanitarios. Hay mucho trabajo por hacer y este libro no es m\u00e1s que una peque\u00f1a contribuci\u00f3n a ello.<\/p>\n<p>Colectivo Gasteizkoak, 2008<\/p>\n<p>Los Ej\u00e9rcitos Humanitarios y la Violencia Sexista Militar<br \/>\nAutor\u00eda: Colectivo Gasteizkoak<br \/>\nEditorial: Zapateneo, Colecci\u00f3n paperezko ZAPladak<br \/>\nN\u00famero de p\u00e1ginas: 368<br \/>\nPrecio de venta: 10 euros<br \/>\nGastos de env\u00edo a contra reembolso: 7.90 \u20ac.<br \/>\nForma de realizar pedidos:<br \/>\nzapateneo@gmail.com<\/p>\n","protected":false},"excerpt":{"rendered":"<p><strong>Gasteizkoak<\/strong><br \/>\n9788461257690 &#8211; Zapateneo &#8211; 2008 &#8211; 368 p\u00e1ginas \/orri.<\/p>\n","protected":false},"featured_media":2610,"template":"","meta":[],"product_brand":[],"product_cat":[177,16],"product_tag":[5076,1914,1913],"class_list":{"0":"post-2567","1":"product","2":"type-product","3":"status-publish","4":"has-post-thumbnail","6":"product_cat-gizarte-mugimenduak-movimientos-sociales","7":"product_cat-libros","8":"product_tag-antimilitarismo","9":"product_tag-gasteizkoak","10":"product_tag-zapateneo","12":"first","13":"instock","14":"sold-individually","15":"shipping-taxable","16":"purchasable","17":"product-type-simple"},"yoast_head":"<!-- This site is optimized with the Yoast SEO plugin v27.3 - https:\/\/yoast.com\/product\/yoast-seo-wordpress\/ -->\n<title>Los ej\u00e9rcitos humanitarios y la violencia sexista militar &#8212; Zapateneo<\/title>\n<meta name=\"robots\" content=\"index, follow, max-snippet:-1, max-image-preview:large, max-video-preview:-1\" \/>\n<link rel=\"canonical\" href=\"https:\/\/zapateneo.net\/wordpress\/index.php\/producto\/los-ejercitos-humanitarios-y-la-violencia-sexista-militar\/\" \/>\n<meta property=\"og:locale\" content=\"es_ES\" \/>\n<meta property=\"og:type\" content=\"article\" \/>\n<meta property=\"og:title\" content=\"Los ej\u00e9rcitos humanitarios y la violencia sexista militar &#8212; Zapateneo\" \/>\n<meta property=\"og:description\" content=\"Gasteizkoak 9788461257690 - Zapateneo - 2008 - 368 p\u00e1ginas \/orri.\" \/>\n<meta property=\"og:url\" content=\"https:\/\/zapateneo.net\/wordpress\/index.php\/producto\/los-ejercitos-humanitarios-y-la-violencia-sexista-militar\/\" \/>\n<meta property=\"og:site_name\" content=\"Zapateneo\" \/>\n<meta property=\"article:modified_time\" content=\"2023-05-05T05:30:55+00:00\" \/>\n<meta property=\"og:image\" content=\"https:\/\/zapateneo.net\/wordpress\/wp-content\/uploads\/2021\/04\/5494.jpg\" \/>\n\t<meta property=\"og:image:width\" content=\"219\" \/>\n\t<meta property=\"og:image:height\" content=\"300\" \/>\n\t<meta property=\"og:image:type\" content=\"image\/jpeg\" \/>\n<meta name=\"twitter:card\" content=\"summary_large_image\" \/>\n<meta name=\"twitter:site\" content=\"@zapateneo\" \/>\n<meta name=\"twitter:label1\" content=\"Tiempo de lectura\" \/>\n\t<meta name=\"twitter:data1\" content=\"11 minutos\" \/>\n<script type=\"application\/ld+json\" class=\"yoast-schema-graph\">{\"@context\":\"https:\\\/\\\/schema.org\",\"@graph\":[{\"@type\":\"WebPage\",\"@id\":\"https:\\\/\\\/zapateneo.net\\\/wordpress\\\/index.php\\\/producto\\\/los-ejercitos-humanitarios-y-la-violencia-sexista-militar\\\/\",\"url\":\"https:\\\/\\\/zapateneo.net\\\/wordpress\\\/index.php\\\/producto\\\/los-ejercitos-humanitarios-y-la-violencia-sexista-militar\\\/\",\"name\":\"Los ej\u00e9rcitos humanitarios y la violencia sexista militar &#8212; Zapateneo\",\"isPartOf\":{\"@id\":\"https:\\\/\\\/zapateneo.net\\\/wordpress\\\/#website\"},\"primaryImageOfPage\":{\"@id\":\"https:\\\/\\\/zapateneo.net\\\/wordpress\\\/index.php\\\/producto\\\/los-ejercitos-humanitarios-y-la-violencia-sexista-militar\\\/#primaryimage\"},\"image\":{\"@id\":\"https:\\\/\\\/zapateneo.net\\\/wordpress\\\/index.php\\\/producto\\\/los-ejercitos-humanitarios-y-la-violencia-sexista-militar\\\/#primaryimage\"},\"thumbnailUrl\":\"https:\\\/\\\/zapateneo.net\\\/wordpress\\\/wp-content\\\/uploads\\\/2021\\\/04\\\/5494.jpg\",\"datePublished\":\"2021-04-07T15:22:33+00:00\",\"dateModified\":\"2023-05-05T05:30:55+00:00\",\"breadcrumb\":{\"@id\":\"https:\\\/\\\/zapateneo.net\\\/wordpress\\\/index.php\\\/producto\\\/los-ejercitos-humanitarios-y-la-violencia-sexista-militar\\\/#breadcrumb\"},\"inLanguage\":\"es\",\"potentialAction\":[{\"@type\":\"ReadAction\",\"target\":[\"https:\\\/\\\/zapateneo.net\\\/wordpress\\\/index.php\\\/producto\\\/los-ejercitos-humanitarios-y-la-violencia-sexista-militar\\\/\"]}]},{\"@type\":\"ImageObject\",\"inLanguage\":\"es\",\"@id\":\"https:\\\/\\\/zapateneo.net\\\/wordpress\\\/index.php\\\/producto\\\/los-ejercitos-humanitarios-y-la-violencia-sexista-militar\\\/#primaryimage\",\"url\":\"https:\\\/\\\/zapateneo.net\\\/wordpress\\\/wp-content\\\/uploads\\\/2021\\\/04\\\/5494.jpg\",\"contentUrl\":\"https:\\\/\\\/zapateneo.net\\\/wordpress\\\/wp-content\\\/uploads\\\/2021\\\/04\\\/5494.jpg\",\"width\":219,\"height\":300},{\"@type\":\"BreadcrumbList\",\"@id\":\"https:\\\/\\\/zapateneo.net\\\/wordpress\\\/index.php\\\/producto\\\/los-ejercitos-humanitarios-y-la-violencia-sexista-militar\\\/#breadcrumb\",\"itemListElement\":[{\"@type\":\"ListItem\",\"position\":1,\"name\":\"Portada\",\"item\":\"https:\\\/\\\/zapateneo.net\\\/wordpress\\\/\"},{\"@type\":\"ListItem\",\"position\":2,\"name\":\"Tienda\",\"item\":\"https:\\\/\\\/zapateneo.net\\\/wordpress\\\/\"},{\"@type\":\"ListItem\",\"position\":3,\"name\":\"Los ej\u00e9rcitos humanitarios y la violencia sexista militar\"}]},{\"@type\":\"WebSite\",\"@id\":\"https:\\\/\\\/zapateneo.net\\\/wordpress\\\/#website\",\"url\":\"https:\\\/\\\/zapateneo.net\\\/wordpress\\\/\",\"name\":\"Zapateneo\",\"description\":\"Zapateneoaren webgunea\",\"publisher\":{\"@id\":\"https:\\\/\\\/zapateneo.net\\\/wordpress\\\/#organization\"},\"potentialAction\":[{\"@type\":\"SearchAction\",\"target\":{\"@type\":\"EntryPoint\",\"urlTemplate\":\"https:\\\/\\\/zapateneo.net\\\/wordpress\\\/?s={search_term_string}\"},\"query-input\":{\"@type\":\"PropertyValueSpecification\",\"valueRequired\":true,\"valueName\":\"search_term_string\"}}],\"inLanguage\":\"es\"},{\"@type\":\"Organization\",\"@id\":\"https:\\\/\\\/zapateneo.net\\\/wordpress\\\/#organization\",\"name\":\"Zapateneo Kultur Elkartea\",\"url\":\"https:\\\/\\\/zapateneo.net\\\/wordpress\\\/\",\"logo\":{\"@type\":\"ImageObject\",\"inLanguage\":\"es\",\"@id\":\"https:\\\/\\\/zapateneo.net\\\/wordpress\\\/#\\\/schema\\\/logo\\\/image\\\/\",\"url\":\"https:\\\/\\\/zapateneo.net\\\/wordpress\\\/wp-content\\\/uploads\\\/2021\\\/04\\\/zap-libu-kolec.jpg\",\"contentUrl\":\"https:\\\/\\\/zapateneo.net\\\/wordpress\\\/wp-content\\\/uploads\\\/2021\\\/04\\\/zap-libu-kolec.jpg\",\"width\":2234,\"height\":398,\"caption\":\"Zapateneo Kultur Elkartea\"},\"image\":{\"@id\":\"https:\\\/\\\/zapateneo.net\\\/wordpress\\\/#\\\/schema\\\/logo\\\/image\\\/\"},\"sameAs\":[\"https:\\\/\\\/x.com\\\/zapateneo\"]}]}<\/script>\n<!-- \/ Yoast SEO plugin. -->","yoast_head_json":{"title":"Los ej\u00e9rcitos humanitarios y la violencia sexista militar &#8212; Zapateneo","robots":{"index":"index","follow":"follow","max-snippet":"max-snippet:-1","max-image-preview":"max-image-preview:large","max-video-preview":"max-video-preview:-1"},"canonical":"https:\/\/zapateneo.net\/wordpress\/index.php\/producto\/los-ejercitos-humanitarios-y-la-violencia-sexista-militar\/","og_locale":"es_ES","og_type":"article","og_title":"Los ej\u00e9rcitos humanitarios y la violencia sexista militar &#8212; Zapateneo","og_description":"Gasteizkoak 9788461257690 - Zapateneo - 2008 - 368 p\u00e1ginas \/orri.","og_url":"https:\/\/zapateneo.net\/wordpress\/index.php\/producto\/los-ejercitos-humanitarios-y-la-violencia-sexista-militar\/","og_site_name":"Zapateneo","article_modified_time":"2023-05-05T05:30:55+00:00","og_image":[{"width":219,"height":300,"url":"https:\/\/zapateneo.net\/wordpress\/wp-content\/uploads\/2021\/04\/5494.jpg","type":"image\/jpeg"}],"twitter_card":"summary_large_image","twitter_site":"@zapateneo","twitter_misc":{"Tiempo de lectura":"11 minutos"},"schema":{"@context":"https:\/\/schema.org","@graph":[{"@type":"WebPage","@id":"https:\/\/zapateneo.net\/wordpress\/index.php\/producto\/los-ejercitos-humanitarios-y-la-violencia-sexista-militar\/","url":"https:\/\/zapateneo.net\/wordpress\/index.php\/producto\/los-ejercitos-humanitarios-y-la-violencia-sexista-militar\/","name":"Los ej\u00e9rcitos humanitarios y la violencia sexista militar &#8212; Zapateneo","isPartOf":{"@id":"https:\/\/zapateneo.net\/wordpress\/#website"},"primaryImageOfPage":{"@id":"https:\/\/zapateneo.net\/wordpress\/index.php\/producto\/los-ejercitos-humanitarios-y-la-violencia-sexista-militar\/#primaryimage"},"image":{"@id":"https:\/\/zapateneo.net\/wordpress\/index.php\/producto\/los-ejercitos-humanitarios-y-la-violencia-sexista-militar\/#primaryimage"},"thumbnailUrl":"https:\/\/zapateneo.net\/wordpress\/wp-content\/uploads\/2021\/04\/5494.jpg","datePublished":"2021-04-07T15:22:33+00:00","dateModified":"2023-05-05T05:30:55+00:00","breadcrumb":{"@id":"https:\/\/zapateneo.net\/wordpress\/index.php\/producto\/los-ejercitos-humanitarios-y-la-violencia-sexista-militar\/#breadcrumb"},"inLanguage":"es","potentialAction":[{"@type":"ReadAction","target":["https:\/\/zapateneo.net\/wordpress\/index.php\/producto\/los-ejercitos-humanitarios-y-la-violencia-sexista-militar\/"]}]},{"@type":"ImageObject","inLanguage":"es","@id":"https:\/\/zapateneo.net\/wordpress\/index.php\/producto\/los-ejercitos-humanitarios-y-la-violencia-sexista-militar\/#primaryimage","url":"https:\/\/zapateneo.net\/wordpress\/wp-content\/uploads\/2021\/04\/5494.jpg","contentUrl":"https:\/\/zapateneo.net\/wordpress\/wp-content\/uploads\/2021\/04\/5494.jpg","width":219,"height":300},{"@type":"BreadcrumbList","@id":"https:\/\/zapateneo.net\/wordpress\/index.php\/producto\/los-ejercitos-humanitarios-y-la-violencia-sexista-militar\/#breadcrumb","itemListElement":[{"@type":"ListItem","position":1,"name":"Portada","item":"https:\/\/zapateneo.net\/wordpress\/"},{"@type":"ListItem","position":2,"name":"Tienda","item":"https:\/\/zapateneo.net\/wordpress\/"},{"@type":"ListItem","position":3,"name":"Los ej\u00e9rcitos humanitarios y la violencia sexista militar"}]},{"@type":"WebSite","@id":"https:\/\/zapateneo.net\/wordpress\/#website","url":"https:\/\/zapateneo.net\/wordpress\/","name":"Zapateneo","description":"Zapateneoaren webgunea","publisher":{"@id":"https:\/\/zapateneo.net\/wordpress\/#organization"},"potentialAction":[{"@type":"SearchAction","target":{"@type":"EntryPoint","urlTemplate":"https:\/\/zapateneo.net\/wordpress\/?s={search_term_string}"},"query-input":{"@type":"PropertyValueSpecification","valueRequired":true,"valueName":"search_term_string"}}],"inLanguage":"es"},{"@type":"Organization","@id":"https:\/\/zapateneo.net\/wordpress\/#organization","name":"Zapateneo Kultur Elkartea","url":"https:\/\/zapateneo.net\/wordpress\/","logo":{"@type":"ImageObject","inLanguage":"es","@id":"https:\/\/zapateneo.net\/wordpress\/#\/schema\/logo\/image\/","url":"https:\/\/zapateneo.net\/wordpress\/wp-content\/uploads\/2021\/04\/zap-libu-kolec.jpg","contentUrl":"https:\/\/zapateneo.net\/wordpress\/wp-content\/uploads\/2021\/04\/zap-libu-kolec.jpg","width":2234,"height":398,"caption":"Zapateneo Kultur Elkartea"},"image":{"@id":"https:\/\/zapateneo.net\/wordpress\/#\/schema\/logo\/image\/"},"sameAs":["https:\/\/x.com\/zapateneo"]}]}},"_links":{"self":[{"href":"https:\/\/zapateneo.net\/wordpress\/index.php\/wp-json\/wp\/v2\/product\/2567","targetHints":{"allow":["GET"]}}],"collection":[{"href":"https:\/\/zapateneo.net\/wordpress\/index.php\/wp-json\/wp\/v2\/product"}],"about":[{"href":"https:\/\/zapateneo.net\/wordpress\/index.php\/wp-json\/wp\/v2\/types\/product"}],"wp:featuredmedia":[{"embeddable":true,"href":"https:\/\/zapateneo.net\/wordpress\/index.php\/wp-json\/wp\/v2\/media\/2610"}],"wp:attachment":[{"href":"https:\/\/zapateneo.net\/wordpress\/index.php\/wp-json\/wp\/v2\/media?parent=2567"}],"wp:term":[{"taxonomy":"product_brand","embeddable":true,"href":"https:\/\/zapateneo.net\/wordpress\/index.php\/wp-json\/wp\/v2\/product_brand?post=2567"},{"taxonomy":"product_cat","embeddable":true,"href":"https:\/\/zapateneo.net\/wordpress\/index.php\/wp-json\/wp\/v2\/product_cat?post=2567"},{"taxonomy":"product_tag","embeddable":true,"href":"https:\/\/zapateneo.net\/wordpress\/index.php\/wp-json\/wp\/v2\/product_tag?post=2567"}],"curies":[{"name":"wp","href":"https:\/\/api.w.org\/{rel}","templated":true}]}}