{"id":2391,"date":"2021-04-07T16:01:15","date_gmt":"2021-04-07T15:01:15","guid":{"rendered":"https:\/\/zapateneo.net\/wordpress\/?post_type=product&#038;p=2391"},"modified":"2021-04-07T16:01:37","modified_gmt":"2021-04-07T15:01:37","slug":"okupa-madrid-1985-2011-memoria-reflexion-debate-y-autogestion-colectiva-del-conocimiento","status":"publish","type":"product","link":"https:\/\/zapateneo.net\/wordpress\/index.php\/producto\/okupa-madrid-1985-2011-memoria-reflexion-debate-y-autogestion-colectiva-del-conocimiento\/","title":{"rendered":"Okupa Madrid (1985-2011). Memoria, reflexi\u00f3n, debate y autogesti\u00f3n colectiva del conocimiento."},"content":{"rendered":"<p>Este libro cuenta una historia de m\u00e1s de 25 a\u00f1os muchas veces olvidada, incluso por sus protagonistas. Se utilizan las herramientas metodol\u00f3gicas de la -investigaci\u00f3n activista- para construir colectivamente, de forma coral, interrog\u00e1ndonos mutuamente y deliberando, una reflexi\u00f3n sobre el significado de las luchas urbanas articuladas en torno a la pr\u00e1ctica de la okupaci\u00f3n de viviendas y Centros Sociales en Madrid.<\/p>\n<p>En lugar de proporcionar un relato experto y unidimensional, el an\u00e1lisis de la historia pol\u00edtica y social de las okupaciones se despliega, primero, ofreciendo casi en crudo los debates, la conversaci\u00f3n y la memoria narrada. El texto se va enriqueciendo con diversas aportaciones para entender mejor los contextos y los detalles relevantes, pero el n\u00facleo principal del libro lo constituyen las transcripciones de las sesiones convocadas por el Seminario (celebrado en Centros Sociales de Madrid entre 2008 y 2010). Se trata de un dispositivo abierto de autoinvestigaci\u00f3n social donde no se oculta el proceso de producci\u00f3n del conocimiento en el que se esclarecen los diversos puntos de vista de los\/as participantes.<\/p>\n<p>Una historia oral y cr\u00edtica que, en segundo lugar, provoca al lector\/a para que se confronte con ese pasado reciente de una manera activa, pensando en qu\u00e9 le afecta ahora y c\u00f3mo puede informar sus estrategias presentes, sus aspiraciones y sus actividades pol\u00edticas y sociales m\u00e1s cotidianas.<\/p>\n<p>Por \u00faltimo, se habla de okupaci\u00f3n, como movimiento o como espacios de agregaci\u00f3n, pero no se hace de una forma exclusivamente cronol\u00f3gica, sino optando por detenernos en una serie de nudos y cuestiones que muestran la radicalidad de las apuestas de transformaci\u00f3n que han surgido de esas experiencias: autonom\u00eda, derechos, cooperaci\u00f3n, g\u00e9nero, contra-informaci\u00f3n, activismos. Creemos que lo sucedido desde mayo de 2011 est\u00e1 estrechamente vinculado con este legado de autogesti\u00f3n y de impugnaci\u00f3n de la opresi\u00f3n que ejercen las \u00e9lites sobre el grueso de la sociedad. De hecho, nuevos experimentos de okupaci\u00f3n se han multiplicado desde entonces. La creatividad emanada de las okupaciones, en definitiva, habr\u00eda contribuido a tejer la actual mara\u00f1a de luchas populares que nos permiten divisar otros horizontes posibles para vivir mejor en com\u00fan. A ese mismo prop\u00f3sito esperamos que sirva la lectura y apropiaci\u00f3n de lo contenido en estas p\u00e1ginas.<\/p>\n","protected":false},"excerpt":{"rendered":"<p><strong>AAVV<\/strong><br \/>\n9788493860165 &#8211; Diagonal &#8211; 2015 &#8211; 384 p\u00e1ginas \/orri.<\/p>\n","protected":false},"featured_media":2420,"template":"","meta":[],"product_brand":[],"product_cat":[177,16],"product_tag":[1507],"class_list":{"0":"post-2391","1":"product","2":"type-product","3":"status-publish","4":"has-post-thumbnail","6":"product_cat-gizarte-mugimenduak-movimientos-sociales","7":"product_cat-libros","8":"product_tag-diagonal","10":"first","11":"instock","12":"sold-individually","13":"shipping-taxable","14":"purchasable","15":"product-type-simple"},"yoast_head":"<!-- This site is optimized with the Yoast SEO plugin v27.3 - https:\/\/yoast.com\/product\/yoast-seo-wordpress\/ -->\n<title>Okupa Madrid (1985-2011). Memoria, reflexi\u00f3n, debate y autogesti\u00f3n colectiva del conocimiento. &#8212; Zapateneo<\/title>\n<meta name=\"robots\" content=\"index, follow, max-snippet:-1, max-image-preview:large, max-video-preview:-1\" \/>\n<link rel=\"canonical\" href=\"https:\/\/zapateneo.net\/wordpress\/index.php\/producto\/okupa-madrid-1985-2011-memoria-reflexion-debate-y-autogestion-colectiva-del-conocimiento\/\" \/>\n<meta property=\"og:locale\" content=\"es_ES\" \/>\n<meta property=\"og:type\" content=\"article\" \/>\n<meta property=\"og:title\" content=\"Okupa Madrid (1985-2011). Memoria, reflexi\u00f3n, debate y autogesti\u00f3n colectiva del conocimiento. &#8212; Zapateneo\" \/>\n<meta property=\"og:description\" content=\"AAVV 9788493860165 - Diagonal - 2015 - 384 p\u00e1ginas \/orri.\" \/>\n<meta property=\"og:url\" content=\"https:\/\/zapateneo.net\/wordpress\/index.php\/producto\/okupa-madrid-1985-2011-memoria-reflexion-debate-y-autogestion-colectiva-del-conocimiento\/\" \/>\n<meta property=\"og:site_name\" content=\"Zapateneo\" \/>\n<meta property=\"article:modified_time\" content=\"2021-04-07T15:01:37+00:00\" \/>\n<meta property=\"og:image\" content=\"https:\/\/zapateneo.net\/wordpress\/wp-content\/uploads\/2021\/04\/9788493860165.gif\" \/>\n\t<meta property=\"og:image:width\" content=\"175\" \/>\n\t<meta property=\"og:image:height\" content=\"252\" \/>\n\t<meta property=\"og:image:type\" content=\"image\/gif\" \/>\n<meta name=\"twitter:card\" content=\"summary_large_image\" \/>\n<meta name=\"twitter:site\" content=\"@zapateneo\" \/>\n<meta name=\"twitter:label1\" content=\"Tiempo de lectura\" \/>\n\t<meta name=\"twitter:data1\" content=\"2 minutos\" \/>\n<script type=\"application\/ld+json\" class=\"yoast-schema-graph\">{\"@context\":\"https:\\\/\\\/schema.org\",\"@graph\":[{\"@type\":\"WebPage\",\"@id\":\"https:\\\/\\\/zapateneo.net\\\/wordpress\\\/index.php\\\/producto\\\/okupa-madrid-1985-2011-memoria-reflexion-debate-y-autogestion-colectiva-del-conocimiento\\\/\",\"url\":\"https:\\\/\\\/zapateneo.net\\\/wordpress\\\/index.php\\\/producto\\\/okupa-madrid-1985-2011-memoria-reflexion-debate-y-autogestion-colectiva-del-conocimiento\\\/\",\"name\":\"Okupa Madrid (1985-2011). Memoria, reflexi\u00f3n, debate y autogesti\u00f3n colectiva del conocimiento. &#8212; Zapateneo\",\"isPartOf\":{\"@id\":\"https:\\\/\\\/zapateneo.net\\\/wordpress\\\/#website\"},\"primaryImageOfPage\":{\"@id\":\"https:\\\/\\\/zapateneo.net\\\/wordpress\\\/index.php\\\/producto\\\/okupa-madrid-1985-2011-memoria-reflexion-debate-y-autogestion-colectiva-del-conocimiento\\\/#primaryimage\"},\"image\":{\"@id\":\"https:\\\/\\\/zapateneo.net\\\/wordpress\\\/index.php\\\/producto\\\/okupa-madrid-1985-2011-memoria-reflexion-debate-y-autogestion-colectiva-del-conocimiento\\\/#primaryimage\"},\"thumbnailUrl\":\"https:\\\/\\\/zapateneo.net\\\/wordpress\\\/wp-content\\\/uploads\\\/2021\\\/04\\\/9788493860165.gif\",\"datePublished\":\"2021-04-07T15:01:15+00:00\",\"dateModified\":\"2021-04-07T15:01:37+00:00\",\"breadcrumb\":{\"@id\":\"https:\\\/\\\/zapateneo.net\\\/wordpress\\\/index.php\\\/producto\\\/okupa-madrid-1985-2011-memoria-reflexion-debate-y-autogestion-colectiva-del-conocimiento\\\/#breadcrumb\"},\"inLanguage\":\"es\",\"potentialAction\":[{\"@type\":\"ReadAction\",\"target\":[\"https:\\\/\\\/zapateneo.net\\\/wordpress\\\/index.php\\\/producto\\\/okupa-madrid-1985-2011-memoria-reflexion-debate-y-autogestion-colectiva-del-conocimiento\\\/\"]}]},{\"@type\":\"ImageObject\",\"inLanguage\":\"es\",\"@id\":\"https:\\\/\\\/zapateneo.net\\\/wordpress\\\/index.php\\\/producto\\\/okupa-madrid-1985-2011-memoria-reflexion-debate-y-autogestion-colectiva-del-conocimiento\\\/#primaryimage\",\"url\":\"https:\\\/\\\/zapateneo.net\\\/wordpress\\\/wp-content\\\/uploads\\\/2021\\\/04\\\/9788493860165.gif\",\"contentUrl\":\"https:\\\/\\\/zapateneo.net\\\/wordpress\\\/wp-content\\\/uploads\\\/2021\\\/04\\\/9788493860165.gif\",\"width\":175,\"height\":252},{\"@type\":\"BreadcrumbList\",\"@id\":\"https:\\\/\\\/zapateneo.net\\\/wordpress\\\/index.php\\\/producto\\\/okupa-madrid-1985-2011-memoria-reflexion-debate-y-autogestion-colectiva-del-conocimiento\\\/#breadcrumb\",\"itemListElement\":[{\"@type\":\"ListItem\",\"position\":1,\"name\":\"Portada\",\"item\":\"https:\\\/\\\/zapateneo.net\\\/wordpress\\\/\"},{\"@type\":\"ListItem\",\"position\":2,\"name\":\"Tienda\",\"item\":\"https:\\\/\\\/zapateneo.net\\\/wordpress\\\/\"},{\"@type\":\"ListItem\",\"position\":3,\"name\":\"Okupa Madrid (1985-2011). Memoria, reflexi\u00f3n, debate y autogesti\u00f3n colectiva del conocimiento.\"}]},{\"@type\":\"WebSite\",\"@id\":\"https:\\\/\\\/zapateneo.net\\\/wordpress\\\/#website\",\"url\":\"https:\\\/\\\/zapateneo.net\\\/wordpress\\\/\",\"name\":\"Zapateneo\",\"description\":\"Zapateneoaren webgunea\",\"publisher\":{\"@id\":\"https:\\\/\\\/zapateneo.net\\\/wordpress\\\/#organization\"},\"potentialAction\":[{\"@type\":\"SearchAction\",\"target\":{\"@type\":\"EntryPoint\",\"urlTemplate\":\"https:\\\/\\\/zapateneo.net\\\/wordpress\\\/?s={search_term_string}\"},\"query-input\":{\"@type\":\"PropertyValueSpecification\",\"valueRequired\":true,\"valueName\":\"search_term_string\"}}],\"inLanguage\":\"es\"},{\"@type\":\"Organization\",\"@id\":\"https:\\\/\\\/zapateneo.net\\\/wordpress\\\/#organization\",\"name\":\"Zapateneo Kultur Elkartea\",\"url\":\"https:\\\/\\\/zapateneo.net\\\/wordpress\\\/\",\"logo\":{\"@type\":\"ImageObject\",\"inLanguage\":\"es\",\"@id\":\"https:\\\/\\\/zapateneo.net\\\/wordpress\\\/#\\\/schema\\\/logo\\\/image\\\/\",\"url\":\"https:\\\/\\\/zapateneo.net\\\/wordpress\\\/wp-content\\\/uploads\\\/2021\\\/04\\\/zap-libu-kolec.jpg\",\"contentUrl\":\"https:\\\/\\\/zapateneo.net\\\/wordpress\\\/wp-content\\\/uploads\\\/2021\\\/04\\\/zap-libu-kolec.jpg\",\"width\":2234,\"height\":398,\"caption\":\"Zapateneo Kultur Elkartea\"},\"image\":{\"@id\":\"https:\\\/\\\/zapateneo.net\\\/wordpress\\\/#\\\/schema\\\/logo\\\/image\\\/\"},\"sameAs\":[\"https:\\\/\\\/x.com\\\/zapateneo\"]}]}<\/script>\n<!-- \/ Yoast SEO plugin. -->","yoast_head_json":{"title":"Okupa Madrid (1985-2011). Memoria, reflexi\u00f3n, debate y autogesti\u00f3n colectiva del conocimiento. &#8212; Zapateneo","robots":{"index":"index","follow":"follow","max-snippet":"max-snippet:-1","max-image-preview":"max-image-preview:large","max-video-preview":"max-video-preview:-1"},"canonical":"https:\/\/zapateneo.net\/wordpress\/index.php\/producto\/okupa-madrid-1985-2011-memoria-reflexion-debate-y-autogestion-colectiva-del-conocimiento\/","og_locale":"es_ES","og_type":"article","og_title":"Okupa Madrid (1985-2011). Memoria, reflexi\u00f3n, debate y autogesti\u00f3n colectiva del conocimiento. &#8212; Zapateneo","og_description":"AAVV 9788493860165 - Diagonal - 2015 - 384 p\u00e1ginas \/orri.","og_url":"https:\/\/zapateneo.net\/wordpress\/index.php\/producto\/okupa-madrid-1985-2011-memoria-reflexion-debate-y-autogestion-colectiva-del-conocimiento\/","og_site_name":"Zapateneo","article_modified_time":"2021-04-07T15:01:37+00:00","og_image":[{"width":175,"height":252,"url":"https:\/\/zapateneo.net\/wordpress\/wp-content\/uploads\/2021\/04\/9788493860165.gif","type":"image\/gif"}],"twitter_card":"summary_large_image","twitter_site":"@zapateneo","twitter_misc":{"Tiempo de lectura":"2 minutos"},"schema":{"@context":"https:\/\/schema.org","@graph":[{"@type":"WebPage","@id":"https:\/\/zapateneo.net\/wordpress\/index.php\/producto\/okupa-madrid-1985-2011-memoria-reflexion-debate-y-autogestion-colectiva-del-conocimiento\/","url":"https:\/\/zapateneo.net\/wordpress\/index.php\/producto\/okupa-madrid-1985-2011-memoria-reflexion-debate-y-autogestion-colectiva-del-conocimiento\/","name":"Okupa Madrid (1985-2011). Memoria, reflexi\u00f3n, debate y autogesti\u00f3n colectiva del conocimiento. &#8212; Zapateneo","isPartOf":{"@id":"https:\/\/zapateneo.net\/wordpress\/#website"},"primaryImageOfPage":{"@id":"https:\/\/zapateneo.net\/wordpress\/index.php\/producto\/okupa-madrid-1985-2011-memoria-reflexion-debate-y-autogestion-colectiva-del-conocimiento\/#primaryimage"},"image":{"@id":"https:\/\/zapateneo.net\/wordpress\/index.php\/producto\/okupa-madrid-1985-2011-memoria-reflexion-debate-y-autogestion-colectiva-del-conocimiento\/#primaryimage"},"thumbnailUrl":"https:\/\/zapateneo.net\/wordpress\/wp-content\/uploads\/2021\/04\/9788493860165.gif","datePublished":"2021-04-07T15:01:15+00:00","dateModified":"2021-04-07T15:01:37+00:00","breadcrumb":{"@id":"https:\/\/zapateneo.net\/wordpress\/index.php\/producto\/okupa-madrid-1985-2011-memoria-reflexion-debate-y-autogestion-colectiva-del-conocimiento\/#breadcrumb"},"inLanguage":"es","potentialAction":[{"@type":"ReadAction","target":["https:\/\/zapateneo.net\/wordpress\/index.php\/producto\/okupa-madrid-1985-2011-memoria-reflexion-debate-y-autogestion-colectiva-del-conocimiento\/"]}]},{"@type":"ImageObject","inLanguage":"es","@id":"https:\/\/zapateneo.net\/wordpress\/index.php\/producto\/okupa-madrid-1985-2011-memoria-reflexion-debate-y-autogestion-colectiva-del-conocimiento\/#primaryimage","url":"https:\/\/zapateneo.net\/wordpress\/wp-content\/uploads\/2021\/04\/9788493860165.gif","contentUrl":"https:\/\/zapateneo.net\/wordpress\/wp-content\/uploads\/2021\/04\/9788493860165.gif","width":175,"height":252},{"@type":"BreadcrumbList","@id":"https:\/\/zapateneo.net\/wordpress\/index.php\/producto\/okupa-madrid-1985-2011-memoria-reflexion-debate-y-autogestion-colectiva-del-conocimiento\/#breadcrumb","itemListElement":[{"@type":"ListItem","position":1,"name":"Portada","item":"https:\/\/zapateneo.net\/wordpress\/"},{"@type":"ListItem","position":2,"name":"Tienda","item":"https:\/\/zapateneo.net\/wordpress\/"},{"@type":"ListItem","position":3,"name":"Okupa Madrid (1985-2011). Memoria, reflexi\u00f3n, debate y autogesti\u00f3n colectiva del conocimiento."}]},{"@type":"WebSite","@id":"https:\/\/zapateneo.net\/wordpress\/#website","url":"https:\/\/zapateneo.net\/wordpress\/","name":"Zapateneo","description":"Zapateneoaren webgunea","publisher":{"@id":"https:\/\/zapateneo.net\/wordpress\/#organization"},"potentialAction":[{"@type":"SearchAction","target":{"@type":"EntryPoint","urlTemplate":"https:\/\/zapateneo.net\/wordpress\/?s={search_term_string}"},"query-input":{"@type":"PropertyValueSpecification","valueRequired":true,"valueName":"search_term_string"}}],"inLanguage":"es"},{"@type":"Organization","@id":"https:\/\/zapateneo.net\/wordpress\/#organization","name":"Zapateneo Kultur Elkartea","url":"https:\/\/zapateneo.net\/wordpress\/","logo":{"@type":"ImageObject","inLanguage":"es","@id":"https:\/\/zapateneo.net\/wordpress\/#\/schema\/logo\/image\/","url":"https:\/\/zapateneo.net\/wordpress\/wp-content\/uploads\/2021\/04\/zap-libu-kolec.jpg","contentUrl":"https:\/\/zapateneo.net\/wordpress\/wp-content\/uploads\/2021\/04\/zap-libu-kolec.jpg","width":2234,"height":398,"caption":"Zapateneo Kultur Elkartea"},"image":{"@id":"https:\/\/zapateneo.net\/wordpress\/#\/schema\/logo\/image\/"},"sameAs":["https:\/\/x.com\/zapateneo"]}]}},"_links":{"self":[{"href":"https:\/\/zapateneo.net\/wordpress\/index.php\/wp-json\/wp\/v2\/product\/2391","targetHints":{"allow":["GET"]}}],"collection":[{"href":"https:\/\/zapateneo.net\/wordpress\/index.php\/wp-json\/wp\/v2\/product"}],"about":[{"href":"https:\/\/zapateneo.net\/wordpress\/index.php\/wp-json\/wp\/v2\/types\/product"}],"wp:featuredmedia":[{"embeddable":true,"href":"https:\/\/zapateneo.net\/wordpress\/index.php\/wp-json\/wp\/v2\/media\/2420"}],"wp:attachment":[{"href":"https:\/\/zapateneo.net\/wordpress\/index.php\/wp-json\/wp\/v2\/media?parent=2391"}],"wp:term":[{"taxonomy":"product_brand","embeddable":true,"href":"https:\/\/zapateneo.net\/wordpress\/index.php\/wp-json\/wp\/v2\/product_brand?post=2391"},{"taxonomy":"product_cat","embeddable":true,"href":"https:\/\/zapateneo.net\/wordpress\/index.php\/wp-json\/wp\/v2\/product_cat?post=2391"},{"taxonomy":"product_tag","embeddable":true,"href":"https:\/\/zapateneo.net\/wordpress\/index.php\/wp-json\/wp\/v2\/product_tag?post=2391"}],"curies":[{"name":"wp","href":"https:\/\/api.w.org\/{rel}","templated":true}]}}