{"id":16341,"date":"2025-11-29T13:34:31","date_gmt":"2025-11-29T12:34:31","guid":{"rendered":"https:\/\/zapateneo.net\/wordpress\/?post_type=product&#038;p=16341"},"modified":"2025-11-29T13:34:51","modified_gmt":"2025-11-29T12:34:51","slug":"el-islam-como-anarquismo-mistico-2","status":"publish","type":"product","link":"https:\/\/zapateneo.net\/wordpress\/index.php\/producto\/el-islam-como-anarquismo-mistico-2\/","title":{"rendered":"El islam como anarquismo m\u00edstico"},"content":{"rendered":"<p>Hay una parad\u00f3jica convergencia de intereses entre los enemigos del islam y aquellos que quieren ser la autoridad en el islam en estandarizar el hecho musulm\u00e1n, reducirlo a una sola lectura, a una sola doctrina, haciendo que, en \u00faltima instancia, la voz y las pr\u00e1cticas de la umma (comunidad de creyentes) dependan de una jerarqu\u00eda estatal o religiosa. Pero, como indica Abdennur Prado, \u00abel mundo isl\u00e1mico se caracteriza desde sus inicios por la proliferaci\u00f3n de corrientes y de modos de entender y vivir el islam, tanto en lo individual como en lo colectivo\u00bb.<\/p>\n<p>El islam como anarquismo m\u00edstico no es tanto una interpretaci\u00f3n sui g\u00e9neris del anarquismo como una lectura radical y revolucionaria del islam, la cual no carece de precedentes y est\u00e1 basada en un profundo conocimiento de los textos. Sin ocultar las diferencias entre la religi\u00f3n isl\u00e1mica y el ate\u00edsmo radical del anarquismo, Prado nos muestra que en aspectos como el antiestatismo, la justicia social o el apoyo mutuo, los textos del profeta Muhammad o de ciertos intelectuales isl\u00e1micos coinciden con la l\u00f3gica libertaria. En estos t\u00e9rminos, cuando el autor nos habla de misticismo o de \u00abanarquismo m\u00edstico\u00bb, est\u00e1 haciendo referencia a una espiritualidad libre, sin cl\u00e9rigos ni dogmas, que \u00abantepone la experiencia a la creencia\u00bb, que lejos de abstraerse de la realidad est\u00e1 arraigada en la tierra y en la vida, y que repele cualquier mediaci\u00f3n o codificaci\u00f3n por parte de la religi\u00f3n instituida.<\/p>\n<p>A partir de posiciones como las de Avempace, el turco Sheikh Bedreddin o Ibn Jald\u00fan, quien \u00abantepuso el ideal \u00e9tico de la ayuda mutua y la cooperaci\u00f3n entre los miembros de una comunidad a la obediencia al Estado\u00bb, este libro pone en relaci\u00f3n algunas de las fuentes cl\u00e1sicas del islam con la l\u00f3gica antiautoritaria y comunista o colectivista de la tradici\u00f3n libertaria. Un texto riguroso que invita a la reflexi\u00f3n.<\/p>\n<p>======================<\/p>\n<p>Abdennur Prado (Barcelona, 1967) Es una de las voces m\u00e1s genuinas dentro del panorama religioso e intelectual en el contexto catal\u00e1n y espa\u00f1ol. Musulm\u00e1n en plena eclosi\u00f3n de la islamofobia, Abdennur Prado se ha enfrentado a las simplificaciones del hecho musulm\u00e1n a la vez que ha promovido un islam no institucionalizado ni clericalizado. Fue fundador y presidente de la Junta Isl\u00e1mica Catalana (2001-2010) y director del portal Webislam (hoy verislam.com), dirigi\u00f3 el Congreso Internacional de Feminismo Isl\u00e1mico y fue colaborador del ex relator especial de la ONU para la islamofobia Doudou Di\u00e8ne. En la actualidad forma parte del grupo interreligioso Tradici\u00f3n y Progreso, as\u00ed como de la organizaci\u00f3n euro\u00adpea The Soul of Europe. Es autor de multitud de obras, entre las que destacan El islam como anarquismo m\u00edstico (Virus, 2010, 2025), El islam anterior al Islam (Oozebap, 2007), El lenguaje pol\u00edtico del Cor\u00e1n (Popular, 2010), y Genealog\u00eda del monote\u00edsmo. La religi\u00f3n como dispositivo colonial (Akal, 2018).<\/p>\n","protected":false},"excerpt":{"rendered":"<p><strong>Abdennur Prado<\/strong><br \/>\n9788417870478 &#8211; Virus &#8211; 2025 &#8211; 160 p\u00e1ginas \/orri.<\/p>\n","protected":false},"featured_media":16362,"template":"","meta":[],"product_brand":[],"product_cat":[1868,16],"product_tag":[3148,57],"class_list":{"0":"post-16341","1":"product","2":"type-product","3":"status-publish","4":"has-post-thumbnail","6":"product_cat-anarkismoa-anarquismo","7":"product_cat-libros","8":"product_tag-abdennur-prado","9":"product_tag-virus","11":"first","12":"instock","13":"sold-individually","14":"shipping-taxable","15":"purchasable","16":"product-type-simple"},"yoast_head":"<!-- This site is optimized with the Yoast SEO plugin v27.3 - https:\/\/yoast.com\/product\/yoast-seo-wordpress\/ -->\n<title>El islam como anarquismo m\u00edstico &#8212; Zapateneo<\/title>\n<meta name=\"robots\" content=\"index, follow, max-snippet:-1, max-image-preview:large, max-video-preview:-1\" \/>\n<link rel=\"canonical\" href=\"https:\/\/zapateneo.net\/wordpress\/index.php\/producto\/el-islam-como-anarquismo-mistico-2\/\" \/>\n<meta property=\"og:locale\" content=\"es_ES\" \/>\n<meta property=\"og:type\" content=\"article\" \/>\n<meta property=\"og:title\" content=\"El islam como anarquismo m\u00edstico &#8212; Zapateneo\" \/>\n<meta property=\"og:description\" content=\"Abdennur Prado 9788417870478 - Virus - 2025 - 160 p\u00e1ginas \/orri.\" \/>\n<meta property=\"og:url\" content=\"https:\/\/zapateneo.net\/wordpress\/index.php\/producto\/el-islam-como-anarquismo-mistico-2\/\" \/>\n<meta property=\"og:site_name\" content=\"Zapateneo\" \/>\n<meta property=\"article:modified_time\" content=\"2025-11-29T12:34:51+00:00\" \/>\n<meta name=\"twitter:card\" content=\"summary_large_image\" \/>\n<meta name=\"twitter:site\" content=\"@zapateneo\" \/>\n<meta name=\"twitter:label1\" content=\"Tiempo de lectura\" \/>\n\t<meta name=\"twitter:data1\" content=\"3 minutos\" \/>\n<script type=\"application\/ld+json\" class=\"yoast-schema-graph\">{\"@context\":\"https:\\\/\\\/schema.org\",\"@graph\":[{\"@type\":\"WebPage\",\"@id\":\"https:\\\/\\\/zapateneo.net\\\/wordpress\\\/index.php\\\/producto\\\/el-islam-como-anarquismo-mistico-2\\\/\",\"url\":\"https:\\\/\\\/zapateneo.net\\\/wordpress\\\/index.php\\\/producto\\\/el-islam-como-anarquismo-mistico-2\\\/\",\"name\":\"El islam como anarquismo m\u00edstico &#8212; Zapateneo\",\"isPartOf\":{\"@id\":\"https:\\\/\\\/zapateneo.net\\\/wordpress\\\/#website\"},\"primaryImageOfPage\":{\"@id\":\"https:\\\/\\\/zapateneo.net\\\/wordpress\\\/index.php\\\/producto\\\/el-islam-como-anarquismo-mistico-2\\\/#primaryimage\"},\"image\":{\"@id\":\"https:\\\/\\\/zapateneo.net\\\/wordpress\\\/index.php\\\/producto\\\/el-islam-como-anarquismo-mistico-2\\\/#primaryimage\"},\"thumbnailUrl\":\"https:\\\/\\\/zapateneo.net\\\/wordpress\\\/wp-content\\\/uploads\\\/2025\\\/11\\\/9788417870478.jpg\",\"datePublished\":\"2025-11-29T12:34:31+00:00\",\"dateModified\":\"2025-11-29T12:34:51+00:00\",\"breadcrumb\":{\"@id\":\"https:\\\/\\\/zapateneo.net\\\/wordpress\\\/index.php\\\/producto\\\/el-islam-como-anarquismo-mistico-2\\\/#breadcrumb\"},\"inLanguage\":\"es\",\"potentialAction\":[{\"@type\":\"ReadAction\",\"target\":[\"https:\\\/\\\/zapateneo.net\\\/wordpress\\\/index.php\\\/producto\\\/el-islam-como-anarquismo-mistico-2\\\/\"]}]},{\"@type\":\"ImageObject\",\"inLanguage\":\"es\",\"@id\":\"https:\\\/\\\/zapateneo.net\\\/wordpress\\\/index.php\\\/producto\\\/el-islam-como-anarquismo-mistico-2\\\/#primaryimage\",\"url\":\"https:\\\/\\\/zapateneo.net\\\/wordpress\\\/wp-content\\\/uploads\\\/2025\\\/11\\\/9788417870478.jpg\",\"contentUrl\":\"https:\\\/\\\/zapateneo.net\\\/wordpress\\\/wp-content\\\/uploads\\\/2025\\\/11\\\/9788417870478.jpg\",\"width\":234,\"height\":350},{\"@type\":\"BreadcrumbList\",\"@id\":\"https:\\\/\\\/zapateneo.net\\\/wordpress\\\/index.php\\\/producto\\\/el-islam-como-anarquismo-mistico-2\\\/#breadcrumb\",\"itemListElement\":[{\"@type\":\"ListItem\",\"position\":1,\"name\":\"Portada\",\"item\":\"https:\\\/\\\/zapateneo.net\\\/wordpress\\\/\"},{\"@type\":\"ListItem\",\"position\":2,\"name\":\"Tienda\",\"item\":\"https:\\\/\\\/zapateneo.net\\\/wordpress\\\/\"},{\"@type\":\"ListItem\",\"position\":3,\"name\":\"El islam como anarquismo m\u00edstico\"}]},{\"@type\":\"WebSite\",\"@id\":\"https:\\\/\\\/zapateneo.net\\\/wordpress\\\/#website\",\"url\":\"https:\\\/\\\/zapateneo.net\\\/wordpress\\\/\",\"name\":\"Zapateneo\",\"description\":\"Zapateneoaren webgunea\",\"publisher\":{\"@id\":\"https:\\\/\\\/zapateneo.net\\\/wordpress\\\/#organization\"},\"potentialAction\":[{\"@type\":\"SearchAction\",\"target\":{\"@type\":\"EntryPoint\",\"urlTemplate\":\"https:\\\/\\\/zapateneo.net\\\/wordpress\\\/?s={search_term_string}\"},\"query-input\":{\"@type\":\"PropertyValueSpecification\",\"valueRequired\":true,\"valueName\":\"search_term_string\"}}],\"inLanguage\":\"es\"},{\"@type\":\"Organization\",\"@id\":\"https:\\\/\\\/zapateneo.net\\\/wordpress\\\/#organization\",\"name\":\"Zapateneo Kultur Elkartea\",\"url\":\"https:\\\/\\\/zapateneo.net\\\/wordpress\\\/\",\"logo\":{\"@type\":\"ImageObject\",\"inLanguage\":\"es\",\"@id\":\"https:\\\/\\\/zapateneo.net\\\/wordpress\\\/#\\\/schema\\\/logo\\\/image\\\/\",\"url\":\"https:\\\/\\\/zapateneo.net\\\/wordpress\\\/wp-content\\\/uploads\\\/2021\\\/04\\\/zap-libu-kolec.jpg\",\"contentUrl\":\"https:\\\/\\\/zapateneo.net\\\/wordpress\\\/wp-content\\\/uploads\\\/2021\\\/04\\\/zap-libu-kolec.jpg\",\"width\":2234,\"height\":398,\"caption\":\"Zapateneo Kultur Elkartea\"},\"image\":{\"@id\":\"https:\\\/\\\/zapateneo.net\\\/wordpress\\\/#\\\/schema\\\/logo\\\/image\\\/\"},\"sameAs\":[\"https:\\\/\\\/x.com\\\/zapateneo\"]}]}<\/script>\n<!-- \/ Yoast SEO plugin. -->","yoast_head_json":{"title":"El islam como anarquismo m\u00edstico &#8212; Zapateneo","robots":{"index":"index","follow":"follow","max-snippet":"max-snippet:-1","max-image-preview":"max-image-preview:large","max-video-preview":"max-video-preview:-1"},"canonical":"https:\/\/zapateneo.net\/wordpress\/index.php\/producto\/el-islam-como-anarquismo-mistico-2\/","og_locale":"es_ES","og_type":"article","og_title":"El islam como anarquismo m\u00edstico &#8212; Zapateneo","og_description":"Abdennur Prado 9788417870478 - Virus - 2025 - 160 p\u00e1ginas \/orri.","og_url":"https:\/\/zapateneo.net\/wordpress\/index.php\/producto\/el-islam-como-anarquismo-mistico-2\/","og_site_name":"Zapateneo","article_modified_time":"2025-11-29T12:34:51+00:00","twitter_card":"summary_large_image","twitter_site":"@zapateneo","twitter_misc":{"Tiempo de lectura":"3 minutos"},"schema":{"@context":"https:\/\/schema.org","@graph":[{"@type":"WebPage","@id":"https:\/\/zapateneo.net\/wordpress\/index.php\/producto\/el-islam-como-anarquismo-mistico-2\/","url":"https:\/\/zapateneo.net\/wordpress\/index.php\/producto\/el-islam-como-anarquismo-mistico-2\/","name":"El islam como anarquismo m\u00edstico &#8212; Zapateneo","isPartOf":{"@id":"https:\/\/zapateneo.net\/wordpress\/#website"},"primaryImageOfPage":{"@id":"https:\/\/zapateneo.net\/wordpress\/index.php\/producto\/el-islam-como-anarquismo-mistico-2\/#primaryimage"},"image":{"@id":"https:\/\/zapateneo.net\/wordpress\/index.php\/producto\/el-islam-como-anarquismo-mistico-2\/#primaryimage"},"thumbnailUrl":"https:\/\/zapateneo.net\/wordpress\/wp-content\/uploads\/2025\/11\/9788417870478.jpg","datePublished":"2025-11-29T12:34:31+00:00","dateModified":"2025-11-29T12:34:51+00:00","breadcrumb":{"@id":"https:\/\/zapateneo.net\/wordpress\/index.php\/producto\/el-islam-como-anarquismo-mistico-2\/#breadcrumb"},"inLanguage":"es","potentialAction":[{"@type":"ReadAction","target":["https:\/\/zapateneo.net\/wordpress\/index.php\/producto\/el-islam-como-anarquismo-mistico-2\/"]}]},{"@type":"ImageObject","inLanguage":"es","@id":"https:\/\/zapateneo.net\/wordpress\/index.php\/producto\/el-islam-como-anarquismo-mistico-2\/#primaryimage","url":"https:\/\/zapateneo.net\/wordpress\/wp-content\/uploads\/2025\/11\/9788417870478.jpg","contentUrl":"https:\/\/zapateneo.net\/wordpress\/wp-content\/uploads\/2025\/11\/9788417870478.jpg","width":234,"height":350},{"@type":"BreadcrumbList","@id":"https:\/\/zapateneo.net\/wordpress\/index.php\/producto\/el-islam-como-anarquismo-mistico-2\/#breadcrumb","itemListElement":[{"@type":"ListItem","position":1,"name":"Portada","item":"https:\/\/zapateneo.net\/wordpress\/"},{"@type":"ListItem","position":2,"name":"Tienda","item":"https:\/\/zapateneo.net\/wordpress\/"},{"@type":"ListItem","position":3,"name":"El islam como anarquismo m\u00edstico"}]},{"@type":"WebSite","@id":"https:\/\/zapateneo.net\/wordpress\/#website","url":"https:\/\/zapateneo.net\/wordpress\/","name":"Zapateneo","description":"Zapateneoaren webgunea","publisher":{"@id":"https:\/\/zapateneo.net\/wordpress\/#organization"},"potentialAction":[{"@type":"SearchAction","target":{"@type":"EntryPoint","urlTemplate":"https:\/\/zapateneo.net\/wordpress\/?s={search_term_string}"},"query-input":{"@type":"PropertyValueSpecification","valueRequired":true,"valueName":"search_term_string"}}],"inLanguage":"es"},{"@type":"Organization","@id":"https:\/\/zapateneo.net\/wordpress\/#organization","name":"Zapateneo Kultur Elkartea","url":"https:\/\/zapateneo.net\/wordpress\/","logo":{"@type":"ImageObject","inLanguage":"es","@id":"https:\/\/zapateneo.net\/wordpress\/#\/schema\/logo\/image\/","url":"https:\/\/zapateneo.net\/wordpress\/wp-content\/uploads\/2021\/04\/zap-libu-kolec.jpg","contentUrl":"https:\/\/zapateneo.net\/wordpress\/wp-content\/uploads\/2021\/04\/zap-libu-kolec.jpg","width":2234,"height":398,"caption":"Zapateneo Kultur Elkartea"},"image":{"@id":"https:\/\/zapateneo.net\/wordpress\/#\/schema\/logo\/image\/"},"sameAs":["https:\/\/x.com\/zapateneo"]}]}},"_links":{"self":[{"href":"https:\/\/zapateneo.net\/wordpress\/index.php\/wp-json\/wp\/v2\/product\/16341","targetHints":{"allow":["GET"]}}],"collection":[{"href":"https:\/\/zapateneo.net\/wordpress\/index.php\/wp-json\/wp\/v2\/product"}],"about":[{"href":"https:\/\/zapateneo.net\/wordpress\/index.php\/wp-json\/wp\/v2\/types\/product"}],"wp:featuredmedia":[{"embeddable":true,"href":"https:\/\/zapateneo.net\/wordpress\/index.php\/wp-json\/wp\/v2\/media\/16362"}],"wp:attachment":[{"href":"https:\/\/zapateneo.net\/wordpress\/index.php\/wp-json\/wp\/v2\/media?parent=16341"}],"wp:term":[{"taxonomy":"product_brand","embeddable":true,"href":"https:\/\/zapateneo.net\/wordpress\/index.php\/wp-json\/wp\/v2\/product_brand?post=16341"},{"taxonomy":"product_cat","embeddable":true,"href":"https:\/\/zapateneo.net\/wordpress\/index.php\/wp-json\/wp\/v2\/product_cat?post=16341"},{"taxonomy":"product_tag","embeddable":true,"href":"https:\/\/zapateneo.net\/wordpress\/index.php\/wp-json\/wp\/v2\/product_tag?post=16341"}],"curies":[{"name":"wp","href":"https:\/\/api.w.org\/{rel}","templated":true}]}}