{"id":16339,"date":"2025-11-29T13:34:30","date_gmt":"2025-11-29T12:34:30","guid":{"rendered":"https:\/\/zapateneo.net\/wordpress\/?post_type=product&#038;p=16339"},"modified":"2025-11-29T13:34:49","modified_gmt":"2025-11-29T12:34:49","slug":"un-poder-carcelario-sindicatos-de-prisiones-y-sistema-penal","status":"publish","type":"product","link":"https:\/\/zapateneo.net\/wordpress\/index.php\/producto\/un-poder-carcelario-sindicatos-de-prisiones-y-sistema-penal\/","title":{"rendered":"Un poder carcelario. Sindicatos de prisiones y sistema penal"},"content":{"rendered":"<p>Con unas cotas elevadas de visibilidad medi\u00e1tica y una influencia creciente en los aparatos judiciales y pol\u00edticos, los sindicatos y asociaciones de funcionarios de prisiones son hoy un actor decisivo a la hora de entender los procesos de criminalizaci\u00f3n y producci\u00f3n de p\u00e1nicos morales y paranoias securitarias.<\/p>\n<p>Responsables directos de la aplicaci\u00f3n de los derechos de las personas presas, sus reivindicaciones se basan en el desmantelamiento de dichos derechos, y en la implementaci\u00f3n de un modelo de c\u00e1rcel-guerra que deshumaniza a la poblaci\u00f3n reclusa, al tiempo que criminaliza a sus familias y a los grupos y entidades que les brindan apoyo.<\/p>\n<p>Bajo siglas de sindicatos mayoritarios o asociaciones corporativas, estas estructuras est\u00e1n dirigidas y atravesadas por destacadas figuras de la ultraderecha ligadas a una praxis de abuso y violencia, que han disfrutado de una tradici\u00f3n de impunidad y que han respondido con furia a los intentos de denunciarla o eliminarla.<\/p>\n<p>Este poder carcelario se inserta hoy en una nueva matriz punitiva en la cual los derechos han sido sustituidos por una \u00abgesti\u00f3n de riesgos\u00bb que da v\u00eda libre a un mayor dominio y represi\u00f3n sobre las vidas de las personas presas. Estos sindicatos han acumulado una notable capacidad de producci\u00f3n simb\u00f3lica e influencia pol\u00edtica, factores que son analizados en este trabajo de Jos\u00e9 Navarro Pardo, en una aportaci\u00f3n fundamental para el conocimiento de un \u00e1mbito generalmente opaco y desconocido.<\/p>\n<p>El sindicalismo penitenciario, sus discursos y reivindicaciones, han sido elementos claves en la violencia cultural, y han contribuido a aumentar el estigma y la concepci\u00f3n de las personas privadas de libertad como una encarnaci\u00f3n del \u00abmal radical\u00bb, logrando as\u00ed que los espacios penitenciarios sean zonas de suspensi\u00f3n del derecho.<\/p>\n<p>==========================<\/p>\n<p>Jos\u00e9 Navarro Pardo (B\u00e9tera, 1993). Graduado en Criminolog\u00eda por la Universitat de Barcelona, es m\u00e1ster en Sociolog\u00eda Jur\u00eddico-Penal y ha sido investigador del Observatori del Sistema Penal i els Drets Humans (OSPDH). Especializado en la vulneraci\u00f3n de los derechos de las personas presas, coordin\u00f3 el estudio emp\u00edrico en el que se sustent\u00f3 el informe del OSPDH sobre \u00abLa contenci\u00f3n mec\u00e1nica en las prisiones espa\u00f1olas desde la perspectiva de los derechos humanos\u00bb. Su investigaci\u00f3n sobre los sindicatos penitenciarios, Sindicalisme penitenciari a Catalunya i l\u2019Estat espanyol. An\u00e0lisi geneal\u00f2gica dels discursos i corrents des d\u2019una perspectiva de la mem\u00f2ria, constituye la base de Un poder carcelario (Virus, 2025).<\/p>\n","protected":false},"excerpt":{"rendered":"<p><strong>Jos\u00e9 Navarro Pardo<\/strong><br \/>\n9788417870508 &#8211; Virus &#8211; 2025 &#8211; 256 p\u00e1ginas \/orri.<\/p>\n","protected":false},"featured_media":16360,"template":"","meta":[],"product_brand":[],"product_cat":[181,16],"product_tag":[7297,57],"class_list":{"0":"post-16339","1":"product","2":"type-product","3":"status-publish","4":"has-post-thumbnail","6":"product_cat-bazterketa-soziala-eta-errepresioa-exclusion-social-y-represion","7":"product_cat-libros","8":"product_tag-jose-navarro-pardo","9":"product_tag-virus","11":"first","12":"instock","13":"sold-individually","14":"shipping-taxable","15":"purchasable","16":"product-type-simple"},"yoast_head":"<!-- This site is optimized with the Yoast SEO plugin v27.3 - https:\/\/yoast.com\/product\/yoast-seo-wordpress\/ -->\n<title>Un poder carcelario. Sindicatos de prisiones y sistema penal &#8212; Zapateneo<\/title>\n<meta name=\"robots\" content=\"index, follow, max-snippet:-1, max-image-preview:large, max-video-preview:-1\" \/>\n<link rel=\"canonical\" href=\"https:\/\/zapateneo.net\/wordpress\/index.php\/producto\/un-poder-carcelario-sindicatos-de-prisiones-y-sistema-penal\/\" \/>\n<meta property=\"og:locale\" content=\"es_ES\" \/>\n<meta property=\"og:type\" content=\"article\" \/>\n<meta property=\"og:title\" content=\"Un poder carcelario. Sindicatos de prisiones y sistema penal &#8212; Zapateneo\" \/>\n<meta property=\"og:description\" content=\"Jos\u00e9 Navarro Pardo 9788417870508 - Virus - 2025 - 256 p\u00e1ginas \/orri.\" \/>\n<meta property=\"og:url\" content=\"https:\/\/zapateneo.net\/wordpress\/index.php\/producto\/un-poder-carcelario-sindicatos-de-prisiones-y-sistema-penal\/\" \/>\n<meta property=\"og:site_name\" content=\"Zapateneo\" \/>\n<meta property=\"article:modified_time\" content=\"2025-11-29T12:34:49+00:00\" \/>\n<meta name=\"twitter:card\" content=\"summary_large_image\" \/>\n<meta name=\"twitter:site\" content=\"@zapateneo\" \/>\n<meta name=\"twitter:label1\" content=\"Tiempo de lectura\" \/>\n\t<meta name=\"twitter:data1\" content=\"2 minutos\" \/>\n<script type=\"application\/ld+json\" class=\"yoast-schema-graph\">{\"@context\":\"https:\\\/\\\/schema.org\",\"@graph\":[{\"@type\":\"WebPage\",\"@id\":\"https:\\\/\\\/zapateneo.net\\\/wordpress\\\/index.php\\\/producto\\\/un-poder-carcelario-sindicatos-de-prisiones-y-sistema-penal\\\/\",\"url\":\"https:\\\/\\\/zapateneo.net\\\/wordpress\\\/index.php\\\/producto\\\/un-poder-carcelario-sindicatos-de-prisiones-y-sistema-penal\\\/\",\"name\":\"Un poder carcelario. Sindicatos de prisiones y sistema penal &#8212; Zapateneo\",\"isPartOf\":{\"@id\":\"https:\\\/\\\/zapateneo.net\\\/wordpress\\\/#website\"},\"primaryImageOfPage\":{\"@id\":\"https:\\\/\\\/zapateneo.net\\\/wordpress\\\/index.php\\\/producto\\\/un-poder-carcelario-sindicatos-de-prisiones-y-sistema-penal\\\/#primaryimage\"},\"image\":{\"@id\":\"https:\\\/\\\/zapateneo.net\\\/wordpress\\\/index.php\\\/producto\\\/un-poder-carcelario-sindicatos-de-prisiones-y-sistema-penal\\\/#primaryimage\"},\"thumbnailUrl\":\"https:\\\/\\\/zapateneo.net\\\/wordpress\\\/wp-content\\\/uploads\\\/2025\\\/11\\\/9788417870508.jpg\",\"datePublished\":\"2025-11-29T12:34:30+00:00\",\"dateModified\":\"2025-11-29T12:34:49+00:00\",\"breadcrumb\":{\"@id\":\"https:\\\/\\\/zapateneo.net\\\/wordpress\\\/index.php\\\/producto\\\/un-poder-carcelario-sindicatos-de-prisiones-y-sistema-penal\\\/#breadcrumb\"},\"inLanguage\":\"es\",\"potentialAction\":[{\"@type\":\"ReadAction\",\"target\":[\"https:\\\/\\\/zapateneo.net\\\/wordpress\\\/index.php\\\/producto\\\/un-poder-carcelario-sindicatos-de-prisiones-y-sistema-penal\\\/\"]}]},{\"@type\":\"ImageObject\",\"inLanguage\":\"es\",\"@id\":\"https:\\\/\\\/zapateneo.net\\\/wordpress\\\/index.php\\\/producto\\\/un-poder-carcelario-sindicatos-de-prisiones-y-sistema-penal\\\/#primaryimage\",\"url\":\"https:\\\/\\\/zapateneo.net\\\/wordpress\\\/wp-content\\\/uploads\\\/2025\\\/11\\\/9788417870508.jpg\",\"contentUrl\":\"https:\\\/\\\/zapateneo.net\\\/wordpress\\\/wp-content\\\/uploads\\\/2025\\\/11\\\/9788417870508.jpg\",\"width\":233,\"height\":350},{\"@type\":\"BreadcrumbList\",\"@id\":\"https:\\\/\\\/zapateneo.net\\\/wordpress\\\/index.php\\\/producto\\\/un-poder-carcelario-sindicatos-de-prisiones-y-sistema-penal\\\/#breadcrumb\",\"itemListElement\":[{\"@type\":\"ListItem\",\"position\":1,\"name\":\"Portada\",\"item\":\"https:\\\/\\\/zapateneo.net\\\/wordpress\\\/\"},{\"@type\":\"ListItem\",\"position\":2,\"name\":\"Tienda\",\"item\":\"https:\\\/\\\/zapateneo.net\\\/wordpress\\\/\"},{\"@type\":\"ListItem\",\"position\":3,\"name\":\"Un poder carcelario. Sindicatos de prisiones y sistema penal\"}]},{\"@type\":\"WebSite\",\"@id\":\"https:\\\/\\\/zapateneo.net\\\/wordpress\\\/#website\",\"url\":\"https:\\\/\\\/zapateneo.net\\\/wordpress\\\/\",\"name\":\"Zapateneo\",\"description\":\"Zapateneoaren webgunea\",\"publisher\":{\"@id\":\"https:\\\/\\\/zapateneo.net\\\/wordpress\\\/#organization\"},\"potentialAction\":[{\"@type\":\"SearchAction\",\"target\":{\"@type\":\"EntryPoint\",\"urlTemplate\":\"https:\\\/\\\/zapateneo.net\\\/wordpress\\\/?s={search_term_string}\"},\"query-input\":{\"@type\":\"PropertyValueSpecification\",\"valueRequired\":true,\"valueName\":\"search_term_string\"}}],\"inLanguage\":\"es\"},{\"@type\":\"Organization\",\"@id\":\"https:\\\/\\\/zapateneo.net\\\/wordpress\\\/#organization\",\"name\":\"Zapateneo Kultur Elkartea\",\"url\":\"https:\\\/\\\/zapateneo.net\\\/wordpress\\\/\",\"logo\":{\"@type\":\"ImageObject\",\"inLanguage\":\"es\",\"@id\":\"https:\\\/\\\/zapateneo.net\\\/wordpress\\\/#\\\/schema\\\/logo\\\/image\\\/\",\"url\":\"https:\\\/\\\/zapateneo.net\\\/wordpress\\\/wp-content\\\/uploads\\\/2021\\\/04\\\/zap-libu-kolec.jpg\",\"contentUrl\":\"https:\\\/\\\/zapateneo.net\\\/wordpress\\\/wp-content\\\/uploads\\\/2021\\\/04\\\/zap-libu-kolec.jpg\",\"width\":2234,\"height\":398,\"caption\":\"Zapateneo Kultur Elkartea\"},\"image\":{\"@id\":\"https:\\\/\\\/zapateneo.net\\\/wordpress\\\/#\\\/schema\\\/logo\\\/image\\\/\"},\"sameAs\":[\"https:\\\/\\\/x.com\\\/zapateneo\"]}]}<\/script>\n<!-- \/ Yoast SEO plugin. -->","yoast_head_json":{"title":"Un poder carcelario. Sindicatos de prisiones y sistema penal &#8212; Zapateneo","robots":{"index":"index","follow":"follow","max-snippet":"max-snippet:-1","max-image-preview":"max-image-preview:large","max-video-preview":"max-video-preview:-1"},"canonical":"https:\/\/zapateneo.net\/wordpress\/index.php\/producto\/un-poder-carcelario-sindicatos-de-prisiones-y-sistema-penal\/","og_locale":"es_ES","og_type":"article","og_title":"Un poder carcelario. Sindicatos de prisiones y sistema penal &#8212; Zapateneo","og_description":"Jos\u00e9 Navarro Pardo 9788417870508 - Virus - 2025 - 256 p\u00e1ginas \/orri.","og_url":"https:\/\/zapateneo.net\/wordpress\/index.php\/producto\/un-poder-carcelario-sindicatos-de-prisiones-y-sistema-penal\/","og_site_name":"Zapateneo","article_modified_time":"2025-11-29T12:34:49+00:00","twitter_card":"summary_large_image","twitter_site":"@zapateneo","twitter_misc":{"Tiempo de lectura":"2 minutos"},"schema":{"@context":"https:\/\/schema.org","@graph":[{"@type":"WebPage","@id":"https:\/\/zapateneo.net\/wordpress\/index.php\/producto\/un-poder-carcelario-sindicatos-de-prisiones-y-sistema-penal\/","url":"https:\/\/zapateneo.net\/wordpress\/index.php\/producto\/un-poder-carcelario-sindicatos-de-prisiones-y-sistema-penal\/","name":"Un poder carcelario. Sindicatos de prisiones y sistema penal &#8212; Zapateneo","isPartOf":{"@id":"https:\/\/zapateneo.net\/wordpress\/#website"},"primaryImageOfPage":{"@id":"https:\/\/zapateneo.net\/wordpress\/index.php\/producto\/un-poder-carcelario-sindicatos-de-prisiones-y-sistema-penal\/#primaryimage"},"image":{"@id":"https:\/\/zapateneo.net\/wordpress\/index.php\/producto\/un-poder-carcelario-sindicatos-de-prisiones-y-sistema-penal\/#primaryimage"},"thumbnailUrl":"https:\/\/zapateneo.net\/wordpress\/wp-content\/uploads\/2025\/11\/9788417870508.jpg","datePublished":"2025-11-29T12:34:30+00:00","dateModified":"2025-11-29T12:34:49+00:00","breadcrumb":{"@id":"https:\/\/zapateneo.net\/wordpress\/index.php\/producto\/un-poder-carcelario-sindicatos-de-prisiones-y-sistema-penal\/#breadcrumb"},"inLanguage":"es","potentialAction":[{"@type":"ReadAction","target":["https:\/\/zapateneo.net\/wordpress\/index.php\/producto\/un-poder-carcelario-sindicatos-de-prisiones-y-sistema-penal\/"]}]},{"@type":"ImageObject","inLanguage":"es","@id":"https:\/\/zapateneo.net\/wordpress\/index.php\/producto\/un-poder-carcelario-sindicatos-de-prisiones-y-sistema-penal\/#primaryimage","url":"https:\/\/zapateneo.net\/wordpress\/wp-content\/uploads\/2025\/11\/9788417870508.jpg","contentUrl":"https:\/\/zapateneo.net\/wordpress\/wp-content\/uploads\/2025\/11\/9788417870508.jpg","width":233,"height":350},{"@type":"BreadcrumbList","@id":"https:\/\/zapateneo.net\/wordpress\/index.php\/producto\/un-poder-carcelario-sindicatos-de-prisiones-y-sistema-penal\/#breadcrumb","itemListElement":[{"@type":"ListItem","position":1,"name":"Portada","item":"https:\/\/zapateneo.net\/wordpress\/"},{"@type":"ListItem","position":2,"name":"Tienda","item":"https:\/\/zapateneo.net\/wordpress\/"},{"@type":"ListItem","position":3,"name":"Un poder carcelario. Sindicatos de prisiones y sistema penal"}]},{"@type":"WebSite","@id":"https:\/\/zapateneo.net\/wordpress\/#website","url":"https:\/\/zapateneo.net\/wordpress\/","name":"Zapateneo","description":"Zapateneoaren webgunea","publisher":{"@id":"https:\/\/zapateneo.net\/wordpress\/#organization"},"potentialAction":[{"@type":"SearchAction","target":{"@type":"EntryPoint","urlTemplate":"https:\/\/zapateneo.net\/wordpress\/?s={search_term_string}"},"query-input":{"@type":"PropertyValueSpecification","valueRequired":true,"valueName":"search_term_string"}}],"inLanguage":"es"},{"@type":"Organization","@id":"https:\/\/zapateneo.net\/wordpress\/#organization","name":"Zapateneo Kultur Elkartea","url":"https:\/\/zapateneo.net\/wordpress\/","logo":{"@type":"ImageObject","inLanguage":"es","@id":"https:\/\/zapateneo.net\/wordpress\/#\/schema\/logo\/image\/","url":"https:\/\/zapateneo.net\/wordpress\/wp-content\/uploads\/2021\/04\/zap-libu-kolec.jpg","contentUrl":"https:\/\/zapateneo.net\/wordpress\/wp-content\/uploads\/2021\/04\/zap-libu-kolec.jpg","width":2234,"height":398,"caption":"Zapateneo Kultur Elkartea"},"image":{"@id":"https:\/\/zapateneo.net\/wordpress\/#\/schema\/logo\/image\/"},"sameAs":["https:\/\/x.com\/zapateneo"]}]}},"_links":{"self":[{"href":"https:\/\/zapateneo.net\/wordpress\/index.php\/wp-json\/wp\/v2\/product\/16339","targetHints":{"allow":["GET"]}}],"collection":[{"href":"https:\/\/zapateneo.net\/wordpress\/index.php\/wp-json\/wp\/v2\/product"}],"about":[{"href":"https:\/\/zapateneo.net\/wordpress\/index.php\/wp-json\/wp\/v2\/types\/product"}],"wp:featuredmedia":[{"embeddable":true,"href":"https:\/\/zapateneo.net\/wordpress\/index.php\/wp-json\/wp\/v2\/media\/16360"}],"wp:attachment":[{"href":"https:\/\/zapateneo.net\/wordpress\/index.php\/wp-json\/wp\/v2\/media?parent=16339"}],"wp:term":[{"taxonomy":"product_brand","embeddable":true,"href":"https:\/\/zapateneo.net\/wordpress\/index.php\/wp-json\/wp\/v2\/product_brand?post=16339"},{"taxonomy":"product_cat","embeddable":true,"href":"https:\/\/zapateneo.net\/wordpress\/index.php\/wp-json\/wp\/v2\/product_cat?post=16339"},{"taxonomy":"product_tag","embeddable":true,"href":"https:\/\/zapateneo.net\/wordpress\/index.php\/wp-json\/wp\/v2\/product_tag?post=16339"}],"curies":[{"name":"wp","href":"https:\/\/api.w.org\/{rel}","templated":true}]}}