{"id":16316,"date":"2025-11-29T10:28:28","date_gmt":"2025-11-29T09:28:28","guid":{"rendered":"https:\/\/zapateneo.net\/wordpress\/?post_type=product&#038;p=16316"},"modified":"2025-11-29T10:28:53","modified_gmt":"2025-11-29T09:28:53","slug":"guy-debord-tiempo-historia-y-espectaculo-marxismo-hegeliano-y-teoria-situacionista","status":"publish","type":"product","link":"https:\/\/zapateneo.net\/wordpress\/index.php\/producto\/guy-debord-tiempo-historia-y-espectaculo-marxismo-hegeliano-y-teoria-situacionista\/","title":{"rendered":"Guy Debord. Tiempo, historia y espect\u00e1culo. Marxismo hegeliano y teor\u00eda situacionista"},"content":{"rendered":"<p>En Guy Debord. Tiempo, historia y espect\u00e1culo, Tom Bunyard ofrece un detallado estudio filos\u00f3fico de la obra te\u00f3rica de Guy Debord y la Internacional Situacionista. Bas\u00e1ndose en datos de los libros, pel\u00edculas, cartas y notas de Debord, Bunyard reconstruye las ideas hegelianas y marxianas que sustentan el concepto central de \u00abespect\u00e1culo\u00bb de Debord. Esto permite una reconsideraci\u00f3n de las afirmaciones te\u00f3ricas de Debord y una reinterpretaci\u00f3n de su obra m\u00e1s amplia que pone en primer plano sus preocupaciones por la historia y el tiempo vivido. Al establecer un di\u00e1logo de la teor\u00eda situacionista con las recientes reinterpretaciones de Marx, este libro tambi\u00e9n identifica problemas en la cr\u00edtica de Debord al capitalismo. Sostiene, sin embargo, que las concepciones de la temporalidad y el espect\u00e1culo en las que se basa esa cr\u00edtica constituyen una filosof\u00eda de la praxis que sigue siendo relevante en la actualidad.<\/p>\n<p>El concepto de espect\u00e1culo no s\u00f3lo pretend\u00eda definir su \u00e9poca, sino tambi\u00e9n la capacidad de esta para el cambio hist\u00f3rico; una intenci\u00f3n que se deriva del objetivo de Debord de captar la sociedad como una totalidad hist\u00f3rica, que se hace eco del pro\u00adpio intento de G. Luk\u00e1cs de comprender la sociedad bajo la r\u00fabrica general de la mercanc\u00eda. La diferencia es que, para Debord, el dominio de la mercanc\u00eda hab\u00eda hecho necesario un nuevo concepto totalizador, capaz de expresar los cambios provocados por esta ubicuidad. El \u00abespect\u00e1cu\u00adlo\u00bb combina as\u00ed una alienaci\u00f3n \u00abperfeccionada\u00bb, la necesidad de supe\u00adrar la representaci\u00f3n art\u00edstica de la vida, pero tambi\u00e9n un sentido en el que la separaci\u00f3n entre sujeto y objeto hab\u00eda llegado a tal extremo que ahora se manifestaba en una sociedad saturada de im\u00e1genes visuales que ensal\u00adzaban las virtudes del capital (de ah\u00ed que el espect\u00e1culo sea \u00abuna nega\u00adci\u00f3n de la vida que se ha hecho visible\u00bb).<\/p>\n","protected":false},"excerpt":{"rendered":"<p><strong>Tom Bunyard<\/strong><br \/>\n9788485209798 &#8211; Irrecuperables &#8211; 2024 &#8211; 566 p\u00e1ginas \/orri.<\/p>\n","protected":false},"featured_media":16335,"template":"","meta":[],"product_brand":[],"product_cat":[16,173],"product_tag":[2960,7296],"class_list":{"0":"post-16316","1":"product","2":"type-product","3":"status-publish","4":"has-post-thumbnail","6":"product_cat-libros","7":"product_cat-saiakera-ensayo","8":"product_tag-irrecuperables","9":"product_tag-tom-bunyard","11":"first","12":"instock","13":"sold-individually","14":"shipping-taxable","15":"purchasable","16":"product-type-simple"},"yoast_head":"<!-- This site is optimized with the Yoast SEO plugin v27.3 - https:\/\/yoast.com\/product\/yoast-seo-wordpress\/ -->\n<title>Guy Debord. Tiempo, historia y espect\u00e1culo. Marxismo hegeliano y teor\u00eda situacionista &#8212; Zapateneo<\/title>\n<meta name=\"robots\" content=\"index, follow, max-snippet:-1, max-image-preview:large, max-video-preview:-1\" \/>\n<link rel=\"canonical\" href=\"https:\/\/zapateneo.net\/wordpress\/index.php\/producto\/guy-debord-tiempo-historia-y-espectaculo-marxismo-hegeliano-y-teoria-situacionista\/\" \/>\n<meta property=\"og:locale\" content=\"es_ES\" \/>\n<meta property=\"og:type\" content=\"article\" \/>\n<meta property=\"og:title\" content=\"Guy Debord. Tiempo, historia y espect\u00e1culo. Marxismo hegeliano y teor\u00eda situacionista &#8212; Zapateneo\" \/>\n<meta property=\"og:description\" content=\"Tom Bunyard 9788485209798 - Irrecuperables - 2024 - 566 p\u00e1ginas \/orri.\" \/>\n<meta property=\"og:url\" content=\"https:\/\/zapateneo.net\/wordpress\/index.php\/producto\/guy-debord-tiempo-historia-y-espectaculo-marxismo-hegeliano-y-teoria-situacionista\/\" \/>\n<meta property=\"og:site_name\" content=\"Zapateneo\" \/>\n<meta property=\"article:modified_time\" content=\"2025-11-29T09:28:53+00:00\" \/>\n<meta name=\"twitter:card\" content=\"summary_large_image\" \/>\n<meta name=\"twitter:site\" content=\"@zapateneo\" \/>\n<meta name=\"twitter:label1\" content=\"Tiempo de lectura\" \/>\n\t<meta name=\"twitter:data1\" content=\"2 minutos\" \/>\n<script type=\"application\/ld+json\" class=\"yoast-schema-graph\">{\"@context\":\"https:\\\/\\\/schema.org\",\"@graph\":[{\"@type\":\"WebPage\",\"@id\":\"https:\\\/\\\/zapateneo.net\\\/wordpress\\\/index.php\\\/producto\\\/guy-debord-tiempo-historia-y-espectaculo-marxismo-hegeliano-y-teoria-situacionista\\\/\",\"url\":\"https:\\\/\\\/zapateneo.net\\\/wordpress\\\/index.php\\\/producto\\\/guy-debord-tiempo-historia-y-espectaculo-marxismo-hegeliano-y-teoria-situacionista\\\/\",\"name\":\"Guy Debord. Tiempo, historia y espect\u00e1culo. Marxismo hegeliano y teor\u00eda situacionista &#8212; Zapateneo\",\"isPartOf\":{\"@id\":\"https:\\\/\\\/zapateneo.net\\\/wordpress\\\/#website\"},\"primaryImageOfPage\":{\"@id\":\"https:\\\/\\\/zapateneo.net\\\/wordpress\\\/index.php\\\/producto\\\/guy-debord-tiempo-historia-y-espectaculo-marxismo-hegeliano-y-teoria-situacionista\\\/#primaryimage\"},\"image\":{\"@id\":\"https:\\\/\\\/zapateneo.net\\\/wordpress\\\/index.php\\\/producto\\\/guy-debord-tiempo-historia-y-espectaculo-marxismo-hegeliano-y-teoria-situacionista\\\/#primaryimage\"},\"thumbnailUrl\":\"https:\\\/\\\/zapateneo.net\\\/wordpress\\\/wp-content\\\/uploads\\\/2025\\\/11\\\/9788485209798.jpg\",\"datePublished\":\"2025-11-29T09:28:28+00:00\",\"dateModified\":\"2025-11-29T09:28:53+00:00\",\"breadcrumb\":{\"@id\":\"https:\\\/\\\/zapateneo.net\\\/wordpress\\\/index.php\\\/producto\\\/guy-debord-tiempo-historia-y-espectaculo-marxismo-hegeliano-y-teoria-situacionista\\\/#breadcrumb\"},\"inLanguage\":\"es\",\"potentialAction\":[{\"@type\":\"ReadAction\",\"target\":[\"https:\\\/\\\/zapateneo.net\\\/wordpress\\\/index.php\\\/producto\\\/guy-debord-tiempo-historia-y-espectaculo-marxismo-hegeliano-y-teoria-situacionista\\\/\"]}]},{\"@type\":\"ImageObject\",\"inLanguage\":\"es\",\"@id\":\"https:\\\/\\\/zapateneo.net\\\/wordpress\\\/index.php\\\/producto\\\/guy-debord-tiempo-historia-y-espectaculo-marxismo-hegeliano-y-teoria-situacionista\\\/#primaryimage\",\"url\":\"https:\\\/\\\/zapateneo.net\\\/wordpress\\\/wp-content\\\/uploads\\\/2025\\\/11\\\/9788485209798.jpg\",\"contentUrl\":\"https:\\\/\\\/zapateneo.net\\\/wordpress\\\/wp-content\\\/uploads\\\/2025\\\/11\\\/9788485209798.jpg\",\"width\":193,\"height\":300},{\"@type\":\"BreadcrumbList\",\"@id\":\"https:\\\/\\\/zapateneo.net\\\/wordpress\\\/index.php\\\/producto\\\/guy-debord-tiempo-historia-y-espectaculo-marxismo-hegeliano-y-teoria-situacionista\\\/#breadcrumb\",\"itemListElement\":[{\"@type\":\"ListItem\",\"position\":1,\"name\":\"Portada\",\"item\":\"https:\\\/\\\/zapateneo.net\\\/wordpress\\\/\"},{\"@type\":\"ListItem\",\"position\":2,\"name\":\"Tienda\",\"item\":\"https:\\\/\\\/zapateneo.net\\\/wordpress\\\/\"},{\"@type\":\"ListItem\",\"position\":3,\"name\":\"Guy Debord. Tiempo, historia y espect\u00e1culo. Marxismo hegeliano y teor\u00eda situacionista\"}]},{\"@type\":\"WebSite\",\"@id\":\"https:\\\/\\\/zapateneo.net\\\/wordpress\\\/#website\",\"url\":\"https:\\\/\\\/zapateneo.net\\\/wordpress\\\/\",\"name\":\"Zapateneo\",\"description\":\"Zapateneoaren webgunea\",\"publisher\":{\"@id\":\"https:\\\/\\\/zapateneo.net\\\/wordpress\\\/#organization\"},\"potentialAction\":[{\"@type\":\"SearchAction\",\"target\":{\"@type\":\"EntryPoint\",\"urlTemplate\":\"https:\\\/\\\/zapateneo.net\\\/wordpress\\\/?s={search_term_string}\"},\"query-input\":{\"@type\":\"PropertyValueSpecification\",\"valueRequired\":true,\"valueName\":\"search_term_string\"}}],\"inLanguage\":\"es\"},{\"@type\":\"Organization\",\"@id\":\"https:\\\/\\\/zapateneo.net\\\/wordpress\\\/#organization\",\"name\":\"Zapateneo Kultur Elkartea\",\"url\":\"https:\\\/\\\/zapateneo.net\\\/wordpress\\\/\",\"logo\":{\"@type\":\"ImageObject\",\"inLanguage\":\"es\",\"@id\":\"https:\\\/\\\/zapateneo.net\\\/wordpress\\\/#\\\/schema\\\/logo\\\/image\\\/\",\"url\":\"https:\\\/\\\/zapateneo.net\\\/wordpress\\\/wp-content\\\/uploads\\\/2021\\\/04\\\/zap-libu-kolec.jpg\",\"contentUrl\":\"https:\\\/\\\/zapateneo.net\\\/wordpress\\\/wp-content\\\/uploads\\\/2021\\\/04\\\/zap-libu-kolec.jpg\",\"width\":2234,\"height\":398,\"caption\":\"Zapateneo Kultur Elkartea\"},\"image\":{\"@id\":\"https:\\\/\\\/zapateneo.net\\\/wordpress\\\/#\\\/schema\\\/logo\\\/image\\\/\"},\"sameAs\":[\"https:\\\/\\\/x.com\\\/zapateneo\"]}]}<\/script>\n<!-- \/ Yoast SEO plugin. -->","yoast_head_json":{"title":"Guy Debord. Tiempo, historia y espect\u00e1culo. Marxismo hegeliano y teor\u00eda situacionista &#8212; Zapateneo","robots":{"index":"index","follow":"follow","max-snippet":"max-snippet:-1","max-image-preview":"max-image-preview:large","max-video-preview":"max-video-preview:-1"},"canonical":"https:\/\/zapateneo.net\/wordpress\/index.php\/producto\/guy-debord-tiempo-historia-y-espectaculo-marxismo-hegeliano-y-teoria-situacionista\/","og_locale":"es_ES","og_type":"article","og_title":"Guy Debord. Tiempo, historia y espect\u00e1culo. Marxismo hegeliano y teor\u00eda situacionista &#8212; Zapateneo","og_description":"Tom Bunyard 9788485209798 - Irrecuperables - 2024 - 566 p\u00e1ginas \/orri.","og_url":"https:\/\/zapateneo.net\/wordpress\/index.php\/producto\/guy-debord-tiempo-historia-y-espectaculo-marxismo-hegeliano-y-teoria-situacionista\/","og_site_name":"Zapateneo","article_modified_time":"2025-11-29T09:28:53+00:00","twitter_card":"summary_large_image","twitter_site":"@zapateneo","twitter_misc":{"Tiempo de lectura":"2 minutos"},"schema":{"@context":"https:\/\/schema.org","@graph":[{"@type":"WebPage","@id":"https:\/\/zapateneo.net\/wordpress\/index.php\/producto\/guy-debord-tiempo-historia-y-espectaculo-marxismo-hegeliano-y-teoria-situacionista\/","url":"https:\/\/zapateneo.net\/wordpress\/index.php\/producto\/guy-debord-tiempo-historia-y-espectaculo-marxismo-hegeliano-y-teoria-situacionista\/","name":"Guy Debord. Tiempo, historia y espect\u00e1culo. Marxismo hegeliano y teor\u00eda situacionista &#8212; Zapateneo","isPartOf":{"@id":"https:\/\/zapateneo.net\/wordpress\/#website"},"primaryImageOfPage":{"@id":"https:\/\/zapateneo.net\/wordpress\/index.php\/producto\/guy-debord-tiempo-historia-y-espectaculo-marxismo-hegeliano-y-teoria-situacionista\/#primaryimage"},"image":{"@id":"https:\/\/zapateneo.net\/wordpress\/index.php\/producto\/guy-debord-tiempo-historia-y-espectaculo-marxismo-hegeliano-y-teoria-situacionista\/#primaryimage"},"thumbnailUrl":"https:\/\/zapateneo.net\/wordpress\/wp-content\/uploads\/2025\/11\/9788485209798.jpg","datePublished":"2025-11-29T09:28:28+00:00","dateModified":"2025-11-29T09:28:53+00:00","breadcrumb":{"@id":"https:\/\/zapateneo.net\/wordpress\/index.php\/producto\/guy-debord-tiempo-historia-y-espectaculo-marxismo-hegeliano-y-teoria-situacionista\/#breadcrumb"},"inLanguage":"es","potentialAction":[{"@type":"ReadAction","target":["https:\/\/zapateneo.net\/wordpress\/index.php\/producto\/guy-debord-tiempo-historia-y-espectaculo-marxismo-hegeliano-y-teoria-situacionista\/"]}]},{"@type":"ImageObject","inLanguage":"es","@id":"https:\/\/zapateneo.net\/wordpress\/index.php\/producto\/guy-debord-tiempo-historia-y-espectaculo-marxismo-hegeliano-y-teoria-situacionista\/#primaryimage","url":"https:\/\/zapateneo.net\/wordpress\/wp-content\/uploads\/2025\/11\/9788485209798.jpg","contentUrl":"https:\/\/zapateneo.net\/wordpress\/wp-content\/uploads\/2025\/11\/9788485209798.jpg","width":193,"height":300},{"@type":"BreadcrumbList","@id":"https:\/\/zapateneo.net\/wordpress\/index.php\/producto\/guy-debord-tiempo-historia-y-espectaculo-marxismo-hegeliano-y-teoria-situacionista\/#breadcrumb","itemListElement":[{"@type":"ListItem","position":1,"name":"Portada","item":"https:\/\/zapateneo.net\/wordpress\/"},{"@type":"ListItem","position":2,"name":"Tienda","item":"https:\/\/zapateneo.net\/wordpress\/"},{"@type":"ListItem","position":3,"name":"Guy Debord. Tiempo, historia y espect\u00e1culo. Marxismo hegeliano y teor\u00eda situacionista"}]},{"@type":"WebSite","@id":"https:\/\/zapateneo.net\/wordpress\/#website","url":"https:\/\/zapateneo.net\/wordpress\/","name":"Zapateneo","description":"Zapateneoaren webgunea","publisher":{"@id":"https:\/\/zapateneo.net\/wordpress\/#organization"},"potentialAction":[{"@type":"SearchAction","target":{"@type":"EntryPoint","urlTemplate":"https:\/\/zapateneo.net\/wordpress\/?s={search_term_string}"},"query-input":{"@type":"PropertyValueSpecification","valueRequired":true,"valueName":"search_term_string"}}],"inLanguage":"es"},{"@type":"Organization","@id":"https:\/\/zapateneo.net\/wordpress\/#organization","name":"Zapateneo Kultur Elkartea","url":"https:\/\/zapateneo.net\/wordpress\/","logo":{"@type":"ImageObject","inLanguage":"es","@id":"https:\/\/zapateneo.net\/wordpress\/#\/schema\/logo\/image\/","url":"https:\/\/zapateneo.net\/wordpress\/wp-content\/uploads\/2021\/04\/zap-libu-kolec.jpg","contentUrl":"https:\/\/zapateneo.net\/wordpress\/wp-content\/uploads\/2021\/04\/zap-libu-kolec.jpg","width":2234,"height":398,"caption":"Zapateneo Kultur Elkartea"},"image":{"@id":"https:\/\/zapateneo.net\/wordpress\/#\/schema\/logo\/image\/"},"sameAs":["https:\/\/x.com\/zapateneo"]}]}},"_links":{"self":[{"href":"https:\/\/zapateneo.net\/wordpress\/index.php\/wp-json\/wp\/v2\/product\/16316","targetHints":{"allow":["GET"]}}],"collection":[{"href":"https:\/\/zapateneo.net\/wordpress\/index.php\/wp-json\/wp\/v2\/product"}],"about":[{"href":"https:\/\/zapateneo.net\/wordpress\/index.php\/wp-json\/wp\/v2\/types\/product"}],"wp:featuredmedia":[{"embeddable":true,"href":"https:\/\/zapateneo.net\/wordpress\/index.php\/wp-json\/wp\/v2\/media\/16335"}],"wp:attachment":[{"href":"https:\/\/zapateneo.net\/wordpress\/index.php\/wp-json\/wp\/v2\/media?parent=16316"}],"wp:term":[{"taxonomy":"product_brand","embeddable":true,"href":"https:\/\/zapateneo.net\/wordpress\/index.php\/wp-json\/wp\/v2\/product_brand?post=16316"},{"taxonomy":"product_cat","embeddable":true,"href":"https:\/\/zapateneo.net\/wordpress\/index.php\/wp-json\/wp\/v2\/product_cat?post=16316"},{"taxonomy":"product_tag","embeddable":true,"href":"https:\/\/zapateneo.net\/wordpress\/index.php\/wp-json\/wp\/v2\/product_tag?post=16316"}],"curies":[{"name":"wp","href":"https:\/\/api.w.org\/{rel}","templated":true}]}}