{"id":16309,"date":"2025-11-29T10:28:23","date_gmt":"2025-11-29T09:28:23","guid":{"rendered":"https:\/\/zapateneo.net\/wordpress\/?post_type=product&#038;p=16309"},"modified":"2025-11-29T10:28:42","modified_gmt":"2025-11-29T09:28:42","slug":"la-tradicion-fascista-derecha-radical-y-extremismo-en-la-europa-moderna","status":"publish","type":"product","link":"https:\/\/zapateneo.net\/wordpress\/index.php\/producto\/la-tradicion-fascista-derecha-radical-y-extremismo-en-la-europa-moderna\/","title":{"rendered":"La tradici\u00f3n fascista. Derecha radical y extremismo en la Europa moderna"},"content":{"rendered":"<p>Publicamos por primera vez en castellano esta obra seminal en los estudios sobre el fascismo. Ante la pregunta \u00bfcu\u00e1l es la causa del triunfo del fascismo? la respuesta para John Weiss es que no existe una explicaci\u00f3n \u00fanica y sencilla; pero que, si hemos de encontrarla, s\u00f3lo lo haremos analizando c\u00f3mo funciona el fascismo en diversas sociedades, no concentr\u00e1ndonos en lo que dicen de \u00e9l los defensores y detractores del mismo. Es decir, s\u00f3lo comprenderemos el fascismo yendo m\u00e1s all\u00e1 de las consideraciones de su contenido ideol\u00f3gico y estudiando las condiciones sociol\u00f3gicas, pol\u00edticas y econ\u00f3micas espec\u00edficas que lo engendran. Y sobre la base de dicho estudio, Weiss concluye que el fascismo, lejos de ser la \u00faltima fase del liberalismo, es la respuesta peculiar dada en el siglo XX por los grupos conservadores amenazados por la r\u00e1pida liberalizaci\u00f3n del sistema social en el que disfrutan de un lugar privilegiado. Esta concepci\u00f3n del fascismo como la forma moderna de la pol\u00edtica de extrema derecha es lo que le permite hablar de una \u00abtradici\u00f3n fascista\u00bb.<\/p>\n<p>Siguiendo esta l\u00ednea argumental, Weiss se permite eludir todas aquellas interpretaciones del nazismo y del fascismo que consideran el totalitarismo como un rasgo nacional inherente. A su juicio, las condiciones que propiciaron el fascismo en Alemania e Italia estaban (y siguieron estando) potencialmente presentes en otros pa\u00edses. As\u00ed pues, si queremos entender el fascismo como un fen\u00f3meno hist\u00f3rico, es decir, como un movimiento que cristaliz\u00f3 en Italia y Alemania en el siglo XX, pero que no hab\u00eda razones de peso para predecir su triunfo all\u00ed antes de los propios acontecimientos, entonces debemos seguir el curso de su aparici\u00f3n a partir de situaciones que se han venido desarrollando en Europa Occidental desde la Revoluci\u00f3n Francesa.<\/p>\n","protected":false},"excerpt":{"rendered":"<p><strong>Hayden V. White<\/strong><br \/>\n9788485209941 &#8211; Irrecuperables &#8211; 2025 &#8211; 182 p\u00e1ginas \/orri.<\/p>\n","protected":false},"featured_media":16328,"template":"","meta":[],"product_brand":[],"product_cat":[16,173],"product_tag":[7290,2960],"class_list":{"0":"post-16309","1":"product","2":"type-product","3":"status-publish","4":"has-post-thumbnail","6":"product_cat-libros","7":"product_cat-saiakera-ensayo","8":"product_tag-hayden-v-white","9":"product_tag-irrecuperables","11":"first","12":"instock","13":"sold-individually","14":"shipping-taxable","15":"purchasable","16":"product-type-simple"},"yoast_head":"<!-- This site is optimized with the Yoast SEO plugin v27.3 - https:\/\/yoast.com\/product\/yoast-seo-wordpress\/ -->\n<title>La tradici\u00f3n fascista. Derecha radical y extremismo en la Europa moderna &#8212; Zapateneo<\/title>\n<meta name=\"robots\" content=\"index, follow, max-snippet:-1, max-image-preview:large, max-video-preview:-1\" \/>\n<link rel=\"canonical\" href=\"https:\/\/zapateneo.net\/wordpress\/index.php\/producto\/la-tradicion-fascista-derecha-radical-y-extremismo-en-la-europa-moderna\/\" \/>\n<meta property=\"og:locale\" content=\"es_ES\" \/>\n<meta property=\"og:type\" content=\"article\" \/>\n<meta property=\"og:title\" content=\"La tradici\u00f3n fascista. Derecha radical y extremismo en la Europa moderna &#8212; Zapateneo\" \/>\n<meta property=\"og:description\" content=\"Hayden V. White 9788485209941 - Irrecuperables - 2025 - 182 p\u00e1ginas \/orri.\" \/>\n<meta property=\"og:url\" content=\"https:\/\/zapateneo.net\/wordpress\/index.php\/producto\/la-tradicion-fascista-derecha-radical-y-extremismo-en-la-europa-moderna\/\" \/>\n<meta property=\"og:site_name\" content=\"Zapateneo\" \/>\n<meta property=\"article:modified_time\" content=\"2025-11-29T09:28:42+00:00\" \/>\n<meta name=\"twitter:card\" content=\"summary_large_image\" \/>\n<meta name=\"twitter:site\" content=\"@zapateneo\" \/>\n<meta name=\"twitter:label1\" content=\"Tiempo de lectura\" \/>\n\t<meta name=\"twitter:data1\" content=\"2 minutos\" \/>\n<script type=\"application\/ld+json\" class=\"yoast-schema-graph\">{\"@context\":\"https:\\\/\\\/schema.org\",\"@graph\":[{\"@type\":\"WebPage\",\"@id\":\"https:\\\/\\\/zapateneo.net\\\/wordpress\\\/index.php\\\/producto\\\/la-tradicion-fascista-derecha-radical-y-extremismo-en-la-europa-moderna\\\/\",\"url\":\"https:\\\/\\\/zapateneo.net\\\/wordpress\\\/index.php\\\/producto\\\/la-tradicion-fascista-derecha-radical-y-extremismo-en-la-europa-moderna\\\/\",\"name\":\"La tradici\u00f3n fascista. Derecha radical y extremismo en la Europa moderna &#8212; Zapateneo\",\"isPartOf\":{\"@id\":\"https:\\\/\\\/zapateneo.net\\\/wordpress\\\/#website\"},\"primaryImageOfPage\":{\"@id\":\"https:\\\/\\\/zapateneo.net\\\/wordpress\\\/index.php\\\/producto\\\/la-tradicion-fascista-derecha-radical-y-extremismo-en-la-europa-moderna\\\/#primaryimage\"},\"image\":{\"@id\":\"https:\\\/\\\/zapateneo.net\\\/wordpress\\\/index.php\\\/producto\\\/la-tradicion-fascista-derecha-radical-y-extremismo-en-la-europa-moderna\\\/#primaryimage\"},\"thumbnailUrl\":\"https:\\\/\\\/zapateneo.net\\\/wordpress\\\/wp-content\\\/uploads\\\/2025\\\/11\\\/9788485209941.jpg\",\"datePublished\":\"2025-11-29T09:28:23+00:00\",\"dateModified\":\"2025-11-29T09:28:42+00:00\",\"breadcrumb\":{\"@id\":\"https:\\\/\\\/zapateneo.net\\\/wordpress\\\/index.php\\\/producto\\\/la-tradicion-fascista-derecha-radical-y-extremismo-en-la-europa-moderna\\\/#breadcrumb\"},\"inLanguage\":\"es\",\"potentialAction\":[{\"@type\":\"ReadAction\",\"target\":[\"https:\\\/\\\/zapateneo.net\\\/wordpress\\\/index.php\\\/producto\\\/la-tradicion-fascista-derecha-radical-y-extremismo-en-la-europa-moderna\\\/\"]}]},{\"@type\":\"ImageObject\",\"inLanguage\":\"es\",\"@id\":\"https:\\\/\\\/zapateneo.net\\\/wordpress\\\/index.php\\\/producto\\\/la-tradicion-fascista-derecha-radical-y-extremismo-en-la-europa-moderna\\\/#primaryimage\",\"url\":\"https:\\\/\\\/zapateneo.net\\\/wordpress\\\/wp-content\\\/uploads\\\/2025\\\/11\\\/9788485209941.jpg\",\"contentUrl\":\"https:\\\/\\\/zapateneo.net\\\/wordpress\\\/wp-content\\\/uploads\\\/2025\\\/11\\\/9788485209941.jpg\",\"width\":275,\"height\":400},{\"@type\":\"BreadcrumbList\",\"@id\":\"https:\\\/\\\/zapateneo.net\\\/wordpress\\\/index.php\\\/producto\\\/la-tradicion-fascista-derecha-radical-y-extremismo-en-la-europa-moderna\\\/#breadcrumb\",\"itemListElement\":[{\"@type\":\"ListItem\",\"position\":1,\"name\":\"Portada\",\"item\":\"https:\\\/\\\/zapateneo.net\\\/wordpress\\\/\"},{\"@type\":\"ListItem\",\"position\":2,\"name\":\"Tienda\",\"item\":\"https:\\\/\\\/zapateneo.net\\\/wordpress\\\/\"},{\"@type\":\"ListItem\",\"position\":3,\"name\":\"La tradici\u00f3n fascista. Derecha radical y extremismo en la Europa moderna\"}]},{\"@type\":\"WebSite\",\"@id\":\"https:\\\/\\\/zapateneo.net\\\/wordpress\\\/#website\",\"url\":\"https:\\\/\\\/zapateneo.net\\\/wordpress\\\/\",\"name\":\"Zapateneo\",\"description\":\"Zapateneoaren webgunea\",\"publisher\":{\"@id\":\"https:\\\/\\\/zapateneo.net\\\/wordpress\\\/#organization\"},\"potentialAction\":[{\"@type\":\"SearchAction\",\"target\":{\"@type\":\"EntryPoint\",\"urlTemplate\":\"https:\\\/\\\/zapateneo.net\\\/wordpress\\\/?s={search_term_string}\"},\"query-input\":{\"@type\":\"PropertyValueSpecification\",\"valueRequired\":true,\"valueName\":\"search_term_string\"}}],\"inLanguage\":\"es\"},{\"@type\":\"Organization\",\"@id\":\"https:\\\/\\\/zapateneo.net\\\/wordpress\\\/#organization\",\"name\":\"Zapateneo Kultur Elkartea\",\"url\":\"https:\\\/\\\/zapateneo.net\\\/wordpress\\\/\",\"logo\":{\"@type\":\"ImageObject\",\"inLanguage\":\"es\",\"@id\":\"https:\\\/\\\/zapateneo.net\\\/wordpress\\\/#\\\/schema\\\/logo\\\/image\\\/\",\"url\":\"https:\\\/\\\/zapateneo.net\\\/wordpress\\\/wp-content\\\/uploads\\\/2021\\\/04\\\/zap-libu-kolec.jpg\",\"contentUrl\":\"https:\\\/\\\/zapateneo.net\\\/wordpress\\\/wp-content\\\/uploads\\\/2021\\\/04\\\/zap-libu-kolec.jpg\",\"width\":2234,\"height\":398,\"caption\":\"Zapateneo Kultur Elkartea\"},\"image\":{\"@id\":\"https:\\\/\\\/zapateneo.net\\\/wordpress\\\/#\\\/schema\\\/logo\\\/image\\\/\"},\"sameAs\":[\"https:\\\/\\\/x.com\\\/zapateneo\"]}]}<\/script>\n<!-- \/ Yoast SEO plugin. -->","yoast_head_json":{"title":"La tradici\u00f3n fascista. Derecha radical y extremismo en la Europa moderna &#8212; Zapateneo","robots":{"index":"index","follow":"follow","max-snippet":"max-snippet:-1","max-image-preview":"max-image-preview:large","max-video-preview":"max-video-preview:-1"},"canonical":"https:\/\/zapateneo.net\/wordpress\/index.php\/producto\/la-tradicion-fascista-derecha-radical-y-extremismo-en-la-europa-moderna\/","og_locale":"es_ES","og_type":"article","og_title":"La tradici\u00f3n fascista. Derecha radical y extremismo en la Europa moderna &#8212; Zapateneo","og_description":"Hayden V. White 9788485209941 - Irrecuperables - 2025 - 182 p\u00e1ginas \/orri.","og_url":"https:\/\/zapateneo.net\/wordpress\/index.php\/producto\/la-tradicion-fascista-derecha-radical-y-extremismo-en-la-europa-moderna\/","og_site_name":"Zapateneo","article_modified_time":"2025-11-29T09:28:42+00:00","twitter_card":"summary_large_image","twitter_site":"@zapateneo","twitter_misc":{"Tiempo de lectura":"2 minutos"},"schema":{"@context":"https:\/\/schema.org","@graph":[{"@type":"WebPage","@id":"https:\/\/zapateneo.net\/wordpress\/index.php\/producto\/la-tradicion-fascista-derecha-radical-y-extremismo-en-la-europa-moderna\/","url":"https:\/\/zapateneo.net\/wordpress\/index.php\/producto\/la-tradicion-fascista-derecha-radical-y-extremismo-en-la-europa-moderna\/","name":"La tradici\u00f3n fascista. Derecha radical y extremismo en la Europa moderna &#8212; Zapateneo","isPartOf":{"@id":"https:\/\/zapateneo.net\/wordpress\/#website"},"primaryImageOfPage":{"@id":"https:\/\/zapateneo.net\/wordpress\/index.php\/producto\/la-tradicion-fascista-derecha-radical-y-extremismo-en-la-europa-moderna\/#primaryimage"},"image":{"@id":"https:\/\/zapateneo.net\/wordpress\/index.php\/producto\/la-tradicion-fascista-derecha-radical-y-extremismo-en-la-europa-moderna\/#primaryimage"},"thumbnailUrl":"https:\/\/zapateneo.net\/wordpress\/wp-content\/uploads\/2025\/11\/9788485209941.jpg","datePublished":"2025-11-29T09:28:23+00:00","dateModified":"2025-11-29T09:28:42+00:00","breadcrumb":{"@id":"https:\/\/zapateneo.net\/wordpress\/index.php\/producto\/la-tradicion-fascista-derecha-radical-y-extremismo-en-la-europa-moderna\/#breadcrumb"},"inLanguage":"es","potentialAction":[{"@type":"ReadAction","target":["https:\/\/zapateneo.net\/wordpress\/index.php\/producto\/la-tradicion-fascista-derecha-radical-y-extremismo-en-la-europa-moderna\/"]}]},{"@type":"ImageObject","inLanguage":"es","@id":"https:\/\/zapateneo.net\/wordpress\/index.php\/producto\/la-tradicion-fascista-derecha-radical-y-extremismo-en-la-europa-moderna\/#primaryimage","url":"https:\/\/zapateneo.net\/wordpress\/wp-content\/uploads\/2025\/11\/9788485209941.jpg","contentUrl":"https:\/\/zapateneo.net\/wordpress\/wp-content\/uploads\/2025\/11\/9788485209941.jpg","width":275,"height":400},{"@type":"BreadcrumbList","@id":"https:\/\/zapateneo.net\/wordpress\/index.php\/producto\/la-tradicion-fascista-derecha-radical-y-extremismo-en-la-europa-moderna\/#breadcrumb","itemListElement":[{"@type":"ListItem","position":1,"name":"Portada","item":"https:\/\/zapateneo.net\/wordpress\/"},{"@type":"ListItem","position":2,"name":"Tienda","item":"https:\/\/zapateneo.net\/wordpress\/"},{"@type":"ListItem","position":3,"name":"La tradici\u00f3n fascista. Derecha radical y extremismo en la Europa moderna"}]},{"@type":"WebSite","@id":"https:\/\/zapateneo.net\/wordpress\/#website","url":"https:\/\/zapateneo.net\/wordpress\/","name":"Zapateneo","description":"Zapateneoaren webgunea","publisher":{"@id":"https:\/\/zapateneo.net\/wordpress\/#organization"},"potentialAction":[{"@type":"SearchAction","target":{"@type":"EntryPoint","urlTemplate":"https:\/\/zapateneo.net\/wordpress\/?s={search_term_string}"},"query-input":{"@type":"PropertyValueSpecification","valueRequired":true,"valueName":"search_term_string"}}],"inLanguage":"es"},{"@type":"Organization","@id":"https:\/\/zapateneo.net\/wordpress\/#organization","name":"Zapateneo Kultur Elkartea","url":"https:\/\/zapateneo.net\/wordpress\/","logo":{"@type":"ImageObject","inLanguage":"es","@id":"https:\/\/zapateneo.net\/wordpress\/#\/schema\/logo\/image\/","url":"https:\/\/zapateneo.net\/wordpress\/wp-content\/uploads\/2021\/04\/zap-libu-kolec.jpg","contentUrl":"https:\/\/zapateneo.net\/wordpress\/wp-content\/uploads\/2021\/04\/zap-libu-kolec.jpg","width":2234,"height":398,"caption":"Zapateneo Kultur Elkartea"},"image":{"@id":"https:\/\/zapateneo.net\/wordpress\/#\/schema\/logo\/image\/"},"sameAs":["https:\/\/x.com\/zapateneo"]}]}},"_links":{"self":[{"href":"https:\/\/zapateneo.net\/wordpress\/index.php\/wp-json\/wp\/v2\/product\/16309","targetHints":{"allow":["GET"]}}],"collection":[{"href":"https:\/\/zapateneo.net\/wordpress\/index.php\/wp-json\/wp\/v2\/product"}],"about":[{"href":"https:\/\/zapateneo.net\/wordpress\/index.php\/wp-json\/wp\/v2\/types\/product"}],"wp:featuredmedia":[{"embeddable":true,"href":"https:\/\/zapateneo.net\/wordpress\/index.php\/wp-json\/wp\/v2\/media\/16328"}],"wp:attachment":[{"href":"https:\/\/zapateneo.net\/wordpress\/index.php\/wp-json\/wp\/v2\/media?parent=16309"}],"wp:term":[{"taxonomy":"product_brand","embeddable":true,"href":"https:\/\/zapateneo.net\/wordpress\/index.php\/wp-json\/wp\/v2\/product_brand?post=16309"},{"taxonomy":"product_cat","embeddable":true,"href":"https:\/\/zapateneo.net\/wordpress\/index.php\/wp-json\/wp\/v2\/product_cat?post=16309"},{"taxonomy":"product_tag","embeddable":true,"href":"https:\/\/zapateneo.net\/wordpress\/index.php\/wp-json\/wp\/v2\/product_tag?post=16309"}],"curies":[{"name":"wp","href":"https:\/\/api.w.org\/{rel}","templated":true}]}}