{"id":16281,"date":"2025-11-23T20:55:20","date_gmt":"2025-11-23T19:55:20","guid":{"rendered":"https:\/\/zapateneo.net\/wordpress\/?post_type=product&#038;p=16281"},"modified":"2025-11-23T20:55:38","modified_gmt":"2025-11-23T19:55:38","slug":"tecnosofia-tecnologia-y-humanismo-para-una-ciencia-nueva","status":"publish","type":"product","link":"https:\/\/zapateneo.net\/wordpress\/index.php\/producto\/tecnosofia-tecnologia-y-humanismo-para-una-ciencia-nueva\/","title":{"rendered":"Tecnosof\u00eda. Tecnolog\u00eda y humanismo para una ciencia nueva"},"content":{"rendered":"<p>Cuanto mejor sepan interactuar la tecnolog\u00eda y el humanismo, m\u00e1s positiva ser\u00e1 la senda del progreso para la humanidad. Esta es la idea que inspira este libro, una colaboraci\u00f3n entre un fil\u00f3sofo y un tecn\u00f3logo. Ambos consideran que, aunque seg\u00fan su etimolog\u00eda griega significa a la vez veneno y remedio, es innegable que la capacidad tecnol\u00f3gica pertenece a la humanidad desde sus or\u00edgenes. Y en ella reside la capacidad de preservar y multiplicar el valor de sus bienes materiales y culturales en beneficio de las generaciones futuras.<br \/>\nPrecisamente porque el welfare fue concebido como un terrapl\u00e9n contra el comunismo, el peligro eludido (en Occidente, porque en Oriente, como veremos, China constituye un inmenso ejemplo de comunismo realizado) ha reducido dr\u00e1sticamente las motivaciones pol\u00edticas a su favor. Sobre todo, el welfare ha mostrado su defecto fundamental, el de basarse en la redistribuci\u00f3n de los recursos existentes, en lugar de en la capitalizaci\u00f3n de recursos alternativos.<br \/>\nEstos recursos pueden encontrarse ahora en los datos, un nuevo patrimonio de la humanidad que antes no exist\u00eda, cuya importancia a\u00fan se subestima, y que constituye la verdadera apuesta de un encuentro entre humanismo y tecnolog\u00eda que, en la idea b\u00e1sica del fil\u00f3sofo, debe consistir en la creaci\u00f3n de un Webfare, es decir, un welfare digital que no se apoye en valores ya existentes, sino en un capital totalmente nuevo. La alianza entre tecnolog\u00eda y humanismo puede potenciar este capital en beneficio de todos y transformarlo en un activo de la humanidad.<\/p>\n","protected":false},"excerpt":{"rendered":"<p><strong>Guido Saracco, Maurizio Ferraris<\/strong><br \/>\n9788412864540 &#8211; Enclave &#8211; 2025 &#8211; 230 p\u00e1ginas \/orri.<\/p>\n","protected":false},"featured_media":16296,"template":"","meta":[],"product_brand":[],"product_cat":[16,173],"product_tag":[7279,7277,7278],"class_list":{"0":"post-16281","1":"product","2":"type-product","3":"status-publish","4":"has-post-thumbnail","6":"product_cat-libros","7":"product_cat-saiakera-ensayo","8":"product_tag-enclave","9":"product_tag-guido-saracco","10":"product_tag-maurizio-ferraris","12":"first","13":"instock","14":"sold-individually","15":"shipping-taxable","16":"purchasable","17":"product-type-simple"},"yoast_head":"<!-- This site is optimized with the Yoast SEO plugin v27.3 - https:\/\/yoast.com\/product\/yoast-seo-wordpress\/ -->\n<title>Tecnosof\u00eda. Tecnolog\u00eda y humanismo para una ciencia nueva &#8212; Zapateneo<\/title>\n<meta name=\"robots\" content=\"index, follow, max-snippet:-1, max-image-preview:large, max-video-preview:-1\" \/>\n<link rel=\"canonical\" href=\"https:\/\/zapateneo.net\/wordpress\/index.php\/producto\/tecnosofia-tecnologia-y-humanismo-para-una-ciencia-nueva\/\" \/>\n<meta property=\"og:locale\" content=\"es_ES\" \/>\n<meta property=\"og:type\" content=\"article\" \/>\n<meta property=\"og:title\" content=\"Tecnosof\u00eda. Tecnolog\u00eda y humanismo para una ciencia nueva &#8212; Zapateneo\" \/>\n<meta property=\"og:description\" content=\"Guido Saracco, Maurizio Ferraris 9788412864540 - Enclave - 2025 - 230 p\u00e1ginas \/orri.\" \/>\n<meta property=\"og:url\" content=\"https:\/\/zapateneo.net\/wordpress\/index.php\/producto\/tecnosofia-tecnologia-y-humanismo-para-una-ciencia-nueva\/\" \/>\n<meta property=\"og:site_name\" content=\"Zapateneo\" \/>\n<meta property=\"article:modified_time\" content=\"2025-11-23T19:55:38+00:00\" \/>\n<meta name=\"twitter:card\" content=\"summary_large_image\" \/>\n<meta name=\"twitter:site\" content=\"@zapateneo\" \/>\n<meta name=\"twitter:label1\" content=\"Tiempo de lectura\" \/>\n\t<meta name=\"twitter:data1\" content=\"1 minuto\" \/>\n<script type=\"application\/ld+json\" class=\"yoast-schema-graph\">{\"@context\":\"https:\\\/\\\/schema.org\",\"@graph\":[{\"@type\":\"WebPage\",\"@id\":\"https:\\\/\\\/zapateneo.net\\\/wordpress\\\/index.php\\\/producto\\\/tecnosofia-tecnologia-y-humanismo-para-una-ciencia-nueva\\\/\",\"url\":\"https:\\\/\\\/zapateneo.net\\\/wordpress\\\/index.php\\\/producto\\\/tecnosofia-tecnologia-y-humanismo-para-una-ciencia-nueva\\\/\",\"name\":\"Tecnosof\u00eda. Tecnolog\u00eda y humanismo para una ciencia nueva &#8212; Zapateneo\",\"isPartOf\":{\"@id\":\"https:\\\/\\\/zapateneo.net\\\/wordpress\\\/#website\"},\"primaryImageOfPage\":{\"@id\":\"https:\\\/\\\/zapateneo.net\\\/wordpress\\\/index.php\\\/producto\\\/tecnosofia-tecnologia-y-humanismo-para-una-ciencia-nueva\\\/#primaryimage\"},\"image\":{\"@id\":\"https:\\\/\\\/zapateneo.net\\\/wordpress\\\/index.php\\\/producto\\\/tecnosofia-tecnologia-y-humanismo-para-una-ciencia-nueva\\\/#primaryimage\"},\"thumbnailUrl\":\"https:\\\/\\\/zapateneo.net\\\/wordpress\\\/wp-content\\\/uploads\\\/2025\\\/11\\\/9788412864540.jpg\",\"datePublished\":\"2025-11-23T19:55:20+00:00\",\"dateModified\":\"2025-11-23T19:55:38+00:00\",\"breadcrumb\":{\"@id\":\"https:\\\/\\\/zapateneo.net\\\/wordpress\\\/index.php\\\/producto\\\/tecnosofia-tecnologia-y-humanismo-para-una-ciencia-nueva\\\/#breadcrumb\"},\"inLanguage\":\"es\",\"potentialAction\":[{\"@type\":\"ReadAction\",\"target\":[\"https:\\\/\\\/zapateneo.net\\\/wordpress\\\/index.php\\\/producto\\\/tecnosofia-tecnologia-y-humanismo-para-una-ciencia-nueva\\\/\"]}]},{\"@type\":\"ImageObject\",\"inLanguage\":\"es\",\"@id\":\"https:\\\/\\\/zapateneo.net\\\/wordpress\\\/index.php\\\/producto\\\/tecnosofia-tecnologia-y-humanismo-para-una-ciencia-nueva\\\/#primaryimage\",\"url\":\"https:\\\/\\\/zapateneo.net\\\/wordpress\\\/wp-content\\\/uploads\\\/2025\\\/11\\\/9788412864540.jpg\",\"contentUrl\":\"https:\\\/\\\/zapateneo.net\\\/wordpress\\\/wp-content\\\/uploads\\\/2025\\\/11\\\/9788412864540.jpg\",\"width\":183,\"height\":275},{\"@type\":\"BreadcrumbList\",\"@id\":\"https:\\\/\\\/zapateneo.net\\\/wordpress\\\/index.php\\\/producto\\\/tecnosofia-tecnologia-y-humanismo-para-una-ciencia-nueva\\\/#breadcrumb\",\"itemListElement\":[{\"@type\":\"ListItem\",\"position\":1,\"name\":\"Portada\",\"item\":\"https:\\\/\\\/zapateneo.net\\\/wordpress\\\/\"},{\"@type\":\"ListItem\",\"position\":2,\"name\":\"Tienda\",\"item\":\"https:\\\/\\\/zapateneo.net\\\/wordpress\\\/\"},{\"@type\":\"ListItem\",\"position\":3,\"name\":\"Tecnosof\u00eda. Tecnolog\u00eda y humanismo para una ciencia nueva\"}]},{\"@type\":\"WebSite\",\"@id\":\"https:\\\/\\\/zapateneo.net\\\/wordpress\\\/#website\",\"url\":\"https:\\\/\\\/zapateneo.net\\\/wordpress\\\/\",\"name\":\"Zapateneo\",\"description\":\"Zapateneoaren webgunea\",\"publisher\":{\"@id\":\"https:\\\/\\\/zapateneo.net\\\/wordpress\\\/#organization\"},\"potentialAction\":[{\"@type\":\"SearchAction\",\"target\":{\"@type\":\"EntryPoint\",\"urlTemplate\":\"https:\\\/\\\/zapateneo.net\\\/wordpress\\\/?s={search_term_string}\"},\"query-input\":{\"@type\":\"PropertyValueSpecification\",\"valueRequired\":true,\"valueName\":\"search_term_string\"}}],\"inLanguage\":\"es\"},{\"@type\":\"Organization\",\"@id\":\"https:\\\/\\\/zapateneo.net\\\/wordpress\\\/#organization\",\"name\":\"Zapateneo Kultur Elkartea\",\"url\":\"https:\\\/\\\/zapateneo.net\\\/wordpress\\\/\",\"logo\":{\"@type\":\"ImageObject\",\"inLanguage\":\"es\",\"@id\":\"https:\\\/\\\/zapateneo.net\\\/wordpress\\\/#\\\/schema\\\/logo\\\/image\\\/\",\"url\":\"https:\\\/\\\/zapateneo.net\\\/wordpress\\\/wp-content\\\/uploads\\\/2021\\\/04\\\/zap-libu-kolec.jpg\",\"contentUrl\":\"https:\\\/\\\/zapateneo.net\\\/wordpress\\\/wp-content\\\/uploads\\\/2021\\\/04\\\/zap-libu-kolec.jpg\",\"width\":2234,\"height\":398,\"caption\":\"Zapateneo Kultur Elkartea\"},\"image\":{\"@id\":\"https:\\\/\\\/zapateneo.net\\\/wordpress\\\/#\\\/schema\\\/logo\\\/image\\\/\"},\"sameAs\":[\"https:\\\/\\\/x.com\\\/zapateneo\"]}]}<\/script>\n<!-- \/ Yoast SEO plugin. -->","yoast_head_json":{"title":"Tecnosof\u00eda. Tecnolog\u00eda y humanismo para una ciencia nueva &#8212; Zapateneo","robots":{"index":"index","follow":"follow","max-snippet":"max-snippet:-1","max-image-preview":"max-image-preview:large","max-video-preview":"max-video-preview:-1"},"canonical":"https:\/\/zapateneo.net\/wordpress\/index.php\/producto\/tecnosofia-tecnologia-y-humanismo-para-una-ciencia-nueva\/","og_locale":"es_ES","og_type":"article","og_title":"Tecnosof\u00eda. Tecnolog\u00eda y humanismo para una ciencia nueva &#8212; Zapateneo","og_description":"Guido Saracco, Maurizio Ferraris 9788412864540 - Enclave - 2025 - 230 p\u00e1ginas \/orri.","og_url":"https:\/\/zapateneo.net\/wordpress\/index.php\/producto\/tecnosofia-tecnologia-y-humanismo-para-una-ciencia-nueva\/","og_site_name":"Zapateneo","article_modified_time":"2025-11-23T19:55:38+00:00","twitter_card":"summary_large_image","twitter_site":"@zapateneo","twitter_misc":{"Tiempo de lectura":"1 minuto"},"schema":{"@context":"https:\/\/schema.org","@graph":[{"@type":"WebPage","@id":"https:\/\/zapateneo.net\/wordpress\/index.php\/producto\/tecnosofia-tecnologia-y-humanismo-para-una-ciencia-nueva\/","url":"https:\/\/zapateneo.net\/wordpress\/index.php\/producto\/tecnosofia-tecnologia-y-humanismo-para-una-ciencia-nueva\/","name":"Tecnosof\u00eda. Tecnolog\u00eda y humanismo para una ciencia nueva &#8212; Zapateneo","isPartOf":{"@id":"https:\/\/zapateneo.net\/wordpress\/#website"},"primaryImageOfPage":{"@id":"https:\/\/zapateneo.net\/wordpress\/index.php\/producto\/tecnosofia-tecnologia-y-humanismo-para-una-ciencia-nueva\/#primaryimage"},"image":{"@id":"https:\/\/zapateneo.net\/wordpress\/index.php\/producto\/tecnosofia-tecnologia-y-humanismo-para-una-ciencia-nueva\/#primaryimage"},"thumbnailUrl":"https:\/\/zapateneo.net\/wordpress\/wp-content\/uploads\/2025\/11\/9788412864540.jpg","datePublished":"2025-11-23T19:55:20+00:00","dateModified":"2025-11-23T19:55:38+00:00","breadcrumb":{"@id":"https:\/\/zapateneo.net\/wordpress\/index.php\/producto\/tecnosofia-tecnologia-y-humanismo-para-una-ciencia-nueva\/#breadcrumb"},"inLanguage":"es","potentialAction":[{"@type":"ReadAction","target":["https:\/\/zapateneo.net\/wordpress\/index.php\/producto\/tecnosofia-tecnologia-y-humanismo-para-una-ciencia-nueva\/"]}]},{"@type":"ImageObject","inLanguage":"es","@id":"https:\/\/zapateneo.net\/wordpress\/index.php\/producto\/tecnosofia-tecnologia-y-humanismo-para-una-ciencia-nueva\/#primaryimage","url":"https:\/\/zapateneo.net\/wordpress\/wp-content\/uploads\/2025\/11\/9788412864540.jpg","contentUrl":"https:\/\/zapateneo.net\/wordpress\/wp-content\/uploads\/2025\/11\/9788412864540.jpg","width":183,"height":275},{"@type":"BreadcrumbList","@id":"https:\/\/zapateneo.net\/wordpress\/index.php\/producto\/tecnosofia-tecnologia-y-humanismo-para-una-ciencia-nueva\/#breadcrumb","itemListElement":[{"@type":"ListItem","position":1,"name":"Portada","item":"https:\/\/zapateneo.net\/wordpress\/"},{"@type":"ListItem","position":2,"name":"Tienda","item":"https:\/\/zapateneo.net\/wordpress\/"},{"@type":"ListItem","position":3,"name":"Tecnosof\u00eda. Tecnolog\u00eda y humanismo para una ciencia nueva"}]},{"@type":"WebSite","@id":"https:\/\/zapateneo.net\/wordpress\/#website","url":"https:\/\/zapateneo.net\/wordpress\/","name":"Zapateneo","description":"Zapateneoaren webgunea","publisher":{"@id":"https:\/\/zapateneo.net\/wordpress\/#organization"},"potentialAction":[{"@type":"SearchAction","target":{"@type":"EntryPoint","urlTemplate":"https:\/\/zapateneo.net\/wordpress\/?s={search_term_string}"},"query-input":{"@type":"PropertyValueSpecification","valueRequired":true,"valueName":"search_term_string"}}],"inLanguage":"es"},{"@type":"Organization","@id":"https:\/\/zapateneo.net\/wordpress\/#organization","name":"Zapateneo Kultur Elkartea","url":"https:\/\/zapateneo.net\/wordpress\/","logo":{"@type":"ImageObject","inLanguage":"es","@id":"https:\/\/zapateneo.net\/wordpress\/#\/schema\/logo\/image\/","url":"https:\/\/zapateneo.net\/wordpress\/wp-content\/uploads\/2021\/04\/zap-libu-kolec.jpg","contentUrl":"https:\/\/zapateneo.net\/wordpress\/wp-content\/uploads\/2021\/04\/zap-libu-kolec.jpg","width":2234,"height":398,"caption":"Zapateneo Kultur Elkartea"},"image":{"@id":"https:\/\/zapateneo.net\/wordpress\/#\/schema\/logo\/image\/"},"sameAs":["https:\/\/x.com\/zapateneo"]}]}},"_links":{"self":[{"href":"https:\/\/zapateneo.net\/wordpress\/index.php\/wp-json\/wp\/v2\/product\/16281","targetHints":{"allow":["GET"]}}],"collection":[{"href":"https:\/\/zapateneo.net\/wordpress\/index.php\/wp-json\/wp\/v2\/product"}],"about":[{"href":"https:\/\/zapateneo.net\/wordpress\/index.php\/wp-json\/wp\/v2\/types\/product"}],"wp:featuredmedia":[{"embeddable":true,"href":"https:\/\/zapateneo.net\/wordpress\/index.php\/wp-json\/wp\/v2\/media\/16296"}],"wp:attachment":[{"href":"https:\/\/zapateneo.net\/wordpress\/index.php\/wp-json\/wp\/v2\/media?parent=16281"}],"wp:term":[{"taxonomy":"product_brand","embeddable":true,"href":"https:\/\/zapateneo.net\/wordpress\/index.php\/wp-json\/wp\/v2\/product_brand?post=16281"},{"taxonomy":"product_cat","embeddable":true,"href":"https:\/\/zapateneo.net\/wordpress\/index.php\/wp-json\/wp\/v2\/product_cat?post=16281"},{"taxonomy":"product_tag","embeddable":true,"href":"https:\/\/zapateneo.net\/wordpress\/index.php\/wp-json\/wp\/v2\/product_tag?post=16281"}],"curies":[{"name":"wp","href":"https:\/\/api.w.org\/{rel}","templated":true}]}}