{"id":16235,"date":"2025-11-23T11:26:46","date_gmt":"2025-11-23T10:26:46","guid":{"rendered":"https:\/\/zapateneo.net\/wordpress\/?post_type=product&#038;p=16235"},"modified":"2025-11-23T11:26:59","modified_gmt":"2025-11-23T10:26:59","slug":"un-lugar-al-que-llegar-mapa-politico-de-la-transicion-energetica","status":"publish","type":"product","link":"https:\/\/zapateneo.net\/wordpress\/index.php\/producto\/un-lugar-al-que-llegar-mapa-politico-de-la-transicion-energetica\/","title":{"rendered":"Un lugar al que llegar. Mapa pol\u00edtico de la transici\u00f3n energ\u00e9tica"},"content":{"rendered":"<p>Hubo un tiempo en que la discusi\u00f3n sobre la transici\u00f3n energ\u00e9tica ten\u00eda que ver con escenarios y soluciones a problemas por venir, quiz\u00e1 relevantes para las pr\u00f3ximas generaciones. Hoy esa transici\u00f3n ya no es un horizonte posible, sino un proceso en marcha y en cuyo seno se est\u00e1 dibujando el mapa del presente y del futuro inmediato: desde los prometedores avances en muchas de las tecnolog\u00edas renovables hasta los problemas que estas ya se est\u00e1n encontrando, pasando por disputas a m\u00faltiples escalas acerca del sentido de la transici\u00f3n o conflictos a prop\u00f3sito de los recursos necesarios para las nuevas infraestructuras. El cambio clim\u00e1tico nos obliga a buscar los caminos m\u00e1s practicables y justos, adem\u00e1s, en medio de una crisis pol\u00edtica global. Esa traves\u00eda va a estar repleta de contradicciones y sinsabores, pero tambi\u00e9n de posibles desv\u00edos que conducir\u00edan al fascismo f\u00f3sil o a los barrancos del inmovilismo.<\/p>\n<p>Por eso \u00abnunca ha sido tan dif\u00edcil escribir sobre la transici\u00f3n energ\u00e9tica. Y, al mismo tiempo, quiz\u00e1 nunca ha sido tan necesario\u00bb. Daniel Carralero, Marta Victoria y Crist\u00f3bal J. Gallego abordan las m\u00faltiples aristas de este proceso sin desatender ning\u00fan debate actual: \u00bfcu\u00e1ntas renovables necesitamos?, \u00bfcu\u00e1l es el papel del veh\u00edculo el\u00e9ctrico?, \u00bfcu\u00e1les son los l\u00edmites materiales reales de la transici\u00f3n?, \u00bfnecesitamos pol\u00edticas industriales verdes? Combinando el mejor y m\u00e1s actual saber cient\u00edfico con una envidiable capacidad explicativa, Un lugar al que llegar no solo nos ayuda a situarnos en el mapa t\u00e9cnico de la transici\u00f3n, sino que adem\u00e1s nos se\u00f1ala el camino pol\u00edtico para lograrla.<\/p>\n","protected":false},"excerpt":{"rendered":"<p><strong>Cristobal J. Gallego, Daniel Carralero<\/strong><br \/>\n9791399008128 &#8211; Levantafuego &#8211; 2025 &#8211; 238 p\u00e1ginas \/orri.<\/p>\n","protected":false},"featured_media":16245,"template":"","meta":[],"product_brand":[],"product_cat":[180,16],"product_tag":[7244,7245,6975],"class_list":{"0":"post-16235","1":"product","2":"type-product","3":"status-publish","4":"has-post-thumbnail","6":"product_cat-ekologia-ecologia","7":"product_cat-libros","8":"product_tag-cristobal-j-gallego","9":"product_tag-daniel-carralero","10":"product_tag-levantafuego","12":"first","13":"instock","14":"sold-individually","15":"shipping-taxable","16":"purchasable","17":"product-type-simple"},"yoast_head":"<!-- This site is optimized with the Yoast SEO plugin v27.3 - https:\/\/yoast.com\/product\/yoast-seo-wordpress\/ -->\n<title>Un lugar al que llegar. Mapa pol\u00edtico de la transici\u00f3n energ\u00e9tica &#8212; Zapateneo<\/title>\n<meta name=\"robots\" content=\"index, follow, max-snippet:-1, max-image-preview:large, max-video-preview:-1\" \/>\n<link rel=\"canonical\" href=\"https:\/\/zapateneo.net\/wordpress\/index.php\/producto\/un-lugar-al-que-llegar-mapa-politico-de-la-transicion-energetica\/\" \/>\n<meta property=\"og:locale\" content=\"es_ES\" \/>\n<meta property=\"og:type\" content=\"article\" \/>\n<meta property=\"og:title\" content=\"Un lugar al que llegar. Mapa pol\u00edtico de la transici\u00f3n energ\u00e9tica &#8212; Zapateneo\" \/>\n<meta property=\"og:description\" content=\"Cristobal J. Gallego, Daniel Carralero 9791399008128 - Levantafuego - 2025 - 238 p\u00e1ginas \/orri.\" \/>\n<meta property=\"og:url\" content=\"https:\/\/zapateneo.net\/wordpress\/index.php\/producto\/un-lugar-al-que-llegar-mapa-politico-de-la-transicion-energetica\/\" \/>\n<meta property=\"og:site_name\" content=\"Zapateneo\" \/>\n<meta property=\"article:modified_time\" content=\"2025-11-23T10:26:59+00:00\" \/>\n<meta name=\"twitter:card\" content=\"summary_large_image\" \/>\n<meta name=\"twitter:site\" content=\"@zapateneo\" \/>\n<meta name=\"twitter:label1\" content=\"Tiempo de lectura\" \/>\n\t<meta name=\"twitter:data1\" content=\"1 minuto\" \/>\n<script type=\"application\/ld+json\" class=\"yoast-schema-graph\">{\"@context\":\"https:\\\/\\\/schema.org\",\"@graph\":[{\"@type\":\"WebPage\",\"@id\":\"https:\\\/\\\/zapateneo.net\\\/wordpress\\\/index.php\\\/producto\\\/un-lugar-al-que-llegar-mapa-politico-de-la-transicion-energetica\\\/\",\"url\":\"https:\\\/\\\/zapateneo.net\\\/wordpress\\\/index.php\\\/producto\\\/un-lugar-al-que-llegar-mapa-politico-de-la-transicion-energetica\\\/\",\"name\":\"Un lugar al que llegar. Mapa pol\u00edtico de la transici\u00f3n energ\u00e9tica &#8212; Zapateneo\",\"isPartOf\":{\"@id\":\"https:\\\/\\\/zapateneo.net\\\/wordpress\\\/#website\"},\"primaryImageOfPage\":{\"@id\":\"https:\\\/\\\/zapateneo.net\\\/wordpress\\\/index.php\\\/producto\\\/un-lugar-al-que-llegar-mapa-politico-de-la-transicion-energetica\\\/#primaryimage\"},\"image\":{\"@id\":\"https:\\\/\\\/zapateneo.net\\\/wordpress\\\/index.php\\\/producto\\\/un-lugar-al-que-llegar-mapa-politico-de-la-transicion-energetica\\\/#primaryimage\"},\"thumbnailUrl\":\"https:\\\/\\\/zapateneo.net\\\/wordpress\\\/wp-content\\\/uploads\\\/2025\\\/11\\\/9791399008128.jpg\",\"datePublished\":\"2025-11-23T10:26:46+00:00\",\"dateModified\":\"2025-11-23T10:26:59+00:00\",\"breadcrumb\":{\"@id\":\"https:\\\/\\\/zapateneo.net\\\/wordpress\\\/index.php\\\/producto\\\/un-lugar-al-que-llegar-mapa-politico-de-la-transicion-energetica\\\/#breadcrumb\"},\"inLanguage\":\"es\",\"potentialAction\":[{\"@type\":\"ReadAction\",\"target\":[\"https:\\\/\\\/zapateneo.net\\\/wordpress\\\/index.php\\\/producto\\\/un-lugar-al-que-llegar-mapa-politico-de-la-transicion-energetica\\\/\"]}]},{\"@type\":\"ImageObject\",\"inLanguage\":\"es\",\"@id\":\"https:\\\/\\\/zapateneo.net\\\/wordpress\\\/index.php\\\/producto\\\/un-lugar-al-que-llegar-mapa-politico-de-la-transicion-energetica\\\/#primaryimage\",\"url\":\"https:\\\/\\\/zapateneo.net\\\/wordpress\\\/wp-content\\\/uploads\\\/2025\\\/11\\\/9791399008128.jpg\",\"contentUrl\":\"https:\\\/\\\/zapateneo.net\\\/wordpress\\\/wp-content\\\/uploads\\\/2025\\\/11\\\/9791399008128.jpg\",\"width\":180,\"height\":280},{\"@type\":\"BreadcrumbList\",\"@id\":\"https:\\\/\\\/zapateneo.net\\\/wordpress\\\/index.php\\\/producto\\\/un-lugar-al-que-llegar-mapa-politico-de-la-transicion-energetica\\\/#breadcrumb\",\"itemListElement\":[{\"@type\":\"ListItem\",\"position\":1,\"name\":\"Portada\",\"item\":\"https:\\\/\\\/zapateneo.net\\\/wordpress\\\/\"},{\"@type\":\"ListItem\",\"position\":2,\"name\":\"Tienda\",\"item\":\"https:\\\/\\\/zapateneo.net\\\/wordpress\\\/\"},{\"@type\":\"ListItem\",\"position\":3,\"name\":\"Un lugar al que llegar. Mapa pol\u00edtico de la transici\u00f3n energ\u00e9tica\"}]},{\"@type\":\"WebSite\",\"@id\":\"https:\\\/\\\/zapateneo.net\\\/wordpress\\\/#website\",\"url\":\"https:\\\/\\\/zapateneo.net\\\/wordpress\\\/\",\"name\":\"Zapateneo\",\"description\":\"Zapateneoaren webgunea\",\"publisher\":{\"@id\":\"https:\\\/\\\/zapateneo.net\\\/wordpress\\\/#organization\"},\"potentialAction\":[{\"@type\":\"SearchAction\",\"target\":{\"@type\":\"EntryPoint\",\"urlTemplate\":\"https:\\\/\\\/zapateneo.net\\\/wordpress\\\/?s={search_term_string}\"},\"query-input\":{\"@type\":\"PropertyValueSpecification\",\"valueRequired\":true,\"valueName\":\"search_term_string\"}}],\"inLanguage\":\"es\"},{\"@type\":\"Organization\",\"@id\":\"https:\\\/\\\/zapateneo.net\\\/wordpress\\\/#organization\",\"name\":\"Zapateneo Kultur Elkartea\",\"url\":\"https:\\\/\\\/zapateneo.net\\\/wordpress\\\/\",\"logo\":{\"@type\":\"ImageObject\",\"inLanguage\":\"es\",\"@id\":\"https:\\\/\\\/zapateneo.net\\\/wordpress\\\/#\\\/schema\\\/logo\\\/image\\\/\",\"url\":\"https:\\\/\\\/zapateneo.net\\\/wordpress\\\/wp-content\\\/uploads\\\/2021\\\/04\\\/zap-libu-kolec.jpg\",\"contentUrl\":\"https:\\\/\\\/zapateneo.net\\\/wordpress\\\/wp-content\\\/uploads\\\/2021\\\/04\\\/zap-libu-kolec.jpg\",\"width\":2234,\"height\":398,\"caption\":\"Zapateneo Kultur Elkartea\"},\"image\":{\"@id\":\"https:\\\/\\\/zapateneo.net\\\/wordpress\\\/#\\\/schema\\\/logo\\\/image\\\/\"},\"sameAs\":[\"https:\\\/\\\/x.com\\\/zapateneo\"]}]}<\/script>\n<!-- \/ Yoast SEO plugin. -->","yoast_head_json":{"title":"Un lugar al que llegar. Mapa pol\u00edtico de la transici\u00f3n energ\u00e9tica &#8212; Zapateneo","robots":{"index":"index","follow":"follow","max-snippet":"max-snippet:-1","max-image-preview":"max-image-preview:large","max-video-preview":"max-video-preview:-1"},"canonical":"https:\/\/zapateneo.net\/wordpress\/index.php\/producto\/un-lugar-al-que-llegar-mapa-politico-de-la-transicion-energetica\/","og_locale":"es_ES","og_type":"article","og_title":"Un lugar al que llegar. Mapa pol\u00edtico de la transici\u00f3n energ\u00e9tica &#8212; Zapateneo","og_description":"Cristobal J. Gallego, Daniel Carralero 9791399008128 - Levantafuego - 2025 - 238 p\u00e1ginas \/orri.","og_url":"https:\/\/zapateneo.net\/wordpress\/index.php\/producto\/un-lugar-al-que-llegar-mapa-politico-de-la-transicion-energetica\/","og_site_name":"Zapateneo","article_modified_time":"2025-11-23T10:26:59+00:00","twitter_card":"summary_large_image","twitter_site":"@zapateneo","twitter_misc":{"Tiempo de lectura":"1 minuto"},"schema":{"@context":"https:\/\/schema.org","@graph":[{"@type":"WebPage","@id":"https:\/\/zapateneo.net\/wordpress\/index.php\/producto\/un-lugar-al-que-llegar-mapa-politico-de-la-transicion-energetica\/","url":"https:\/\/zapateneo.net\/wordpress\/index.php\/producto\/un-lugar-al-que-llegar-mapa-politico-de-la-transicion-energetica\/","name":"Un lugar al que llegar. Mapa pol\u00edtico de la transici\u00f3n energ\u00e9tica &#8212; Zapateneo","isPartOf":{"@id":"https:\/\/zapateneo.net\/wordpress\/#website"},"primaryImageOfPage":{"@id":"https:\/\/zapateneo.net\/wordpress\/index.php\/producto\/un-lugar-al-que-llegar-mapa-politico-de-la-transicion-energetica\/#primaryimage"},"image":{"@id":"https:\/\/zapateneo.net\/wordpress\/index.php\/producto\/un-lugar-al-que-llegar-mapa-politico-de-la-transicion-energetica\/#primaryimage"},"thumbnailUrl":"https:\/\/zapateneo.net\/wordpress\/wp-content\/uploads\/2025\/11\/9791399008128.jpg","datePublished":"2025-11-23T10:26:46+00:00","dateModified":"2025-11-23T10:26:59+00:00","breadcrumb":{"@id":"https:\/\/zapateneo.net\/wordpress\/index.php\/producto\/un-lugar-al-que-llegar-mapa-politico-de-la-transicion-energetica\/#breadcrumb"},"inLanguage":"es","potentialAction":[{"@type":"ReadAction","target":["https:\/\/zapateneo.net\/wordpress\/index.php\/producto\/un-lugar-al-que-llegar-mapa-politico-de-la-transicion-energetica\/"]}]},{"@type":"ImageObject","inLanguage":"es","@id":"https:\/\/zapateneo.net\/wordpress\/index.php\/producto\/un-lugar-al-que-llegar-mapa-politico-de-la-transicion-energetica\/#primaryimage","url":"https:\/\/zapateneo.net\/wordpress\/wp-content\/uploads\/2025\/11\/9791399008128.jpg","contentUrl":"https:\/\/zapateneo.net\/wordpress\/wp-content\/uploads\/2025\/11\/9791399008128.jpg","width":180,"height":280},{"@type":"BreadcrumbList","@id":"https:\/\/zapateneo.net\/wordpress\/index.php\/producto\/un-lugar-al-que-llegar-mapa-politico-de-la-transicion-energetica\/#breadcrumb","itemListElement":[{"@type":"ListItem","position":1,"name":"Portada","item":"https:\/\/zapateneo.net\/wordpress\/"},{"@type":"ListItem","position":2,"name":"Tienda","item":"https:\/\/zapateneo.net\/wordpress\/"},{"@type":"ListItem","position":3,"name":"Un lugar al que llegar. Mapa pol\u00edtico de la transici\u00f3n energ\u00e9tica"}]},{"@type":"WebSite","@id":"https:\/\/zapateneo.net\/wordpress\/#website","url":"https:\/\/zapateneo.net\/wordpress\/","name":"Zapateneo","description":"Zapateneoaren webgunea","publisher":{"@id":"https:\/\/zapateneo.net\/wordpress\/#organization"},"potentialAction":[{"@type":"SearchAction","target":{"@type":"EntryPoint","urlTemplate":"https:\/\/zapateneo.net\/wordpress\/?s={search_term_string}"},"query-input":{"@type":"PropertyValueSpecification","valueRequired":true,"valueName":"search_term_string"}}],"inLanguage":"es"},{"@type":"Organization","@id":"https:\/\/zapateneo.net\/wordpress\/#organization","name":"Zapateneo Kultur Elkartea","url":"https:\/\/zapateneo.net\/wordpress\/","logo":{"@type":"ImageObject","inLanguage":"es","@id":"https:\/\/zapateneo.net\/wordpress\/#\/schema\/logo\/image\/","url":"https:\/\/zapateneo.net\/wordpress\/wp-content\/uploads\/2021\/04\/zap-libu-kolec.jpg","contentUrl":"https:\/\/zapateneo.net\/wordpress\/wp-content\/uploads\/2021\/04\/zap-libu-kolec.jpg","width":2234,"height":398,"caption":"Zapateneo Kultur Elkartea"},"image":{"@id":"https:\/\/zapateneo.net\/wordpress\/#\/schema\/logo\/image\/"},"sameAs":["https:\/\/x.com\/zapateneo"]}]}},"_links":{"self":[{"href":"https:\/\/zapateneo.net\/wordpress\/index.php\/wp-json\/wp\/v2\/product\/16235","targetHints":{"allow":["GET"]}}],"collection":[{"href":"https:\/\/zapateneo.net\/wordpress\/index.php\/wp-json\/wp\/v2\/product"}],"about":[{"href":"https:\/\/zapateneo.net\/wordpress\/index.php\/wp-json\/wp\/v2\/types\/product"}],"wp:featuredmedia":[{"embeddable":true,"href":"https:\/\/zapateneo.net\/wordpress\/index.php\/wp-json\/wp\/v2\/media\/16245"}],"wp:attachment":[{"href":"https:\/\/zapateneo.net\/wordpress\/index.php\/wp-json\/wp\/v2\/media?parent=16235"}],"wp:term":[{"taxonomy":"product_brand","embeddable":true,"href":"https:\/\/zapateneo.net\/wordpress\/index.php\/wp-json\/wp\/v2\/product_brand?post=16235"},{"taxonomy":"product_cat","embeddable":true,"href":"https:\/\/zapateneo.net\/wordpress\/index.php\/wp-json\/wp\/v2\/product_cat?post=16235"},{"taxonomy":"product_tag","embeddable":true,"href":"https:\/\/zapateneo.net\/wordpress\/index.php\/wp-json\/wp\/v2\/product_tag?post=16235"}],"curies":[{"name":"wp","href":"https:\/\/api.w.org\/{rel}","templated":true}]}}