{"id":16230,"date":"2025-11-23T11:26:42","date_gmt":"2025-11-23T10:26:42","guid":{"rendered":"https:\/\/zapateneo.net\/wordpress\/?post_type=product&#038;p=16230"},"modified":"2025-11-23T11:26:53","modified_gmt":"2025-11-23T10:26:53","slug":"catacumbas-exploradores-y-fotografia-espectral-en-las-catacumbas-de-paris","status":"publish","type":"product","link":"https:\/\/zapateneo.net\/wordpress\/index.php\/producto\/catacumbas-exploradores-y-fotografia-espectral-en-las-catacumbas-de-paris\/","title":{"rendered":"Catacumbas. Exploradores y fotograf\u00eda espectral en las catacumbas de Par\u00eds"},"content":{"rendered":"<p>Desde que en 1809 las famosas y espeluznantes catacumbas de Par\u00eds se abriesen al p\u00fablico, estas no han dejado de provocar asombro y fascinaci\u00f3n. Este aut\u00e9ntico \u00abreino de la muerte\u00bb, una gigantesca ciudad invertida de la que se desconoce sus dimensiones y trazado exactos, ha sido constantemente visitado y mapeado por toda clase de aventureros, revolucionarios, poetas decadentes y \u00abcat\u00e1filos\u00bb, exploradores que, de manera obsesiva, usando la red de alcantarillas o de metro parisinas, descienden una y otra vez ilegalmente, ya sea por diversi\u00f3n, investigaci\u00f3n, refugio o deseo de transgresi\u00f3n, mientras son perseguidos por los \u00abcatapolis\u00bb.<\/p>\n<p>En 1861, el c\u00e9lebre fot\u00f3grafo F\u00e9lix Nadar logr\u00f3 la proeza de fotografiarlas por vez primera usando luz artificial. El resultado son instant\u00e1neas espectrales que muestran monta\u00f1as de huesos y calaveras en formas imposibles, carteles y advertencias e incluso maniqu\u00edes que dispuso intentando as\u00ed animar un territorio inanimado y claustrof\u00f3bico.<\/p>\n<p>Catacumbas, editado y prologado por Servando Rocha, recoge las fotograf\u00edas y cr\u00f3nica de Nadar durante aquella hist\u00f3rica sesi\u00f3n de fotos, junto a testimonios de intr\u00e9pidos espa\u00f1oles como Jos\u00e9 Echegaray o Carolina Coronado, entre otros, que bajaron hasta all\u00ed hace casi un siglo, o la reciente y emocionante incursi\u00f3n subterr\u00e1nea del escritor Robert Macfarlane con ayuda de una banda de cat\u00e1filos.<\/p>\n","protected":false},"excerpt":{"rendered":"<p><strong>vvaa<\/strong><br \/>\n9788412932669 &#8211; La Felguera &#8211; 2025 &#8211; 156 p\u00e1ginas \/orri.<\/p>\n","protected":false},"featured_media":16240,"template":"","meta":[],"product_brand":[],"product_cat":[185,16],"product_tag":[582,6967],"class_list":{"0":"post-16230","1":"product","2":"type-product","3":"status-publish","4":"has-post-thumbnail","6":"product_cat-historia","7":"product_cat-libros","8":"product_tag-la-felguera","9":"product_tag-vvaa","11":"first","12":"instock","13":"sold-individually","14":"shipping-taxable","15":"purchasable","16":"product-type-simple"},"yoast_head":"<!-- This site is optimized with the Yoast SEO plugin v27.3 - https:\/\/yoast.com\/product\/yoast-seo-wordpress\/ -->\n<title>Catacumbas. Exploradores y fotograf\u00eda espectral en las catacumbas de Par\u00eds &#8212; Zapateneo<\/title>\n<meta name=\"robots\" content=\"index, follow, max-snippet:-1, max-image-preview:large, max-video-preview:-1\" \/>\n<link rel=\"canonical\" href=\"https:\/\/zapateneo.net\/wordpress\/index.php\/producto\/catacumbas-exploradores-y-fotografia-espectral-en-las-catacumbas-de-paris\/\" \/>\n<meta property=\"og:locale\" content=\"es_ES\" \/>\n<meta property=\"og:type\" content=\"article\" \/>\n<meta property=\"og:title\" content=\"Catacumbas. Exploradores y fotograf\u00eda espectral en las catacumbas de Par\u00eds &#8212; Zapateneo\" \/>\n<meta property=\"og:description\" content=\"vvaa 9788412932669 - La Felguera - 2025 - 156 p\u00e1ginas \/orri.\" \/>\n<meta property=\"og:url\" content=\"https:\/\/zapateneo.net\/wordpress\/index.php\/producto\/catacumbas-exploradores-y-fotografia-espectral-en-las-catacumbas-de-paris\/\" \/>\n<meta property=\"og:site_name\" content=\"Zapateneo\" \/>\n<meta property=\"article:modified_time\" content=\"2025-11-23T10:26:53+00:00\" \/>\n<meta name=\"twitter:card\" content=\"summary_large_image\" \/>\n<meta name=\"twitter:site\" content=\"@zapateneo\" \/>\n<meta name=\"twitter:label1\" content=\"Tiempo de lectura\" \/>\n\t<meta name=\"twitter:data1\" content=\"1 minuto\" \/>\n<script type=\"application\/ld+json\" class=\"yoast-schema-graph\">{\"@context\":\"https:\\\/\\\/schema.org\",\"@graph\":[{\"@type\":\"WebPage\",\"@id\":\"https:\\\/\\\/zapateneo.net\\\/wordpress\\\/index.php\\\/producto\\\/catacumbas-exploradores-y-fotografia-espectral-en-las-catacumbas-de-paris\\\/\",\"url\":\"https:\\\/\\\/zapateneo.net\\\/wordpress\\\/index.php\\\/producto\\\/catacumbas-exploradores-y-fotografia-espectral-en-las-catacumbas-de-paris\\\/\",\"name\":\"Catacumbas. Exploradores y fotograf\u00eda espectral en las catacumbas de Par\u00eds &#8212; Zapateneo\",\"isPartOf\":{\"@id\":\"https:\\\/\\\/zapateneo.net\\\/wordpress\\\/#website\"},\"primaryImageOfPage\":{\"@id\":\"https:\\\/\\\/zapateneo.net\\\/wordpress\\\/index.php\\\/producto\\\/catacumbas-exploradores-y-fotografia-espectral-en-las-catacumbas-de-paris\\\/#primaryimage\"},\"image\":{\"@id\":\"https:\\\/\\\/zapateneo.net\\\/wordpress\\\/index.php\\\/producto\\\/catacumbas-exploradores-y-fotografia-espectral-en-las-catacumbas-de-paris\\\/#primaryimage\"},\"thumbnailUrl\":\"https:\\\/\\\/zapateneo.net\\\/wordpress\\\/wp-content\\\/uploads\\\/2025\\\/11\\\/9788412932669.jpg\",\"datePublished\":\"2025-11-23T10:26:42+00:00\",\"dateModified\":\"2025-11-23T10:26:53+00:00\",\"breadcrumb\":{\"@id\":\"https:\\\/\\\/zapateneo.net\\\/wordpress\\\/index.php\\\/producto\\\/catacumbas-exploradores-y-fotografia-espectral-en-las-catacumbas-de-paris\\\/#breadcrumb\"},\"inLanguage\":\"es\",\"potentialAction\":[{\"@type\":\"ReadAction\",\"target\":[\"https:\\\/\\\/zapateneo.net\\\/wordpress\\\/index.php\\\/producto\\\/catacumbas-exploradores-y-fotografia-espectral-en-las-catacumbas-de-paris\\\/\"]}]},{\"@type\":\"ImageObject\",\"inLanguage\":\"es\",\"@id\":\"https:\\\/\\\/zapateneo.net\\\/wordpress\\\/index.php\\\/producto\\\/catacumbas-exploradores-y-fotografia-espectral-en-las-catacumbas-de-paris\\\/#primaryimage\",\"url\":\"https:\\\/\\\/zapateneo.net\\\/wordpress\\\/wp-content\\\/uploads\\\/2025\\\/11\\\/9788412932669.jpg\",\"contentUrl\":\"https:\\\/\\\/zapateneo.net\\\/wordpress\\\/wp-content\\\/uploads\\\/2025\\\/11\\\/9788412932669.jpg\",\"width\":292,\"height\":400},{\"@type\":\"BreadcrumbList\",\"@id\":\"https:\\\/\\\/zapateneo.net\\\/wordpress\\\/index.php\\\/producto\\\/catacumbas-exploradores-y-fotografia-espectral-en-las-catacumbas-de-paris\\\/#breadcrumb\",\"itemListElement\":[{\"@type\":\"ListItem\",\"position\":1,\"name\":\"Portada\",\"item\":\"https:\\\/\\\/zapateneo.net\\\/wordpress\\\/\"},{\"@type\":\"ListItem\",\"position\":2,\"name\":\"Tienda\",\"item\":\"https:\\\/\\\/zapateneo.net\\\/wordpress\\\/\"},{\"@type\":\"ListItem\",\"position\":3,\"name\":\"Catacumbas. Exploradores y fotograf\u00eda espectral en las catacumbas de Par\u00eds\"}]},{\"@type\":\"WebSite\",\"@id\":\"https:\\\/\\\/zapateneo.net\\\/wordpress\\\/#website\",\"url\":\"https:\\\/\\\/zapateneo.net\\\/wordpress\\\/\",\"name\":\"Zapateneo\",\"description\":\"Zapateneoaren webgunea\",\"publisher\":{\"@id\":\"https:\\\/\\\/zapateneo.net\\\/wordpress\\\/#organization\"},\"potentialAction\":[{\"@type\":\"SearchAction\",\"target\":{\"@type\":\"EntryPoint\",\"urlTemplate\":\"https:\\\/\\\/zapateneo.net\\\/wordpress\\\/?s={search_term_string}\"},\"query-input\":{\"@type\":\"PropertyValueSpecification\",\"valueRequired\":true,\"valueName\":\"search_term_string\"}}],\"inLanguage\":\"es\"},{\"@type\":\"Organization\",\"@id\":\"https:\\\/\\\/zapateneo.net\\\/wordpress\\\/#organization\",\"name\":\"Zapateneo Kultur Elkartea\",\"url\":\"https:\\\/\\\/zapateneo.net\\\/wordpress\\\/\",\"logo\":{\"@type\":\"ImageObject\",\"inLanguage\":\"es\",\"@id\":\"https:\\\/\\\/zapateneo.net\\\/wordpress\\\/#\\\/schema\\\/logo\\\/image\\\/\",\"url\":\"https:\\\/\\\/zapateneo.net\\\/wordpress\\\/wp-content\\\/uploads\\\/2021\\\/04\\\/zap-libu-kolec.jpg\",\"contentUrl\":\"https:\\\/\\\/zapateneo.net\\\/wordpress\\\/wp-content\\\/uploads\\\/2021\\\/04\\\/zap-libu-kolec.jpg\",\"width\":2234,\"height\":398,\"caption\":\"Zapateneo Kultur Elkartea\"},\"image\":{\"@id\":\"https:\\\/\\\/zapateneo.net\\\/wordpress\\\/#\\\/schema\\\/logo\\\/image\\\/\"},\"sameAs\":[\"https:\\\/\\\/x.com\\\/zapateneo\"]}]}<\/script>\n<!-- \/ Yoast SEO plugin. -->","yoast_head_json":{"title":"Catacumbas. Exploradores y fotograf\u00eda espectral en las catacumbas de Par\u00eds &#8212; Zapateneo","robots":{"index":"index","follow":"follow","max-snippet":"max-snippet:-1","max-image-preview":"max-image-preview:large","max-video-preview":"max-video-preview:-1"},"canonical":"https:\/\/zapateneo.net\/wordpress\/index.php\/producto\/catacumbas-exploradores-y-fotografia-espectral-en-las-catacumbas-de-paris\/","og_locale":"es_ES","og_type":"article","og_title":"Catacumbas. Exploradores y fotograf\u00eda espectral en las catacumbas de Par\u00eds &#8212; Zapateneo","og_description":"vvaa 9788412932669 - La Felguera - 2025 - 156 p\u00e1ginas \/orri.","og_url":"https:\/\/zapateneo.net\/wordpress\/index.php\/producto\/catacumbas-exploradores-y-fotografia-espectral-en-las-catacumbas-de-paris\/","og_site_name":"Zapateneo","article_modified_time":"2025-11-23T10:26:53+00:00","twitter_card":"summary_large_image","twitter_site":"@zapateneo","twitter_misc":{"Tiempo de lectura":"1 minuto"},"schema":{"@context":"https:\/\/schema.org","@graph":[{"@type":"WebPage","@id":"https:\/\/zapateneo.net\/wordpress\/index.php\/producto\/catacumbas-exploradores-y-fotografia-espectral-en-las-catacumbas-de-paris\/","url":"https:\/\/zapateneo.net\/wordpress\/index.php\/producto\/catacumbas-exploradores-y-fotografia-espectral-en-las-catacumbas-de-paris\/","name":"Catacumbas. Exploradores y fotograf\u00eda espectral en las catacumbas de Par\u00eds &#8212; Zapateneo","isPartOf":{"@id":"https:\/\/zapateneo.net\/wordpress\/#website"},"primaryImageOfPage":{"@id":"https:\/\/zapateneo.net\/wordpress\/index.php\/producto\/catacumbas-exploradores-y-fotografia-espectral-en-las-catacumbas-de-paris\/#primaryimage"},"image":{"@id":"https:\/\/zapateneo.net\/wordpress\/index.php\/producto\/catacumbas-exploradores-y-fotografia-espectral-en-las-catacumbas-de-paris\/#primaryimage"},"thumbnailUrl":"https:\/\/zapateneo.net\/wordpress\/wp-content\/uploads\/2025\/11\/9788412932669.jpg","datePublished":"2025-11-23T10:26:42+00:00","dateModified":"2025-11-23T10:26:53+00:00","breadcrumb":{"@id":"https:\/\/zapateneo.net\/wordpress\/index.php\/producto\/catacumbas-exploradores-y-fotografia-espectral-en-las-catacumbas-de-paris\/#breadcrumb"},"inLanguage":"es","potentialAction":[{"@type":"ReadAction","target":["https:\/\/zapateneo.net\/wordpress\/index.php\/producto\/catacumbas-exploradores-y-fotografia-espectral-en-las-catacumbas-de-paris\/"]}]},{"@type":"ImageObject","inLanguage":"es","@id":"https:\/\/zapateneo.net\/wordpress\/index.php\/producto\/catacumbas-exploradores-y-fotografia-espectral-en-las-catacumbas-de-paris\/#primaryimage","url":"https:\/\/zapateneo.net\/wordpress\/wp-content\/uploads\/2025\/11\/9788412932669.jpg","contentUrl":"https:\/\/zapateneo.net\/wordpress\/wp-content\/uploads\/2025\/11\/9788412932669.jpg","width":292,"height":400},{"@type":"BreadcrumbList","@id":"https:\/\/zapateneo.net\/wordpress\/index.php\/producto\/catacumbas-exploradores-y-fotografia-espectral-en-las-catacumbas-de-paris\/#breadcrumb","itemListElement":[{"@type":"ListItem","position":1,"name":"Portada","item":"https:\/\/zapateneo.net\/wordpress\/"},{"@type":"ListItem","position":2,"name":"Tienda","item":"https:\/\/zapateneo.net\/wordpress\/"},{"@type":"ListItem","position":3,"name":"Catacumbas. Exploradores y fotograf\u00eda espectral en las catacumbas de Par\u00eds"}]},{"@type":"WebSite","@id":"https:\/\/zapateneo.net\/wordpress\/#website","url":"https:\/\/zapateneo.net\/wordpress\/","name":"Zapateneo","description":"Zapateneoaren webgunea","publisher":{"@id":"https:\/\/zapateneo.net\/wordpress\/#organization"},"potentialAction":[{"@type":"SearchAction","target":{"@type":"EntryPoint","urlTemplate":"https:\/\/zapateneo.net\/wordpress\/?s={search_term_string}"},"query-input":{"@type":"PropertyValueSpecification","valueRequired":true,"valueName":"search_term_string"}}],"inLanguage":"es"},{"@type":"Organization","@id":"https:\/\/zapateneo.net\/wordpress\/#organization","name":"Zapateneo Kultur Elkartea","url":"https:\/\/zapateneo.net\/wordpress\/","logo":{"@type":"ImageObject","inLanguage":"es","@id":"https:\/\/zapateneo.net\/wordpress\/#\/schema\/logo\/image\/","url":"https:\/\/zapateneo.net\/wordpress\/wp-content\/uploads\/2021\/04\/zap-libu-kolec.jpg","contentUrl":"https:\/\/zapateneo.net\/wordpress\/wp-content\/uploads\/2021\/04\/zap-libu-kolec.jpg","width":2234,"height":398,"caption":"Zapateneo Kultur Elkartea"},"image":{"@id":"https:\/\/zapateneo.net\/wordpress\/#\/schema\/logo\/image\/"},"sameAs":["https:\/\/x.com\/zapateneo"]}]}},"_links":{"self":[{"href":"https:\/\/zapateneo.net\/wordpress\/index.php\/wp-json\/wp\/v2\/product\/16230","targetHints":{"allow":["GET"]}}],"collection":[{"href":"https:\/\/zapateneo.net\/wordpress\/index.php\/wp-json\/wp\/v2\/product"}],"about":[{"href":"https:\/\/zapateneo.net\/wordpress\/index.php\/wp-json\/wp\/v2\/types\/product"}],"wp:featuredmedia":[{"embeddable":true,"href":"https:\/\/zapateneo.net\/wordpress\/index.php\/wp-json\/wp\/v2\/media\/16240"}],"wp:attachment":[{"href":"https:\/\/zapateneo.net\/wordpress\/index.php\/wp-json\/wp\/v2\/media?parent=16230"}],"wp:term":[{"taxonomy":"product_brand","embeddable":true,"href":"https:\/\/zapateneo.net\/wordpress\/index.php\/wp-json\/wp\/v2\/product_brand?post=16230"},{"taxonomy":"product_cat","embeddable":true,"href":"https:\/\/zapateneo.net\/wordpress\/index.php\/wp-json\/wp\/v2\/product_cat?post=16230"},{"taxonomy":"product_tag","embeddable":true,"href":"https:\/\/zapateneo.net\/wordpress\/index.php\/wp-json\/wp\/v2\/product_tag?post=16230"}],"curies":[{"name":"wp","href":"https:\/\/api.w.org\/{rel}","templated":true}]}}