{"id":16208,"date":"2025-11-22T17:14:55","date_gmt":"2025-11-22T16:14:55","guid":{"rendered":"https:\/\/zapateneo.net\/wordpress\/?post_type=product&#038;p=16208"},"modified":"2025-11-22T17:25:59","modified_gmt":"2025-11-22T16:25:59","slug":"en-busca-de-la-mente-el-largo-camino-de-la-ciencia-para-comprender-la-vida-mental-y-lo-que-aun-que","status":"publish","type":"product","link":"https:\/\/zapateneo.net\/wordpress\/index.php\/producto\/en-busca-de-la-mente-el-largo-camino-de-la-ciencia-para-comprender-la-vida-mental-y-lo-que-aun-que\/","title":{"rendered":"En busca de la mente. El largo camino de la ciencia para comprender la vida mental (y lo que a\u00fan que"},"content":{"rendered":"<p>Cunde en nuestros d\u00edas la ilusi\u00f3n de que la neurociencia puede explicarlo todo: los sue\u00f1os y las adicciones, las dificultades de aprendizaje, nuestras decisiones financieras y nuestros consumos, los trastornos de la alimentaci\u00f3n y los sentimientos religiosos. En la vereda de enfrente, los esc\u00e9pticos insisten en que la mente es un misterio demasiado complejo para nuestro limitado entendimiento. \u00bfCu\u00e1nto hay de cierto en estas posiciones?<\/p>\n<p>Para responder esa pregunta sin soluciones m\u00e1gicas, Stanislas Dehaene, uno de los mayores expertos en la materia, nos propone un atrapante recorrido por las investigaciones de la psicolog\u00eda cognitiva experimental. En estas p\u00e1ginas, sistematiza las evidencias que nos confirman que estamos hechos para conocer y conocernos, as\u00ed como los experimentos y an\u00e1lisis que permitieron adentrarse en los mecanismos de la mente. Poco a poco, el trabajo conjunto de un ej\u00e9rcito de disciplinas \u2013la psicolog\u00eda, la neurobiolog\u00eda, la antropolog\u00eda, la f\u00edsica, la matem\u00e1tica, la computaci\u00f3n y la filosof\u00eda\u2013 logr\u00f3 descubrir y entender procesos fundamentales: c\u00f3mo hace el cerebro para contar hasta diez, para leer sus primeras palabras, para saber que es parte de un cuerpo que siente, se mueve y se emociona (y c\u00f3mo todo eso le permite tomar decisiones).<\/p>\n<p>No fue f\u00e1cil llegar hasta aqu\u00ed, y falta mucho para dar por resuelto el desaf\u00edo, pero el optimismo est\u00e1 bien fundado. Los nuevos avances en la comprensi\u00f3n de la vida mental prometen revolucionarias mejoras para la salud y para la educaci\u00f3n, lo que redobla la expectativa. As\u00ed, este maravilloso libro nos aporta una primera lecci\u00f3n para saber d\u00f3nde est\u00e1 y hacia d\u00f3nde va el estudio de eso que nos es tan cercano y a la vez tan misterioso: nuestra propia mente.<\/p>\n","protected":false},"excerpt":{"rendered":"<p><strong>Stanislas Dehaene<\/strong><br \/>\n9788432321504 &#8211; Siglo XXI &#8211; 2025 &#8211; 112 p\u00e1ginas \/orri.<\/p>\n","protected":false},"featured_media":16217,"template":"","meta":[],"product_brand":[],"product_cat":[16,173],"product_tag":[423,6979],"class_list":{"0":"post-16208","1":"product","2":"type-product","3":"status-publish","4":"has-post-thumbnail","6":"product_cat-libros","7":"product_cat-saiakera-ensayo","8":"product_tag-siglo-xxi","9":"product_tag-stanislas-dehaene","11":"first","12":"instock","13":"sold-individually","14":"shipping-taxable","15":"purchasable","16":"product-type-simple"},"yoast_head":"<!-- This site is optimized with the Yoast SEO plugin v27.3 - https:\/\/yoast.com\/product\/yoast-seo-wordpress\/ -->\n<title>En busca de la mente. El largo camino de la ciencia para comprender la vida mental (y lo que a\u00fan que &#8212; Zapateneo<\/title>\n<meta name=\"robots\" content=\"index, follow, max-snippet:-1, max-image-preview:large, max-video-preview:-1\" \/>\n<link rel=\"canonical\" href=\"https:\/\/zapateneo.net\/wordpress\/index.php\/producto\/en-busca-de-la-mente-el-largo-camino-de-la-ciencia-para-comprender-la-vida-mental-y-lo-que-aun-que\/\" \/>\n<meta property=\"og:locale\" content=\"es_ES\" \/>\n<meta property=\"og:type\" content=\"article\" \/>\n<meta property=\"og:title\" content=\"En busca de la mente. El largo camino de la ciencia para comprender la vida mental (y lo que a\u00fan que &#8212; Zapateneo\" \/>\n<meta property=\"og:description\" content=\"Stanislas Dehaene 9788432321504 - Siglo XXI - 2025 - 112 p\u00e1ginas \/orri.\" \/>\n<meta property=\"og:url\" content=\"https:\/\/zapateneo.net\/wordpress\/index.php\/producto\/en-busca-de-la-mente-el-largo-camino-de-la-ciencia-para-comprender-la-vida-mental-y-lo-que-aun-que\/\" \/>\n<meta property=\"og:site_name\" content=\"Zapateneo\" \/>\n<meta property=\"article:modified_time\" content=\"2025-11-22T16:25:59+00:00\" \/>\n<meta property=\"og:image\" content=\"https:\/\/zapateneo.net\/wordpress\/wp-content\/uploads\/2025\/11\/9788432321504.jpeg\" \/>\n\t<meta property=\"og:image:width\" content=\"183\" \/>\n\t<meta property=\"og:image:height\" content=\"275\" \/>\n\t<meta property=\"og:image:type\" content=\"image\/jpeg\" \/>\n<meta name=\"twitter:card\" content=\"summary_large_image\" \/>\n<meta name=\"twitter:site\" content=\"@zapateneo\" \/>\n<meta name=\"twitter:label1\" content=\"Tiempo de lectura\" \/>\n\t<meta name=\"twitter:data1\" content=\"2 minutos\" \/>\n<script type=\"application\/ld+json\" class=\"yoast-schema-graph\">{\"@context\":\"https:\\\/\\\/schema.org\",\"@graph\":[{\"@type\":\"WebPage\",\"@id\":\"https:\\\/\\\/zapateneo.net\\\/wordpress\\\/index.php\\\/producto\\\/en-busca-de-la-mente-el-largo-camino-de-la-ciencia-para-comprender-la-vida-mental-y-lo-que-aun-que\\\/\",\"url\":\"https:\\\/\\\/zapateneo.net\\\/wordpress\\\/index.php\\\/producto\\\/en-busca-de-la-mente-el-largo-camino-de-la-ciencia-para-comprender-la-vida-mental-y-lo-que-aun-que\\\/\",\"name\":\"En busca de la mente. El largo camino de la ciencia para comprender la vida mental (y lo que a\u00fan que &#8212; Zapateneo\",\"isPartOf\":{\"@id\":\"https:\\\/\\\/zapateneo.net\\\/wordpress\\\/#website\"},\"primaryImageOfPage\":{\"@id\":\"https:\\\/\\\/zapateneo.net\\\/wordpress\\\/index.php\\\/producto\\\/en-busca-de-la-mente-el-largo-camino-de-la-ciencia-para-comprender-la-vida-mental-y-lo-que-aun-que\\\/#primaryimage\"},\"image\":{\"@id\":\"https:\\\/\\\/zapateneo.net\\\/wordpress\\\/index.php\\\/producto\\\/en-busca-de-la-mente-el-largo-camino-de-la-ciencia-para-comprender-la-vida-mental-y-lo-que-aun-que\\\/#primaryimage\"},\"thumbnailUrl\":\"https:\\\/\\\/zapateneo.net\\\/wordpress\\\/wp-content\\\/uploads\\\/2025\\\/11\\\/9788432321504.jpeg\",\"datePublished\":\"2025-11-22T16:14:55+00:00\",\"dateModified\":\"2025-11-22T16:25:59+00:00\",\"breadcrumb\":{\"@id\":\"https:\\\/\\\/zapateneo.net\\\/wordpress\\\/index.php\\\/producto\\\/en-busca-de-la-mente-el-largo-camino-de-la-ciencia-para-comprender-la-vida-mental-y-lo-que-aun-que\\\/#breadcrumb\"},\"inLanguage\":\"es\",\"potentialAction\":[{\"@type\":\"ReadAction\",\"target\":[\"https:\\\/\\\/zapateneo.net\\\/wordpress\\\/index.php\\\/producto\\\/en-busca-de-la-mente-el-largo-camino-de-la-ciencia-para-comprender-la-vida-mental-y-lo-que-aun-que\\\/\"]}]},{\"@type\":\"ImageObject\",\"inLanguage\":\"es\",\"@id\":\"https:\\\/\\\/zapateneo.net\\\/wordpress\\\/index.php\\\/producto\\\/en-busca-de-la-mente-el-largo-camino-de-la-ciencia-para-comprender-la-vida-mental-y-lo-que-aun-que\\\/#primaryimage\",\"url\":\"https:\\\/\\\/zapateneo.net\\\/wordpress\\\/wp-content\\\/uploads\\\/2025\\\/11\\\/9788432321504.jpeg\",\"contentUrl\":\"https:\\\/\\\/zapateneo.net\\\/wordpress\\\/wp-content\\\/uploads\\\/2025\\\/11\\\/9788432321504.jpeg\",\"width\":183,\"height\":275},{\"@type\":\"BreadcrumbList\",\"@id\":\"https:\\\/\\\/zapateneo.net\\\/wordpress\\\/index.php\\\/producto\\\/en-busca-de-la-mente-el-largo-camino-de-la-ciencia-para-comprender-la-vida-mental-y-lo-que-aun-que\\\/#breadcrumb\",\"itemListElement\":[{\"@type\":\"ListItem\",\"position\":1,\"name\":\"Portada\",\"item\":\"https:\\\/\\\/zapateneo.net\\\/wordpress\\\/\"},{\"@type\":\"ListItem\",\"position\":2,\"name\":\"Tienda\",\"item\":\"https:\\\/\\\/zapateneo.net\\\/wordpress\\\/\"},{\"@type\":\"ListItem\",\"position\":3,\"name\":\"En busca de la mente. El largo camino de la ciencia para comprender la vida mental (y lo que a\u00fan que\"}]},{\"@type\":\"WebSite\",\"@id\":\"https:\\\/\\\/zapateneo.net\\\/wordpress\\\/#website\",\"url\":\"https:\\\/\\\/zapateneo.net\\\/wordpress\\\/\",\"name\":\"Zapateneo\",\"description\":\"Zapateneoaren webgunea\",\"publisher\":{\"@id\":\"https:\\\/\\\/zapateneo.net\\\/wordpress\\\/#organization\"},\"potentialAction\":[{\"@type\":\"SearchAction\",\"target\":{\"@type\":\"EntryPoint\",\"urlTemplate\":\"https:\\\/\\\/zapateneo.net\\\/wordpress\\\/?s={search_term_string}\"},\"query-input\":{\"@type\":\"PropertyValueSpecification\",\"valueRequired\":true,\"valueName\":\"search_term_string\"}}],\"inLanguage\":\"es\"},{\"@type\":\"Organization\",\"@id\":\"https:\\\/\\\/zapateneo.net\\\/wordpress\\\/#organization\",\"name\":\"Zapateneo Kultur Elkartea\",\"url\":\"https:\\\/\\\/zapateneo.net\\\/wordpress\\\/\",\"logo\":{\"@type\":\"ImageObject\",\"inLanguage\":\"es\",\"@id\":\"https:\\\/\\\/zapateneo.net\\\/wordpress\\\/#\\\/schema\\\/logo\\\/image\\\/\",\"url\":\"https:\\\/\\\/zapateneo.net\\\/wordpress\\\/wp-content\\\/uploads\\\/2021\\\/04\\\/zap-libu-kolec.jpg\",\"contentUrl\":\"https:\\\/\\\/zapateneo.net\\\/wordpress\\\/wp-content\\\/uploads\\\/2021\\\/04\\\/zap-libu-kolec.jpg\",\"width\":2234,\"height\":398,\"caption\":\"Zapateneo Kultur Elkartea\"},\"image\":{\"@id\":\"https:\\\/\\\/zapateneo.net\\\/wordpress\\\/#\\\/schema\\\/logo\\\/image\\\/\"},\"sameAs\":[\"https:\\\/\\\/x.com\\\/zapateneo\"]}]}<\/script>\n<!-- \/ Yoast SEO plugin. -->","yoast_head_json":{"title":"En busca de la mente. El largo camino de la ciencia para comprender la vida mental (y lo que a\u00fan que &#8212; Zapateneo","robots":{"index":"index","follow":"follow","max-snippet":"max-snippet:-1","max-image-preview":"max-image-preview:large","max-video-preview":"max-video-preview:-1"},"canonical":"https:\/\/zapateneo.net\/wordpress\/index.php\/producto\/en-busca-de-la-mente-el-largo-camino-de-la-ciencia-para-comprender-la-vida-mental-y-lo-que-aun-que\/","og_locale":"es_ES","og_type":"article","og_title":"En busca de la mente. El largo camino de la ciencia para comprender la vida mental (y lo que a\u00fan que &#8212; Zapateneo","og_description":"Stanislas Dehaene 9788432321504 - Siglo XXI - 2025 - 112 p\u00e1ginas \/orri.","og_url":"https:\/\/zapateneo.net\/wordpress\/index.php\/producto\/en-busca-de-la-mente-el-largo-camino-de-la-ciencia-para-comprender-la-vida-mental-y-lo-que-aun-que\/","og_site_name":"Zapateneo","article_modified_time":"2025-11-22T16:25:59+00:00","og_image":[{"width":183,"height":275,"url":"https:\/\/zapateneo.net\/wordpress\/wp-content\/uploads\/2025\/11\/9788432321504.jpeg","type":"image\/jpeg"}],"twitter_card":"summary_large_image","twitter_site":"@zapateneo","twitter_misc":{"Tiempo de lectura":"2 minutos"},"schema":{"@context":"https:\/\/schema.org","@graph":[{"@type":"WebPage","@id":"https:\/\/zapateneo.net\/wordpress\/index.php\/producto\/en-busca-de-la-mente-el-largo-camino-de-la-ciencia-para-comprender-la-vida-mental-y-lo-que-aun-que\/","url":"https:\/\/zapateneo.net\/wordpress\/index.php\/producto\/en-busca-de-la-mente-el-largo-camino-de-la-ciencia-para-comprender-la-vida-mental-y-lo-que-aun-que\/","name":"En busca de la mente. El largo camino de la ciencia para comprender la vida mental (y lo que a\u00fan que &#8212; Zapateneo","isPartOf":{"@id":"https:\/\/zapateneo.net\/wordpress\/#website"},"primaryImageOfPage":{"@id":"https:\/\/zapateneo.net\/wordpress\/index.php\/producto\/en-busca-de-la-mente-el-largo-camino-de-la-ciencia-para-comprender-la-vida-mental-y-lo-que-aun-que\/#primaryimage"},"image":{"@id":"https:\/\/zapateneo.net\/wordpress\/index.php\/producto\/en-busca-de-la-mente-el-largo-camino-de-la-ciencia-para-comprender-la-vida-mental-y-lo-que-aun-que\/#primaryimage"},"thumbnailUrl":"https:\/\/zapateneo.net\/wordpress\/wp-content\/uploads\/2025\/11\/9788432321504.jpeg","datePublished":"2025-11-22T16:14:55+00:00","dateModified":"2025-11-22T16:25:59+00:00","breadcrumb":{"@id":"https:\/\/zapateneo.net\/wordpress\/index.php\/producto\/en-busca-de-la-mente-el-largo-camino-de-la-ciencia-para-comprender-la-vida-mental-y-lo-que-aun-que\/#breadcrumb"},"inLanguage":"es","potentialAction":[{"@type":"ReadAction","target":["https:\/\/zapateneo.net\/wordpress\/index.php\/producto\/en-busca-de-la-mente-el-largo-camino-de-la-ciencia-para-comprender-la-vida-mental-y-lo-que-aun-que\/"]}]},{"@type":"ImageObject","inLanguage":"es","@id":"https:\/\/zapateneo.net\/wordpress\/index.php\/producto\/en-busca-de-la-mente-el-largo-camino-de-la-ciencia-para-comprender-la-vida-mental-y-lo-que-aun-que\/#primaryimage","url":"https:\/\/zapateneo.net\/wordpress\/wp-content\/uploads\/2025\/11\/9788432321504.jpeg","contentUrl":"https:\/\/zapateneo.net\/wordpress\/wp-content\/uploads\/2025\/11\/9788432321504.jpeg","width":183,"height":275},{"@type":"BreadcrumbList","@id":"https:\/\/zapateneo.net\/wordpress\/index.php\/producto\/en-busca-de-la-mente-el-largo-camino-de-la-ciencia-para-comprender-la-vida-mental-y-lo-que-aun-que\/#breadcrumb","itemListElement":[{"@type":"ListItem","position":1,"name":"Portada","item":"https:\/\/zapateneo.net\/wordpress\/"},{"@type":"ListItem","position":2,"name":"Tienda","item":"https:\/\/zapateneo.net\/wordpress\/"},{"@type":"ListItem","position":3,"name":"En busca de la mente. El largo camino de la ciencia para comprender la vida mental (y lo que a\u00fan que"}]},{"@type":"WebSite","@id":"https:\/\/zapateneo.net\/wordpress\/#website","url":"https:\/\/zapateneo.net\/wordpress\/","name":"Zapateneo","description":"Zapateneoaren webgunea","publisher":{"@id":"https:\/\/zapateneo.net\/wordpress\/#organization"},"potentialAction":[{"@type":"SearchAction","target":{"@type":"EntryPoint","urlTemplate":"https:\/\/zapateneo.net\/wordpress\/?s={search_term_string}"},"query-input":{"@type":"PropertyValueSpecification","valueRequired":true,"valueName":"search_term_string"}}],"inLanguage":"es"},{"@type":"Organization","@id":"https:\/\/zapateneo.net\/wordpress\/#organization","name":"Zapateneo Kultur Elkartea","url":"https:\/\/zapateneo.net\/wordpress\/","logo":{"@type":"ImageObject","inLanguage":"es","@id":"https:\/\/zapateneo.net\/wordpress\/#\/schema\/logo\/image\/","url":"https:\/\/zapateneo.net\/wordpress\/wp-content\/uploads\/2021\/04\/zap-libu-kolec.jpg","contentUrl":"https:\/\/zapateneo.net\/wordpress\/wp-content\/uploads\/2021\/04\/zap-libu-kolec.jpg","width":2234,"height":398,"caption":"Zapateneo Kultur Elkartea"},"image":{"@id":"https:\/\/zapateneo.net\/wordpress\/#\/schema\/logo\/image\/"},"sameAs":["https:\/\/x.com\/zapateneo"]}]}},"_links":{"self":[{"href":"https:\/\/zapateneo.net\/wordpress\/index.php\/wp-json\/wp\/v2\/product\/16208","targetHints":{"allow":["GET"]}}],"collection":[{"href":"https:\/\/zapateneo.net\/wordpress\/index.php\/wp-json\/wp\/v2\/product"}],"about":[{"href":"https:\/\/zapateneo.net\/wordpress\/index.php\/wp-json\/wp\/v2\/types\/product"}],"wp:featuredmedia":[{"embeddable":true,"href":"https:\/\/zapateneo.net\/wordpress\/index.php\/wp-json\/wp\/v2\/media\/16217"}],"wp:attachment":[{"href":"https:\/\/zapateneo.net\/wordpress\/index.php\/wp-json\/wp\/v2\/media?parent=16208"}],"wp:term":[{"taxonomy":"product_brand","embeddable":true,"href":"https:\/\/zapateneo.net\/wordpress\/index.php\/wp-json\/wp\/v2\/product_brand?post=16208"},{"taxonomy":"product_cat","embeddable":true,"href":"https:\/\/zapateneo.net\/wordpress\/index.php\/wp-json\/wp\/v2\/product_cat?post=16208"},{"taxonomy":"product_tag","embeddable":true,"href":"https:\/\/zapateneo.net\/wordpress\/index.php\/wp-json\/wp\/v2\/product_tag?post=16208"}],"curies":[{"name":"wp","href":"https:\/\/api.w.org\/{rel}","templated":true}]}}