{"id":16128,"date":"2025-11-22T08:17:23","date_gmt":"2025-11-22T07:17:23","guid":{"rendered":"https:\/\/zapateneo.net\/wordpress\/?post_type=product&#038;p=16128"},"modified":"2025-11-22T08:17:32","modified_gmt":"2025-11-22T07:17:32","slug":"el-malestar-es-otra-cosa-sobre-la-necesidad-de-ampliar-nuestra-nocion-de-sufrimiento","status":"publish","type":"product","link":"https:\/\/zapateneo.net\/wordpress\/index.php\/producto\/el-malestar-es-otra-cosa-sobre-la-necesidad-de-ampliar-nuestra-nocion-de-sufrimiento\/","title":{"rendered":"El malestar es otra cosa. Sobre la necesidad de ampliar nuestra noci\u00f3n de sufrimiento"},"content":{"rendered":"<p>En los \u00faltimos a\u00f1os hemos podido presenciar una creciente visibilidad del sufrimiento ps\u00edquico y e\u00admo\u00adcional: inunda las redes sociales, aparece en los medios de comunicaci\u00f3n, se habla en cualquier circunstancia\u2026 El malestar ya no se esconde. Ahora se muestra en toda su extensi\u00f3n, descrito desde m\u00e1s puntos de vista que nunca, poniendo en evidencia que es m\u00e1s variable de lo que describen los modelos convencionales de la salud mental.Ante este nuevo escenario, se hace necesario explorar el potencial de una noci\u00f3n m\u00e1s amplia de este concepto. De una experiencia tan compleja podemos extraer conclusiones que vayan m\u00e1s all\u00e1 de lo terap\u00e9utico y lo farmacol\u00f3gico.El malestar es una realidad que no deja indiferente a nadie: inicia procesos de cuidado, dinamita relaciones, estrecha lazos, invita a la transformaci\u00f3n social, genera conflictos, lleva al derrotismo, activa la esperanza, entre muchas otras cosas. Este libro es una invitaci\u00f3n a hacernos cargo de su complejidad.<\/p>\n","protected":false},"excerpt":{"rendered":"<p><strong>Javier Erro<\/strong><br \/>\n9791387639037 &#8211; Bellaterra &#8211; 2025 &#8211; 224 p\u00e1ginas \/orri.<\/p>\n","protected":false},"featured_media":16135,"template":"","meta":[],"product_brand":[],"product_cat":[16,182],"product_tag":[92,4741],"class_list":{"0":"post-16128","1":"product","2":"type-product","3":"status-publish","4":"has-post-thumbnail","6":"product_cat-libros","7":"product_cat-osasuna-salud","8":"product_tag-bellaterra","9":"product_tag-javier-erro","11":"first","12":"instock","13":"sold-individually","14":"shipping-taxable","15":"purchasable","16":"product-type-simple"},"yoast_head":"<!-- This site is optimized with the Yoast SEO plugin v27.3 - https:\/\/yoast.com\/product\/yoast-seo-wordpress\/ -->\n<title>El malestar es otra cosa. Sobre la necesidad de ampliar nuestra noci\u00f3n de sufrimiento &#8212; Zapateneo<\/title>\n<meta name=\"robots\" content=\"index, follow, max-snippet:-1, max-image-preview:large, max-video-preview:-1\" \/>\n<link rel=\"canonical\" href=\"https:\/\/zapateneo.net\/wordpress\/index.php\/producto\/el-malestar-es-otra-cosa-sobre-la-necesidad-de-ampliar-nuestra-nocion-de-sufrimiento\/\" \/>\n<meta property=\"og:locale\" content=\"es_ES\" \/>\n<meta property=\"og:type\" content=\"article\" \/>\n<meta property=\"og:title\" content=\"El malestar es otra cosa. Sobre la necesidad de ampliar nuestra noci\u00f3n de sufrimiento &#8212; Zapateneo\" \/>\n<meta property=\"og:description\" content=\"Javier Erro 9791387639037 - Bellaterra - 2025 - 224 p\u00e1ginas \/orri.\" \/>\n<meta property=\"og:url\" content=\"https:\/\/zapateneo.net\/wordpress\/index.php\/producto\/el-malestar-es-otra-cosa-sobre-la-necesidad-de-ampliar-nuestra-nocion-de-sufrimiento\/\" \/>\n<meta property=\"og:site_name\" content=\"Zapateneo\" \/>\n<meta property=\"article:modified_time\" content=\"2025-11-22T07:17:32+00:00\" \/>\n<meta name=\"twitter:card\" content=\"summary_large_image\" \/>\n<meta name=\"twitter:site\" content=\"@zapateneo\" \/>\n<meta name=\"twitter:label1\" content=\"Tiempo de lectura\" \/>\n\t<meta name=\"twitter:data1\" content=\"1 minuto\" \/>\n<script type=\"application\/ld+json\" class=\"yoast-schema-graph\">{\"@context\":\"https:\\\/\\\/schema.org\",\"@graph\":[{\"@type\":\"WebPage\",\"@id\":\"https:\\\/\\\/zapateneo.net\\\/wordpress\\\/index.php\\\/producto\\\/el-malestar-es-otra-cosa-sobre-la-necesidad-de-ampliar-nuestra-nocion-de-sufrimiento\\\/\",\"url\":\"https:\\\/\\\/zapateneo.net\\\/wordpress\\\/index.php\\\/producto\\\/el-malestar-es-otra-cosa-sobre-la-necesidad-de-ampliar-nuestra-nocion-de-sufrimiento\\\/\",\"name\":\"El malestar es otra cosa. Sobre la necesidad de ampliar nuestra noci\u00f3n de sufrimiento &#8212; Zapateneo\",\"isPartOf\":{\"@id\":\"https:\\\/\\\/zapateneo.net\\\/wordpress\\\/#website\"},\"primaryImageOfPage\":{\"@id\":\"https:\\\/\\\/zapateneo.net\\\/wordpress\\\/index.php\\\/producto\\\/el-malestar-es-otra-cosa-sobre-la-necesidad-de-ampliar-nuestra-nocion-de-sufrimiento\\\/#primaryimage\"},\"image\":{\"@id\":\"https:\\\/\\\/zapateneo.net\\\/wordpress\\\/index.php\\\/producto\\\/el-malestar-es-otra-cosa-sobre-la-necesidad-de-ampliar-nuestra-nocion-de-sufrimiento\\\/#primaryimage\"},\"thumbnailUrl\":\"https:\\\/\\\/zapateneo.net\\\/wordpress\\\/wp-content\\\/uploads\\\/2025\\\/11\\\/9791387639037jfif.jpg\",\"datePublished\":\"2025-11-22T07:17:23+00:00\",\"dateModified\":\"2025-11-22T07:17:32+00:00\",\"breadcrumb\":{\"@id\":\"https:\\\/\\\/zapateneo.net\\\/wordpress\\\/index.php\\\/producto\\\/el-malestar-es-otra-cosa-sobre-la-necesidad-de-ampliar-nuestra-nocion-de-sufrimiento\\\/#breadcrumb\"},\"inLanguage\":\"es\",\"potentialAction\":[{\"@type\":\"ReadAction\",\"target\":[\"https:\\\/\\\/zapateneo.net\\\/wordpress\\\/index.php\\\/producto\\\/el-malestar-es-otra-cosa-sobre-la-necesidad-de-ampliar-nuestra-nocion-de-sufrimiento\\\/\"]}]},{\"@type\":\"ImageObject\",\"inLanguage\":\"es\",\"@id\":\"https:\\\/\\\/zapateneo.net\\\/wordpress\\\/index.php\\\/producto\\\/el-malestar-es-otra-cosa-sobre-la-necesidad-de-ampliar-nuestra-nocion-de-sufrimiento\\\/#primaryimage\",\"url\":\"https:\\\/\\\/zapateneo.net\\\/wordpress\\\/wp-content\\\/uploads\\\/2025\\\/11\\\/9791387639037jfif.jpg\",\"contentUrl\":\"https:\\\/\\\/zapateneo.net\\\/wordpress\\\/wp-content\\\/uploads\\\/2025\\\/11\\\/9791387639037jfif.jpg\",\"width\":143,\"height\":204},{\"@type\":\"BreadcrumbList\",\"@id\":\"https:\\\/\\\/zapateneo.net\\\/wordpress\\\/index.php\\\/producto\\\/el-malestar-es-otra-cosa-sobre-la-necesidad-de-ampliar-nuestra-nocion-de-sufrimiento\\\/#breadcrumb\",\"itemListElement\":[{\"@type\":\"ListItem\",\"position\":1,\"name\":\"Portada\",\"item\":\"https:\\\/\\\/zapateneo.net\\\/wordpress\\\/\"},{\"@type\":\"ListItem\",\"position\":2,\"name\":\"Tienda\",\"item\":\"https:\\\/\\\/zapateneo.net\\\/wordpress\\\/\"},{\"@type\":\"ListItem\",\"position\":3,\"name\":\"El malestar es otra cosa. Sobre la necesidad de ampliar nuestra noci\u00f3n de sufrimiento\"}]},{\"@type\":\"WebSite\",\"@id\":\"https:\\\/\\\/zapateneo.net\\\/wordpress\\\/#website\",\"url\":\"https:\\\/\\\/zapateneo.net\\\/wordpress\\\/\",\"name\":\"Zapateneo\",\"description\":\"Zapateneoaren webgunea\",\"publisher\":{\"@id\":\"https:\\\/\\\/zapateneo.net\\\/wordpress\\\/#organization\"},\"potentialAction\":[{\"@type\":\"SearchAction\",\"target\":{\"@type\":\"EntryPoint\",\"urlTemplate\":\"https:\\\/\\\/zapateneo.net\\\/wordpress\\\/?s={search_term_string}\"},\"query-input\":{\"@type\":\"PropertyValueSpecification\",\"valueRequired\":true,\"valueName\":\"search_term_string\"}}],\"inLanguage\":\"es\"},{\"@type\":\"Organization\",\"@id\":\"https:\\\/\\\/zapateneo.net\\\/wordpress\\\/#organization\",\"name\":\"Zapateneo Kultur Elkartea\",\"url\":\"https:\\\/\\\/zapateneo.net\\\/wordpress\\\/\",\"logo\":{\"@type\":\"ImageObject\",\"inLanguage\":\"es\",\"@id\":\"https:\\\/\\\/zapateneo.net\\\/wordpress\\\/#\\\/schema\\\/logo\\\/image\\\/\",\"url\":\"https:\\\/\\\/zapateneo.net\\\/wordpress\\\/wp-content\\\/uploads\\\/2021\\\/04\\\/zap-libu-kolec.jpg\",\"contentUrl\":\"https:\\\/\\\/zapateneo.net\\\/wordpress\\\/wp-content\\\/uploads\\\/2021\\\/04\\\/zap-libu-kolec.jpg\",\"width\":2234,\"height\":398,\"caption\":\"Zapateneo Kultur Elkartea\"},\"image\":{\"@id\":\"https:\\\/\\\/zapateneo.net\\\/wordpress\\\/#\\\/schema\\\/logo\\\/image\\\/\"},\"sameAs\":[\"https:\\\/\\\/x.com\\\/zapateneo\"]}]}<\/script>\n<!-- \/ Yoast SEO plugin. -->","yoast_head_json":{"title":"El malestar es otra cosa. Sobre la necesidad de ampliar nuestra noci\u00f3n de sufrimiento &#8212; Zapateneo","robots":{"index":"index","follow":"follow","max-snippet":"max-snippet:-1","max-image-preview":"max-image-preview:large","max-video-preview":"max-video-preview:-1"},"canonical":"https:\/\/zapateneo.net\/wordpress\/index.php\/producto\/el-malestar-es-otra-cosa-sobre-la-necesidad-de-ampliar-nuestra-nocion-de-sufrimiento\/","og_locale":"es_ES","og_type":"article","og_title":"El malestar es otra cosa. Sobre la necesidad de ampliar nuestra noci\u00f3n de sufrimiento &#8212; Zapateneo","og_description":"Javier Erro 9791387639037 - Bellaterra - 2025 - 224 p\u00e1ginas \/orri.","og_url":"https:\/\/zapateneo.net\/wordpress\/index.php\/producto\/el-malestar-es-otra-cosa-sobre-la-necesidad-de-ampliar-nuestra-nocion-de-sufrimiento\/","og_site_name":"Zapateneo","article_modified_time":"2025-11-22T07:17:32+00:00","twitter_card":"summary_large_image","twitter_site":"@zapateneo","twitter_misc":{"Tiempo de lectura":"1 minuto"},"schema":{"@context":"https:\/\/schema.org","@graph":[{"@type":"WebPage","@id":"https:\/\/zapateneo.net\/wordpress\/index.php\/producto\/el-malestar-es-otra-cosa-sobre-la-necesidad-de-ampliar-nuestra-nocion-de-sufrimiento\/","url":"https:\/\/zapateneo.net\/wordpress\/index.php\/producto\/el-malestar-es-otra-cosa-sobre-la-necesidad-de-ampliar-nuestra-nocion-de-sufrimiento\/","name":"El malestar es otra cosa. Sobre la necesidad de ampliar nuestra noci\u00f3n de sufrimiento &#8212; Zapateneo","isPartOf":{"@id":"https:\/\/zapateneo.net\/wordpress\/#website"},"primaryImageOfPage":{"@id":"https:\/\/zapateneo.net\/wordpress\/index.php\/producto\/el-malestar-es-otra-cosa-sobre-la-necesidad-de-ampliar-nuestra-nocion-de-sufrimiento\/#primaryimage"},"image":{"@id":"https:\/\/zapateneo.net\/wordpress\/index.php\/producto\/el-malestar-es-otra-cosa-sobre-la-necesidad-de-ampliar-nuestra-nocion-de-sufrimiento\/#primaryimage"},"thumbnailUrl":"https:\/\/zapateneo.net\/wordpress\/wp-content\/uploads\/2025\/11\/9791387639037jfif.jpg","datePublished":"2025-11-22T07:17:23+00:00","dateModified":"2025-11-22T07:17:32+00:00","breadcrumb":{"@id":"https:\/\/zapateneo.net\/wordpress\/index.php\/producto\/el-malestar-es-otra-cosa-sobre-la-necesidad-de-ampliar-nuestra-nocion-de-sufrimiento\/#breadcrumb"},"inLanguage":"es","potentialAction":[{"@type":"ReadAction","target":["https:\/\/zapateneo.net\/wordpress\/index.php\/producto\/el-malestar-es-otra-cosa-sobre-la-necesidad-de-ampliar-nuestra-nocion-de-sufrimiento\/"]}]},{"@type":"ImageObject","inLanguage":"es","@id":"https:\/\/zapateneo.net\/wordpress\/index.php\/producto\/el-malestar-es-otra-cosa-sobre-la-necesidad-de-ampliar-nuestra-nocion-de-sufrimiento\/#primaryimage","url":"https:\/\/zapateneo.net\/wordpress\/wp-content\/uploads\/2025\/11\/9791387639037jfif.jpg","contentUrl":"https:\/\/zapateneo.net\/wordpress\/wp-content\/uploads\/2025\/11\/9791387639037jfif.jpg","width":143,"height":204},{"@type":"BreadcrumbList","@id":"https:\/\/zapateneo.net\/wordpress\/index.php\/producto\/el-malestar-es-otra-cosa-sobre-la-necesidad-de-ampliar-nuestra-nocion-de-sufrimiento\/#breadcrumb","itemListElement":[{"@type":"ListItem","position":1,"name":"Portada","item":"https:\/\/zapateneo.net\/wordpress\/"},{"@type":"ListItem","position":2,"name":"Tienda","item":"https:\/\/zapateneo.net\/wordpress\/"},{"@type":"ListItem","position":3,"name":"El malestar es otra cosa. Sobre la necesidad de ampliar nuestra noci\u00f3n de sufrimiento"}]},{"@type":"WebSite","@id":"https:\/\/zapateneo.net\/wordpress\/#website","url":"https:\/\/zapateneo.net\/wordpress\/","name":"Zapateneo","description":"Zapateneoaren webgunea","publisher":{"@id":"https:\/\/zapateneo.net\/wordpress\/#organization"},"potentialAction":[{"@type":"SearchAction","target":{"@type":"EntryPoint","urlTemplate":"https:\/\/zapateneo.net\/wordpress\/?s={search_term_string}"},"query-input":{"@type":"PropertyValueSpecification","valueRequired":true,"valueName":"search_term_string"}}],"inLanguage":"es"},{"@type":"Organization","@id":"https:\/\/zapateneo.net\/wordpress\/#organization","name":"Zapateneo Kultur Elkartea","url":"https:\/\/zapateneo.net\/wordpress\/","logo":{"@type":"ImageObject","inLanguage":"es","@id":"https:\/\/zapateneo.net\/wordpress\/#\/schema\/logo\/image\/","url":"https:\/\/zapateneo.net\/wordpress\/wp-content\/uploads\/2021\/04\/zap-libu-kolec.jpg","contentUrl":"https:\/\/zapateneo.net\/wordpress\/wp-content\/uploads\/2021\/04\/zap-libu-kolec.jpg","width":2234,"height":398,"caption":"Zapateneo Kultur Elkartea"},"image":{"@id":"https:\/\/zapateneo.net\/wordpress\/#\/schema\/logo\/image\/"},"sameAs":["https:\/\/x.com\/zapateneo"]}]}},"_links":{"self":[{"href":"https:\/\/zapateneo.net\/wordpress\/index.php\/wp-json\/wp\/v2\/product\/16128","targetHints":{"allow":["GET"]}}],"collection":[{"href":"https:\/\/zapateneo.net\/wordpress\/index.php\/wp-json\/wp\/v2\/product"}],"about":[{"href":"https:\/\/zapateneo.net\/wordpress\/index.php\/wp-json\/wp\/v2\/types\/product"}],"wp:featuredmedia":[{"embeddable":true,"href":"https:\/\/zapateneo.net\/wordpress\/index.php\/wp-json\/wp\/v2\/media\/16135"}],"wp:attachment":[{"href":"https:\/\/zapateneo.net\/wordpress\/index.php\/wp-json\/wp\/v2\/media?parent=16128"}],"wp:term":[{"taxonomy":"product_brand","embeddable":true,"href":"https:\/\/zapateneo.net\/wordpress\/index.php\/wp-json\/wp\/v2\/product_brand?post=16128"},{"taxonomy":"product_cat","embeddable":true,"href":"https:\/\/zapateneo.net\/wordpress\/index.php\/wp-json\/wp\/v2\/product_cat?post=16128"},{"taxonomy":"product_tag","embeddable":true,"href":"https:\/\/zapateneo.net\/wordpress\/index.php\/wp-json\/wp\/v2\/product_tag?post=16128"}],"curies":[{"name":"wp","href":"https:\/\/api.w.org\/{rel}","templated":true}]}}