{"id":16126,"date":"2025-11-22T08:17:21","date_gmt":"2025-11-22T07:17:21","guid":{"rendered":"https:\/\/zapateneo.net\/wordpress\/?post_type=product&#038;p=16126"},"modified":"2025-11-22T08:17:30","modified_gmt":"2025-11-22T07:17:30","slug":"me-insultan-y-yo-les-tiro-un-beso-infancias-y-adolescencias-lgtbiqa","status":"publish","type":"product","link":"https:\/\/zapateneo.net\/wordpress\/index.php\/producto\/me-insultan-y-yo-les-tiro-un-beso-infancias-y-adolescencias-lgtbiqa\/","title":{"rendered":"Me insultan y yo les tiro un beso Infancias y adolescencias LGTBIQA+"},"content":{"rendered":"<p>Este libro es una fantas\u00eda, una hermosa rareza. Personas de todo pelo y de muchas edades nos hemos reunido para compartir nuestras vivencias, v\u00ednculos, deseos y resistencias alrededor de la ni\u00f1ez y la adolescencia LGTBIQA+. Compartir estas reflexiones nos fortalece frente a la ola reaccionaria y conservadora que convierte la diversidad en la infancia y la adolescencia en su campo de batalla, buscando imponer y dar continuidad al poder adulto, que casi siempre es cishetero. En estas p\u00e1ginas hacemos a\u00f1icos el poder adulto para imaginar otras alianzas posibles, siempre desde el protagonismo de la infancia y la adolescencia LGTBIQA+.<\/p>\n<p>Reflexionamos sobre nuestras relaciones, nuestros v\u00ednculos y nuestras tribus: somos m\u00faltiples, diversas y radiantes. Exploramos nuestros deseos, esos que nos permiten ir m\u00e1s all\u00e1 de la norma. Y recorremos nuestras resistencias, entendidas como pr\u00e1cticas cotidianas y colectivas que desaf\u00edan el orden social para hacernos m\u00e1s libres. Me insultan y yo les tiro un beso re\u00fane las voces de m\u00e1s de setenta personas en diversos formatos, pero con un mismo prop\u00f3sito: reivindicar una infancia, adolescencia y juventud que escapan de la expresi\u00f3n de g\u00e9nero y la sexualidad normativa. Para que el mundo sepa que somos muchas, y que somos maravillosas.<\/p>\n","protected":false},"excerpt":{"rendered":"<p><strong>vvaa<\/strong><br \/>\n9791387639051 &#8211; Bellaterra &#8211; 2025 &#8211; 274 p\u00e1ginas \/orri.<\/p>\n","protected":false},"featured_media":16133,"template":"","meta":[],"product_brand":[],"product_cat":[174,16],"product_tag":[92,6967],"class_list":{"0":"post-16126","1":"product","2":"type-product","3":"status-publish","4":"has-post-thumbnail","6":"product_cat-generoak-generos","7":"product_cat-libros","8":"product_tag-bellaterra","9":"product_tag-vvaa","11":"first","12":"instock","13":"sold-individually","14":"shipping-taxable","15":"purchasable","16":"product-type-simple"},"yoast_head":"<!-- This site is optimized with the Yoast SEO plugin v27.3 - https:\/\/yoast.com\/product\/yoast-seo-wordpress\/ -->\n<title>Me insultan y yo les tiro un beso Infancias y adolescencias LGTBIQA+ &#8212; Zapateneo<\/title>\n<meta name=\"robots\" content=\"index, follow, max-snippet:-1, max-image-preview:large, max-video-preview:-1\" \/>\n<link rel=\"canonical\" href=\"https:\/\/zapateneo.net\/wordpress\/index.php\/producto\/me-insultan-y-yo-les-tiro-un-beso-infancias-y-adolescencias-lgtbiqa\/\" \/>\n<meta property=\"og:locale\" content=\"es_ES\" \/>\n<meta property=\"og:type\" content=\"article\" \/>\n<meta property=\"og:title\" content=\"Me insultan y yo les tiro un beso Infancias y adolescencias LGTBIQA+ &#8212; Zapateneo\" \/>\n<meta property=\"og:description\" content=\"vvaa 9791387639051 - Bellaterra - 2025 - 274 p\u00e1ginas \/orri.\" \/>\n<meta property=\"og:url\" content=\"https:\/\/zapateneo.net\/wordpress\/index.php\/producto\/me-insultan-y-yo-les-tiro-un-beso-infancias-y-adolescencias-lgtbiqa\/\" \/>\n<meta property=\"og:site_name\" content=\"Zapateneo\" \/>\n<meta property=\"article:modified_time\" content=\"2025-11-22T07:17:30+00:00\" \/>\n<meta name=\"twitter:card\" content=\"summary_large_image\" \/>\n<meta name=\"twitter:site\" content=\"@zapateneo\" \/>\n<meta name=\"twitter:label1\" content=\"Tiempo de lectura\" \/>\n\t<meta name=\"twitter:data1\" content=\"1 minuto\" \/>\n<script type=\"application\/ld+json\" class=\"yoast-schema-graph\">{\"@context\":\"https:\\\/\\\/schema.org\",\"@graph\":[{\"@type\":\"WebPage\",\"@id\":\"https:\\\/\\\/zapateneo.net\\\/wordpress\\\/index.php\\\/producto\\\/me-insultan-y-yo-les-tiro-un-beso-infancias-y-adolescencias-lgtbiqa\\\/\",\"url\":\"https:\\\/\\\/zapateneo.net\\\/wordpress\\\/index.php\\\/producto\\\/me-insultan-y-yo-les-tiro-un-beso-infancias-y-adolescencias-lgtbiqa\\\/\",\"name\":\"Me insultan y yo les tiro un beso Infancias y adolescencias LGTBIQA+ &#8212; Zapateneo\",\"isPartOf\":{\"@id\":\"https:\\\/\\\/zapateneo.net\\\/wordpress\\\/#website\"},\"primaryImageOfPage\":{\"@id\":\"https:\\\/\\\/zapateneo.net\\\/wordpress\\\/index.php\\\/producto\\\/me-insultan-y-yo-les-tiro-un-beso-infancias-y-adolescencias-lgtbiqa\\\/#primaryimage\"},\"image\":{\"@id\":\"https:\\\/\\\/zapateneo.net\\\/wordpress\\\/index.php\\\/producto\\\/me-insultan-y-yo-les-tiro-un-beso-infancias-y-adolescencias-lgtbiqa\\\/#primaryimage\"},\"thumbnailUrl\":\"https:\\\/\\\/zapateneo.net\\\/wordpress\\\/wp-content\\\/uploads\\\/2025\\\/11\\\/me-insultan-y-yo-les-tiro-un-beso.jpg\",\"datePublished\":\"2025-11-22T07:17:21+00:00\",\"dateModified\":\"2025-11-22T07:17:30+00:00\",\"breadcrumb\":{\"@id\":\"https:\\\/\\\/zapateneo.net\\\/wordpress\\\/index.php\\\/producto\\\/me-insultan-y-yo-les-tiro-un-beso-infancias-y-adolescencias-lgtbiqa\\\/#breadcrumb\"},\"inLanguage\":\"es\",\"potentialAction\":[{\"@type\":\"ReadAction\",\"target\":[\"https:\\\/\\\/zapateneo.net\\\/wordpress\\\/index.php\\\/producto\\\/me-insultan-y-yo-les-tiro-un-beso-infancias-y-adolescencias-lgtbiqa\\\/\"]}]},{\"@type\":\"ImageObject\",\"inLanguage\":\"es\",\"@id\":\"https:\\\/\\\/zapateneo.net\\\/wordpress\\\/index.php\\\/producto\\\/me-insultan-y-yo-les-tiro-un-beso-infancias-y-adolescencias-lgtbiqa\\\/#primaryimage\",\"url\":\"https:\\\/\\\/zapateneo.net\\\/wordpress\\\/wp-content\\\/uploads\\\/2025\\\/11\\\/me-insultan-y-yo-les-tiro-un-beso.jpg\",\"contentUrl\":\"https:\\\/\\\/zapateneo.net\\\/wordpress\\\/wp-content\\\/uploads\\\/2025\\\/11\\\/me-insultan-y-yo-les-tiro-un-beso.jpg\",\"width\":349,\"height\":400},{\"@type\":\"BreadcrumbList\",\"@id\":\"https:\\\/\\\/zapateneo.net\\\/wordpress\\\/index.php\\\/producto\\\/me-insultan-y-yo-les-tiro-un-beso-infancias-y-adolescencias-lgtbiqa\\\/#breadcrumb\",\"itemListElement\":[{\"@type\":\"ListItem\",\"position\":1,\"name\":\"Portada\",\"item\":\"https:\\\/\\\/zapateneo.net\\\/wordpress\\\/\"},{\"@type\":\"ListItem\",\"position\":2,\"name\":\"Tienda\",\"item\":\"https:\\\/\\\/zapateneo.net\\\/wordpress\\\/\"},{\"@type\":\"ListItem\",\"position\":3,\"name\":\"Me insultan y yo les tiro un beso Infancias y adolescencias LGTBIQA+\"}]},{\"@type\":\"WebSite\",\"@id\":\"https:\\\/\\\/zapateneo.net\\\/wordpress\\\/#website\",\"url\":\"https:\\\/\\\/zapateneo.net\\\/wordpress\\\/\",\"name\":\"Zapateneo\",\"description\":\"Zapateneoaren webgunea\",\"publisher\":{\"@id\":\"https:\\\/\\\/zapateneo.net\\\/wordpress\\\/#organization\"},\"potentialAction\":[{\"@type\":\"SearchAction\",\"target\":{\"@type\":\"EntryPoint\",\"urlTemplate\":\"https:\\\/\\\/zapateneo.net\\\/wordpress\\\/?s={search_term_string}\"},\"query-input\":{\"@type\":\"PropertyValueSpecification\",\"valueRequired\":true,\"valueName\":\"search_term_string\"}}],\"inLanguage\":\"es\"},{\"@type\":\"Organization\",\"@id\":\"https:\\\/\\\/zapateneo.net\\\/wordpress\\\/#organization\",\"name\":\"Zapateneo Kultur Elkartea\",\"url\":\"https:\\\/\\\/zapateneo.net\\\/wordpress\\\/\",\"logo\":{\"@type\":\"ImageObject\",\"inLanguage\":\"es\",\"@id\":\"https:\\\/\\\/zapateneo.net\\\/wordpress\\\/#\\\/schema\\\/logo\\\/image\\\/\",\"url\":\"https:\\\/\\\/zapateneo.net\\\/wordpress\\\/wp-content\\\/uploads\\\/2021\\\/04\\\/zap-libu-kolec.jpg\",\"contentUrl\":\"https:\\\/\\\/zapateneo.net\\\/wordpress\\\/wp-content\\\/uploads\\\/2021\\\/04\\\/zap-libu-kolec.jpg\",\"width\":2234,\"height\":398,\"caption\":\"Zapateneo Kultur Elkartea\"},\"image\":{\"@id\":\"https:\\\/\\\/zapateneo.net\\\/wordpress\\\/#\\\/schema\\\/logo\\\/image\\\/\"},\"sameAs\":[\"https:\\\/\\\/x.com\\\/zapateneo\"]}]}<\/script>\n<!-- \/ Yoast SEO plugin. -->","yoast_head_json":{"title":"Me insultan y yo les tiro un beso Infancias y adolescencias LGTBIQA+ &#8212; Zapateneo","robots":{"index":"index","follow":"follow","max-snippet":"max-snippet:-1","max-image-preview":"max-image-preview:large","max-video-preview":"max-video-preview:-1"},"canonical":"https:\/\/zapateneo.net\/wordpress\/index.php\/producto\/me-insultan-y-yo-les-tiro-un-beso-infancias-y-adolescencias-lgtbiqa\/","og_locale":"es_ES","og_type":"article","og_title":"Me insultan y yo les tiro un beso Infancias y adolescencias LGTBIQA+ &#8212; Zapateneo","og_description":"vvaa 9791387639051 - Bellaterra - 2025 - 274 p\u00e1ginas \/orri.","og_url":"https:\/\/zapateneo.net\/wordpress\/index.php\/producto\/me-insultan-y-yo-les-tiro-un-beso-infancias-y-adolescencias-lgtbiqa\/","og_site_name":"Zapateneo","article_modified_time":"2025-11-22T07:17:30+00:00","twitter_card":"summary_large_image","twitter_site":"@zapateneo","twitter_misc":{"Tiempo de lectura":"1 minuto"},"schema":{"@context":"https:\/\/schema.org","@graph":[{"@type":"WebPage","@id":"https:\/\/zapateneo.net\/wordpress\/index.php\/producto\/me-insultan-y-yo-les-tiro-un-beso-infancias-y-adolescencias-lgtbiqa\/","url":"https:\/\/zapateneo.net\/wordpress\/index.php\/producto\/me-insultan-y-yo-les-tiro-un-beso-infancias-y-adolescencias-lgtbiqa\/","name":"Me insultan y yo les tiro un beso Infancias y adolescencias LGTBIQA+ &#8212; Zapateneo","isPartOf":{"@id":"https:\/\/zapateneo.net\/wordpress\/#website"},"primaryImageOfPage":{"@id":"https:\/\/zapateneo.net\/wordpress\/index.php\/producto\/me-insultan-y-yo-les-tiro-un-beso-infancias-y-adolescencias-lgtbiqa\/#primaryimage"},"image":{"@id":"https:\/\/zapateneo.net\/wordpress\/index.php\/producto\/me-insultan-y-yo-les-tiro-un-beso-infancias-y-adolescencias-lgtbiqa\/#primaryimage"},"thumbnailUrl":"https:\/\/zapateneo.net\/wordpress\/wp-content\/uploads\/2025\/11\/me-insultan-y-yo-les-tiro-un-beso.jpg","datePublished":"2025-11-22T07:17:21+00:00","dateModified":"2025-11-22T07:17:30+00:00","breadcrumb":{"@id":"https:\/\/zapateneo.net\/wordpress\/index.php\/producto\/me-insultan-y-yo-les-tiro-un-beso-infancias-y-adolescencias-lgtbiqa\/#breadcrumb"},"inLanguage":"es","potentialAction":[{"@type":"ReadAction","target":["https:\/\/zapateneo.net\/wordpress\/index.php\/producto\/me-insultan-y-yo-les-tiro-un-beso-infancias-y-adolescencias-lgtbiqa\/"]}]},{"@type":"ImageObject","inLanguage":"es","@id":"https:\/\/zapateneo.net\/wordpress\/index.php\/producto\/me-insultan-y-yo-les-tiro-un-beso-infancias-y-adolescencias-lgtbiqa\/#primaryimage","url":"https:\/\/zapateneo.net\/wordpress\/wp-content\/uploads\/2025\/11\/me-insultan-y-yo-les-tiro-un-beso.jpg","contentUrl":"https:\/\/zapateneo.net\/wordpress\/wp-content\/uploads\/2025\/11\/me-insultan-y-yo-les-tiro-un-beso.jpg","width":349,"height":400},{"@type":"BreadcrumbList","@id":"https:\/\/zapateneo.net\/wordpress\/index.php\/producto\/me-insultan-y-yo-les-tiro-un-beso-infancias-y-adolescencias-lgtbiqa\/#breadcrumb","itemListElement":[{"@type":"ListItem","position":1,"name":"Portada","item":"https:\/\/zapateneo.net\/wordpress\/"},{"@type":"ListItem","position":2,"name":"Tienda","item":"https:\/\/zapateneo.net\/wordpress\/"},{"@type":"ListItem","position":3,"name":"Me insultan y yo les tiro un beso Infancias y adolescencias LGTBIQA+"}]},{"@type":"WebSite","@id":"https:\/\/zapateneo.net\/wordpress\/#website","url":"https:\/\/zapateneo.net\/wordpress\/","name":"Zapateneo","description":"Zapateneoaren webgunea","publisher":{"@id":"https:\/\/zapateneo.net\/wordpress\/#organization"},"potentialAction":[{"@type":"SearchAction","target":{"@type":"EntryPoint","urlTemplate":"https:\/\/zapateneo.net\/wordpress\/?s={search_term_string}"},"query-input":{"@type":"PropertyValueSpecification","valueRequired":true,"valueName":"search_term_string"}}],"inLanguage":"es"},{"@type":"Organization","@id":"https:\/\/zapateneo.net\/wordpress\/#organization","name":"Zapateneo Kultur Elkartea","url":"https:\/\/zapateneo.net\/wordpress\/","logo":{"@type":"ImageObject","inLanguage":"es","@id":"https:\/\/zapateneo.net\/wordpress\/#\/schema\/logo\/image\/","url":"https:\/\/zapateneo.net\/wordpress\/wp-content\/uploads\/2021\/04\/zap-libu-kolec.jpg","contentUrl":"https:\/\/zapateneo.net\/wordpress\/wp-content\/uploads\/2021\/04\/zap-libu-kolec.jpg","width":2234,"height":398,"caption":"Zapateneo Kultur Elkartea"},"image":{"@id":"https:\/\/zapateneo.net\/wordpress\/#\/schema\/logo\/image\/"},"sameAs":["https:\/\/x.com\/zapateneo"]}]}},"_links":{"self":[{"href":"https:\/\/zapateneo.net\/wordpress\/index.php\/wp-json\/wp\/v2\/product\/16126","targetHints":{"allow":["GET"]}}],"collection":[{"href":"https:\/\/zapateneo.net\/wordpress\/index.php\/wp-json\/wp\/v2\/product"}],"about":[{"href":"https:\/\/zapateneo.net\/wordpress\/index.php\/wp-json\/wp\/v2\/types\/product"}],"wp:featuredmedia":[{"embeddable":true,"href":"https:\/\/zapateneo.net\/wordpress\/index.php\/wp-json\/wp\/v2\/media\/16133"}],"wp:attachment":[{"href":"https:\/\/zapateneo.net\/wordpress\/index.php\/wp-json\/wp\/v2\/media?parent=16126"}],"wp:term":[{"taxonomy":"product_brand","embeddable":true,"href":"https:\/\/zapateneo.net\/wordpress\/index.php\/wp-json\/wp\/v2\/product_brand?post=16126"},{"taxonomy":"product_cat","embeddable":true,"href":"https:\/\/zapateneo.net\/wordpress\/index.php\/wp-json\/wp\/v2\/product_cat?post=16126"},{"taxonomy":"product_tag","embeddable":true,"href":"https:\/\/zapateneo.net\/wordpress\/index.php\/wp-json\/wp\/v2\/product_tag?post=16126"}],"curies":[{"name":"wp","href":"https:\/\/api.w.org\/{rel}","templated":true}]}}