{"id":16021,"date":"2025-08-15T11:12:55","date_gmt":"2025-08-15T10:12:55","guid":{"rendered":"https:\/\/zapateneo.net\/wordpress\/?post_type=product&#038;p=16021"},"modified":"2025-10-26T16:46:30","modified_gmt":"2025-10-26T15:46:30","slug":"1968-el-ano-sublime-de-la-acracia-2","status":"publish","type":"product","link":"https:\/\/zapateneo.net\/wordpress\/index.php\/producto\/1968-el-ano-sublime-de-la-acracia-2\/","title":{"rendered":"1968 El a\u00f1o sublime de la acracia"},"content":{"rendered":"<p>El viraje del franquismo al abrazar el modelo econ\u00f3mico del capitalismo norteamericano durante la d\u00e9cada de los sesenta del pasado siglo (lo que el propio r\u00e9gimen bautiz\u00f3 como \u00abdesarrollismo\u00bb), provoc\u00f3 a partir de febrero de 1965 la emergencia de un pronunciamiento sostenido en los campus universitarios espa\u00f1oles, cuyas pulsiones rebeldes eran similares a las que estremec\u00edan el globo por aquellas fechas. Los recintos de Berkeley, Tokio o Par\u00eds, m\u00e1s all\u00e1 de las reivindicaciones sobre el funcionamiento de la instituci\u00f3n universitaria, mostraban el frontal rechazo al proyecto de modernizaci\u00f3n de aquel capitalismo, protagonizado por la primera generaci\u00f3n surgida bajo su manto. El campus de Madrid no fue una excepci\u00f3n a la regla y, en el seno de unas protestas que culminaron con el Estado de Excepci\u00f3n de 1969, destacar\u00eda un grupo activista conocido como los \u00ab\u00e1cratas\u00bb, cuya decidida intervenci\u00f3n har\u00eda girar con m\u00e1s virulencia el torbellino de la revuelta. Que la chispa universitaria no prendiera en el estado espa\u00f1ol junto a la del movimiento obrero, como lleg\u00f3 a ocurrir en las vecinas Francia e Italia, e hiciera tambalearse as\u00ed toda la dominaci\u00f3n capitalista, tuvo m\u00e1s que ver con la inconsistencia de un \u00abnuevo movimiento obrero\u00bb apenas nacido de una reciente industrializaci\u00f3n, todav\u00eda tutelado por el reformismo cat\u00f3lico-estalinista, y que dar\u00eda su propia batalla asamblearia durante la siguiente d\u00e9cada cuando logr\u00f3 en parte desprenderse de aquella tutela. Porque si no hubo incendio generalizado no fue, en todo caso, por la falta de tes\u00f3n y profundidad de la apuesta del grupo \u00ab\u00e1crata\u00bb, perfectamente al tanto de las consecuencias que les iba a acarrear su resoluci\u00f3n. Como dijera uno de sus miembros: \u00abSab\u00edamos que \u00e9ramos los m\u00e1s radicales. Y no s\u00f3lo lo sab\u00edamos, sino que sab\u00edamos que nos iba a costar caro. De hecho a algunos les cost\u00f3 la vida, a otros, la raz\u00f3n, y a bastantes, la marginaci\u00f3n profesional\u00bb.Miguel Amor\u00f3s, nos hace llegar la noticia y el an\u00e1lisis de aquellos hechos, a trav\u00e9s del relato de los propios protagonistas y de los documentos del grupo, trazando por primera vez con rigor y criterio los contornos grupales y las gestas de aquellos estudiantes \u00ab\u00e1cratas\u00bb, sin olvidar los contenidos y alcance del magisterio de una figura singular como la de Agust\u00edn Garc\u00eda Calvo durante aquel particular periodo, para aportar un retrato vehemente de un sublime 1968, a\u00f1o de la culminaci\u00f3n de una revuelta universitaria que desbord\u00f3 tanto el cambio tecnocr\u00e1tico de la dictadura franquista como los planes pactistas de la oposici\u00f3n. El resultado es un volumen vibrante que coloca definitivamente en su lugar la contribuci\u00f3n \u00ab\u00e1crata\u00bb en aquellos tumultuosos tiempos en los que todo era posible.<\/p>\n","protected":false},"excerpt":{"rendered":"<p><strong>Miquel Amor\u00f3s<\/strong><br \/>\n9788492559282 &#8211; Muturreko Burutazioak &#8211; 2015 &#8211; 134 p\u00e1ginas \/orri.<\/p>\n","protected":false},"featured_media":16037,"template":"","meta":[],"product_brand":[],"product_cat":[1868,16],"product_tag":[2097,780],"class_list":{"0":"post-16021","1":"product","2":"type-product","3":"status-publish","4":"has-post-thumbnail","6":"product_cat-anarkismoa-anarquismo","7":"product_cat-libros","8":"product_tag-miquel-amoros","9":"product_tag-muturreko-burutazioak","11":"first","12":"onbackorder","13":"sold-individually","14":"shipping-taxable","15":"purchasable","16":"product-type-simple"},"yoast_head":"<!-- This site is optimized with the Yoast SEO plugin v27.3 - https:\/\/yoast.com\/product\/yoast-seo-wordpress\/ -->\n<title>1968 El a\u00f1o sublime de la acracia &#8212; Zapateneo<\/title>\n<meta name=\"robots\" content=\"index, follow, max-snippet:-1, max-image-preview:large, max-video-preview:-1\" \/>\n<link rel=\"canonical\" href=\"https:\/\/zapateneo.net\/wordpress\/index.php\/producto\/1968-el-ano-sublime-de-la-acracia-2\/\" \/>\n<meta property=\"og:locale\" content=\"es_ES\" \/>\n<meta property=\"og:type\" content=\"article\" \/>\n<meta property=\"og:title\" content=\"1968 El a\u00f1o sublime de la acracia &#8212; Zapateneo\" \/>\n<meta property=\"og:description\" content=\"Miquel Amor\u00f3s 9788492559282 - Muturreko Burutazioak - 2015 - 134 p\u00e1ginas \/orri.\" \/>\n<meta property=\"og:url\" content=\"https:\/\/zapateneo.net\/wordpress\/index.php\/producto\/1968-el-ano-sublime-de-la-acracia-2\/\" \/>\n<meta property=\"og:site_name\" content=\"Zapateneo\" \/>\n<meta property=\"article:modified_time\" content=\"2025-10-26T15:46:30+00:00\" \/>\n<meta property=\"og:image\" content=\"https:\/\/zapateneo.net\/wordpress\/wp-content\/uploads\/2025\/08\/9788492559282_1968_el_ao_sublime_de_la_acracia.jpg\" \/>\n\t<meta property=\"og:image:width\" content=\"201\" \/>\n\t<meta property=\"og:image:height\" content=\"311\" \/>\n\t<meta property=\"og:image:type\" content=\"image\/jpeg\" \/>\n<meta name=\"twitter:card\" content=\"summary_large_image\" \/>\n<meta name=\"twitter:site\" content=\"@zapateneo\" \/>\n<meta name=\"twitter:label1\" content=\"Tiempo de lectura\" \/>\n\t<meta name=\"twitter:data1\" content=\"2 minutos\" \/>\n<script type=\"application\/ld+json\" class=\"yoast-schema-graph\">{\"@context\":\"https:\\\/\\\/schema.org\",\"@graph\":[{\"@type\":\"WebPage\",\"@id\":\"https:\\\/\\\/zapateneo.net\\\/wordpress\\\/index.php\\\/producto\\\/1968-el-ano-sublime-de-la-acracia-2\\\/\",\"url\":\"https:\\\/\\\/zapateneo.net\\\/wordpress\\\/index.php\\\/producto\\\/1968-el-ano-sublime-de-la-acracia-2\\\/\",\"name\":\"1968 El a\u00f1o sublime de la acracia &#8212; Zapateneo\",\"isPartOf\":{\"@id\":\"https:\\\/\\\/zapateneo.net\\\/wordpress\\\/#website\"},\"primaryImageOfPage\":{\"@id\":\"https:\\\/\\\/zapateneo.net\\\/wordpress\\\/index.php\\\/producto\\\/1968-el-ano-sublime-de-la-acracia-2\\\/#primaryimage\"},\"image\":{\"@id\":\"https:\\\/\\\/zapateneo.net\\\/wordpress\\\/index.php\\\/producto\\\/1968-el-ano-sublime-de-la-acracia-2\\\/#primaryimage\"},\"thumbnailUrl\":\"https:\\\/\\\/zapateneo.net\\\/wordpress\\\/wp-content\\\/uploads\\\/2025\\\/08\\\/9788492559282_1968_el_ao_sublime_de_la_acracia.jpg\",\"datePublished\":\"2025-08-15T10:12:55+00:00\",\"dateModified\":\"2025-10-26T15:46:30+00:00\",\"breadcrumb\":{\"@id\":\"https:\\\/\\\/zapateneo.net\\\/wordpress\\\/index.php\\\/producto\\\/1968-el-ano-sublime-de-la-acracia-2\\\/#breadcrumb\"},\"inLanguage\":\"es\",\"potentialAction\":[{\"@type\":\"ReadAction\",\"target\":[\"https:\\\/\\\/zapateneo.net\\\/wordpress\\\/index.php\\\/producto\\\/1968-el-ano-sublime-de-la-acracia-2\\\/\"]}]},{\"@type\":\"ImageObject\",\"inLanguage\":\"es\",\"@id\":\"https:\\\/\\\/zapateneo.net\\\/wordpress\\\/index.php\\\/producto\\\/1968-el-ano-sublime-de-la-acracia-2\\\/#primaryimage\",\"url\":\"https:\\\/\\\/zapateneo.net\\\/wordpress\\\/wp-content\\\/uploads\\\/2025\\\/08\\\/9788492559282_1968_el_ao_sublime_de_la_acracia.jpg\",\"contentUrl\":\"https:\\\/\\\/zapateneo.net\\\/wordpress\\\/wp-content\\\/uploads\\\/2025\\\/08\\\/9788492559282_1968_el_ao_sublime_de_la_acracia.jpg\",\"width\":201,\"height\":311},{\"@type\":\"BreadcrumbList\",\"@id\":\"https:\\\/\\\/zapateneo.net\\\/wordpress\\\/index.php\\\/producto\\\/1968-el-ano-sublime-de-la-acracia-2\\\/#breadcrumb\",\"itemListElement\":[{\"@type\":\"ListItem\",\"position\":1,\"name\":\"Portada\",\"item\":\"https:\\\/\\\/zapateneo.net\\\/wordpress\\\/\"},{\"@type\":\"ListItem\",\"position\":2,\"name\":\"Tienda\",\"item\":\"https:\\\/\\\/zapateneo.net\\\/wordpress\\\/\"},{\"@type\":\"ListItem\",\"position\":3,\"name\":\"1968 El a\u00f1o sublime de la acracia\"}]},{\"@type\":\"WebSite\",\"@id\":\"https:\\\/\\\/zapateneo.net\\\/wordpress\\\/#website\",\"url\":\"https:\\\/\\\/zapateneo.net\\\/wordpress\\\/\",\"name\":\"Zapateneo\",\"description\":\"Zapateneoaren webgunea\",\"publisher\":{\"@id\":\"https:\\\/\\\/zapateneo.net\\\/wordpress\\\/#organization\"},\"potentialAction\":[{\"@type\":\"SearchAction\",\"target\":{\"@type\":\"EntryPoint\",\"urlTemplate\":\"https:\\\/\\\/zapateneo.net\\\/wordpress\\\/?s={search_term_string}\"},\"query-input\":{\"@type\":\"PropertyValueSpecification\",\"valueRequired\":true,\"valueName\":\"search_term_string\"}}],\"inLanguage\":\"es\"},{\"@type\":\"Organization\",\"@id\":\"https:\\\/\\\/zapateneo.net\\\/wordpress\\\/#organization\",\"name\":\"Zapateneo Kultur Elkartea\",\"url\":\"https:\\\/\\\/zapateneo.net\\\/wordpress\\\/\",\"logo\":{\"@type\":\"ImageObject\",\"inLanguage\":\"es\",\"@id\":\"https:\\\/\\\/zapateneo.net\\\/wordpress\\\/#\\\/schema\\\/logo\\\/image\\\/\",\"url\":\"https:\\\/\\\/zapateneo.net\\\/wordpress\\\/wp-content\\\/uploads\\\/2021\\\/04\\\/zap-libu-kolec.jpg\",\"contentUrl\":\"https:\\\/\\\/zapateneo.net\\\/wordpress\\\/wp-content\\\/uploads\\\/2021\\\/04\\\/zap-libu-kolec.jpg\",\"width\":2234,\"height\":398,\"caption\":\"Zapateneo Kultur Elkartea\"},\"image\":{\"@id\":\"https:\\\/\\\/zapateneo.net\\\/wordpress\\\/#\\\/schema\\\/logo\\\/image\\\/\"},\"sameAs\":[\"https:\\\/\\\/x.com\\\/zapateneo\"]}]}<\/script>\n<!-- \/ Yoast SEO plugin. -->","yoast_head_json":{"title":"1968 El a\u00f1o sublime de la acracia &#8212; Zapateneo","robots":{"index":"index","follow":"follow","max-snippet":"max-snippet:-1","max-image-preview":"max-image-preview:large","max-video-preview":"max-video-preview:-1"},"canonical":"https:\/\/zapateneo.net\/wordpress\/index.php\/producto\/1968-el-ano-sublime-de-la-acracia-2\/","og_locale":"es_ES","og_type":"article","og_title":"1968 El a\u00f1o sublime de la acracia &#8212; Zapateneo","og_description":"Miquel Amor\u00f3s 9788492559282 - Muturreko Burutazioak - 2015 - 134 p\u00e1ginas \/orri.","og_url":"https:\/\/zapateneo.net\/wordpress\/index.php\/producto\/1968-el-ano-sublime-de-la-acracia-2\/","og_site_name":"Zapateneo","article_modified_time":"2025-10-26T15:46:30+00:00","og_image":[{"width":201,"height":311,"url":"https:\/\/zapateneo.net\/wordpress\/wp-content\/uploads\/2025\/08\/9788492559282_1968_el_ao_sublime_de_la_acracia.jpg","type":"image\/jpeg"}],"twitter_card":"summary_large_image","twitter_site":"@zapateneo","twitter_misc":{"Tiempo de lectura":"2 minutos"},"schema":{"@context":"https:\/\/schema.org","@graph":[{"@type":"WebPage","@id":"https:\/\/zapateneo.net\/wordpress\/index.php\/producto\/1968-el-ano-sublime-de-la-acracia-2\/","url":"https:\/\/zapateneo.net\/wordpress\/index.php\/producto\/1968-el-ano-sublime-de-la-acracia-2\/","name":"1968 El a\u00f1o sublime de la acracia &#8212; Zapateneo","isPartOf":{"@id":"https:\/\/zapateneo.net\/wordpress\/#website"},"primaryImageOfPage":{"@id":"https:\/\/zapateneo.net\/wordpress\/index.php\/producto\/1968-el-ano-sublime-de-la-acracia-2\/#primaryimage"},"image":{"@id":"https:\/\/zapateneo.net\/wordpress\/index.php\/producto\/1968-el-ano-sublime-de-la-acracia-2\/#primaryimage"},"thumbnailUrl":"https:\/\/zapateneo.net\/wordpress\/wp-content\/uploads\/2025\/08\/9788492559282_1968_el_ao_sublime_de_la_acracia.jpg","datePublished":"2025-08-15T10:12:55+00:00","dateModified":"2025-10-26T15:46:30+00:00","breadcrumb":{"@id":"https:\/\/zapateneo.net\/wordpress\/index.php\/producto\/1968-el-ano-sublime-de-la-acracia-2\/#breadcrumb"},"inLanguage":"es","potentialAction":[{"@type":"ReadAction","target":["https:\/\/zapateneo.net\/wordpress\/index.php\/producto\/1968-el-ano-sublime-de-la-acracia-2\/"]}]},{"@type":"ImageObject","inLanguage":"es","@id":"https:\/\/zapateneo.net\/wordpress\/index.php\/producto\/1968-el-ano-sublime-de-la-acracia-2\/#primaryimage","url":"https:\/\/zapateneo.net\/wordpress\/wp-content\/uploads\/2025\/08\/9788492559282_1968_el_ao_sublime_de_la_acracia.jpg","contentUrl":"https:\/\/zapateneo.net\/wordpress\/wp-content\/uploads\/2025\/08\/9788492559282_1968_el_ao_sublime_de_la_acracia.jpg","width":201,"height":311},{"@type":"BreadcrumbList","@id":"https:\/\/zapateneo.net\/wordpress\/index.php\/producto\/1968-el-ano-sublime-de-la-acracia-2\/#breadcrumb","itemListElement":[{"@type":"ListItem","position":1,"name":"Portada","item":"https:\/\/zapateneo.net\/wordpress\/"},{"@type":"ListItem","position":2,"name":"Tienda","item":"https:\/\/zapateneo.net\/wordpress\/"},{"@type":"ListItem","position":3,"name":"1968 El a\u00f1o sublime de la acracia"}]},{"@type":"WebSite","@id":"https:\/\/zapateneo.net\/wordpress\/#website","url":"https:\/\/zapateneo.net\/wordpress\/","name":"Zapateneo","description":"Zapateneoaren webgunea","publisher":{"@id":"https:\/\/zapateneo.net\/wordpress\/#organization"},"potentialAction":[{"@type":"SearchAction","target":{"@type":"EntryPoint","urlTemplate":"https:\/\/zapateneo.net\/wordpress\/?s={search_term_string}"},"query-input":{"@type":"PropertyValueSpecification","valueRequired":true,"valueName":"search_term_string"}}],"inLanguage":"es"},{"@type":"Organization","@id":"https:\/\/zapateneo.net\/wordpress\/#organization","name":"Zapateneo Kultur Elkartea","url":"https:\/\/zapateneo.net\/wordpress\/","logo":{"@type":"ImageObject","inLanguage":"es","@id":"https:\/\/zapateneo.net\/wordpress\/#\/schema\/logo\/image\/","url":"https:\/\/zapateneo.net\/wordpress\/wp-content\/uploads\/2021\/04\/zap-libu-kolec.jpg","contentUrl":"https:\/\/zapateneo.net\/wordpress\/wp-content\/uploads\/2021\/04\/zap-libu-kolec.jpg","width":2234,"height":398,"caption":"Zapateneo Kultur Elkartea"},"image":{"@id":"https:\/\/zapateneo.net\/wordpress\/#\/schema\/logo\/image\/"},"sameAs":["https:\/\/x.com\/zapateneo"]}]}},"_links":{"self":[{"href":"https:\/\/zapateneo.net\/wordpress\/index.php\/wp-json\/wp\/v2\/product\/16021","targetHints":{"allow":["GET"]}}],"collection":[{"href":"https:\/\/zapateneo.net\/wordpress\/index.php\/wp-json\/wp\/v2\/product"}],"about":[{"href":"https:\/\/zapateneo.net\/wordpress\/index.php\/wp-json\/wp\/v2\/types\/product"}],"wp:featuredmedia":[{"embeddable":true,"href":"https:\/\/zapateneo.net\/wordpress\/index.php\/wp-json\/wp\/v2\/media\/16037"}],"wp:attachment":[{"href":"https:\/\/zapateneo.net\/wordpress\/index.php\/wp-json\/wp\/v2\/media?parent=16021"}],"wp:term":[{"taxonomy":"product_brand","embeddable":true,"href":"https:\/\/zapateneo.net\/wordpress\/index.php\/wp-json\/wp\/v2\/product_brand?post=16021"},{"taxonomy":"product_cat","embeddable":true,"href":"https:\/\/zapateneo.net\/wordpress\/index.php\/wp-json\/wp\/v2\/product_cat?post=16021"},{"taxonomy":"product_tag","embeddable":true,"href":"https:\/\/zapateneo.net\/wordpress\/index.php\/wp-json\/wp\/v2\/product_tag?post=16021"}],"curies":[{"name":"wp","href":"https:\/\/api.w.org\/{rel}","templated":true}]}}