{"id":16001,"date":"2025-08-15T09:09:59","date_gmt":"2025-08-15T08:09:59","guid":{"rendered":"https:\/\/zapateneo.net\/wordpress\/?post_type=product&#038;p=16001"},"modified":"2025-10-26T16:46:41","modified_gmt":"2025-10-26T15:46:41","slug":"miscelanea-articulos-libertarios-y-un-poemario-desencadenado","status":"publish","type":"product","link":"https:\/\/zapateneo.net\/wordpress\/index.php\/producto\/miscelanea-articulos-libertarios-y-un-poemario-desencadenado\/","title":{"rendered":"MISCELANEA Art\u00edculos libertarios y un poemario desencadenado"},"content":{"rendered":"<p>De las rebeliones de esclavos en la Antigua Roma al Kasal Popular de Valencia, del cine revolucionario al apartheid en Sud\u00e1frica, del Ultra\u00edsmo a la Yugoslavia de Tito, del punk en Polonia al exilio en Toulouse, del trasfondo social de los fados al Estambul actual\u2026 Y miles de historias m\u00e1s.<\/p>\n<p>Miscel\u00e1nea mantiene una relaci\u00f3n incestuosa con la curiosidad: nace de ella y est\u00e1 dirigido a propagarla.<\/p>\n<p>Probablemente ninguno de los escritos reunidos en este libro resuelva una sola cuesti\u00f3n. Pero es casi seguro que te trasladar\u00e1 a parajes de los que nunca antes hab\u00edas o\u00eddo hablar -a tantos incluso que ser\u00e1s incapaz de abarcarlos- y te mover\u00e1 a seguir buscando m\u00e1s, a no conformarte con lo ya conocido.<\/p>\n<p>Jose Crust (Jose J. Domenech, Valencia 1978) es poeta, anarcosindicalista, articulista, distribuidor alternativo, editor, un alma f\u00e1cil de encontrar en centros sociales, okupas y ateneos, con una copa de vino en una mano y una pluma en la otra. Por ser es hasta miembro de la familia DDT.  Lleva cerca de tres d\u00e9cadas contando y cantando historias en un sinf\u00edn de fanzines, libros, blogs y medios confederales y libertarios. Entre sus obras destacan el libro de relatos cortos \u00abEl eco y sus fluctuaciones\u00bb (autoedici\u00f3n 2010), as\u00ed como los poemarios \u00abZona Espacial Norte\u00bb (Logofobia, 2016) y \u00abEscombros de un triunfo\u00bb (Autoedici\u00f3n, 2018).<\/p>\n<p>Como adicto a la intrahistoria y como curioso empedernido que es, Jose Crust ha investigado acerca de tem\u00e1ticas tan desconocidas para la mayor\u00eda como fascinantes. Esta obra compila buena parte de los variados art\u00edculos que el autor ha publicado a lo largo de los a\u00f1os en diferentes blogs en los que ha colaborado. Una simple ojeada a un par de estas historias enseguida delata el por qu\u00e9 merece la pena rescatarlas y sacarlas del anonimato.  Sigue as\u00ed Jose.<\/p>\n<p>Coeditan y distribuyen DDT Banaketak y El Punt.<\/p>\n<p> \u00abLa vejez no nos hace m\u00e1s sabios ni tampoco m\u00e1s libres. La curiosidad de la que sigue haciendo gala es, sin embargo, un buen s\u00edntoma\u00bb.<\/p>\n","protected":false},"excerpt":{"rendered":"<p><strong>Jose Crust<\/strong><br \/>\n9788412961164 &#8211; DDT &#8211; 2025 &#8211; 262 p\u00e1ginas \/orri.<\/p>\n","protected":false},"featured_media":16009,"template":"","meta":[],"product_brand":[],"product_cat":[1868,16],"product_tag":[738,7170],"class_list":{"0":"post-16001","1":"product","2":"type-product","3":"status-publish","4":"has-post-thumbnail","6":"product_cat-anarkismoa-anarquismo","7":"product_cat-libros","8":"product_tag-ddt","9":"product_tag-jose-crust","11":"first","12":"onbackorder","13":"sold-individually","14":"shipping-taxable","15":"purchasable","16":"product-type-simple"},"yoast_head":"<!-- This site is optimized with the Yoast SEO plugin v27.3 - https:\/\/yoast.com\/product\/yoast-seo-wordpress\/ -->\n<title>MISCELANEA Art\u00edculos libertarios y un poemario desencadenado &#8212; Zapateneo<\/title>\n<meta name=\"robots\" content=\"index, follow, max-snippet:-1, max-image-preview:large, max-video-preview:-1\" \/>\n<link rel=\"canonical\" href=\"https:\/\/zapateneo.net\/wordpress\/index.php\/producto\/miscelanea-articulos-libertarios-y-un-poemario-desencadenado\/\" \/>\n<meta property=\"og:locale\" content=\"es_ES\" \/>\n<meta property=\"og:type\" content=\"article\" \/>\n<meta property=\"og:title\" content=\"MISCELANEA Art\u00edculos libertarios y un poemario desencadenado &#8212; Zapateneo\" \/>\n<meta property=\"og:description\" content=\"Jose Crust 9788412961164 - DDT - 2025 - 262 p\u00e1ginas \/orri.\" \/>\n<meta property=\"og:url\" content=\"https:\/\/zapateneo.net\/wordpress\/index.php\/producto\/miscelanea-articulos-libertarios-y-un-poemario-desencadenado\/\" \/>\n<meta property=\"og:site_name\" content=\"Zapateneo\" \/>\n<meta property=\"article:modified_time\" content=\"2025-10-26T15:46:41+00:00\" \/>\n<meta property=\"og:image\" content=\"https:\/\/zapateneo.net\/wordpress\/wp-content\/uploads\/2025\/08\/9788412961164_miscelanea.jpg\" \/>\n\t<meta property=\"og:image:width\" content=\"276\" \/>\n\t<meta property=\"og:image:height\" content=\"400\" \/>\n\t<meta property=\"og:image:type\" content=\"image\/jpeg\" \/>\n<meta name=\"twitter:card\" content=\"summary_large_image\" \/>\n<meta name=\"twitter:site\" content=\"@zapateneo\" \/>\n<meta name=\"twitter:label1\" content=\"Tiempo de lectura\" \/>\n\t<meta name=\"twitter:data1\" content=\"2 minutos\" \/>\n<script type=\"application\/ld+json\" class=\"yoast-schema-graph\">{\"@context\":\"https:\\\/\\\/schema.org\",\"@graph\":[{\"@type\":\"WebPage\",\"@id\":\"https:\\\/\\\/zapateneo.net\\\/wordpress\\\/index.php\\\/producto\\\/miscelanea-articulos-libertarios-y-un-poemario-desencadenado\\\/\",\"url\":\"https:\\\/\\\/zapateneo.net\\\/wordpress\\\/index.php\\\/producto\\\/miscelanea-articulos-libertarios-y-un-poemario-desencadenado\\\/\",\"name\":\"MISCELANEA Art\u00edculos libertarios y un poemario desencadenado &#8212; Zapateneo\",\"isPartOf\":{\"@id\":\"https:\\\/\\\/zapateneo.net\\\/wordpress\\\/#website\"},\"primaryImageOfPage\":{\"@id\":\"https:\\\/\\\/zapateneo.net\\\/wordpress\\\/index.php\\\/producto\\\/miscelanea-articulos-libertarios-y-un-poemario-desencadenado\\\/#primaryimage\"},\"image\":{\"@id\":\"https:\\\/\\\/zapateneo.net\\\/wordpress\\\/index.php\\\/producto\\\/miscelanea-articulos-libertarios-y-un-poemario-desencadenado\\\/#primaryimage\"},\"thumbnailUrl\":\"https:\\\/\\\/zapateneo.net\\\/wordpress\\\/wp-content\\\/uploads\\\/2025\\\/08\\\/9788412961164_miscelanea.jpg\",\"datePublished\":\"2025-08-15T08:09:59+00:00\",\"dateModified\":\"2025-10-26T15:46:41+00:00\",\"breadcrumb\":{\"@id\":\"https:\\\/\\\/zapateneo.net\\\/wordpress\\\/index.php\\\/producto\\\/miscelanea-articulos-libertarios-y-un-poemario-desencadenado\\\/#breadcrumb\"},\"inLanguage\":\"es\",\"potentialAction\":[{\"@type\":\"ReadAction\",\"target\":[\"https:\\\/\\\/zapateneo.net\\\/wordpress\\\/index.php\\\/producto\\\/miscelanea-articulos-libertarios-y-un-poemario-desencadenado\\\/\"]}]},{\"@type\":\"ImageObject\",\"inLanguage\":\"es\",\"@id\":\"https:\\\/\\\/zapateneo.net\\\/wordpress\\\/index.php\\\/producto\\\/miscelanea-articulos-libertarios-y-un-poemario-desencadenado\\\/#primaryimage\",\"url\":\"https:\\\/\\\/zapateneo.net\\\/wordpress\\\/wp-content\\\/uploads\\\/2025\\\/08\\\/9788412961164_miscelanea.jpg\",\"contentUrl\":\"https:\\\/\\\/zapateneo.net\\\/wordpress\\\/wp-content\\\/uploads\\\/2025\\\/08\\\/9788412961164_miscelanea.jpg\",\"width\":276,\"height\":400},{\"@type\":\"BreadcrumbList\",\"@id\":\"https:\\\/\\\/zapateneo.net\\\/wordpress\\\/index.php\\\/producto\\\/miscelanea-articulos-libertarios-y-un-poemario-desencadenado\\\/#breadcrumb\",\"itemListElement\":[{\"@type\":\"ListItem\",\"position\":1,\"name\":\"Portada\",\"item\":\"https:\\\/\\\/zapateneo.net\\\/wordpress\\\/\"},{\"@type\":\"ListItem\",\"position\":2,\"name\":\"Tienda\",\"item\":\"https:\\\/\\\/zapateneo.net\\\/wordpress\\\/\"},{\"@type\":\"ListItem\",\"position\":3,\"name\":\"MISCELANEA Art\u00edculos libertarios y un poemario desencadenado\"}]},{\"@type\":\"WebSite\",\"@id\":\"https:\\\/\\\/zapateneo.net\\\/wordpress\\\/#website\",\"url\":\"https:\\\/\\\/zapateneo.net\\\/wordpress\\\/\",\"name\":\"Zapateneo\",\"description\":\"Zapateneoaren webgunea\",\"publisher\":{\"@id\":\"https:\\\/\\\/zapateneo.net\\\/wordpress\\\/#organization\"},\"potentialAction\":[{\"@type\":\"SearchAction\",\"target\":{\"@type\":\"EntryPoint\",\"urlTemplate\":\"https:\\\/\\\/zapateneo.net\\\/wordpress\\\/?s={search_term_string}\"},\"query-input\":{\"@type\":\"PropertyValueSpecification\",\"valueRequired\":true,\"valueName\":\"search_term_string\"}}],\"inLanguage\":\"es\"},{\"@type\":\"Organization\",\"@id\":\"https:\\\/\\\/zapateneo.net\\\/wordpress\\\/#organization\",\"name\":\"Zapateneo Kultur Elkartea\",\"url\":\"https:\\\/\\\/zapateneo.net\\\/wordpress\\\/\",\"logo\":{\"@type\":\"ImageObject\",\"inLanguage\":\"es\",\"@id\":\"https:\\\/\\\/zapateneo.net\\\/wordpress\\\/#\\\/schema\\\/logo\\\/image\\\/\",\"url\":\"https:\\\/\\\/zapateneo.net\\\/wordpress\\\/wp-content\\\/uploads\\\/2021\\\/04\\\/zap-libu-kolec.jpg\",\"contentUrl\":\"https:\\\/\\\/zapateneo.net\\\/wordpress\\\/wp-content\\\/uploads\\\/2021\\\/04\\\/zap-libu-kolec.jpg\",\"width\":2234,\"height\":398,\"caption\":\"Zapateneo Kultur Elkartea\"},\"image\":{\"@id\":\"https:\\\/\\\/zapateneo.net\\\/wordpress\\\/#\\\/schema\\\/logo\\\/image\\\/\"},\"sameAs\":[\"https:\\\/\\\/x.com\\\/zapateneo\"]}]}<\/script>\n<!-- \/ Yoast SEO plugin. -->","yoast_head_json":{"title":"MISCELANEA Art\u00edculos libertarios y un poemario desencadenado &#8212; Zapateneo","robots":{"index":"index","follow":"follow","max-snippet":"max-snippet:-1","max-image-preview":"max-image-preview:large","max-video-preview":"max-video-preview:-1"},"canonical":"https:\/\/zapateneo.net\/wordpress\/index.php\/producto\/miscelanea-articulos-libertarios-y-un-poemario-desencadenado\/","og_locale":"es_ES","og_type":"article","og_title":"MISCELANEA Art\u00edculos libertarios y un poemario desencadenado &#8212; Zapateneo","og_description":"Jose Crust 9788412961164 - DDT - 2025 - 262 p\u00e1ginas \/orri.","og_url":"https:\/\/zapateneo.net\/wordpress\/index.php\/producto\/miscelanea-articulos-libertarios-y-un-poemario-desencadenado\/","og_site_name":"Zapateneo","article_modified_time":"2025-10-26T15:46:41+00:00","og_image":[{"width":276,"height":400,"url":"https:\/\/zapateneo.net\/wordpress\/wp-content\/uploads\/2025\/08\/9788412961164_miscelanea.jpg","type":"image\/jpeg"}],"twitter_card":"summary_large_image","twitter_site":"@zapateneo","twitter_misc":{"Tiempo de lectura":"2 minutos"},"schema":{"@context":"https:\/\/schema.org","@graph":[{"@type":"WebPage","@id":"https:\/\/zapateneo.net\/wordpress\/index.php\/producto\/miscelanea-articulos-libertarios-y-un-poemario-desencadenado\/","url":"https:\/\/zapateneo.net\/wordpress\/index.php\/producto\/miscelanea-articulos-libertarios-y-un-poemario-desencadenado\/","name":"MISCELANEA Art\u00edculos libertarios y un poemario desencadenado &#8212; Zapateneo","isPartOf":{"@id":"https:\/\/zapateneo.net\/wordpress\/#website"},"primaryImageOfPage":{"@id":"https:\/\/zapateneo.net\/wordpress\/index.php\/producto\/miscelanea-articulos-libertarios-y-un-poemario-desencadenado\/#primaryimage"},"image":{"@id":"https:\/\/zapateneo.net\/wordpress\/index.php\/producto\/miscelanea-articulos-libertarios-y-un-poemario-desencadenado\/#primaryimage"},"thumbnailUrl":"https:\/\/zapateneo.net\/wordpress\/wp-content\/uploads\/2025\/08\/9788412961164_miscelanea.jpg","datePublished":"2025-08-15T08:09:59+00:00","dateModified":"2025-10-26T15:46:41+00:00","breadcrumb":{"@id":"https:\/\/zapateneo.net\/wordpress\/index.php\/producto\/miscelanea-articulos-libertarios-y-un-poemario-desencadenado\/#breadcrumb"},"inLanguage":"es","potentialAction":[{"@type":"ReadAction","target":["https:\/\/zapateneo.net\/wordpress\/index.php\/producto\/miscelanea-articulos-libertarios-y-un-poemario-desencadenado\/"]}]},{"@type":"ImageObject","inLanguage":"es","@id":"https:\/\/zapateneo.net\/wordpress\/index.php\/producto\/miscelanea-articulos-libertarios-y-un-poemario-desencadenado\/#primaryimage","url":"https:\/\/zapateneo.net\/wordpress\/wp-content\/uploads\/2025\/08\/9788412961164_miscelanea.jpg","contentUrl":"https:\/\/zapateneo.net\/wordpress\/wp-content\/uploads\/2025\/08\/9788412961164_miscelanea.jpg","width":276,"height":400},{"@type":"BreadcrumbList","@id":"https:\/\/zapateneo.net\/wordpress\/index.php\/producto\/miscelanea-articulos-libertarios-y-un-poemario-desencadenado\/#breadcrumb","itemListElement":[{"@type":"ListItem","position":1,"name":"Portada","item":"https:\/\/zapateneo.net\/wordpress\/"},{"@type":"ListItem","position":2,"name":"Tienda","item":"https:\/\/zapateneo.net\/wordpress\/"},{"@type":"ListItem","position":3,"name":"MISCELANEA Art\u00edculos libertarios y un poemario desencadenado"}]},{"@type":"WebSite","@id":"https:\/\/zapateneo.net\/wordpress\/#website","url":"https:\/\/zapateneo.net\/wordpress\/","name":"Zapateneo","description":"Zapateneoaren webgunea","publisher":{"@id":"https:\/\/zapateneo.net\/wordpress\/#organization"},"potentialAction":[{"@type":"SearchAction","target":{"@type":"EntryPoint","urlTemplate":"https:\/\/zapateneo.net\/wordpress\/?s={search_term_string}"},"query-input":{"@type":"PropertyValueSpecification","valueRequired":true,"valueName":"search_term_string"}}],"inLanguage":"es"},{"@type":"Organization","@id":"https:\/\/zapateneo.net\/wordpress\/#organization","name":"Zapateneo Kultur Elkartea","url":"https:\/\/zapateneo.net\/wordpress\/","logo":{"@type":"ImageObject","inLanguage":"es","@id":"https:\/\/zapateneo.net\/wordpress\/#\/schema\/logo\/image\/","url":"https:\/\/zapateneo.net\/wordpress\/wp-content\/uploads\/2021\/04\/zap-libu-kolec.jpg","contentUrl":"https:\/\/zapateneo.net\/wordpress\/wp-content\/uploads\/2021\/04\/zap-libu-kolec.jpg","width":2234,"height":398,"caption":"Zapateneo Kultur Elkartea"},"image":{"@id":"https:\/\/zapateneo.net\/wordpress\/#\/schema\/logo\/image\/"},"sameAs":["https:\/\/x.com\/zapateneo"]}]}},"_links":{"self":[{"href":"https:\/\/zapateneo.net\/wordpress\/index.php\/wp-json\/wp\/v2\/product\/16001","targetHints":{"allow":["GET"]}}],"collection":[{"href":"https:\/\/zapateneo.net\/wordpress\/index.php\/wp-json\/wp\/v2\/product"}],"about":[{"href":"https:\/\/zapateneo.net\/wordpress\/index.php\/wp-json\/wp\/v2\/types\/product"}],"wp:featuredmedia":[{"embeddable":true,"href":"https:\/\/zapateneo.net\/wordpress\/index.php\/wp-json\/wp\/v2\/media\/16009"}],"wp:attachment":[{"href":"https:\/\/zapateneo.net\/wordpress\/index.php\/wp-json\/wp\/v2\/media?parent=16001"}],"wp:term":[{"taxonomy":"product_brand","embeddable":true,"href":"https:\/\/zapateneo.net\/wordpress\/index.php\/wp-json\/wp\/v2\/product_brand?post=16001"},{"taxonomy":"product_cat","embeddable":true,"href":"https:\/\/zapateneo.net\/wordpress\/index.php\/wp-json\/wp\/v2\/product_cat?post=16001"},{"taxonomy":"product_tag","embeddable":true,"href":"https:\/\/zapateneo.net\/wordpress\/index.php\/wp-json\/wp\/v2\/product_tag?post=16001"}],"curies":[{"name":"wp","href":"https:\/\/api.w.org\/{rel}","templated":true}]}}