{"id":15932,"date":"2025-05-24T10:00:23","date_gmt":"2025-05-24T09:00:23","guid":{"rendered":"https:\/\/zapateneo.net\/wordpress\/?post_type=product&#038;p=15932"},"modified":"2025-10-26T16:53:25","modified_gmt":"2025-10-26T15:53:25","slug":"la-reproduccion-elementos-para-una-teoria-del-sistema-educativo","status":"publish","type":"product","link":"https:\/\/zapateneo.net\/wordpress\/index.php\/producto\/la-reproduccion-elementos-para-una-teoria-del-sistema-educativo\/","title":{"rendered":"LA REPRODUCCI\u00d3N ELEMENTOS PARA UNA TEOR\u00cdA DEL SISTEMA EDUCATIVO"},"content":{"rendered":"<p>Publicado originalmente en 1970, La reproducci\u00f3n sigue siendo un texto clave al que hay que volver si se quiere pensar c\u00f3mo funciona el sistema educativo y en qu\u00e9 medida, o por medio de qu\u00e9 estrategias y desv\u00edos, contribuye a confirmar a los privilegiados y a los desfavorecidos en sus lugares de origen, al mismo tiempo que se ve legitimado como garante neutral de la igualdad de oportunidades. Sobre la base de investigaciones emp\u00edricas de largo aliento, Pierre Bourdieu y Jean-Claude Passeron ofrecen adem\u00e1s un modelo te\u00f3rico integral, del que surge la mayor parte de los conceptos que hoy conforman el l\u00e9xico b\u00e1sico de los estudiantes, docentes e investigadores del mundo entero:\u201chabitus\u201d,\u201ccapital cultural\u201d,\u201cviolencia simb\u00f3lica\u201dy, por supuesto,\u201creproducci\u00f3n\u201d. A partir de una lectura cr\u00edtica de la tradici\u00f3n sociol\u00f3gica y filos\u00f3fica, los autores examinan los m\u00e9todos pedag\u00f3gicos, los criterios de ingreso y de evaluaci\u00f3n, el valor econ\u00f3mico y simb\u00f3lico de los t\u00edtulos, el registro delengua en que se transmiten los contenidos, el desempe\u00f1o de los docentes y las trayectorias de los estudiantes, pero tambi\u00e9n situaciones de aprendizaje en entornos extraescolares, como la familia y los espacios de sociabilidad m\u00e1s amplios, para constatar c\u00f3mo el \u00e9xito o el fracaso acad\u00e9micos dependen del capital cultural heredado por los alumnos.A la idea simplista de que la escuela reproduce las desigualdades sociales en t\u00e9rminos de repetici\u00f3n id\u00e9ntica de lo mismo, Bourdieu yPasseron oponen una realidad compleja y variada: no hay complot de las \u00e9lites ni alienaci\u00f3n completa de los dominados, ni m\u00e1quina infernal al servicio de los intereses de la burgues\u00eda. Hay, m\u00e1s bien, un sistema que va transform\u00e1ndose precisamente para perpetuar los privilegios de clase, con una l\u00f3gica que puede desentra\u00f1arse a condici\u00f3n de no adjudicarla al enga\u00f1o deliberado de individuos o grupos. Con una presentaci\u00f3n de Franck Poupeau y Paul Pasquali, quienesexplican la originalidad de la obra en los a\u00f1os setenta y su car\u00e1cter renovador para pensar diferentes contextos sociohist\u00f3ricos, esta nueva edici\u00f3n pone a disposici\u00f3n de los lectores de habla hispana un libro inspirador no s\u00f3lo en el campo de la sociolog\u00eda de la educaci\u00f3n sino de la sociolog\u00eda del poder.<\/p>\n","protected":false},"excerpt":{"rendered":"<p><strong>Pierre Bourdieu, Jean-Claude Passeron<\/strong><br \/>\n9788412471694 &#8211; Siglo XXI &#8211; 2022 &#8211; 268 p\u00e1ginas \/orri.<\/p>\n","protected":false},"featured_media":15951,"template":"","meta":[],"product_brand":[],"product_cat":[186,16],"product_tag":[7155,790,423],"class_list":{"0":"post-15932","1":"product","2":"type-product","3":"status-publish","4":"has-post-thumbnail","6":"product_cat-hezkuntza-educacion","7":"product_cat-libros","8":"product_tag-jean-claude-passeron","9":"product_tag-pierre-bourdieu","10":"product_tag-siglo-xxi","12":"first","13":"onbackorder","14":"sold-individually","15":"shipping-taxable","16":"purchasable","17":"product-type-simple"},"yoast_head":"<!-- This site is optimized with the Yoast SEO plugin v27.3 - https:\/\/yoast.com\/product\/yoast-seo-wordpress\/ -->\n<title>LA REPRODUCCI\u00d3N ELEMENTOS PARA UNA TEOR\u00cdA DEL SISTEMA EDUCATIVO &#8212; Zapateneo<\/title>\n<meta name=\"robots\" content=\"index, follow, max-snippet:-1, max-image-preview:large, max-video-preview:-1\" \/>\n<link rel=\"canonical\" href=\"https:\/\/zapateneo.net\/wordpress\/index.php\/producto\/la-reproduccion-elementos-para-una-teoria-del-sistema-educativo\/\" \/>\n<meta property=\"og:locale\" content=\"es_ES\" \/>\n<meta property=\"og:type\" content=\"article\" \/>\n<meta property=\"og:title\" content=\"LA REPRODUCCI\u00d3N ELEMENTOS PARA UNA TEOR\u00cdA DEL SISTEMA EDUCATIVO &#8212; Zapateneo\" \/>\n<meta property=\"og:description\" content=\"Pierre Bourdieu, Jean-Claude Passeron 9788412471694 - Siglo XXI - 2022 - 268 p\u00e1ginas \/orri.\" \/>\n<meta property=\"og:url\" content=\"https:\/\/zapateneo.net\/wordpress\/index.php\/producto\/la-reproduccion-elementos-para-una-teoria-del-sistema-educativo\/\" \/>\n<meta property=\"og:site_name\" content=\"Zapateneo\" \/>\n<meta property=\"article:modified_time\" content=\"2025-10-26T15:53:25+00:00\" \/>\n<meta property=\"og:image\" content=\"https:\/\/zapateneo.net\/wordpress\/wp-content\/uploads\/2025\/05\/9788412471694.gif\" \/>\n\t<meta property=\"og:image:width\" content=\"240\" \/>\n\t<meta property=\"og:image:height\" content=\"359\" \/>\n\t<meta property=\"og:image:type\" content=\"image\/gif\" \/>\n<meta name=\"twitter:card\" content=\"summary_large_image\" \/>\n<meta name=\"twitter:site\" content=\"@zapateneo\" \/>\n<meta name=\"twitter:label1\" content=\"Tiempo de lectura\" \/>\n\t<meta name=\"twitter:data1\" content=\"2 minutos\" \/>\n<script type=\"application\/ld+json\" class=\"yoast-schema-graph\">{\"@context\":\"https:\\\/\\\/schema.org\",\"@graph\":[{\"@type\":\"WebPage\",\"@id\":\"https:\\\/\\\/zapateneo.net\\\/wordpress\\\/index.php\\\/producto\\\/la-reproduccion-elementos-para-una-teoria-del-sistema-educativo\\\/\",\"url\":\"https:\\\/\\\/zapateneo.net\\\/wordpress\\\/index.php\\\/producto\\\/la-reproduccion-elementos-para-una-teoria-del-sistema-educativo\\\/\",\"name\":\"LA REPRODUCCI\u00d3N ELEMENTOS PARA UNA TEOR\u00cdA DEL SISTEMA EDUCATIVO &#8212; Zapateneo\",\"isPartOf\":{\"@id\":\"https:\\\/\\\/zapateneo.net\\\/wordpress\\\/#website\"},\"primaryImageOfPage\":{\"@id\":\"https:\\\/\\\/zapateneo.net\\\/wordpress\\\/index.php\\\/producto\\\/la-reproduccion-elementos-para-una-teoria-del-sistema-educativo\\\/#primaryimage\"},\"image\":{\"@id\":\"https:\\\/\\\/zapateneo.net\\\/wordpress\\\/index.php\\\/producto\\\/la-reproduccion-elementos-para-una-teoria-del-sistema-educativo\\\/#primaryimage\"},\"thumbnailUrl\":\"https:\\\/\\\/zapateneo.net\\\/wordpress\\\/wp-content\\\/uploads\\\/2025\\\/05\\\/9788412471694.gif\",\"datePublished\":\"2025-05-24T09:00:23+00:00\",\"dateModified\":\"2025-10-26T15:53:25+00:00\",\"breadcrumb\":{\"@id\":\"https:\\\/\\\/zapateneo.net\\\/wordpress\\\/index.php\\\/producto\\\/la-reproduccion-elementos-para-una-teoria-del-sistema-educativo\\\/#breadcrumb\"},\"inLanguage\":\"es\",\"potentialAction\":[{\"@type\":\"ReadAction\",\"target\":[\"https:\\\/\\\/zapateneo.net\\\/wordpress\\\/index.php\\\/producto\\\/la-reproduccion-elementos-para-una-teoria-del-sistema-educativo\\\/\"]}]},{\"@type\":\"ImageObject\",\"inLanguage\":\"es\",\"@id\":\"https:\\\/\\\/zapateneo.net\\\/wordpress\\\/index.php\\\/producto\\\/la-reproduccion-elementos-para-una-teoria-del-sistema-educativo\\\/#primaryimage\",\"url\":\"https:\\\/\\\/zapateneo.net\\\/wordpress\\\/wp-content\\\/uploads\\\/2025\\\/05\\\/9788412471694.gif\",\"contentUrl\":\"https:\\\/\\\/zapateneo.net\\\/wordpress\\\/wp-content\\\/uploads\\\/2025\\\/05\\\/9788412471694.gif\",\"width\":240,\"height\":359},{\"@type\":\"BreadcrumbList\",\"@id\":\"https:\\\/\\\/zapateneo.net\\\/wordpress\\\/index.php\\\/producto\\\/la-reproduccion-elementos-para-una-teoria-del-sistema-educativo\\\/#breadcrumb\",\"itemListElement\":[{\"@type\":\"ListItem\",\"position\":1,\"name\":\"Portada\",\"item\":\"https:\\\/\\\/zapateneo.net\\\/wordpress\\\/\"},{\"@type\":\"ListItem\",\"position\":2,\"name\":\"Tienda\",\"item\":\"https:\\\/\\\/zapateneo.net\\\/wordpress\\\/\"},{\"@type\":\"ListItem\",\"position\":3,\"name\":\"LA REPRODUCCI\u00d3N ELEMENTOS PARA UNA TEOR\u00cdA DEL SISTEMA EDUCATIVO\"}]},{\"@type\":\"WebSite\",\"@id\":\"https:\\\/\\\/zapateneo.net\\\/wordpress\\\/#website\",\"url\":\"https:\\\/\\\/zapateneo.net\\\/wordpress\\\/\",\"name\":\"Zapateneo\",\"description\":\"Zapateneoaren webgunea\",\"publisher\":{\"@id\":\"https:\\\/\\\/zapateneo.net\\\/wordpress\\\/#organization\"},\"potentialAction\":[{\"@type\":\"SearchAction\",\"target\":{\"@type\":\"EntryPoint\",\"urlTemplate\":\"https:\\\/\\\/zapateneo.net\\\/wordpress\\\/?s={search_term_string}\"},\"query-input\":{\"@type\":\"PropertyValueSpecification\",\"valueRequired\":true,\"valueName\":\"search_term_string\"}}],\"inLanguage\":\"es\"},{\"@type\":\"Organization\",\"@id\":\"https:\\\/\\\/zapateneo.net\\\/wordpress\\\/#organization\",\"name\":\"Zapateneo Kultur Elkartea\",\"url\":\"https:\\\/\\\/zapateneo.net\\\/wordpress\\\/\",\"logo\":{\"@type\":\"ImageObject\",\"inLanguage\":\"es\",\"@id\":\"https:\\\/\\\/zapateneo.net\\\/wordpress\\\/#\\\/schema\\\/logo\\\/image\\\/\",\"url\":\"https:\\\/\\\/zapateneo.net\\\/wordpress\\\/wp-content\\\/uploads\\\/2021\\\/04\\\/zap-libu-kolec.jpg\",\"contentUrl\":\"https:\\\/\\\/zapateneo.net\\\/wordpress\\\/wp-content\\\/uploads\\\/2021\\\/04\\\/zap-libu-kolec.jpg\",\"width\":2234,\"height\":398,\"caption\":\"Zapateneo Kultur Elkartea\"},\"image\":{\"@id\":\"https:\\\/\\\/zapateneo.net\\\/wordpress\\\/#\\\/schema\\\/logo\\\/image\\\/\"},\"sameAs\":[\"https:\\\/\\\/x.com\\\/zapateneo\"]}]}<\/script>\n<!-- \/ Yoast SEO plugin. -->","yoast_head_json":{"title":"LA REPRODUCCI\u00d3N ELEMENTOS PARA UNA TEOR\u00cdA DEL SISTEMA EDUCATIVO &#8212; Zapateneo","robots":{"index":"index","follow":"follow","max-snippet":"max-snippet:-1","max-image-preview":"max-image-preview:large","max-video-preview":"max-video-preview:-1"},"canonical":"https:\/\/zapateneo.net\/wordpress\/index.php\/producto\/la-reproduccion-elementos-para-una-teoria-del-sistema-educativo\/","og_locale":"es_ES","og_type":"article","og_title":"LA REPRODUCCI\u00d3N ELEMENTOS PARA UNA TEOR\u00cdA DEL SISTEMA EDUCATIVO &#8212; Zapateneo","og_description":"Pierre Bourdieu, Jean-Claude Passeron 9788412471694 - Siglo XXI - 2022 - 268 p\u00e1ginas \/orri.","og_url":"https:\/\/zapateneo.net\/wordpress\/index.php\/producto\/la-reproduccion-elementos-para-una-teoria-del-sistema-educativo\/","og_site_name":"Zapateneo","article_modified_time":"2025-10-26T15:53:25+00:00","og_image":[{"width":240,"height":359,"url":"https:\/\/zapateneo.net\/wordpress\/wp-content\/uploads\/2025\/05\/9788412471694.gif","type":"image\/gif"}],"twitter_card":"summary_large_image","twitter_site":"@zapateneo","twitter_misc":{"Tiempo de lectura":"2 minutos"},"schema":{"@context":"https:\/\/schema.org","@graph":[{"@type":"WebPage","@id":"https:\/\/zapateneo.net\/wordpress\/index.php\/producto\/la-reproduccion-elementos-para-una-teoria-del-sistema-educativo\/","url":"https:\/\/zapateneo.net\/wordpress\/index.php\/producto\/la-reproduccion-elementos-para-una-teoria-del-sistema-educativo\/","name":"LA REPRODUCCI\u00d3N ELEMENTOS PARA UNA TEOR\u00cdA DEL SISTEMA EDUCATIVO &#8212; Zapateneo","isPartOf":{"@id":"https:\/\/zapateneo.net\/wordpress\/#website"},"primaryImageOfPage":{"@id":"https:\/\/zapateneo.net\/wordpress\/index.php\/producto\/la-reproduccion-elementos-para-una-teoria-del-sistema-educativo\/#primaryimage"},"image":{"@id":"https:\/\/zapateneo.net\/wordpress\/index.php\/producto\/la-reproduccion-elementos-para-una-teoria-del-sistema-educativo\/#primaryimage"},"thumbnailUrl":"https:\/\/zapateneo.net\/wordpress\/wp-content\/uploads\/2025\/05\/9788412471694.gif","datePublished":"2025-05-24T09:00:23+00:00","dateModified":"2025-10-26T15:53:25+00:00","breadcrumb":{"@id":"https:\/\/zapateneo.net\/wordpress\/index.php\/producto\/la-reproduccion-elementos-para-una-teoria-del-sistema-educativo\/#breadcrumb"},"inLanguage":"es","potentialAction":[{"@type":"ReadAction","target":["https:\/\/zapateneo.net\/wordpress\/index.php\/producto\/la-reproduccion-elementos-para-una-teoria-del-sistema-educativo\/"]}]},{"@type":"ImageObject","inLanguage":"es","@id":"https:\/\/zapateneo.net\/wordpress\/index.php\/producto\/la-reproduccion-elementos-para-una-teoria-del-sistema-educativo\/#primaryimage","url":"https:\/\/zapateneo.net\/wordpress\/wp-content\/uploads\/2025\/05\/9788412471694.gif","contentUrl":"https:\/\/zapateneo.net\/wordpress\/wp-content\/uploads\/2025\/05\/9788412471694.gif","width":240,"height":359},{"@type":"BreadcrumbList","@id":"https:\/\/zapateneo.net\/wordpress\/index.php\/producto\/la-reproduccion-elementos-para-una-teoria-del-sistema-educativo\/#breadcrumb","itemListElement":[{"@type":"ListItem","position":1,"name":"Portada","item":"https:\/\/zapateneo.net\/wordpress\/"},{"@type":"ListItem","position":2,"name":"Tienda","item":"https:\/\/zapateneo.net\/wordpress\/"},{"@type":"ListItem","position":3,"name":"LA REPRODUCCI\u00d3N ELEMENTOS PARA UNA TEOR\u00cdA DEL SISTEMA EDUCATIVO"}]},{"@type":"WebSite","@id":"https:\/\/zapateneo.net\/wordpress\/#website","url":"https:\/\/zapateneo.net\/wordpress\/","name":"Zapateneo","description":"Zapateneoaren webgunea","publisher":{"@id":"https:\/\/zapateneo.net\/wordpress\/#organization"},"potentialAction":[{"@type":"SearchAction","target":{"@type":"EntryPoint","urlTemplate":"https:\/\/zapateneo.net\/wordpress\/?s={search_term_string}"},"query-input":{"@type":"PropertyValueSpecification","valueRequired":true,"valueName":"search_term_string"}}],"inLanguage":"es"},{"@type":"Organization","@id":"https:\/\/zapateneo.net\/wordpress\/#organization","name":"Zapateneo Kultur Elkartea","url":"https:\/\/zapateneo.net\/wordpress\/","logo":{"@type":"ImageObject","inLanguage":"es","@id":"https:\/\/zapateneo.net\/wordpress\/#\/schema\/logo\/image\/","url":"https:\/\/zapateneo.net\/wordpress\/wp-content\/uploads\/2021\/04\/zap-libu-kolec.jpg","contentUrl":"https:\/\/zapateneo.net\/wordpress\/wp-content\/uploads\/2021\/04\/zap-libu-kolec.jpg","width":2234,"height":398,"caption":"Zapateneo Kultur Elkartea"},"image":{"@id":"https:\/\/zapateneo.net\/wordpress\/#\/schema\/logo\/image\/"},"sameAs":["https:\/\/x.com\/zapateneo"]}]}},"_links":{"self":[{"href":"https:\/\/zapateneo.net\/wordpress\/index.php\/wp-json\/wp\/v2\/product\/15932","targetHints":{"allow":["GET"]}}],"collection":[{"href":"https:\/\/zapateneo.net\/wordpress\/index.php\/wp-json\/wp\/v2\/product"}],"about":[{"href":"https:\/\/zapateneo.net\/wordpress\/index.php\/wp-json\/wp\/v2\/types\/product"}],"wp:featuredmedia":[{"embeddable":true,"href":"https:\/\/zapateneo.net\/wordpress\/index.php\/wp-json\/wp\/v2\/media\/15951"}],"wp:attachment":[{"href":"https:\/\/zapateneo.net\/wordpress\/index.php\/wp-json\/wp\/v2\/media?parent=15932"}],"wp:term":[{"taxonomy":"product_brand","embeddable":true,"href":"https:\/\/zapateneo.net\/wordpress\/index.php\/wp-json\/wp\/v2\/product_brand?post=15932"},{"taxonomy":"product_cat","embeddable":true,"href":"https:\/\/zapateneo.net\/wordpress\/index.php\/wp-json\/wp\/v2\/product_cat?post=15932"},{"taxonomy":"product_tag","embeddable":true,"href":"https:\/\/zapateneo.net\/wordpress\/index.php\/wp-json\/wp\/v2\/product_tag?post=15932"}],"curies":[{"name":"wp","href":"https:\/\/api.w.org\/{rel}","templated":true}]}}