{"id":15773,"date":"2025-01-04T20:16:57","date_gmt":"2025-01-04T19:16:57","guid":{"rendered":"https:\/\/zapateneo.net\/wordpress\/?post_type=product&#038;p=15773"},"modified":"2025-01-04T20:17:06","modified_gmt":"2025-01-04T19:17:06","slug":"mandar-obedeciendo-las-lecciones-politicas-del-neozapatismo-mexicano","status":"publish","type":"product","link":"https:\/\/zapateneo.net\/wordpress\/index.php\/producto\/mandar-obedeciendo-las-lecciones-politicas-del-neozapatismo-mexicano\/","title":{"rendered":"MANDAR OBEDECIENDO LAS LECCIONES POL\u00cdTICAS DEL NEOZAPATISMO MEXICANO"},"content":{"rendered":"<p>Una de las tantas riquezas del neozapatismo mexicano, que expresa adem\u00e1s su complejidad como nuevo movimiento social antisist\u00e9mico, es su gusto y cultivo el enunciado parad\u00f3jico y de los oxymorones. As\u00ed frente a la incoherencia reinante, el oxymoron y la paradoja nos restituyen el espacio de otra coherencia y de otra racionalidad, la que al confrontarse con la realidad actual, nos muestra justamente sus caras, aristas y dimensiones ocultas, sumergidas precisamente por la irracionalidad y el absurdo de su apariencia inmediata.<br \/>\nCon el inteligente oxymoron neozapatista de que el que manda debe \u00abMandar Obedeciendo\u00bb no s\u00f3lo se desmonta y desestructura de inmediato toda la l\u00f3gica global de la pol\u00edtica tradicional, basada en la r\u00edgida separaci\u00f3n y oposici\u00f3n del mando y de la obediencia, si no que tambi\u00e9n abre e instaura el espacio de otra l\u00f3gica posible, completamente diversa, para abordar el problema de la gesti\u00f3n de los asuntos colectivos, de la administraci\u00f3n de los recursos comunes de una colectividad cualquiera, y de las formas de asunci\u00f3n, el ejercicio y relacionarse de los seres humanos con las figuras de lo que hoy es el poder pol\u00edtico y el poder estatal. El autor nos muestra la manera en que los pueblos zapatistas han ido creando y van construyendo una \u00abotra\u00bb sociedad con unas \u00abotras\u00bb maneras de organizarse, de tomar decisiones, de trabajar, en definitiva, de construir \u00abotra\u00bb forma de vida con la tarea de ser para todas y todos.<\/p>\n","protected":false},"excerpt":{"rendered":"<p><strong>Carlos Antonio Aguirre Rojas<\/strong><br \/>\n9789200715181 &#8211; Quimant\u00fa &#8211; 2021 &#8211;  p\u00e1ginas \/orri.<\/p>\n","protected":false},"featured_media":15799,"template":"","meta":[],"product_brand":[],"product_cat":[179,16],"product_tag":[5943,5942],"class_list":{"0":"post-15773","1":"product","2":"type-product","3":"status-publish","4":"has-post-thumbnail","6":"product_cat-internazionalismoa-internacionalismo","7":"product_cat-libros","8":"product_tag-carlos-antonio-aguirre-rojas","9":"product_tag-quimantu","11":"first","12":"instock","13":"sold-individually","14":"shipping-taxable","15":"purchasable","16":"product-type-simple"},"yoast_head":"<!-- This site is optimized with the Yoast SEO plugin v27.3 - https:\/\/yoast.com\/product\/yoast-seo-wordpress\/ -->\n<title>MANDAR OBEDECIENDO LAS LECCIONES POL\u00cdTICAS DEL NEOZAPATISMO MEXICANO &#8212; Zapateneo<\/title>\n<meta name=\"robots\" content=\"index, follow, max-snippet:-1, max-image-preview:large, max-video-preview:-1\" \/>\n<link rel=\"canonical\" href=\"https:\/\/zapateneo.net\/wordpress\/index.php\/producto\/mandar-obedeciendo-las-lecciones-politicas-del-neozapatismo-mexicano\/\" \/>\n<meta property=\"og:locale\" content=\"es_ES\" \/>\n<meta property=\"og:type\" content=\"article\" \/>\n<meta property=\"og:title\" content=\"MANDAR OBEDECIENDO LAS LECCIONES POL\u00cdTICAS DEL NEOZAPATISMO MEXICANO &#8212; Zapateneo\" \/>\n<meta property=\"og:description\" content=\"Carlos Antonio Aguirre Rojas 9789200715181 - Quimant\u00fa - 2021 - p\u00e1ginas \/orri.\" \/>\n<meta property=\"og:url\" content=\"https:\/\/zapateneo.net\/wordpress\/index.php\/producto\/mandar-obedeciendo-las-lecciones-politicas-del-neozapatismo-mexicano\/\" \/>\n<meta property=\"og:site_name\" content=\"Zapateneo\" \/>\n<meta property=\"article:modified_time\" content=\"2025-01-04T19:17:06+00:00\" \/>\n<meta name=\"twitter:card\" content=\"summary_large_image\" \/>\n<meta name=\"twitter:site\" content=\"@zapateneo\" \/>\n<meta name=\"twitter:label1\" content=\"Tiempo de lectura\" \/>\n\t<meta name=\"twitter:data1\" content=\"1 minuto\" \/>\n<script type=\"application\/ld+json\" class=\"yoast-schema-graph\">{\"@context\":\"https:\\\/\\\/schema.org\",\"@graph\":[{\"@type\":\"WebPage\",\"@id\":\"https:\\\/\\\/zapateneo.net\\\/wordpress\\\/index.php\\\/producto\\\/mandar-obedeciendo-las-lecciones-politicas-del-neozapatismo-mexicano\\\/\",\"url\":\"https:\\\/\\\/zapateneo.net\\\/wordpress\\\/index.php\\\/producto\\\/mandar-obedeciendo-las-lecciones-politicas-del-neozapatismo-mexicano\\\/\",\"name\":\"MANDAR OBEDECIENDO LAS LECCIONES POL\u00cdTICAS DEL NEOZAPATISMO MEXICANO &#8212; Zapateneo\",\"isPartOf\":{\"@id\":\"https:\\\/\\\/zapateneo.net\\\/wordpress\\\/#website\"},\"primaryImageOfPage\":{\"@id\":\"https:\\\/\\\/zapateneo.net\\\/wordpress\\\/index.php\\\/producto\\\/mandar-obedeciendo-las-lecciones-politicas-del-neozapatismo-mexicano\\\/#primaryimage\"},\"image\":{\"@id\":\"https:\\\/\\\/zapateneo.net\\\/wordpress\\\/index.php\\\/producto\\\/mandar-obedeciendo-las-lecciones-politicas-del-neozapatismo-mexicano\\\/#primaryimage\"},\"thumbnailUrl\":\"https:\\\/\\\/zapateneo.net\\\/wordpress\\\/wp-content\\\/uploads\\\/2025\\\/01\\\/978920071518.jpeg\",\"datePublished\":\"2025-01-04T19:16:57+00:00\",\"dateModified\":\"2025-01-04T19:17:06+00:00\",\"breadcrumb\":{\"@id\":\"https:\\\/\\\/zapateneo.net\\\/wordpress\\\/index.php\\\/producto\\\/mandar-obedeciendo-las-lecciones-politicas-del-neozapatismo-mexicano\\\/#breadcrumb\"},\"inLanguage\":\"es\",\"potentialAction\":[{\"@type\":\"ReadAction\",\"target\":[\"https:\\\/\\\/zapateneo.net\\\/wordpress\\\/index.php\\\/producto\\\/mandar-obedeciendo-las-lecciones-politicas-del-neozapatismo-mexicano\\\/\"]}]},{\"@type\":\"ImageObject\",\"inLanguage\":\"es\",\"@id\":\"https:\\\/\\\/zapateneo.net\\\/wordpress\\\/index.php\\\/producto\\\/mandar-obedeciendo-las-lecciones-politicas-del-neozapatismo-mexicano\\\/#primaryimage\",\"url\":\"https:\\\/\\\/zapateneo.net\\\/wordpress\\\/wp-content\\\/uploads\\\/2025\\\/01\\\/978920071518.jpeg\",\"contentUrl\":\"https:\\\/\\\/zapateneo.net\\\/wordpress\\\/wp-content\\\/uploads\\\/2025\\\/01\\\/978920071518.jpeg\",\"width\":240,\"height\":342},{\"@type\":\"BreadcrumbList\",\"@id\":\"https:\\\/\\\/zapateneo.net\\\/wordpress\\\/index.php\\\/producto\\\/mandar-obedeciendo-las-lecciones-politicas-del-neozapatismo-mexicano\\\/#breadcrumb\",\"itemListElement\":[{\"@type\":\"ListItem\",\"position\":1,\"name\":\"Portada\",\"item\":\"https:\\\/\\\/zapateneo.net\\\/wordpress\\\/\"},{\"@type\":\"ListItem\",\"position\":2,\"name\":\"Tienda\",\"item\":\"https:\\\/\\\/zapateneo.net\\\/wordpress\\\/\"},{\"@type\":\"ListItem\",\"position\":3,\"name\":\"MANDAR OBEDECIENDO LAS LECCIONES POL\u00cdTICAS DEL NEOZAPATISMO MEXICANO\"}]},{\"@type\":\"WebSite\",\"@id\":\"https:\\\/\\\/zapateneo.net\\\/wordpress\\\/#website\",\"url\":\"https:\\\/\\\/zapateneo.net\\\/wordpress\\\/\",\"name\":\"Zapateneo\",\"description\":\"Zapateneoaren webgunea\",\"publisher\":{\"@id\":\"https:\\\/\\\/zapateneo.net\\\/wordpress\\\/#organization\"},\"potentialAction\":[{\"@type\":\"SearchAction\",\"target\":{\"@type\":\"EntryPoint\",\"urlTemplate\":\"https:\\\/\\\/zapateneo.net\\\/wordpress\\\/?s={search_term_string}\"},\"query-input\":{\"@type\":\"PropertyValueSpecification\",\"valueRequired\":true,\"valueName\":\"search_term_string\"}}],\"inLanguage\":\"es\"},{\"@type\":\"Organization\",\"@id\":\"https:\\\/\\\/zapateneo.net\\\/wordpress\\\/#organization\",\"name\":\"Zapateneo Kultur Elkartea\",\"url\":\"https:\\\/\\\/zapateneo.net\\\/wordpress\\\/\",\"logo\":{\"@type\":\"ImageObject\",\"inLanguage\":\"es\",\"@id\":\"https:\\\/\\\/zapateneo.net\\\/wordpress\\\/#\\\/schema\\\/logo\\\/image\\\/\",\"url\":\"https:\\\/\\\/zapateneo.net\\\/wordpress\\\/wp-content\\\/uploads\\\/2021\\\/04\\\/zap-libu-kolec.jpg\",\"contentUrl\":\"https:\\\/\\\/zapateneo.net\\\/wordpress\\\/wp-content\\\/uploads\\\/2021\\\/04\\\/zap-libu-kolec.jpg\",\"width\":2234,\"height\":398,\"caption\":\"Zapateneo Kultur Elkartea\"},\"image\":{\"@id\":\"https:\\\/\\\/zapateneo.net\\\/wordpress\\\/#\\\/schema\\\/logo\\\/image\\\/\"},\"sameAs\":[\"https:\\\/\\\/x.com\\\/zapateneo\"]}]}<\/script>\n<!-- \/ Yoast SEO plugin. -->","yoast_head_json":{"title":"MANDAR OBEDECIENDO LAS LECCIONES POL\u00cdTICAS DEL NEOZAPATISMO MEXICANO &#8212; Zapateneo","robots":{"index":"index","follow":"follow","max-snippet":"max-snippet:-1","max-image-preview":"max-image-preview:large","max-video-preview":"max-video-preview:-1"},"canonical":"https:\/\/zapateneo.net\/wordpress\/index.php\/producto\/mandar-obedeciendo-las-lecciones-politicas-del-neozapatismo-mexicano\/","og_locale":"es_ES","og_type":"article","og_title":"MANDAR OBEDECIENDO LAS LECCIONES POL\u00cdTICAS DEL NEOZAPATISMO MEXICANO &#8212; Zapateneo","og_description":"Carlos Antonio Aguirre Rojas 9789200715181 - Quimant\u00fa - 2021 - p\u00e1ginas \/orri.","og_url":"https:\/\/zapateneo.net\/wordpress\/index.php\/producto\/mandar-obedeciendo-las-lecciones-politicas-del-neozapatismo-mexicano\/","og_site_name":"Zapateneo","article_modified_time":"2025-01-04T19:17:06+00:00","twitter_card":"summary_large_image","twitter_site":"@zapateneo","twitter_misc":{"Tiempo de lectura":"1 minuto"},"schema":{"@context":"https:\/\/schema.org","@graph":[{"@type":"WebPage","@id":"https:\/\/zapateneo.net\/wordpress\/index.php\/producto\/mandar-obedeciendo-las-lecciones-politicas-del-neozapatismo-mexicano\/","url":"https:\/\/zapateneo.net\/wordpress\/index.php\/producto\/mandar-obedeciendo-las-lecciones-politicas-del-neozapatismo-mexicano\/","name":"MANDAR OBEDECIENDO LAS LECCIONES POL\u00cdTICAS DEL NEOZAPATISMO MEXICANO &#8212; Zapateneo","isPartOf":{"@id":"https:\/\/zapateneo.net\/wordpress\/#website"},"primaryImageOfPage":{"@id":"https:\/\/zapateneo.net\/wordpress\/index.php\/producto\/mandar-obedeciendo-las-lecciones-politicas-del-neozapatismo-mexicano\/#primaryimage"},"image":{"@id":"https:\/\/zapateneo.net\/wordpress\/index.php\/producto\/mandar-obedeciendo-las-lecciones-politicas-del-neozapatismo-mexicano\/#primaryimage"},"thumbnailUrl":"https:\/\/zapateneo.net\/wordpress\/wp-content\/uploads\/2025\/01\/978920071518.jpeg","datePublished":"2025-01-04T19:16:57+00:00","dateModified":"2025-01-04T19:17:06+00:00","breadcrumb":{"@id":"https:\/\/zapateneo.net\/wordpress\/index.php\/producto\/mandar-obedeciendo-las-lecciones-politicas-del-neozapatismo-mexicano\/#breadcrumb"},"inLanguage":"es","potentialAction":[{"@type":"ReadAction","target":["https:\/\/zapateneo.net\/wordpress\/index.php\/producto\/mandar-obedeciendo-las-lecciones-politicas-del-neozapatismo-mexicano\/"]}]},{"@type":"ImageObject","inLanguage":"es","@id":"https:\/\/zapateneo.net\/wordpress\/index.php\/producto\/mandar-obedeciendo-las-lecciones-politicas-del-neozapatismo-mexicano\/#primaryimage","url":"https:\/\/zapateneo.net\/wordpress\/wp-content\/uploads\/2025\/01\/978920071518.jpeg","contentUrl":"https:\/\/zapateneo.net\/wordpress\/wp-content\/uploads\/2025\/01\/978920071518.jpeg","width":240,"height":342},{"@type":"BreadcrumbList","@id":"https:\/\/zapateneo.net\/wordpress\/index.php\/producto\/mandar-obedeciendo-las-lecciones-politicas-del-neozapatismo-mexicano\/#breadcrumb","itemListElement":[{"@type":"ListItem","position":1,"name":"Portada","item":"https:\/\/zapateneo.net\/wordpress\/"},{"@type":"ListItem","position":2,"name":"Tienda","item":"https:\/\/zapateneo.net\/wordpress\/"},{"@type":"ListItem","position":3,"name":"MANDAR OBEDECIENDO LAS LECCIONES POL\u00cdTICAS DEL NEOZAPATISMO MEXICANO"}]},{"@type":"WebSite","@id":"https:\/\/zapateneo.net\/wordpress\/#website","url":"https:\/\/zapateneo.net\/wordpress\/","name":"Zapateneo","description":"Zapateneoaren webgunea","publisher":{"@id":"https:\/\/zapateneo.net\/wordpress\/#organization"},"potentialAction":[{"@type":"SearchAction","target":{"@type":"EntryPoint","urlTemplate":"https:\/\/zapateneo.net\/wordpress\/?s={search_term_string}"},"query-input":{"@type":"PropertyValueSpecification","valueRequired":true,"valueName":"search_term_string"}}],"inLanguage":"es"},{"@type":"Organization","@id":"https:\/\/zapateneo.net\/wordpress\/#organization","name":"Zapateneo Kultur Elkartea","url":"https:\/\/zapateneo.net\/wordpress\/","logo":{"@type":"ImageObject","inLanguage":"es","@id":"https:\/\/zapateneo.net\/wordpress\/#\/schema\/logo\/image\/","url":"https:\/\/zapateneo.net\/wordpress\/wp-content\/uploads\/2021\/04\/zap-libu-kolec.jpg","contentUrl":"https:\/\/zapateneo.net\/wordpress\/wp-content\/uploads\/2021\/04\/zap-libu-kolec.jpg","width":2234,"height":398,"caption":"Zapateneo Kultur Elkartea"},"image":{"@id":"https:\/\/zapateneo.net\/wordpress\/#\/schema\/logo\/image\/"},"sameAs":["https:\/\/x.com\/zapateneo"]}]}},"_links":{"self":[{"href":"https:\/\/zapateneo.net\/wordpress\/index.php\/wp-json\/wp\/v2\/product\/15773","targetHints":{"allow":["GET"]}}],"collection":[{"href":"https:\/\/zapateneo.net\/wordpress\/index.php\/wp-json\/wp\/v2\/product"}],"about":[{"href":"https:\/\/zapateneo.net\/wordpress\/index.php\/wp-json\/wp\/v2\/types\/product"}],"wp:featuredmedia":[{"embeddable":true,"href":"https:\/\/zapateneo.net\/wordpress\/index.php\/wp-json\/wp\/v2\/media\/15799"}],"wp:attachment":[{"href":"https:\/\/zapateneo.net\/wordpress\/index.php\/wp-json\/wp\/v2\/media?parent=15773"}],"wp:term":[{"taxonomy":"product_brand","embeddable":true,"href":"https:\/\/zapateneo.net\/wordpress\/index.php\/wp-json\/wp\/v2\/product_brand?post=15773"},{"taxonomy":"product_cat","embeddable":true,"href":"https:\/\/zapateneo.net\/wordpress\/index.php\/wp-json\/wp\/v2\/product_cat?post=15773"},{"taxonomy":"product_tag","embeddable":true,"href":"https:\/\/zapateneo.net\/wordpress\/index.php\/wp-json\/wp\/v2\/product_tag?post=15773"}],"curies":[{"name":"wp","href":"https:\/\/api.w.org\/{rel}","templated":true}]}}