{"id":15724,"date":"2025-01-04T20:16:42","date_gmt":"2025-01-04T19:16:42","guid":{"rendered":"https:\/\/zapateneo.net\/wordpress\/?post_type=product&#038;p=15724"},"modified":"2025-01-04T20:16:53","modified_gmt":"2025-01-04T19:16:53","slug":"matematicas-revolucionarias-inteligencia-artificial-estadistica-y-la-logica-del-capitalismo","status":"publish","type":"product","link":"https:\/\/zapateneo.net\/wordpress\/index.php\/producto\/matematicas-revolucionarias-inteligencia-artificial-estadistica-y-la-logica-del-capitalismo\/","title":{"rendered":"Matem\u00e1ticas revolucionarias Inteligencia artificial, estad\u00edstica y la l\u00f3gica del capitalismo"},"content":{"rendered":"<p>Nuestras finanzas, pol\u00edtica, medios, oportunidades, informaci\u00f3n, compras y producci\u00f3n de conocimiento est\u00e1n mediados por algoritmos y sus enfoques estad\u00edsticos del conocimiento. Cada vez m\u00e1s, estos m\u00e9todos forman la columna vertebral organizativa del capitalismo contempor\u00e1neo. Este ensayo rastrea la revoluci\u00f3n en estad\u00edstica y probabilidad que silenciosamente ha sustentado la explosi\u00f3n del aprendizaje autom\u00e1tico, el big data y los algoritmos predictivos que ahora deciden muchos aspectos de nuestras vidas. Al explorar los cambios en la comprensi\u00f3n filos\u00f3fica de la probabilidad a finales del siglo pasado, Justin Joque muestra c\u00f3mo no fue simplemente un cambio t\u00e9cnico, sino una transformaci\u00f3n filos\u00f3fica total en la producci\u00f3n de conocimiento y la extracci\u00f3n de valor. Este libro ofrece una perspectiva nueva y \u00fanica sobre los peligros de permitir que la Inteligencia Artificial y los macrodatos gestionen la sociedad. Es una lectura esencial para quienes quieran comprender los cambios filos\u00f3ficos subyacentes que han alimentado el auge de los algoritmos y convencido a tantas personas de confiar ciegamente en sus resultados, remodelando nuestra situaci\u00f3n pol\u00edtica y econ\u00f3mica actual.<\/p>\n","protected":false},"excerpt":{"rendered":"<p><strong>Justin Joque<\/strong><br \/>\n9788410344037 &#8211; Verso &#8211; 2024 &#8211; 203 p\u00e1ginas \/orri.<\/p>\n","protected":false},"featured_media":15754,"template":"","meta":[],"product_brand":[],"product_cat":[184,16],"product_tag":[7081,7080],"class_list":{"0":"post-15724","1":"product","2":"type-product","3":"status-publish","4":"has-post-thumbnail","6":"product_cat-komunikazioa-comunicacion","7":"product_cat-libros","8":"product_tag-justin-joque","9":"product_tag-verso","11":"first","12":"instock","13":"sold-individually","14":"shipping-taxable","15":"purchasable","16":"product-type-simple"},"yoast_head":"<!-- This site is optimized with the Yoast SEO plugin v27.3 - https:\/\/yoast.com\/product\/yoast-seo-wordpress\/ -->\n<title>Matem\u00e1ticas revolucionarias Inteligencia artificial, estad\u00edstica y la l\u00f3gica del capitalismo &#8212; Zapateneo<\/title>\n<meta name=\"robots\" content=\"index, follow, max-snippet:-1, max-image-preview:large, max-video-preview:-1\" \/>\n<link rel=\"canonical\" href=\"https:\/\/zapateneo.net\/wordpress\/index.php\/producto\/matematicas-revolucionarias-inteligencia-artificial-estadistica-y-la-logica-del-capitalismo\/\" \/>\n<meta property=\"og:locale\" content=\"es_ES\" \/>\n<meta property=\"og:type\" content=\"article\" \/>\n<meta property=\"og:title\" content=\"Matem\u00e1ticas revolucionarias Inteligencia artificial, estad\u00edstica y la l\u00f3gica del capitalismo &#8212; Zapateneo\" \/>\n<meta property=\"og:description\" content=\"Justin Joque 9788410344037 - Verso - 2024 - 203 p\u00e1ginas \/orri.\" \/>\n<meta property=\"og:url\" content=\"https:\/\/zapateneo.net\/wordpress\/index.php\/producto\/matematicas-revolucionarias-inteligencia-artificial-estadistica-y-la-logica-del-capitalismo\/\" \/>\n<meta property=\"og:site_name\" content=\"Zapateneo\" \/>\n<meta property=\"article:modified_time\" content=\"2025-01-04T19:16:53+00:00\" \/>\n<meta name=\"twitter:card\" content=\"summary_large_image\" \/>\n<meta name=\"twitter:site\" content=\"@zapateneo\" \/>\n<meta name=\"twitter:label1\" content=\"Tiempo de lectura\" \/>\n\t<meta name=\"twitter:data1\" content=\"1 minuto\" \/>\n<script type=\"application\/ld+json\" class=\"yoast-schema-graph\">{\"@context\":\"https:\\\/\\\/schema.org\",\"@graph\":[{\"@type\":\"WebPage\",\"@id\":\"https:\\\/\\\/zapateneo.net\\\/wordpress\\\/index.php\\\/producto\\\/matematicas-revolucionarias-inteligencia-artificial-estadistica-y-la-logica-del-capitalismo\\\/\",\"url\":\"https:\\\/\\\/zapateneo.net\\\/wordpress\\\/index.php\\\/producto\\\/matematicas-revolucionarias-inteligencia-artificial-estadistica-y-la-logica-del-capitalismo\\\/\",\"name\":\"Matem\u00e1ticas revolucionarias Inteligencia artificial, estad\u00edstica y la l\u00f3gica del capitalismo &#8212; Zapateneo\",\"isPartOf\":{\"@id\":\"https:\\\/\\\/zapateneo.net\\\/wordpress\\\/#website\"},\"primaryImageOfPage\":{\"@id\":\"https:\\\/\\\/zapateneo.net\\\/wordpress\\\/index.php\\\/producto\\\/matematicas-revolucionarias-inteligencia-artificial-estadistica-y-la-logica-del-capitalismo\\\/#primaryimage\"},\"image\":{\"@id\":\"https:\\\/\\\/zapateneo.net\\\/wordpress\\\/index.php\\\/producto\\\/matematicas-revolucionarias-inteligencia-artificial-estadistica-y-la-logica-del-capitalismo\\\/#primaryimage\"},\"thumbnailUrl\":\"https:\\\/\\\/zapateneo.net\\\/wordpress\\\/wp-content\\\/uploads\\\/2025\\\/01\\\/978841034403.jpeg\",\"datePublished\":\"2025-01-04T19:16:42+00:00\",\"dateModified\":\"2025-01-04T19:16:53+00:00\",\"breadcrumb\":{\"@id\":\"https:\\\/\\\/zapateneo.net\\\/wordpress\\\/index.php\\\/producto\\\/matematicas-revolucionarias-inteligencia-artificial-estadistica-y-la-logica-del-capitalismo\\\/#breadcrumb\"},\"inLanguage\":\"es\",\"potentialAction\":[{\"@type\":\"ReadAction\",\"target\":[\"https:\\\/\\\/zapateneo.net\\\/wordpress\\\/index.php\\\/producto\\\/matematicas-revolucionarias-inteligencia-artificial-estadistica-y-la-logica-del-capitalismo\\\/\"]}]},{\"@type\":\"ImageObject\",\"inLanguage\":\"es\",\"@id\":\"https:\\\/\\\/zapateneo.net\\\/wordpress\\\/index.php\\\/producto\\\/matematicas-revolucionarias-inteligencia-artificial-estadistica-y-la-logica-del-capitalismo\\\/#primaryimage\",\"url\":\"https:\\\/\\\/zapateneo.net\\\/wordpress\\\/wp-content\\\/uploads\\\/2025\\\/01\\\/978841034403.jpeg\",\"contentUrl\":\"https:\\\/\\\/zapateneo.net\\\/wordpress\\\/wp-content\\\/uploads\\\/2025\\\/01\\\/978841034403.jpeg\",\"width\":234,\"height\":400},{\"@type\":\"BreadcrumbList\",\"@id\":\"https:\\\/\\\/zapateneo.net\\\/wordpress\\\/index.php\\\/producto\\\/matematicas-revolucionarias-inteligencia-artificial-estadistica-y-la-logica-del-capitalismo\\\/#breadcrumb\",\"itemListElement\":[{\"@type\":\"ListItem\",\"position\":1,\"name\":\"Portada\",\"item\":\"https:\\\/\\\/zapateneo.net\\\/wordpress\\\/\"},{\"@type\":\"ListItem\",\"position\":2,\"name\":\"Tienda\",\"item\":\"https:\\\/\\\/zapateneo.net\\\/wordpress\\\/\"},{\"@type\":\"ListItem\",\"position\":3,\"name\":\"Matem\u00e1ticas revolucionarias Inteligencia artificial, estad\u00edstica y la l\u00f3gica del capitalismo\"}]},{\"@type\":\"WebSite\",\"@id\":\"https:\\\/\\\/zapateneo.net\\\/wordpress\\\/#website\",\"url\":\"https:\\\/\\\/zapateneo.net\\\/wordpress\\\/\",\"name\":\"Zapateneo\",\"description\":\"Zapateneoaren webgunea\",\"publisher\":{\"@id\":\"https:\\\/\\\/zapateneo.net\\\/wordpress\\\/#organization\"},\"potentialAction\":[{\"@type\":\"SearchAction\",\"target\":{\"@type\":\"EntryPoint\",\"urlTemplate\":\"https:\\\/\\\/zapateneo.net\\\/wordpress\\\/?s={search_term_string}\"},\"query-input\":{\"@type\":\"PropertyValueSpecification\",\"valueRequired\":true,\"valueName\":\"search_term_string\"}}],\"inLanguage\":\"es\"},{\"@type\":\"Organization\",\"@id\":\"https:\\\/\\\/zapateneo.net\\\/wordpress\\\/#organization\",\"name\":\"Zapateneo Kultur Elkartea\",\"url\":\"https:\\\/\\\/zapateneo.net\\\/wordpress\\\/\",\"logo\":{\"@type\":\"ImageObject\",\"inLanguage\":\"es\",\"@id\":\"https:\\\/\\\/zapateneo.net\\\/wordpress\\\/#\\\/schema\\\/logo\\\/image\\\/\",\"url\":\"https:\\\/\\\/zapateneo.net\\\/wordpress\\\/wp-content\\\/uploads\\\/2021\\\/04\\\/zap-libu-kolec.jpg\",\"contentUrl\":\"https:\\\/\\\/zapateneo.net\\\/wordpress\\\/wp-content\\\/uploads\\\/2021\\\/04\\\/zap-libu-kolec.jpg\",\"width\":2234,\"height\":398,\"caption\":\"Zapateneo Kultur Elkartea\"},\"image\":{\"@id\":\"https:\\\/\\\/zapateneo.net\\\/wordpress\\\/#\\\/schema\\\/logo\\\/image\\\/\"},\"sameAs\":[\"https:\\\/\\\/x.com\\\/zapateneo\"]}]}<\/script>\n<!-- \/ Yoast SEO plugin. -->","yoast_head_json":{"title":"Matem\u00e1ticas revolucionarias Inteligencia artificial, estad\u00edstica y la l\u00f3gica del capitalismo &#8212; Zapateneo","robots":{"index":"index","follow":"follow","max-snippet":"max-snippet:-1","max-image-preview":"max-image-preview:large","max-video-preview":"max-video-preview:-1"},"canonical":"https:\/\/zapateneo.net\/wordpress\/index.php\/producto\/matematicas-revolucionarias-inteligencia-artificial-estadistica-y-la-logica-del-capitalismo\/","og_locale":"es_ES","og_type":"article","og_title":"Matem\u00e1ticas revolucionarias Inteligencia artificial, estad\u00edstica y la l\u00f3gica del capitalismo &#8212; Zapateneo","og_description":"Justin Joque 9788410344037 - Verso - 2024 - 203 p\u00e1ginas \/orri.","og_url":"https:\/\/zapateneo.net\/wordpress\/index.php\/producto\/matematicas-revolucionarias-inteligencia-artificial-estadistica-y-la-logica-del-capitalismo\/","og_site_name":"Zapateneo","article_modified_time":"2025-01-04T19:16:53+00:00","twitter_card":"summary_large_image","twitter_site":"@zapateneo","twitter_misc":{"Tiempo de lectura":"1 minuto"},"schema":{"@context":"https:\/\/schema.org","@graph":[{"@type":"WebPage","@id":"https:\/\/zapateneo.net\/wordpress\/index.php\/producto\/matematicas-revolucionarias-inteligencia-artificial-estadistica-y-la-logica-del-capitalismo\/","url":"https:\/\/zapateneo.net\/wordpress\/index.php\/producto\/matematicas-revolucionarias-inteligencia-artificial-estadistica-y-la-logica-del-capitalismo\/","name":"Matem\u00e1ticas revolucionarias Inteligencia artificial, estad\u00edstica y la l\u00f3gica del capitalismo &#8212; Zapateneo","isPartOf":{"@id":"https:\/\/zapateneo.net\/wordpress\/#website"},"primaryImageOfPage":{"@id":"https:\/\/zapateneo.net\/wordpress\/index.php\/producto\/matematicas-revolucionarias-inteligencia-artificial-estadistica-y-la-logica-del-capitalismo\/#primaryimage"},"image":{"@id":"https:\/\/zapateneo.net\/wordpress\/index.php\/producto\/matematicas-revolucionarias-inteligencia-artificial-estadistica-y-la-logica-del-capitalismo\/#primaryimage"},"thumbnailUrl":"https:\/\/zapateneo.net\/wordpress\/wp-content\/uploads\/2025\/01\/978841034403.jpeg","datePublished":"2025-01-04T19:16:42+00:00","dateModified":"2025-01-04T19:16:53+00:00","breadcrumb":{"@id":"https:\/\/zapateneo.net\/wordpress\/index.php\/producto\/matematicas-revolucionarias-inteligencia-artificial-estadistica-y-la-logica-del-capitalismo\/#breadcrumb"},"inLanguage":"es","potentialAction":[{"@type":"ReadAction","target":["https:\/\/zapateneo.net\/wordpress\/index.php\/producto\/matematicas-revolucionarias-inteligencia-artificial-estadistica-y-la-logica-del-capitalismo\/"]}]},{"@type":"ImageObject","inLanguage":"es","@id":"https:\/\/zapateneo.net\/wordpress\/index.php\/producto\/matematicas-revolucionarias-inteligencia-artificial-estadistica-y-la-logica-del-capitalismo\/#primaryimage","url":"https:\/\/zapateneo.net\/wordpress\/wp-content\/uploads\/2025\/01\/978841034403.jpeg","contentUrl":"https:\/\/zapateneo.net\/wordpress\/wp-content\/uploads\/2025\/01\/978841034403.jpeg","width":234,"height":400},{"@type":"BreadcrumbList","@id":"https:\/\/zapateneo.net\/wordpress\/index.php\/producto\/matematicas-revolucionarias-inteligencia-artificial-estadistica-y-la-logica-del-capitalismo\/#breadcrumb","itemListElement":[{"@type":"ListItem","position":1,"name":"Portada","item":"https:\/\/zapateneo.net\/wordpress\/"},{"@type":"ListItem","position":2,"name":"Tienda","item":"https:\/\/zapateneo.net\/wordpress\/"},{"@type":"ListItem","position":3,"name":"Matem\u00e1ticas revolucionarias Inteligencia artificial, estad\u00edstica y la l\u00f3gica del capitalismo"}]},{"@type":"WebSite","@id":"https:\/\/zapateneo.net\/wordpress\/#website","url":"https:\/\/zapateneo.net\/wordpress\/","name":"Zapateneo","description":"Zapateneoaren webgunea","publisher":{"@id":"https:\/\/zapateneo.net\/wordpress\/#organization"},"potentialAction":[{"@type":"SearchAction","target":{"@type":"EntryPoint","urlTemplate":"https:\/\/zapateneo.net\/wordpress\/?s={search_term_string}"},"query-input":{"@type":"PropertyValueSpecification","valueRequired":true,"valueName":"search_term_string"}}],"inLanguage":"es"},{"@type":"Organization","@id":"https:\/\/zapateneo.net\/wordpress\/#organization","name":"Zapateneo Kultur Elkartea","url":"https:\/\/zapateneo.net\/wordpress\/","logo":{"@type":"ImageObject","inLanguage":"es","@id":"https:\/\/zapateneo.net\/wordpress\/#\/schema\/logo\/image\/","url":"https:\/\/zapateneo.net\/wordpress\/wp-content\/uploads\/2021\/04\/zap-libu-kolec.jpg","contentUrl":"https:\/\/zapateneo.net\/wordpress\/wp-content\/uploads\/2021\/04\/zap-libu-kolec.jpg","width":2234,"height":398,"caption":"Zapateneo Kultur Elkartea"},"image":{"@id":"https:\/\/zapateneo.net\/wordpress\/#\/schema\/logo\/image\/"},"sameAs":["https:\/\/x.com\/zapateneo"]}]}},"_links":{"self":[{"href":"https:\/\/zapateneo.net\/wordpress\/index.php\/wp-json\/wp\/v2\/product\/15724","targetHints":{"allow":["GET"]}}],"collection":[{"href":"https:\/\/zapateneo.net\/wordpress\/index.php\/wp-json\/wp\/v2\/product"}],"about":[{"href":"https:\/\/zapateneo.net\/wordpress\/index.php\/wp-json\/wp\/v2\/types\/product"}],"wp:featuredmedia":[{"embeddable":true,"href":"https:\/\/zapateneo.net\/wordpress\/index.php\/wp-json\/wp\/v2\/media\/15754"}],"wp:attachment":[{"href":"https:\/\/zapateneo.net\/wordpress\/index.php\/wp-json\/wp\/v2\/media?parent=15724"}],"wp:term":[{"taxonomy":"product_brand","embeddable":true,"href":"https:\/\/zapateneo.net\/wordpress\/index.php\/wp-json\/wp\/v2\/product_brand?post=15724"},{"taxonomy":"product_cat","embeddable":true,"href":"https:\/\/zapateneo.net\/wordpress\/index.php\/wp-json\/wp\/v2\/product_cat?post=15724"},{"taxonomy":"product_tag","embeddable":true,"href":"https:\/\/zapateneo.net\/wordpress\/index.php\/wp-json\/wp\/v2\/product_tag?post=15724"}],"curies":[{"name":"wp","href":"https:\/\/api.w.org\/{rel}","templated":true}]}}