{"id":15697,"date":"2025-01-04T20:16:38","date_gmt":"2025-01-04T19:16:38","guid":{"rendered":"https:\/\/zapateneo.net\/wordpress\/?post_type=product&#038;p=15697"},"modified":"2025-01-04T20:16:43","modified_gmt":"2025-01-04T19:16:43","slug":"utopias-cotidianas-lo-que-dos-mil-anos-de-experimentos-pueden-ensenarnos-sobre-vivir-bien","status":"publish","type":"product","link":"https:\/\/zapateneo.net\/wordpress\/index.php\/producto\/utopias-cotidianas-lo-que-dos-mil-anos-de-experimentos-pueden-ensenarnos-sobre-vivir-bien\/","title":{"rendered":"Utop\u00edas cotidianas Lo que dos mil a\u00f1os de experimentos pueden ense\u00f1arnos sobre vivir bien"},"content":{"rendered":"<p>Un deslumbrante viaje a trav\u00e9s de dos mil a\u00f1os de audaces ideas y experimentos ut\u00f3picos que exploran otras formas de organizar nuestra vida cotidiana, y un viaje trotamundos a comunidades que ya est\u00e1n poniendo en pr\u00e1ctica estas visiones en la actualidad. En el siglo vi a. C., el fil\u00f3sofo griego Pit\u00e1goras fund\u00f3 una comuna en un pueblo costero del sur de la actual Italia. All\u00ed, hombres y mujeres compart\u00edan sus posesiones, viv\u00edan como iguales y se dedicaban al estudio de las matem\u00e1ticas y los misterios del universo. Desde entonces, los seres humanos hemos ideado mejores formas de organizar nuestra convivencia, compartir nuestras propiedades, criar a nuestros hijos y determinar qui\u00e9n forma parte de nuestras familias. Algunos de estos experimentos duraron un breve periodo de tiempo, pero otros siguen vigentes hoy en d\u00eda.<br \/>\nLa pensadora feminista Kristen R. Ghodsee nos invita a explorar lugares que se han atrevido a reimaginar c\u00f3mo podr\u00edamos vivir nuestra vida cotidiana: comunidades danesas de vivienda colaborativa que comparten las tareas y estrechan los lazos de vecindad, ecoaldeas matriarcales colombianas en las que las residentes cultivan todos sus alimentos o los microdistritos planificados en la Uni\u00f3n Sovi\u00e9tica, que garantizan que todo lo que pueda necesitar un hogar est\u00e9 cerca. Utop\u00edas cotidianas ofrece una visi\u00f3n radicalmente esperanzadora de c\u00f3mo construir sociedades m\u00e1s satisfechas y conectadas<\/p>\n","protected":false},"excerpt":{"rendered":"<p><strong>Kristen Ghodsee<\/strong><br \/>\n9788412779844 &#8211; Capit\u00e1n Swing &#8211; 2024 &#8211; 376 p\u00e1ginas \/orri.<\/p>\n","protected":false},"featured_media":15727,"template":"","meta":[],"product_brand":[],"product_cat":[16,173],"product_tag":[102,7047],"class_list":{"0":"post-15697","1":"product","2":"type-product","3":"status-publish","4":"has-post-thumbnail","6":"product_cat-libros","7":"product_cat-saiakera-ensayo","8":"product_tag-capitan-swing","9":"product_tag-kristen-ghodsee","11":"first","12":"instock","13":"sold-individually","14":"shipping-taxable","15":"purchasable","16":"product-type-simple"},"yoast_head":"<!-- This site is optimized with the Yoast SEO plugin v27.3 - https:\/\/yoast.com\/product\/yoast-seo-wordpress\/ -->\n<title>Utop\u00edas cotidianas Lo que dos mil a\u00f1os de experimentos pueden ense\u00f1arnos sobre vivir bien &#8212; Zapateneo<\/title>\n<meta name=\"robots\" content=\"index, follow, max-snippet:-1, max-image-preview:large, max-video-preview:-1\" \/>\n<link rel=\"canonical\" href=\"https:\/\/zapateneo.net\/wordpress\/index.php\/producto\/utopias-cotidianas-lo-que-dos-mil-anos-de-experimentos-pueden-ensenarnos-sobre-vivir-bien\/\" \/>\n<meta property=\"og:locale\" content=\"es_ES\" \/>\n<meta property=\"og:type\" content=\"article\" \/>\n<meta property=\"og:title\" content=\"Utop\u00edas cotidianas Lo que dos mil a\u00f1os de experimentos pueden ense\u00f1arnos sobre vivir bien &#8212; Zapateneo\" \/>\n<meta property=\"og:description\" content=\"Kristen Ghodsee 9788412779844 - Capit\u00e1n Swing - 2024 - 376 p\u00e1ginas \/orri.\" \/>\n<meta property=\"og:url\" content=\"https:\/\/zapateneo.net\/wordpress\/index.php\/producto\/utopias-cotidianas-lo-que-dos-mil-anos-de-experimentos-pueden-ensenarnos-sobre-vivir-bien\/\" \/>\n<meta property=\"og:site_name\" content=\"Zapateneo\" \/>\n<meta property=\"article:modified_time\" content=\"2025-01-04T19:16:43+00:00\" \/>\n<meta name=\"twitter:card\" content=\"summary_large_image\" \/>\n<meta name=\"twitter:site\" content=\"@zapateneo\" \/>\n<meta name=\"twitter:label1\" content=\"Tiempo de lectura\" \/>\n\t<meta name=\"twitter:data1\" content=\"1 minuto\" \/>\n<script type=\"application\/ld+json\" class=\"yoast-schema-graph\">{\"@context\":\"https:\\\/\\\/schema.org\",\"@graph\":[{\"@type\":\"WebPage\",\"@id\":\"https:\\\/\\\/zapateneo.net\\\/wordpress\\\/index.php\\\/producto\\\/utopias-cotidianas-lo-que-dos-mil-anos-de-experimentos-pueden-ensenarnos-sobre-vivir-bien\\\/\",\"url\":\"https:\\\/\\\/zapateneo.net\\\/wordpress\\\/index.php\\\/producto\\\/utopias-cotidianas-lo-que-dos-mil-anos-de-experimentos-pueden-ensenarnos-sobre-vivir-bien\\\/\",\"name\":\"Utop\u00edas cotidianas Lo que dos mil a\u00f1os de experimentos pueden ense\u00f1arnos sobre vivir bien &#8212; Zapateneo\",\"isPartOf\":{\"@id\":\"https:\\\/\\\/zapateneo.net\\\/wordpress\\\/#website\"},\"primaryImageOfPage\":{\"@id\":\"https:\\\/\\\/zapateneo.net\\\/wordpress\\\/index.php\\\/producto\\\/utopias-cotidianas-lo-que-dos-mil-anos-de-experimentos-pueden-ensenarnos-sobre-vivir-bien\\\/#primaryimage\"},\"image\":{\"@id\":\"https:\\\/\\\/zapateneo.net\\\/wordpress\\\/index.php\\\/producto\\\/utopias-cotidianas-lo-que-dos-mil-anos-de-experimentos-pueden-ensenarnos-sobre-vivir-bien\\\/#primaryimage\"},\"thumbnailUrl\":\"https:\\\/\\\/zapateneo.net\\\/wordpress\\\/wp-content\\\/uploads\\\/2025\\\/01\\\/978841277984.jpeg\",\"datePublished\":\"2025-01-04T19:16:38+00:00\",\"dateModified\":\"2025-01-04T19:16:43+00:00\",\"breadcrumb\":{\"@id\":\"https:\\\/\\\/zapateneo.net\\\/wordpress\\\/index.php\\\/producto\\\/utopias-cotidianas-lo-que-dos-mil-anos-de-experimentos-pueden-ensenarnos-sobre-vivir-bien\\\/#breadcrumb\"},\"inLanguage\":\"es\",\"potentialAction\":[{\"@type\":\"ReadAction\",\"target\":[\"https:\\\/\\\/zapateneo.net\\\/wordpress\\\/index.php\\\/producto\\\/utopias-cotidianas-lo-que-dos-mil-anos-de-experimentos-pueden-ensenarnos-sobre-vivir-bien\\\/\"]}]},{\"@type\":\"ImageObject\",\"inLanguage\":\"es\",\"@id\":\"https:\\\/\\\/zapateneo.net\\\/wordpress\\\/index.php\\\/producto\\\/utopias-cotidianas-lo-que-dos-mil-anos-de-experimentos-pueden-ensenarnos-sobre-vivir-bien\\\/#primaryimage\",\"url\":\"https:\\\/\\\/zapateneo.net\\\/wordpress\\\/wp-content\\\/uploads\\\/2025\\\/01\\\/978841277984.jpeg\",\"contentUrl\":\"https:\\\/\\\/zapateneo.net\\\/wordpress\\\/wp-content\\\/uploads\\\/2025\\\/01\\\/978841277984.jpeg\",\"width\":256,\"height\":400},{\"@type\":\"BreadcrumbList\",\"@id\":\"https:\\\/\\\/zapateneo.net\\\/wordpress\\\/index.php\\\/producto\\\/utopias-cotidianas-lo-que-dos-mil-anos-de-experimentos-pueden-ensenarnos-sobre-vivir-bien\\\/#breadcrumb\",\"itemListElement\":[{\"@type\":\"ListItem\",\"position\":1,\"name\":\"Portada\",\"item\":\"https:\\\/\\\/zapateneo.net\\\/wordpress\\\/\"},{\"@type\":\"ListItem\",\"position\":2,\"name\":\"Tienda\",\"item\":\"https:\\\/\\\/zapateneo.net\\\/wordpress\\\/\"},{\"@type\":\"ListItem\",\"position\":3,\"name\":\"Utop\u00edas cotidianas Lo que dos mil a\u00f1os de experimentos pueden ense\u00f1arnos sobre vivir bien\"}]},{\"@type\":\"WebSite\",\"@id\":\"https:\\\/\\\/zapateneo.net\\\/wordpress\\\/#website\",\"url\":\"https:\\\/\\\/zapateneo.net\\\/wordpress\\\/\",\"name\":\"Zapateneo\",\"description\":\"Zapateneoaren webgunea\",\"publisher\":{\"@id\":\"https:\\\/\\\/zapateneo.net\\\/wordpress\\\/#organization\"},\"potentialAction\":[{\"@type\":\"SearchAction\",\"target\":{\"@type\":\"EntryPoint\",\"urlTemplate\":\"https:\\\/\\\/zapateneo.net\\\/wordpress\\\/?s={search_term_string}\"},\"query-input\":{\"@type\":\"PropertyValueSpecification\",\"valueRequired\":true,\"valueName\":\"search_term_string\"}}],\"inLanguage\":\"es\"},{\"@type\":\"Organization\",\"@id\":\"https:\\\/\\\/zapateneo.net\\\/wordpress\\\/#organization\",\"name\":\"Zapateneo Kultur Elkartea\",\"url\":\"https:\\\/\\\/zapateneo.net\\\/wordpress\\\/\",\"logo\":{\"@type\":\"ImageObject\",\"inLanguage\":\"es\",\"@id\":\"https:\\\/\\\/zapateneo.net\\\/wordpress\\\/#\\\/schema\\\/logo\\\/image\\\/\",\"url\":\"https:\\\/\\\/zapateneo.net\\\/wordpress\\\/wp-content\\\/uploads\\\/2021\\\/04\\\/zap-libu-kolec.jpg\",\"contentUrl\":\"https:\\\/\\\/zapateneo.net\\\/wordpress\\\/wp-content\\\/uploads\\\/2021\\\/04\\\/zap-libu-kolec.jpg\",\"width\":2234,\"height\":398,\"caption\":\"Zapateneo Kultur Elkartea\"},\"image\":{\"@id\":\"https:\\\/\\\/zapateneo.net\\\/wordpress\\\/#\\\/schema\\\/logo\\\/image\\\/\"},\"sameAs\":[\"https:\\\/\\\/x.com\\\/zapateneo\"]}]}<\/script>\n<!-- \/ Yoast SEO plugin. -->","yoast_head_json":{"title":"Utop\u00edas cotidianas Lo que dos mil a\u00f1os de experimentos pueden ense\u00f1arnos sobre vivir bien &#8212; Zapateneo","robots":{"index":"index","follow":"follow","max-snippet":"max-snippet:-1","max-image-preview":"max-image-preview:large","max-video-preview":"max-video-preview:-1"},"canonical":"https:\/\/zapateneo.net\/wordpress\/index.php\/producto\/utopias-cotidianas-lo-que-dos-mil-anos-de-experimentos-pueden-ensenarnos-sobre-vivir-bien\/","og_locale":"es_ES","og_type":"article","og_title":"Utop\u00edas cotidianas Lo que dos mil a\u00f1os de experimentos pueden ense\u00f1arnos sobre vivir bien &#8212; Zapateneo","og_description":"Kristen Ghodsee 9788412779844 - Capit\u00e1n Swing - 2024 - 376 p\u00e1ginas \/orri.","og_url":"https:\/\/zapateneo.net\/wordpress\/index.php\/producto\/utopias-cotidianas-lo-que-dos-mil-anos-de-experimentos-pueden-ensenarnos-sobre-vivir-bien\/","og_site_name":"Zapateneo","article_modified_time":"2025-01-04T19:16:43+00:00","twitter_card":"summary_large_image","twitter_site":"@zapateneo","twitter_misc":{"Tiempo de lectura":"1 minuto"},"schema":{"@context":"https:\/\/schema.org","@graph":[{"@type":"WebPage","@id":"https:\/\/zapateneo.net\/wordpress\/index.php\/producto\/utopias-cotidianas-lo-que-dos-mil-anos-de-experimentos-pueden-ensenarnos-sobre-vivir-bien\/","url":"https:\/\/zapateneo.net\/wordpress\/index.php\/producto\/utopias-cotidianas-lo-que-dos-mil-anos-de-experimentos-pueden-ensenarnos-sobre-vivir-bien\/","name":"Utop\u00edas cotidianas Lo que dos mil a\u00f1os de experimentos pueden ense\u00f1arnos sobre vivir bien &#8212; Zapateneo","isPartOf":{"@id":"https:\/\/zapateneo.net\/wordpress\/#website"},"primaryImageOfPage":{"@id":"https:\/\/zapateneo.net\/wordpress\/index.php\/producto\/utopias-cotidianas-lo-que-dos-mil-anos-de-experimentos-pueden-ensenarnos-sobre-vivir-bien\/#primaryimage"},"image":{"@id":"https:\/\/zapateneo.net\/wordpress\/index.php\/producto\/utopias-cotidianas-lo-que-dos-mil-anos-de-experimentos-pueden-ensenarnos-sobre-vivir-bien\/#primaryimage"},"thumbnailUrl":"https:\/\/zapateneo.net\/wordpress\/wp-content\/uploads\/2025\/01\/978841277984.jpeg","datePublished":"2025-01-04T19:16:38+00:00","dateModified":"2025-01-04T19:16:43+00:00","breadcrumb":{"@id":"https:\/\/zapateneo.net\/wordpress\/index.php\/producto\/utopias-cotidianas-lo-que-dos-mil-anos-de-experimentos-pueden-ensenarnos-sobre-vivir-bien\/#breadcrumb"},"inLanguage":"es","potentialAction":[{"@type":"ReadAction","target":["https:\/\/zapateneo.net\/wordpress\/index.php\/producto\/utopias-cotidianas-lo-que-dos-mil-anos-de-experimentos-pueden-ensenarnos-sobre-vivir-bien\/"]}]},{"@type":"ImageObject","inLanguage":"es","@id":"https:\/\/zapateneo.net\/wordpress\/index.php\/producto\/utopias-cotidianas-lo-que-dos-mil-anos-de-experimentos-pueden-ensenarnos-sobre-vivir-bien\/#primaryimage","url":"https:\/\/zapateneo.net\/wordpress\/wp-content\/uploads\/2025\/01\/978841277984.jpeg","contentUrl":"https:\/\/zapateneo.net\/wordpress\/wp-content\/uploads\/2025\/01\/978841277984.jpeg","width":256,"height":400},{"@type":"BreadcrumbList","@id":"https:\/\/zapateneo.net\/wordpress\/index.php\/producto\/utopias-cotidianas-lo-que-dos-mil-anos-de-experimentos-pueden-ensenarnos-sobre-vivir-bien\/#breadcrumb","itemListElement":[{"@type":"ListItem","position":1,"name":"Portada","item":"https:\/\/zapateneo.net\/wordpress\/"},{"@type":"ListItem","position":2,"name":"Tienda","item":"https:\/\/zapateneo.net\/wordpress\/"},{"@type":"ListItem","position":3,"name":"Utop\u00edas cotidianas Lo que dos mil a\u00f1os de experimentos pueden ense\u00f1arnos sobre vivir bien"}]},{"@type":"WebSite","@id":"https:\/\/zapateneo.net\/wordpress\/#website","url":"https:\/\/zapateneo.net\/wordpress\/","name":"Zapateneo","description":"Zapateneoaren webgunea","publisher":{"@id":"https:\/\/zapateneo.net\/wordpress\/#organization"},"potentialAction":[{"@type":"SearchAction","target":{"@type":"EntryPoint","urlTemplate":"https:\/\/zapateneo.net\/wordpress\/?s={search_term_string}"},"query-input":{"@type":"PropertyValueSpecification","valueRequired":true,"valueName":"search_term_string"}}],"inLanguage":"es"},{"@type":"Organization","@id":"https:\/\/zapateneo.net\/wordpress\/#organization","name":"Zapateneo Kultur Elkartea","url":"https:\/\/zapateneo.net\/wordpress\/","logo":{"@type":"ImageObject","inLanguage":"es","@id":"https:\/\/zapateneo.net\/wordpress\/#\/schema\/logo\/image\/","url":"https:\/\/zapateneo.net\/wordpress\/wp-content\/uploads\/2021\/04\/zap-libu-kolec.jpg","contentUrl":"https:\/\/zapateneo.net\/wordpress\/wp-content\/uploads\/2021\/04\/zap-libu-kolec.jpg","width":2234,"height":398,"caption":"Zapateneo Kultur Elkartea"},"image":{"@id":"https:\/\/zapateneo.net\/wordpress\/#\/schema\/logo\/image\/"},"sameAs":["https:\/\/x.com\/zapateneo"]}]}},"_links":{"self":[{"href":"https:\/\/zapateneo.net\/wordpress\/index.php\/wp-json\/wp\/v2\/product\/15697","targetHints":{"allow":["GET"]}}],"collection":[{"href":"https:\/\/zapateneo.net\/wordpress\/index.php\/wp-json\/wp\/v2\/product"}],"about":[{"href":"https:\/\/zapateneo.net\/wordpress\/index.php\/wp-json\/wp\/v2\/types\/product"}],"wp:featuredmedia":[{"embeddable":true,"href":"https:\/\/zapateneo.net\/wordpress\/index.php\/wp-json\/wp\/v2\/media\/15727"}],"wp:attachment":[{"href":"https:\/\/zapateneo.net\/wordpress\/index.php\/wp-json\/wp\/v2\/media?parent=15697"}],"wp:term":[{"taxonomy":"product_brand","embeddable":true,"href":"https:\/\/zapateneo.net\/wordpress\/index.php\/wp-json\/wp\/v2\/product_brand?post=15697"},{"taxonomy":"product_cat","embeddable":true,"href":"https:\/\/zapateneo.net\/wordpress\/index.php\/wp-json\/wp\/v2\/product_cat?post=15697"},{"taxonomy":"product_tag","embeddable":true,"href":"https:\/\/zapateneo.net\/wordpress\/index.php\/wp-json\/wp\/v2\/product_tag?post=15697"}],"curies":[{"name":"wp","href":"https:\/\/api.w.org\/{rel}","templated":true}]}}