{"id":15654,"date":"2025-01-02T13:08:03","date_gmt":"2025-01-02T12:08:03","guid":{"rendered":"https:\/\/zapateneo.net\/wordpress\/?post_type=product&#038;p=15654"},"modified":"2025-01-02T13:08:08","modified_gmt":"2025-01-02T12:08:08","slug":"egolatria-posmoderna-amnesia-y-despolitizacion","status":"publish","type":"product","link":"https:\/\/zapateneo.net\/wordpress\/index.php\/producto\/egolatria-posmoderna-amnesia-y-despolitizacion\/","title":{"rendered":"Egolatr\u00eda posmoderna, amnesia y despolitizaci\u00f3n"},"content":{"rendered":"<p>Guillermo Rendueles, referente de la psiquiatr\u00eda cr\u00edtica, considera que la quiebra del yo cartesiano est\u00e1 dando lugar a un sujeto posmoderno incoherente en sus planes vitales. Este sujeto -cada vez m\u00e1s com\u00fan- es invitado a definirse como un oportunista: a maximizar su \u00abcapital personal\u00bb y mantener una conducta \u201cracional\u201d, en un dilema puramente economicista (calcular el m\u00e1ximo de beneficios en tus relaciones sociales invirtiendo el m\u00ednimo de esfuerzo). Curiosamente, las ciencias psicol\u00f3gicas han venido en su ayuda, pero no para rescatarle del aislamiento eg\u00f3latra, sino m\u00e1s bien para procurarle la m\u00e1xima realizaci\u00f3n personal en su forma de vida individualista. Individualizar los sufrimientos que produce el mundo laboral conduce a su tratamiento terap\u00e9utico (mobbing), en vez de acabar con la explotaci\u00f3n. Forzar una perspectiva intimista de las miserias cotidianas lleva a llamar \u201cdepresi\u00f3n\u201d a cualquier malvivir, producto de las condiciones de vida: La psiquiatr\u00eda produce impotencia. As\u00ed, el discurso psicol\u00f3gico despolitiza la crisis social reduci\u00e9ndola a su doble subjetivo, pues nos convence de que el problema sucede en nuestras cabezas y no en el sistema de producci\u00f3n. Hoy asistimos a m\u00faltiples iniciativas que proponen la contrataci\u00f3n de miles de profesionales, o la introducir la psicolog\u00eda en todos los \u00e1mbitos de la sociedad. En todos los casos se trata de descontextualizar el malestar social (reduci\u00e9ndolo a lo personal y lo privado) y llevarlo a la consulta de un especialista. Este libro se lee de manera independiente y re\u00fane buena parte de los escritos de Guillermo Rendueles a lo largo de su carrera (compilados por C\u00e9sar Rendueles y Mario Dom\u00ednguez). Acta de una memoria hist\u00f3rica, pretende rescatar la autonom\u00eda colectiva, secuestrada por tanto por el intimismo como por el profesionalismo y as\u00ed, enfrentar el desastre desde lo com\u00fan. Como dice Fernando \u00c1lvarez-Ur\u00eda, \u201cestos escritos son especialmente valiosos para actuar en consecuencia\u201d. El trabajo que tienes entre las manos aborda asuntos como la psicosis, la locura compartida, el suicidio, la cronicidad de las enfermedades, la medicalizaci\u00f3n de la sociedad, la funci\u00f3n del terapeuta convertido en gerente, o las redes de apoyo mutuo entre personas padecen sufrimiento ps\u00edquico. Y tambi\u00e9n cuestiones sociales como como los cr\u00edmenes del nazismo, la psiquiatrizaci\u00f3n en Espa\u00f1a durante el franquismo, la insumisi\u00f3n a la mili, la crisis del modelo productivo y laboral, el maquiavelismo y narcisismo en los partidos pol\u00edticos. As\u00edmismo incluye art\u00edculos en los que Guillermo Rendueles vuelve a Foucault, Weber o Castel, incluso un escrito sobre William Burroughs y las drogas.<\/p>\n","protected":false},"excerpt":{"rendered":"<p><strong>Guillermo Rendueles Olmedo<\/strong><br \/>\n9788485209385 &#8211; Irrecuperables &#8211; 2024 &#8211; 580 p\u00e1ginas \/orri.<\/p>\n","protected":false},"featured_media":15669,"template":"","meta":[],"product_brand":[],"product_cat":[16,176],"product_tag":[5657,2960],"class_list":{"0":"post-15654","1":"product","2":"type-product","3":"status-publish","4":"has-post-thumbnail","6":"product_cat-libros","7":"product_cat-marxismoa-marxismo","8":"product_tag-guillermo-rendueles-olmedo","9":"product_tag-irrecuperables","11":"first","12":"instock","13":"sold-individually","14":"shipping-taxable","15":"purchasable","16":"product-type-simple"},"yoast_head":"<!-- This site is optimized with the Yoast SEO plugin v27.3 - https:\/\/yoast.com\/product\/yoast-seo-wordpress\/ -->\n<title>Egolatr\u00eda posmoderna, amnesia y despolitizaci\u00f3n &#8212; Zapateneo<\/title>\n<meta name=\"robots\" content=\"index, follow, max-snippet:-1, max-image-preview:large, max-video-preview:-1\" \/>\n<link rel=\"canonical\" href=\"https:\/\/zapateneo.net\/wordpress\/index.php\/producto\/egolatria-posmoderna-amnesia-y-despolitizacion\/\" \/>\n<meta property=\"og:locale\" content=\"es_ES\" \/>\n<meta property=\"og:type\" content=\"article\" \/>\n<meta property=\"og:title\" content=\"Egolatr\u00eda posmoderna, amnesia y despolitizaci\u00f3n &#8212; Zapateneo\" \/>\n<meta property=\"og:description\" content=\"Guillermo Rendueles Olmedo 9788485209385 - Irrecuperables - 2024 - 580 p\u00e1ginas \/orri.\" \/>\n<meta property=\"og:url\" content=\"https:\/\/zapateneo.net\/wordpress\/index.php\/producto\/egolatria-posmoderna-amnesia-y-despolitizacion\/\" \/>\n<meta property=\"og:site_name\" content=\"Zapateneo\" \/>\n<meta property=\"article:modified_time\" content=\"2025-01-02T12:08:08+00:00\" \/>\n<meta name=\"twitter:card\" content=\"summary_large_image\" \/>\n<meta name=\"twitter:site\" content=\"@zapateneo\" \/>\n<meta name=\"twitter:label1\" content=\"Tiempo de lectura\" \/>\n\t<meta name=\"twitter:data1\" content=\"2 minutos\" \/>\n<script type=\"application\/ld+json\" class=\"yoast-schema-graph\">{\"@context\":\"https:\\\/\\\/schema.org\",\"@graph\":[{\"@type\":\"WebPage\",\"@id\":\"https:\\\/\\\/zapateneo.net\\\/wordpress\\\/index.php\\\/producto\\\/egolatria-posmoderna-amnesia-y-despolitizacion\\\/\",\"url\":\"https:\\\/\\\/zapateneo.net\\\/wordpress\\\/index.php\\\/producto\\\/egolatria-posmoderna-amnesia-y-despolitizacion\\\/\",\"name\":\"Egolatr\u00eda posmoderna, amnesia y despolitizaci\u00f3n &#8212; Zapateneo\",\"isPartOf\":{\"@id\":\"https:\\\/\\\/zapateneo.net\\\/wordpress\\\/#website\"},\"primaryImageOfPage\":{\"@id\":\"https:\\\/\\\/zapateneo.net\\\/wordpress\\\/index.php\\\/producto\\\/egolatria-posmoderna-amnesia-y-despolitizacion\\\/#primaryimage\"},\"image\":{\"@id\":\"https:\\\/\\\/zapateneo.net\\\/wordpress\\\/index.php\\\/producto\\\/egolatria-posmoderna-amnesia-y-despolitizacion\\\/#primaryimage\"},\"thumbnailUrl\":\"https:\\\/\\\/zapateneo.net\\\/wordpress\\\/wp-content\\\/uploads\\\/2025\\\/01\\\/9788485209385.jpg\",\"datePublished\":\"2025-01-02T12:08:03+00:00\",\"dateModified\":\"2025-01-02T12:08:08+00:00\",\"breadcrumb\":{\"@id\":\"https:\\\/\\\/zapateneo.net\\\/wordpress\\\/index.php\\\/producto\\\/egolatria-posmoderna-amnesia-y-despolitizacion\\\/#breadcrumb\"},\"inLanguage\":\"es\",\"potentialAction\":[{\"@type\":\"ReadAction\",\"target\":[\"https:\\\/\\\/zapateneo.net\\\/wordpress\\\/index.php\\\/producto\\\/egolatria-posmoderna-amnesia-y-despolitizacion\\\/\"]}]},{\"@type\":\"ImageObject\",\"inLanguage\":\"es\",\"@id\":\"https:\\\/\\\/zapateneo.net\\\/wordpress\\\/index.php\\\/producto\\\/egolatria-posmoderna-amnesia-y-despolitizacion\\\/#primaryimage\",\"url\":\"https:\\\/\\\/zapateneo.net\\\/wordpress\\\/wp-content\\\/uploads\\\/2025\\\/01\\\/9788485209385.jpg\",\"contentUrl\":\"https:\\\/\\\/zapateneo.net\\\/wordpress\\\/wp-content\\\/uploads\\\/2025\\\/01\\\/9788485209385.jpg\",\"width\":184,\"height\":274},{\"@type\":\"BreadcrumbList\",\"@id\":\"https:\\\/\\\/zapateneo.net\\\/wordpress\\\/index.php\\\/producto\\\/egolatria-posmoderna-amnesia-y-despolitizacion\\\/#breadcrumb\",\"itemListElement\":[{\"@type\":\"ListItem\",\"position\":1,\"name\":\"Portada\",\"item\":\"https:\\\/\\\/zapateneo.net\\\/wordpress\\\/\"},{\"@type\":\"ListItem\",\"position\":2,\"name\":\"Tienda\",\"item\":\"https:\\\/\\\/zapateneo.net\\\/wordpress\\\/\"},{\"@type\":\"ListItem\",\"position\":3,\"name\":\"Egolatr\u00eda posmoderna, amnesia y despolitizaci\u00f3n\"}]},{\"@type\":\"WebSite\",\"@id\":\"https:\\\/\\\/zapateneo.net\\\/wordpress\\\/#website\",\"url\":\"https:\\\/\\\/zapateneo.net\\\/wordpress\\\/\",\"name\":\"Zapateneo\",\"description\":\"Zapateneoaren webgunea\",\"publisher\":{\"@id\":\"https:\\\/\\\/zapateneo.net\\\/wordpress\\\/#organization\"},\"potentialAction\":[{\"@type\":\"SearchAction\",\"target\":{\"@type\":\"EntryPoint\",\"urlTemplate\":\"https:\\\/\\\/zapateneo.net\\\/wordpress\\\/?s={search_term_string}\"},\"query-input\":{\"@type\":\"PropertyValueSpecification\",\"valueRequired\":true,\"valueName\":\"search_term_string\"}}],\"inLanguage\":\"es\"},{\"@type\":\"Organization\",\"@id\":\"https:\\\/\\\/zapateneo.net\\\/wordpress\\\/#organization\",\"name\":\"Zapateneo Kultur Elkartea\",\"url\":\"https:\\\/\\\/zapateneo.net\\\/wordpress\\\/\",\"logo\":{\"@type\":\"ImageObject\",\"inLanguage\":\"es\",\"@id\":\"https:\\\/\\\/zapateneo.net\\\/wordpress\\\/#\\\/schema\\\/logo\\\/image\\\/\",\"url\":\"https:\\\/\\\/zapateneo.net\\\/wordpress\\\/wp-content\\\/uploads\\\/2021\\\/04\\\/zap-libu-kolec.jpg\",\"contentUrl\":\"https:\\\/\\\/zapateneo.net\\\/wordpress\\\/wp-content\\\/uploads\\\/2021\\\/04\\\/zap-libu-kolec.jpg\",\"width\":2234,\"height\":398,\"caption\":\"Zapateneo Kultur Elkartea\"},\"image\":{\"@id\":\"https:\\\/\\\/zapateneo.net\\\/wordpress\\\/#\\\/schema\\\/logo\\\/image\\\/\"},\"sameAs\":[\"https:\\\/\\\/x.com\\\/zapateneo\"]}]}<\/script>\n<!-- \/ Yoast SEO plugin. -->","yoast_head_json":{"title":"Egolatr\u00eda posmoderna, amnesia y despolitizaci\u00f3n &#8212; Zapateneo","robots":{"index":"index","follow":"follow","max-snippet":"max-snippet:-1","max-image-preview":"max-image-preview:large","max-video-preview":"max-video-preview:-1"},"canonical":"https:\/\/zapateneo.net\/wordpress\/index.php\/producto\/egolatria-posmoderna-amnesia-y-despolitizacion\/","og_locale":"es_ES","og_type":"article","og_title":"Egolatr\u00eda posmoderna, amnesia y despolitizaci\u00f3n &#8212; Zapateneo","og_description":"Guillermo Rendueles Olmedo 9788485209385 - Irrecuperables - 2024 - 580 p\u00e1ginas \/orri.","og_url":"https:\/\/zapateneo.net\/wordpress\/index.php\/producto\/egolatria-posmoderna-amnesia-y-despolitizacion\/","og_site_name":"Zapateneo","article_modified_time":"2025-01-02T12:08:08+00:00","twitter_card":"summary_large_image","twitter_site":"@zapateneo","twitter_misc":{"Tiempo de lectura":"2 minutos"},"schema":{"@context":"https:\/\/schema.org","@graph":[{"@type":"WebPage","@id":"https:\/\/zapateneo.net\/wordpress\/index.php\/producto\/egolatria-posmoderna-amnesia-y-despolitizacion\/","url":"https:\/\/zapateneo.net\/wordpress\/index.php\/producto\/egolatria-posmoderna-amnesia-y-despolitizacion\/","name":"Egolatr\u00eda posmoderna, amnesia y despolitizaci\u00f3n &#8212; Zapateneo","isPartOf":{"@id":"https:\/\/zapateneo.net\/wordpress\/#website"},"primaryImageOfPage":{"@id":"https:\/\/zapateneo.net\/wordpress\/index.php\/producto\/egolatria-posmoderna-amnesia-y-despolitizacion\/#primaryimage"},"image":{"@id":"https:\/\/zapateneo.net\/wordpress\/index.php\/producto\/egolatria-posmoderna-amnesia-y-despolitizacion\/#primaryimage"},"thumbnailUrl":"https:\/\/zapateneo.net\/wordpress\/wp-content\/uploads\/2025\/01\/9788485209385.jpg","datePublished":"2025-01-02T12:08:03+00:00","dateModified":"2025-01-02T12:08:08+00:00","breadcrumb":{"@id":"https:\/\/zapateneo.net\/wordpress\/index.php\/producto\/egolatria-posmoderna-amnesia-y-despolitizacion\/#breadcrumb"},"inLanguage":"es","potentialAction":[{"@type":"ReadAction","target":["https:\/\/zapateneo.net\/wordpress\/index.php\/producto\/egolatria-posmoderna-amnesia-y-despolitizacion\/"]}]},{"@type":"ImageObject","inLanguage":"es","@id":"https:\/\/zapateneo.net\/wordpress\/index.php\/producto\/egolatria-posmoderna-amnesia-y-despolitizacion\/#primaryimage","url":"https:\/\/zapateneo.net\/wordpress\/wp-content\/uploads\/2025\/01\/9788485209385.jpg","contentUrl":"https:\/\/zapateneo.net\/wordpress\/wp-content\/uploads\/2025\/01\/9788485209385.jpg","width":184,"height":274},{"@type":"BreadcrumbList","@id":"https:\/\/zapateneo.net\/wordpress\/index.php\/producto\/egolatria-posmoderna-amnesia-y-despolitizacion\/#breadcrumb","itemListElement":[{"@type":"ListItem","position":1,"name":"Portada","item":"https:\/\/zapateneo.net\/wordpress\/"},{"@type":"ListItem","position":2,"name":"Tienda","item":"https:\/\/zapateneo.net\/wordpress\/"},{"@type":"ListItem","position":3,"name":"Egolatr\u00eda posmoderna, amnesia y despolitizaci\u00f3n"}]},{"@type":"WebSite","@id":"https:\/\/zapateneo.net\/wordpress\/#website","url":"https:\/\/zapateneo.net\/wordpress\/","name":"Zapateneo","description":"Zapateneoaren webgunea","publisher":{"@id":"https:\/\/zapateneo.net\/wordpress\/#organization"},"potentialAction":[{"@type":"SearchAction","target":{"@type":"EntryPoint","urlTemplate":"https:\/\/zapateneo.net\/wordpress\/?s={search_term_string}"},"query-input":{"@type":"PropertyValueSpecification","valueRequired":true,"valueName":"search_term_string"}}],"inLanguage":"es"},{"@type":"Organization","@id":"https:\/\/zapateneo.net\/wordpress\/#organization","name":"Zapateneo Kultur Elkartea","url":"https:\/\/zapateneo.net\/wordpress\/","logo":{"@type":"ImageObject","inLanguage":"es","@id":"https:\/\/zapateneo.net\/wordpress\/#\/schema\/logo\/image\/","url":"https:\/\/zapateneo.net\/wordpress\/wp-content\/uploads\/2021\/04\/zap-libu-kolec.jpg","contentUrl":"https:\/\/zapateneo.net\/wordpress\/wp-content\/uploads\/2021\/04\/zap-libu-kolec.jpg","width":2234,"height":398,"caption":"Zapateneo Kultur Elkartea"},"image":{"@id":"https:\/\/zapateneo.net\/wordpress\/#\/schema\/logo\/image\/"},"sameAs":["https:\/\/x.com\/zapateneo"]}]}},"_links":{"self":[{"href":"https:\/\/zapateneo.net\/wordpress\/index.php\/wp-json\/wp\/v2\/product\/15654","targetHints":{"allow":["GET"]}}],"collection":[{"href":"https:\/\/zapateneo.net\/wordpress\/index.php\/wp-json\/wp\/v2\/product"}],"about":[{"href":"https:\/\/zapateneo.net\/wordpress\/index.php\/wp-json\/wp\/v2\/types\/product"}],"wp:featuredmedia":[{"embeddable":true,"href":"https:\/\/zapateneo.net\/wordpress\/index.php\/wp-json\/wp\/v2\/media\/15669"}],"wp:attachment":[{"href":"https:\/\/zapateneo.net\/wordpress\/index.php\/wp-json\/wp\/v2\/media?parent=15654"}],"wp:term":[{"taxonomy":"product_brand","embeddable":true,"href":"https:\/\/zapateneo.net\/wordpress\/index.php\/wp-json\/wp\/v2\/product_brand?post=15654"},{"taxonomy":"product_cat","embeddable":true,"href":"https:\/\/zapateneo.net\/wordpress\/index.php\/wp-json\/wp\/v2\/product_cat?post=15654"},{"taxonomy":"product_tag","embeddable":true,"href":"https:\/\/zapateneo.net\/wordpress\/index.php\/wp-json\/wp\/v2\/product_tag?post=15654"}],"curies":[{"name":"wp","href":"https:\/\/api.w.org\/{rel}","templated":true}]}}