{"id":15585,"date":"2024-12-30T16:59:04","date_gmt":"2024-12-30T15:59:04","guid":{"rendered":"https:\/\/zapateneo.net\/wordpress\/?post_type=product&#038;p=15585"},"modified":"2024-12-30T16:59:14","modified_gmt":"2024-12-30T15:59:14","slug":"desventuras-de-un-cerdo-colosal-en-la-biblioteca-nacional-con-instrucciones-para-cuidar-los-libros","status":"publish","type":"product","link":"https:\/\/zapateneo.net\/wordpress\/index.php\/producto\/desventuras-de-un-cerdo-colosal-en-la-biblioteca-nacional-con-instrucciones-para-cuidar-los-libros\/","title":{"rendered":"Desventuras de un cerdo colosal en la Biblioteca Nacional (Con instrucciones para cuidar los libros)"},"content":{"rendered":"<p>En un d\u00eda de fr\u00edo y tormenta, do\u00f1a Socorro, la bibliotecaria, se ve obligada a abandonar la biblioteca por un ataque de jaqueca. Deja los libros al cuidado de un cerdo. Pero, de improviso, irrumpe en el lugar una banda de animales procedentes de una cata de vinos que ponen la sala patas arriba y dejan los libros hechos un desastre. El pobre cerdo intenta limpiarlos con agua y jab\u00f3n, pero solo consigue empeorar las cosas. \u00bfLograr\u00e1 arreglar el estropicio antes de que vuelva la bibliotecaria?<\/p>\n","protected":false},"excerpt":{"rendered":"<p><strong>Anna Font, Marta Azcona<\/strong><br \/>\n9788418821936 &#8211; Takatuka &#8211; 2024 &#8211; 56 p\u00e1ginas \/orri.<\/p>\n","protected":false},"featured_media":15610,"template":"","meta":[],"product_brand":[],"product_cat":[172,16],"product_tag":[7004,7005,194],"class_list":{"0":"post-15585","1":"product","2":"type-product","3":"status-publish","4":"has-post-thumbnail","6":"product_cat-ipuinak-cuentos","7":"product_cat-libros","8":"product_tag-anna-font","9":"product_tag-marta-azcona","10":"product_tag-takatuka","12":"first","13":"instock","14":"sold-individually","15":"shipping-taxable","16":"purchasable","17":"product-type-simple"},"yoast_head":"<!-- This site is optimized with the Yoast SEO plugin v27.3 - https:\/\/yoast.com\/product\/yoast-seo-wordpress\/ -->\n<title>Desventuras de un cerdo colosal en la Biblioteca Nacional (Con instrucciones para cuidar los libros) &#8212; Zapateneo<\/title>\n<meta name=\"robots\" content=\"index, follow, max-snippet:-1, max-image-preview:large, max-video-preview:-1\" \/>\n<link rel=\"canonical\" href=\"https:\/\/zapateneo.net\/wordpress\/index.php\/producto\/desventuras-de-un-cerdo-colosal-en-la-biblioteca-nacional-con-instrucciones-para-cuidar-los-libros\/\" \/>\n<meta property=\"og:locale\" content=\"es_ES\" \/>\n<meta property=\"og:type\" content=\"article\" \/>\n<meta property=\"og:title\" content=\"Desventuras de un cerdo colosal en la Biblioteca Nacional (Con instrucciones para cuidar los libros) &#8212; Zapateneo\" \/>\n<meta property=\"og:description\" content=\"Anna Font, Marta Azcona 9788418821936 - Takatuka - 2024 - 56 p\u00e1ginas \/orri.\" \/>\n<meta property=\"og:url\" content=\"https:\/\/zapateneo.net\/wordpress\/index.php\/producto\/desventuras-de-un-cerdo-colosal-en-la-biblioteca-nacional-con-instrucciones-para-cuidar-los-libros\/\" \/>\n<meta property=\"og:site_name\" content=\"Zapateneo\" \/>\n<meta property=\"article:modified_time\" content=\"2024-12-30T15:59:14+00:00\" \/>\n<meta name=\"twitter:card\" content=\"summary_large_image\" \/>\n<meta name=\"twitter:site\" content=\"@zapateneo\" \/>\n<script type=\"application\/ld+json\" class=\"yoast-schema-graph\">{\"@context\":\"https:\\\/\\\/schema.org\",\"@graph\":[{\"@type\":\"WebPage\",\"@id\":\"https:\\\/\\\/zapateneo.net\\\/wordpress\\\/index.php\\\/producto\\\/desventuras-de-un-cerdo-colosal-en-la-biblioteca-nacional-con-instrucciones-para-cuidar-los-libros\\\/\",\"url\":\"https:\\\/\\\/zapateneo.net\\\/wordpress\\\/index.php\\\/producto\\\/desventuras-de-un-cerdo-colosal-en-la-biblioteca-nacional-con-instrucciones-para-cuidar-los-libros\\\/\",\"name\":\"Desventuras de un cerdo colosal en la Biblioteca Nacional (Con instrucciones para cuidar los libros) &#8212; Zapateneo\",\"isPartOf\":{\"@id\":\"https:\\\/\\\/zapateneo.net\\\/wordpress\\\/#website\"},\"primaryImageOfPage\":{\"@id\":\"https:\\\/\\\/zapateneo.net\\\/wordpress\\\/index.php\\\/producto\\\/desventuras-de-un-cerdo-colosal-en-la-biblioteca-nacional-con-instrucciones-para-cuidar-los-libros\\\/#primaryimage\"},\"image\":{\"@id\":\"https:\\\/\\\/zapateneo.net\\\/wordpress\\\/index.php\\\/producto\\\/desventuras-de-un-cerdo-colosal-en-la-biblioteca-nacional-con-instrucciones-para-cuidar-los-libros\\\/#primaryimage\"},\"thumbnailUrl\":\"https:\\\/\\\/zapateneo.net\\\/wordpress\\\/wp-content\\\/uploads\\\/2024\\\/12\\\/9788418821936.jpg\",\"datePublished\":\"2024-12-30T15:59:04+00:00\",\"dateModified\":\"2024-12-30T15:59:14+00:00\",\"breadcrumb\":{\"@id\":\"https:\\\/\\\/zapateneo.net\\\/wordpress\\\/index.php\\\/producto\\\/desventuras-de-un-cerdo-colosal-en-la-biblioteca-nacional-con-instrucciones-para-cuidar-los-libros\\\/#breadcrumb\"},\"inLanguage\":\"es\",\"potentialAction\":[{\"@type\":\"ReadAction\",\"target\":[\"https:\\\/\\\/zapateneo.net\\\/wordpress\\\/index.php\\\/producto\\\/desventuras-de-un-cerdo-colosal-en-la-biblioteca-nacional-con-instrucciones-para-cuidar-los-libros\\\/\"]}]},{\"@type\":\"ImageObject\",\"inLanguage\":\"es\",\"@id\":\"https:\\\/\\\/zapateneo.net\\\/wordpress\\\/index.php\\\/producto\\\/desventuras-de-un-cerdo-colosal-en-la-biblioteca-nacional-con-instrucciones-para-cuidar-los-libros\\\/#primaryimage\",\"url\":\"https:\\\/\\\/zapateneo.net\\\/wordpress\\\/wp-content\\\/uploads\\\/2024\\\/12\\\/9788418821936.jpg\",\"contentUrl\":\"https:\\\/\\\/zapateneo.net\\\/wordpress\\\/wp-content\\\/uploads\\\/2024\\\/12\\\/9788418821936.jpg\",\"width\":200,\"height\":200},{\"@type\":\"BreadcrumbList\",\"@id\":\"https:\\\/\\\/zapateneo.net\\\/wordpress\\\/index.php\\\/producto\\\/desventuras-de-un-cerdo-colosal-en-la-biblioteca-nacional-con-instrucciones-para-cuidar-los-libros\\\/#breadcrumb\",\"itemListElement\":[{\"@type\":\"ListItem\",\"position\":1,\"name\":\"Portada\",\"item\":\"https:\\\/\\\/zapateneo.net\\\/wordpress\\\/\"},{\"@type\":\"ListItem\",\"position\":2,\"name\":\"Tienda\",\"item\":\"https:\\\/\\\/zapateneo.net\\\/wordpress\\\/\"},{\"@type\":\"ListItem\",\"position\":3,\"name\":\"Desventuras de un cerdo colosal en la Biblioteca Nacional (Con instrucciones para cuidar los libros)\"}]},{\"@type\":\"WebSite\",\"@id\":\"https:\\\/\\\/zapateneo.net\\\/wordpress\\\/#website\",\"url\":\"https:\\\/\\\/zapateneo.net\\\/wordpress\\\/\",\"name\":\"Zapateneo\",\"description\":\"Zapateneoaren webgunea\",\"publisher\":{\"@id\":\"https:\\\/\\\/zapateneo.net\\\/wordpress\\\/#organization\"},\"potentialAction\":[{\"@type\":\"SearchAction\",\"target\":{\"@type\":\"EntryPoint\",\"urlTemplate\":\"https:\\\/\\\/zapateneo.net\\\/wordpress\\\/?s={search_term_string}\"},\"query-input\":{\"@type\":\"PropertyValueSpecification\",\"valueRequired\":true,\"valueName\":\"search_term_string\"}}],\"inLanguage\":\"es\"},{\"@type\":\"Organization\",\"@id\":\"https:\\\/\\\/zapateneo.net\\\/wordpress\\\/#organization\",\"name\":\"Zapateneo Kultur Elkartea\",\"url\":\"https:\\\/\\\/zapateneo.net\\\/wordpress\\\/\",\"logo\":{\"@type\":\"ImageObject\",\"inLanguage\":\"es\",\"@id\":\"https:\\\/\\\/zapateneo.net\\\/wordpress\\\/#\\\/schema\\\/logo\\\/image\\\/\",\"url\":\"https:\\\/\\\/zapateneo.net\\\/wordpress\\\/wp-content\\\/uploads\\\/2021\\\/04\\\/zap-libu-kolec.jpg\",\"contentUrl\":\"https:\\\/\\\/zapateneo.net\\\/wordpress\\\/wp-content\\\/uploads\\\/2021\\\/04\\\/zap-libu-kolec.jpg\",\"width\":2234,\"height\":398,\"caption\":\"Zapateneo Kultur Elkartea\"},\"image\":{\"@id\":\"https:\\\/\\\/zapateneo.net\\\/wordpress\\\/#\\\/schema\\\/logo\\\/image\\\/\"},\"sameAs\":[\"https:\\\/\\\/x.com\\\/zapateneo\"]}]}<\/script>\n<!-- \/ Yoast SEO plugin. -->","yoast_head_json":{"title":"Desventuras de un cerdo colosal en la Biblioteca Nacional (Con instrucciones para cuidar los libros) &#8212; Zapateneo","robots":{"index":"index","follow":"follow","max-snippet":"max-snippet:-1","max-image-preview":"max-image-preview:large","max-video-preview":"max-video-preview:-1"},"canonical":"https:\/\/zapateneo.net\/wordpress\/index.php\/producto\/desventuras-de-un-cerdo-colosal-en-la-biblioteca-nacional-con-instrucciones-para-cuidar-los-libros\/","og_locale":"es_ES","og_type":"article","og_title":"Desventuras de un cerdo colosal en la Biblioteca Nacional (Con instrucciones para cuidar los libros) &#8212; Zapateneo","og_description":"Anna Font, Marta Azcona 9788418821936 - Takatuka - 2024 - 56 p\u00e1ginas \/orri.","og_url":"https:\/\/zapateneo.net\/wordpress\/index.php\/producto\/desventuras-de-un-cerdo-colosal-en-la-biblioteca-nacional-con-instrucciones-para-cuidar-los-libros\/","og_site_name":"Zapateneo","article_modified_time":"2024-12-30T15:59:14+00:00","twitter_card":"summary_large_image","twitter_site":"@zapateneo","schema":{"@context":"https:\/\/schema.org","@graph":[{"@type":"WebPage","@id":"https:\/\/zapateneo.net\/wordpress\/index.php\/producto\/desventuras-de-un-cerdo-colosal-en-la-biblioteca-nacional-con-instrucciones-para-cuidar-los-libros\/","url":"https:\/\/zapateneo.net\/wordpress\/index.php\/producto\/desventuras-de-un-cerdo-colosal-en-la-biblioteca-nacional-con-instrucciones-para-cuidar-los-libros\/","name":"Desventuras de un cerdo colosal en la Biblioteca Nacional (Con instrucciones para cuidar los libros) &#8212; Zapateneo","isPartOf":{"@id":"https:\/\/zapateneo.net\/wordpress\/#website"},"primaryImageOfPage":{"@id":"https:\/\/zapateneo.net\/wordpress\/index.php\/producto\/desventuras-de-un-cerdo-colosal-en-la-biblioteca-nacional-con-instrucciones-para-cuidar-los-libros\/#primaryimage"},"image":{"@id":"https:\/\/zapateneo.net\/wordpress\/index.php\/producto\/desventuras-de-un-cerdo-colosal-en-la-biblioteca-nacional-con-instrucciones-para-cuidar-los-libros\/#primaryimage"},"thumbnailUrl":"https:\/\/zapateneo.net\/wordpress\/wp-content\/uploads\/2024\/12\/9788418821936.jpg","datePublished":"2024-12-30T15:59:04+00:00","dateModified":"2024-12-30T15:59:14+00:00","breadcrumb":{"@id":"https:\/\/zapateneo.net\/wordpress\/index.php\/producto\/desventuras-de-un-cerdo-colosal-en-la-biblioteca-nacional-con-instrucciones-para-cuidar-los-libros\/#breadcrumb"},"inLanguage":"es","potentialAction":[{"@type":"ReadAction","target":["https:\/\/zapateneo.net\/wordpress\/index.php\/producto\/desventuras-de-un-cerdo-colosal-en-la-biblioteca-nacional-con-instrucciones-para-cuidar-los-libros\/"]}]},{"@type":"ImageObject","inLanguage":"es","@id":"https:\/\/zapateneo.net\/wordpress\/index.php\/producto\/desventuras-de-un-cerdo-colosal-en-la-biblioteca-nacional-con-instrucciones-para-cuidar-los-libros\/#primaryimage","url":"https:\/\/zapateneo.net\/wordpress\/wp-content\/uploads\/2024\/12\/9788418821936.jpg","contentUrl":"https:\/\/zapateneo.net\/wordpress\/wp-content\/uploads\/2024\/12\/9788418821936.jpg","width":200,"height":200},{"@type":"BreadcrumbList","@id":"https:\/\/zapateneo.net\/wordpress\/index.php\/producto\/desventuras-de-un-cerdo-colosal-en-la-biblioteca-nacional-con-instrucciones-para-cuidar-los-libros\/#breadcrumb","itemListElement":[{"@type":"ListItem","position":1,"name":"Portada","item":"https:\/\/zapateneo.net\/wordpress\/"},{"@type":"ListItem","position":2,"name":"Tienda","item":"https:\/\/zapateneo.net\/wordpress\/"},{"@type":"ListItem","position":3,"name":"Desventuras de un cerdo colosal en la Biblioteca Nacional (Con instrucciones para cuidar los libros)"}]},{"@type":"WebSite","@id":"https:\/\/zapateneo.net\/wordpress\/#website","url":"https:\/\/zapateneo.net\/wordpress\/","name":"Zapateneo","description":"Zapateneoaren webgunea","publisher":{"@id":"https:\/\/zapateneo.net\/wordpress\/#organization"},"potentialAction":[{"@type":"SearchAction","target":{"@type":"EntryPoint","urlTemplate":"https:\/\/zapateneo.net\/wordpress\/?s={search_term_string}"},"query-input":{"@type":"PropertyValueSpecification","valueRequired":true,"valueName":"search_term_string"}}],"inLanguage":"es"},{"@type":"Organization","@id":"https:\/\/zapateneo.net\/wordpress\/#organization","name":"Zapateneo Kultur Elkartea","url":"https:\/\/zapateneo.net\/wordpress\/","logo":{"@type":"ImageObject","inLanguage":"es","@id":"https:\/\/zapateneo.net\/wordpress\/#\/schema\/logo\/image\/","url":"https:\/\/zapateneo.net\/wordpress\/wp-content\/uploads\/2021\/04\/zap-libu-kolec.jpg","contentUrl":"https:\/\/zapateneo.net\/wordpress\/wp-content\/uploads\/2021\/04\/zap-libu-kolec.jpg","width":2234,"height":398,"caption":"Zapateneo Kultur Elkartea"},"image":{"@id":"https:\/\/zapateneo.net\/wordpress\/#\/schema\/logo\/image\/"},"sameAs":["https:\/\/x.com\/zapateneo"]}]}},"_links":{"self":[{"href":"https:\/\/zapateneo.net\/wordpress\/index.php\/wp-json\/wp\/v2\/product\/15585","targetHints":{"allow":["GET"]}}],"collection":[{"href":"https:\/\/zapateneo.net\/wordpress\/index.php\/wp-json\/wp\/v2\/product"}],"about":[{"href":"https:\/\/zapateneo.net\/wordpress\/index.php\/wp-json\/wp\/v2\/types\/product"}],"wp:featuredmedia":[{"embeddable":true,"href":"https:\/\/zapateneo.net\/wordpress\/index.php\/wp-json\/wp\/v2\/media\/15610"}],"wp:attachment":[{"href":"https:\/\/zapateneo.net\/wordpress\/index.php\/wp-json\/wp\/v2\/media?parent=15585"}],"wp:term":[{"taxonomy":"product_brand","embeddable":true,"href":"https:\/\/zapateneo.net\/wordpress\/index.php\/wp-json\/wp\/v2\/product_brand?post=15585"},{"taxonomy":"product_cat","embeddable":true,"href":"https:\/\/zapateneo.net\/wordpress\/index.php\/wp-json\/wp\/v2\/product_cat?post=15585"},{"taxonomy":"product_tag","embeddable":true,"href":"https:\/\/zapateneo.net\/wordpress\/index.php\/wp-json\/wp\/v2\/product_tag?post=15585"}],"curies":[{"name":"wp","href":"https:\/\/api.w.org\/{rel}","templated":true}]}}