{"id":15570,"date":"2024-12-30T16:59:02","date_gmt":"2024-12-30T15:59:02","guid":{"rendered":"https:\/\/zapateneo.net\/wordpress\/?post_type=product&#038;p=15570"},"modified":"2024-12-30T16:59:08","modified_gmt":"2024-12-30T15:59:08","slug":"pescar-el-salmon-bulos-narrativas-y-poder-en-la-prensa-economica","status":"publish","type":"product","link":"https:\/\/zapateneo.net\/wordpress\/index.php\/producto\/pescar-el-salmon-bulos-narrativas-y-poder-en-la-prensa-economica\/","title":{"rendered":"Pescar El Salmon Bulos, Narrativas Y Poder En La Prensa Econ\u00f3mica"},"content":{"rendered":"<p>El pensamiento econ\u00f3mico dominante, el capitalismo liberal y sus vertientes, se entiende como una ciencia exacta libre de ideolog\u00eda y pol\u00edtica. El lenguaje econ\u00f3mico se ha utilizado para crear una barrera entre aquellos que la dominan y el resto de la poblaci\u00f3n. Se ha introducido en el imaginario social la idea de que la econom\u00eda es neutra y, por lo tanto, la prensa econ\u00f3mica dominante que la transmite se ha entendido tambi\u00e9n como una prensa neutra. Hoy en d\u00eda est\u00e1 bastante claro que toda la prensa econ\u00f3mica tiene el mismo corte liberal, pero los postulados econ\u00f3micos que defienden se siguen viendo e interpretando como si de leyes f\u00edsicas se trataran. Dicha prensa, y esa \u00e1urea de ley f\u00edsica que le rodea, est\u00e1 controlada por los grandes poderes econ\u00f3micos y la usan como una herramienta del poder dominante para generar opini\u00f3n, consenso y pensamiento alineado con los intereses de esos mismos poderes.&nbsp;El libro pretende derribar esas barreras del lenguaje y desmontar las narrativas creadas y las estrategias de manipulaci\u00f3n de la opini\u00f3n p\u00fablica con la intenci\u00f3n de que la ciudadan\u00eda pueda enfrentarse a la prensa econ\u00f3mica. \u00c1lvarez repasa las principales estrategias de manipulaci\u00f3n de los peri\u00f3dicos especializados mediante el uso del lenguaje econ\u00f3mico, las distintas formas que tienen las empresas para influir sobre sus l\u00edneas editoriales y las consecuencias de todo ello.<\/p>\n","protected":false},"excerpt":{"rendered":"<p><strong>Yago Alvarez Barba<\/strong><br \/>\n9788412708561 &#8211; Capit\u00e1n Swing &#8211; 2024 &#8211; 184 p\u00e1ginas \/orri.<\/p>\n","protected":false},"featured_media":15595,"template":"","meta":[],"product_brand":[],"product_cat":[184,16],"product_tag":[102,6995],"class_list":{"0":"post-15570","1":"product","2":"type-product","3":"status-publish","4":"has-post-thumbnail","6":"product_cat-komunikazioa-comunicacion","7":"product_cat-libros","8":"product_tag-capitan-swing","9":"product_tag-yago-alvarez-barba","11":"first","12":"instock","13":"sold-individually","14":"shipping-taxable","15":"purchasable","16":"product-type-simple"},"yoast_head":"<!-- This site is optimized with the Yoast SEO plugin v27.3 - https:\/\/yoast.com\/product\/yoast-seo-wordpress\/ -->\n<title>Pescar El Salmon Bulos, Narrativas Y Poder En La Prensa Econ\u00f3mica &#8212; Zapateneo<\/title>\n<meta name=\"robots\" content=\"index, follow, max-snippet:-1, max-image-preview:large, max-video-preview:-1\" \/>\n<link rel=\"canonical\" href=\"https:\/\/zapateneo.net\/wordpress\/index.php\/producto\/pescar-el-salmon-bulos-narrativas-y-poder-en-la-prensa-economica\/\" \/>\n<meta property=\"og:locale\" content=\"es_ES\" \/>\n<meta property=\"og:type\" content=\"article\" \/>\n<meta property=\"og:title\" content=\"Pescar El Salmon Bulos, Narrativas Y Poder En La Prensa Econ\u00f3mica &#8212; Zapateneo\" \/>\n<meta property=\"og:description\" content=\"Yago Alvarez Barba 9788412708561 - Capit\u00e1n Swing - 2024 - 184 p\u00e1ginas \/orri.\" \/>\n<meta property=\"og:url\" content=\"https:\/\/zapateneo.net\/wordpress\/index.php\/producto\/pescar-el-salmon-bulos-narrativas-y-poder-en-la-prensa-economica\/\" \/>\n<meta property=\"og:site_name\" content=\"Zapateneo\" \/>\n<meta property=\"article:modified_time\" content=\"2024-12-30T15:59:08+00:00\" \/>\n<meta name=\"twitter:card\" content=\"summary_large_image\" \/>\n<meta name=\"twitter:site\" content=\"@zapateneo\" \/>\n<meta name=\"twitter:label1\" content=\"Tiempo de lectura\" \/>\n\t<meta name=\"twitter:data1\" content=\"1 minuto\" \/>\n<script type=\"application\/ld+json\" class=\"yoast-schema-graph\">{\"@context\":\"https:\\\/\\\/schema.org\",\"@graph\":[{\"@type\":\"WebPage\",\"@id\":\"https:\\\/\\\/zapateneo.net\\\/wordpress\\\/index.php\\\/producto\\\/pescar-el-salmon-bulos-narrativas-y-poder-en-la-prensa-economica\\\/\",\"url\":\"https:\\\/\\\/zapateneo.net\\\/wordpress\\\/index.php\\\/producto\\\/pescar-el-salmon-bulos-narrativas-y-poder-en-la-prensa-economica\\\/\",\"name\":\"Pescar El Salmon Bulos, Narrativas Y Poder En La Prensa Econ\u00f3mica &#8212; Zapateneo\",\"isPartOf\":{\"@id\":\"https:\\\/\\\/zapateneo.net\\\/wordpress\\\/#website\"},\"primaryImageOfPage\":{\"@id\":\"https:\\\/\\\/zapateneo.net\\\/wordpress\\\/index.php\\\/producto\\\/pescar-el-salmon-bulos-narrativas-y-poder-en-la-prensa-economica\\\/#primaryimage\"},\"image\":{\"@id\":\"https:\\\/\\\/zapateneo.net\\\/wordpress\\\/index.php\\\/producto\\\/pescar-el-salmon-bulos-narrativas-y-poder-en-la-prensa-economica\\\/#primaryimage\"},\"thumbnailUrl\":\"https:\\\/\\\/zapateneo.net\\\/wordpress\\\/wp-content\\\/uploads\\\/2024\\\/12\\\/9788412708561.jpg\",\"datePublished\":\"2024-12-30T15:59:02+00:00\",\"dateModified\":\"2024-12-30T15:59:08+00:00\",\"breadcrumb\":{\"@id\":\"https:\\\/\\\/zapateneo.net\\\/wordpress\\\/index.php\\\/producto\\\/pescar-el-salmon-bulos-narrativas-y-poder-en-la-prensa-economica\\\/#breadcrumb\"},\"inLanguage\":\"es\",\"potentialAction\":[{\"@type\":\"ReadAction\",\"target\":[\"https:\\\/\\\/zapateneo.net\\\/wordpress\\\/index.php\\\/producto\\\/pescar-el-salmon-bulos-narrativas-y-poder-en-la-prensa-economica\\\/\"]}]},{\"@type\":\"ImageObject\",\"inLanguage\":\"es\",\"@id\":\"https:\\\/\\\/zapateneo.net\\\/wordpress\\\/index.php\\\/producto\\\/pescar-el-salmon-bulos-narrativas-y-poder-en-la-prensa-economica\\\/#primaryimage\",\"url\":\"https:\\\/\\\/zapateneo.net\\\/wordpress\\\/wp-content\\\/uploads\\\/2024\\\/12\\\/9788412708561.jpg\",\"contentUrl\":\"https:\\\/\\\/zapateneo.net\\\/wordpress\\\/wp-content\\\/uploads\\\/2024\\\/12\\\/9788412708561.jpg\",\"width\":200,\"height\":200},{\"@type\":\"BreadcrumbList\",\"@id\":\"https:\\\/\\\/zapateneo.net\\\/wordpress\\\/index.php\\\/producto\\\/pescar-el-salmon-bulos-narrativas-y-poder-en-la-prensa-economica\\\/#breadcrumb\",\"itemListElement\":[{\"@type\":\"ListItem\",\"position\":1,\"name\":\"Portada\",\"item\":\"https:\\\/\\\/zapateneo.net\\\/wordpress\\\/\"},{\"@type\":\"ListItem\",\"position\":2,\"name\":\"Tienda\",\"item\":\"https:\\\/\\\/zapateneo.net\\\/wordpress\\\/\"},{\"@type\":\"ListItem\",\"position\":3,\"name\":\"Pescar El Salmon Bulos, Narrativas Y Poder En La Prensa Econ\u00f3mica\"}]},{\"@type\":\"WebSite\",\"@id\":\"https:\\\/\\\/zapateneo.net\\\/wordpress\\\/#website\",\"url\":\"https:\\\/\\\/zapateneo.net\\\/wordpress\\\/\",\"name\":\"Zapateneo\",\"description\":\"Zapateneoaren webgunea\",\"publisher\":{\"@id\":\"https:\\\/\\\/zapateneo.net\\\/wordpress\\\/#organization\"},\"potentialAction\":[{\"@type\":\"SearchAction\",\"target\":{\"@type\":\"EntryPoint\",\"urlTemplate\":\"https:\\\/\\\/zapateneo.net\\\/wordpress\\\/?s={search_term_string}\"},\"query-input\":{\"@type\":\"PropertyValueSpecification\",\"valueRequired\":true,\"valueName\":\"search_term_string\"}}],\"inLanguage\":\"es\"},{\"@type\":\"Organization\",\"@id\":\"https:\\\/\\\/zapateneo.net\\\/wordpress\\\/#organization\",\"name\":\"Zapateneo Kultur Elkartea\",\"url\":\"https:\\\/\\\/zapateneo.net\\\/wordpress\\\/\",\"logo\":{\"@type\":\"ImageObject\",\"inLanguage\":\"es\",\"@id\":\"https:\\\/\\\/zapateneo.net\\\/wordpress\\\/#\\\/schema\\\/logo\\\/image\\\/\",\"url\":\"https:\\\/\\\/zapateneo.net\\\/wordpress\\\/wp-content\\\/uploads\\\/2021\\\/04\\\/zap-libu-kolec.jpg\",\"contentUrl\":\"https:\\\/\\\/zapateneo.net\\\/wordpress\\\/wp-content\\\/uploads\\\/2021\\\/04\\\/zap-libu-kolec.jpg\",\"width\":2234,\"height\":398,\"caption\":\"Zapateneo Kultur Elkartea\"},\"image\":{\"@id\":\"https:\\\/\\\/zapateneo.net\\\/wordpress\\\/#\\\/schema\\\/logo\\\/image\\\/\"},\"sameAs\":[\"https:\\\/\\\/x.com\\\/zapateneo\"]}]}<\/script>\n<!-- \/ Yoast SEO plugin. -->","yoast_head_json":{"title":"Pescar El Salmon Bulos, Narrativas Y Poder En La Prensa Econ\u00f3mica &#8212; Zapateneo","robots":{"index":"index","follow":"follow","max-snippet":"max-snippet:-1","max-image-preview":"max-image-preview:large","max-video-preview":"max-video-preview:-1"},"canonical":"https:\/\/zapateneo.net\/wordpress\/index.php\/producto\/pescar-el-salmon-bulos-narrativas-y-poder-en-la-prensa-economica\/","og_locale":"es_ES","og_type":"article","og_title":"Pescar El Salmon Bulos, Narrativas Y Poder En La Prensa Econ\u00f3mica &#8212; Zapateneo","og_description":"Yago Alvarez Barba 9788412708561 - Capit\u00e1n Swing - 2024 - 184 p\u00e1ginas \/orri.","og_url":"https:\/\/zapateneo.net\/wordpress\/index.php\/producto\/pescar-el-salmon-bulos-narrativas-y-poder-en-la-prensa-economica\/","og_site_name":"Zapateneo","article_modified_time":"2024-12-30T15:59:08+00:00","twitter_card":"summary_large_image","twitter_site":"@zapateneo","twitter_misc":{"Tiempo de lectura":"1 minuto"},"schema":{"@context":"https:\/\/schema.org","@graph":[{"@type":"WebPage","@id":"https:\/\/zapateneo.net\/wordpress\/index.php\/producto\/pescar-el-salmon-bulos-narrativas-y-poder-en-la-prensa-economica\/","url":"https:\/\/zapateneo.net\/wordpress\/index.php\/producto\/pescar-el-salmon-bulos-narrativas-y-poder-en-la-prensa-economica\/","name":"Pescar El Salmon Bulos, Narrativas Y Poder En La Prensa Econ\u00f3mica &#8212; Zapateneo","isPartOf":{"@id":"https:\/\/zapateneo.net\/wordpress\/#website"},"primaryImageOfPage":{"@id":"https:\/\/zapateneo.net\/wordpress\/index.php\/producto\/pescar-el-salmon-bulos-narrativas-y-poder-en-la-prensa-economica\/#primaryimage"},"image":{"@id":"https:\/\/zapateneo.net\/wordpress\/index.php\/producto\/pescar-el-salmon-bulos-narrativas-y-poder-en-la-prensa-economica\/#primaryimage"},"thumbnailUrl":"https:\/\/zapateneo.net\/wordpress\/wp-content\/uploads\/2024\/12\/9788412708561.jpg","datePublished":"2024-12-30T15:59:02+00:00","dateModified":"2024-12-30T15:59:08+00:00","breadcrumb":{"@id":"https:\/\/zapateneo.net\/wordpress\/index.php\/producto\/pescar-el-salmon-bulos-narrativas-y-poder-en-la-prensa-economica\/#breadcrumb"},"inLanguage":"es","potentialAction":[{"@type":"ReadAction","target":["https:\/\/zapateneo.net\/wordpress\/index.php\/producto\/pescar-el-salmon-bulos-narrativas-y-poder-en-la-prensa-economica\/"]}]},{"@type":"ImageObject","inLanguage":"es","@id":"https:\/\/zapateneo.net\/wordpress\/index.php\/producto\/pescar-el-salmon-bulos-narrativas-y-poder-en-la-prensa-economica\/#primaryimage","url":"https:\/\/zapateneo.net\/wordpress\/wp-content\/uploads\/2024\/12\/9788412708561.jpg","contentUrl":"https:\/\/zapateneo.net\/wordpress\/wp-content\/uploads\/2024\/12\/9788412708561.jpg","width":200,"height":200},{"@type":"BreadcrumbList","@id":"https:\/\/zapateneo.net\/wordpress\/index.php\/producto\/pescar-el-salmon-bulos-narrativas-y-poder-en-la-prensa-economica\/#breadcrumb","itemListElement":[{"@type":"ListItem","position":1,"name":"Portada","item":"https:\/\/zapateneo.net\/wordpress\/"},{"@type":"ListItem","position":2,"name":"Tienda","item":"https:\/\/zapateneo.net\/wordpress\/"},{"@type":"ListItem","position":3,"name":"Pescar El Salmon Bulos, Narrativas Y Poder En La Prensa Econ\u00f3mica"}]},{"@type":"WebSite","@id":"https:\/\/zapateneo.net\/wordpress\/#website","url":"https:\/\/zapateneo.net\/wordpress\/","name":"Zapateneo","description":"Zapateneoaren webgunea","publisher":{"@id":"https:\/\/zapateneo.net\/wordpress\/#organization"},"potentialAction":[{"@type":"SearchAction","target":{"@type":"EntryPoint","urlTemplate":"https:\/\/zapateneo.net\/wordpress\/?s={search_term_string}"},"query-input":{"@type":"PropertyValueSpecification","valueRequired":true,"valueName":"search_term_string"}}],"inLanguage":"es"},{"@type":"Organization","@id":"https:\/\/zapateneo.net\/wordpress\/#organization","name":"Zapateneo Kultur Elkartea","url":"https:\/\/zapateneo.net\/wordpress\/","logo":{"@type":"ImageObject","inLanguage":"es","@id":"https:\/\/zapateneo.net\/wordpress\/#\/schema\/logo\/image\/","url":"https:\/\/zapateneo.net\/wordpress\/wp-content\/uploads\/2021\/04\/zap-libu-kolec.jpg","contentUrl":"https:\/\/zapateneo.net\/wordpress\/wp-content\/uploads\/2021\/04\/zap-libu-kolec.jpg","width":2234,"height":398,"caption":"Zapateneo Kultur Elkartea"},"image":{"@id":"https:\/\/zapateneo.net\/wordpress\/#\/schema\/logo\/image\/"},"sameAs":["https:\/\/x.com\/zapateneo"]}]}},"_links":{"self":[{"href":"https:\/\/zapateneo.net\/wordpress\/index.php\/wp-json\/wp\/v2\/product\/15570","targetHints":{"allow":["GET"]}}],"collection":[{"href":"https:\/\/zapateneo.net\/wordpress\/index.php\/wp-json\/wp\/v2\/product"}],"about":[{"href":"https:\/\/zapateneo.net\/wordpress\/index.php\/wp-json\/wp\/v2\/types\/product"}],"wp:featuredmedia":[{"embeddable":true,"href":"https:\/\/zapateneo.net\/wordpress\/index.php\/wp-json\/wp\/v2\/media\/15595"}],"wp:attachment":[{"href":"https:\/\/zapateneo.net\/wordpress\/index.php\/wp-json\/wp\/v2\/media?parent=15570"}],"wp:term":[{"taxonomy":"product_brand","embeddable":true,"href":"https:\/\/zapateneo.net\/wordpress\/index.php\/wp-json\/wp\/v2\/product_brand?post=15570"},{"taxonomy":"product_cat","embeddable":true,"href":"https:\/\/zapateneo.net\/wordpress\/index.php\/wp-json\/wp\/v2\/product_cat?post=15570"},{"taxonomy":"product_tag","embeddable":true,"href":"https:\/\/zapateneo.net\/wordpress\/index.php\/wp-json\/wp\/v2\/product_tag?post=15570"}],"curies":[{"name":"wp","href":"https:\/\/api.w.org\/{rel}","templated":true}]}}