{"id":15515,"date":"2024-12-29T18:37:57","date_gmt":"2024-12-29T17:37:57","guid":{"rendered":"https:\/\/zapateneo.net\/wordpress\/?post_type=product&#038;p=15515"},"modified":"2024-12-29T18:38:03","modified_gmt":"2024-12-29T17:38:03","slug":"romper-cosas-en-el-trabajo-los-luditas-saben-por-que-odias-tu-empleo","status":"publish","type":"product","link":"https:\/\/zapateneo.net\/wordpress\/index.php\/producto\/romper-cosas-en-el-trabajo-los-luditas-saben-por-que-odias-tu-empleo\/","title":{"rendered":"ROMPER COSAS EN EL TRABAJO Los luditas saben por qu\u00e9 odias tu empleo"},"content":{"rendered":"<p>En el siglo XIX, los trabajadores textiles ingleses respondieron a la introducci\u00f3n de nuevas tecnolog\u00edas en la f\u00e1brica haci\u00e9ndolas pedazos. Este activismo convergi\u00f3 en torno a un misterioso personaje denominado el rey Ludd. El movimiento ludita ha sido ridiculizado por los estudiosos como un esfuerzo retr\u00f3grado y, en \u00faltima instancia, ineficaz para detener el avance tecnol\u00f3gico. Sin embargo, para Gavin Mueller el movimiento llega al coraz\u00f3n de la alienaci\u00f3n en las relaciones laborales y las supuestas ganancias en ocio y prosperidad que prometen las nuevas tecnolog\u00edas. Los luditas no eran primitivos y siguen siendo una fuerza formidable, aunque sea inconscientemente, en los centros de trabajo del mundo en el siglo XXI.<br \/>\nRomper cosas en el trabajo es un innovador replanteamiento de la organizaci\u00f3n del trabajo a trav\u00e9s de las m\u00e1quinas, que salta de las f\u00e1bricas textiles a los algoritmos, de la \u00abadministraci\u00f3n cient\u00edfica\u00bb en las plantas del magnate Henry Ford a los trabajadores de Amazon que evaden la vigilancia con ingeniosas ma\u00f1as. Mueller argumenta que la estabilidad y el empoderamiento futuros de la clase trabajadora depender\u00e1n de la subversi\u00f3n de los fines de estas tecnolog\u00edas.<br \/>\nLa tarea es intimidante, pero las semillas de esta resistencia ya est\u00e1n presentes en los esfuerzos neoluditas de hackers, piratas y usuarios de la dark web, as\u00ed como de numerosos movimientos de base.<\/p>\n","protected":false},"excerpt":{"rendered":"<p><strong>Gavin Mueller<\/strong><br \/>\n9788418403842 &#8211; Melusina &#8211; 2024 &#8211; 176 p\u00e1ginas \/orri.<\/p>\n","protected":false},"featured_media":15541,"template":"","meta":[],"product_brand":[],"product_cat":[178,16],"product_tag":[6966,83],"class_list":{"0":"post-15515","1":"product","2":"type-product","3":"status-publish","4":"has-post-thumbnail","6":"product_cat-ekonomia-economia","7":"product_cat-libros","8":"product_tag-gavin-mueller","9":"product_tag-melusina","11":"first","12":"instock","13":"sold-individually","14":"shipping-taxable","15":"purchasable","16":"product-type-simple"},"yoast_head":"<!-- This site is optimized with the Yoast SEO plugin v27.3 - https:\/\/yoast.com\/product\/yoast-seo-wordpress\/ -->\n<title>ROMPER COSAS EN EL TRABAJO Los luditas saben por qu\u00e9 odias tu empleo &#8212; Zapateneo<\/title>\n<meta name=\"robots\" content=\"index, follow, max-snippet:-1, max-image-preview:large, max-video-preview:-1\" \/>\n<link rel=\"canonical\" href=\"https:\/\/zapateneo.net\/wordpress\/index.php\/producto\/romper-cosas-en-el-trabajo-los-luditas-saben-por-que-odias-tu-empleo\/\" \/>\n<meta property=\"og:locale\" content=\"es_ES\" \/>\n<meta property=\"og:type\" content=\"article\" \/>\n<meta property=\"og:title\" content=\"ROMPER COSAS EN EL TRABAJO Los luditas saben por qu\u00e9 odias tu empleo &#8212; Zapateneo\" \/>\n<meta property=\"og:description\" content=\"Gavin Mueller 9788418403842 - Melusina - 2024 - 176 p\u00e1ginas \/orri.\" \/>\n<meta property=\"og:url\" content=\"https:\/\/zapateneo.net\/wordpress\/index.php\/producto\/romper-cosas-en-el-trabajo-los-luditas-saben-por-que-odias-tu-empleo\/\" \/>\n<meta property=\"og:site_name\" content=\"Zapateneo\" \/>\n<meta property=\"article:modified_time\" content=\"2024-12-29T17:38:03+00:00\" \/>\n<meta name=\"twitter:card\" content=\"summary_large_image\" \/>\n<meta name=\"twitter:site\" content=\"@zapateneo\" \/>\n<meta name=\"twitter:label1\" content=\"Tiempo de lectura\" \/>\n\t<meta name=\"twitter:data1\" content=\"1 minuto\" \/>\n<script type=\"application\/ld+json\" class=\"yoast-schema-graph\">{\"@context\":\"https:\\\/\\\/schema.org\",\"@graph\":[{\"@type\":\"WebPage\",\"@id\":\"https:\\\/\\\/zapateneo.net\\\/wordpress\\\/index.php\\\/producto\\\/romper-cosas-en-el-trabajo-los-luditas-saben-por-que-odias-tu-empleo\\\/\",\"url\":\"https:\\\/\\\/zapateneo.net\\\/wordpress\\\/index.php\\\/producto\\\/romper-cosas-en-el-trabajo-los-luditas-saben-por-que-odias-tu-empleo\\\/\",\"name\":\"ROMPER COSAS EN EL TRABAJO Los luditas saben por qu\u00e9 odias tu empleo &#8212; Zapateneo\",\"isPartOf\":{\"@id\":\"https:\\\/\\\/zapateneo.net\\\/wordpress\\\/#website\"},\"primaryImageOfPage\":{\"@id\":\"https:\\\/\\\/zapateneo.net\\\/wordpress\\\/index.php\\\/producto\\\/romper-cosas-en-el-trabajo-los-luditas-saben-por-que-odias-tu-empleo\\\/#primaryimage\"},\"image\":{\"@id\":\"https:\\\/\\\/zapateneo.net\\\/wordpress\\\/index.php\\\/producto\\\/romper-cosas-en-el-trabajo-los-luditas-saben-por-que-odias-tu-empleo\\\/#primaryimage\"},\"thumbnailUrl\":\"https:\\\/\\\/zapateneo.net\\\/wordpress\\\/wp-content\\\/uploads\\\/2024\\\/12\\\/9788418403842.jpg\",\"datePublished\":\"2024-12-29T17:37:57+00:00\",\"dateModified\":\"2024-12-29T17:38:03+00:00\",\"breadcrumb\":{\"@id\":\"https:\\\/\\\/zapateneo.net\\\/wordpress\\\/index.php\\\/producto\\\/romper-cosas-en-el-trabajo-los-luditas-saben-por-que-odias-tu-empleo\\\/#breadcrumb\"},\"inLanguage\":\"es\",\"potentialAction\":[{\"@type\":\"ReadAction\",\"target\":[\"https:\\\/\\\/zapateneo.net\\\/wordpress\\\/index.php\\\/producto\\\/romper-cosas-en-el-trabajo-los-luditas-saben-por-que-odias-tu-empleo\\\/\"]}]},{\"@type\":\"ImageObject\",\"inLanguage\":\"es\",\"@id\":\"https:\\\/\\\/zapateneo.net\\\/wordpress\\\/index.php\\\/producto\\\/romper-cosas-en-el-trabajo-los-luditas-saben-por-que-odias-tu-empleo\\\/#primaryimage\",\"url\":\"https:\\\/\\\/zapateneo.net\\\/wordpress\\\/wp-content\\\/uploads\\\/2024\\\/12\\\/9788418403842.jpg\",\"contentUrl\":\"https:\\\/\\\/zapateneo.net\\\/wordpress\\\/wp-content\\\/uploads\\\/2024\\\/12\\\/9788418403842.jpg\",\"width\":266,\"height\":400},{\"@type\":\"BreadcrumbList\",\"@id\":\"https:\\\/\\\/zapateneo.net\\\/wordpress\\\/index.php\\\/producto\\\/romper-cosas-en-el-trabajo-los-luditas-saben-por-que-odias-tu-empleo\\\/#breadcrumb\",\"itemListElement\":[{\"@type\":\"ListItem\",\"position\":1,\"name\":\"Portada\",\"item\":\"https:\\\/\\\/zapateneo.net\\\/wordpress\\\/\"},{\"@type\":\"ListItem\",\"position\":2,\"name\":\"Tienda\",\"item\":\"https:\\\/\\\/zapateneo.net\\\/wordpress\\\/\"},{\"@type\":\"ListItem\",\"position\":3,\"name\":\"ROMPER COSAS EN EL TRABAJO Los luditas saben por qu\u00e9 odias tu empleo\"}]},{\"@type\":\"WebSite\",\"@id\":\"https:\\\/\\\/zapateneo.net\\\/wordpress\\\/#website\",\"url\":\"https:\\\/\\\/zapateneo.net\\\/wordpress\\\/\",\"name\":\"Zapateneo\",\"description\":\"Zapateneoaren webgunea\",\"publisher\":{\"@id\":\"https:\\\/\\\/zapateneo.net\\\/wordpress\\\/#organization\"},\"potentialAction\":[{\"@type\":\"SearchAction\",\"target\":{\"@type\":\"EntryPoint\",\"urlTemplate\":\"https:\\\/\\\/zapateneo.net\\\/wordpress\\\/?s={search_term_string}\"},\"query-input\":{\"@type\":\"PropertyValueSpecification\",\"valueRequired\":true,\"valueName\":\"search_term_string\"}}],\"inLanguage\":\"es\"},{\"@type\":\"Organization\",\"@id\":\"https:\\\/\\\/zapateneo.net\\\/wordpress\\\/#organization\",\"name\":\"Zapateneo Kultur Elkartea\",\"url\":\"https:\\\/\\\/zapateneo.net\\\/wordpress\\\/\",\"logo\":{\"@type\":\"ImageObject\",\"inLanguage\":\"es\",\"@id\":\"https:\\\/\\\/zapateneo.net\\\/wordpress\\\/#\\\/schema\\\/logo\\\/image\\\/\",\"url\":\"https:\\\/\\\/zapateneo.net\\\/wordpress\\\/wp-content\\\/uploads\\\/2021\\\/04\\\/zap-libu-kolec.jpg\",\"contentUrl\":\"https:\\\/\\\/zapateneo.net\\\/wordpress\\\/wp-content\\\/uploads\\\/2021\\\/04\\\/zap-libu-kolec.jpg\",\"width\":2234,\"height\":398,\"caption\":\"Zapateneo Kultur Elkartea\"},\"image\":{\"@id\":\"https:\\\/\\\/zapateneo.net\\\/wordpress\\\/#\\\/schema\\\/logo\\\/image\\\/\"},\"sameAs\":[\"https:\\\/\\\/x.com\\\/zapateneo\"]}]}<\/script>\n<!-- \/ Yoast SEO plugin. -->","yoast_head_json":{"title":"ROMPER COSAS EN EL TRABAJO Los luditas saben por qu\u00e9 odias tu empleo &#8212; Zapateneo","robots":{"index":"index","follow":"follow","max-snippet":"max-snippet:-1","max-image-preview":"max-image-preview:large","max-video-preview":"max-video-preview:-1"},"canonical":"https:\/\/zapateneo.net\/wordpress\/index.php\/producto\/romper-cosas-en-el-trabajo-los-luditas-saben-por-que-odias-tu-empleo\/","og_locale":"es_ES","og_type":"article","og_title":"ROMPER COSAS EN EL TRABAJO Los luditas saben por qu\u00e9 odias tu empleo &#8212; Zapateneo","og_description":"Gavin Mueller 9788418403842 - Melusina - 2024 - 176 p\u00e1ginas \/orri.","og_url":"https:\/\/zapateneo.net\/wordpress\/index.php\/producto\/romper-cosas-en-el-trabajo-los-luditas-saben-por-que-odias-tu-empleo\/","og_site_name":"Zapateneo","article_modified_time":"2024-12-29T17:38:03+00:00","twitter_card":"summary_large_image","twitter_site":"@zapateneo","twitter_misc":{"Tiempo de lectura":"1 minuto"},"schema":{"@context":"https:\/\/schema.org","@graph":[{"@type":"WebPage","@id":"https:\/\/zapateneo.net\/wordpress\/index.php\/producto\/romper-cosas-en-el-trabajo-los-luditas-saben-por-que-odias-tu-empleo\/","url":"https:\/\/zapateneo.net\/wordpress\/index.php\/producto\/romper-cosas-en-el-trabajo-los-luditas-saben-por-que-odias-tu-empleo\/","name":"ROMPER COSAS EN EL TRABAJO Los luditas saben por qu\u00e9 odias tu empleo &#8212; Zapateneo","isPartOf":{"@id":"https:\/\/zapateneo.net\/wordpress\/#website"},"primaryImageOfPage":{"@id":"https:\/\/zapateneo.net\/wordpress\/index.php\/producto\/romper-cosas-en-el-trabajo-los-luditas-saben-por-que-odias-tu-empleo\/#primaryimage"},"image":{"@id":"https:\/\/zapateneo.net\/wordpress\/index.php\/producto\/romper-cosas-en-el-trabajo-los-luditas-saben-por-que-odias-tu-empleo\/#primaryimage"},"thumbnailUrl":"https:\/\/zapateneo.net\/wordpress\/wp-content\/uploads\/2024\/12\/9788418403842.jpg","datePublished":"2024-12-29T17:37:57+00:00","dateModified":"2024-12-29T17:38:03+00:00","breadcrumb":{"@id":"https:\/\/zapateneo.net\/wordpress\/index.php\/producto\/romper-cosas-en-el-trabajo-los-luditas-saben-por-que-odias-tu-empleo\/#breadcrumb"},"inLanguage":"es","potentialAction":[{"@type":"ReadAction","target":["https:\/\/zapateneo.net\/wordpress\/index.php\/producto\/romper-cosas-en-el-trabajo-los-luditas-saben-por-que-odias-tu-empleo\/"]}]},{"@type":"ImageObject","inLanguage":"es","@id":"https:\/\/zapateneo.net\/wordpress\/index.php\/producto\/romper-cosas-en-el-trabajo-los-luditas-saben-por-que-odias-tu-empleo\/#primaryimage","url":"https:\/\/zapateneo.net\/wordpress\/wp-content\/uploads\/2024\/12\/9788418403842.jpg","contentUrl":"https:\/\/zapateneo.net\/wordpress\/wp-content\/uploads\/2024\/12\/9788418403842.jpg","width":266,"height":400},{"@type":"BreadcrumbList","@id":"https:\/\/zapateneo.net\/wordpress\/index.php\/producto\/romper-cosas-en-el-trabajo-los-luditas-saben-por-que-odias-tu-empleo\/#breadcrumb","itemListElement":[{"@type":"ListItem","position":1,"name":"Portada","item":"https:\/\/zapateneo.net\/wordpress\/"},{"@type":"ListItem","position":2,"name":"Tienda","item":"https:\/\/zapateneo.net\/wordpress\/"},{"@type":"ListItem","position":3,"name":"ROMPER COSAS EN EL TRABAJO Los luditas saben por qu\u00e9 odias tu empleo"}]},{"@type":"WebSite","@id":"https:\/\/zapateneo.net\/wordpress\/#website","url":"https:\/\/zapateneo.net\/wordpress\/","name":"Zapateneo","description":"Zapateneoaren webgunea","publisher":{"@id":"https:\/\/zapateneo.net\/wordpress\/#organization"},"potentialAction":[{"@type":"SearchAction","target":{"@type":"EntryPoint","urlTemplate":"https:\/\/zapateneo.net\/wordpress\/?s={search_term_string}"},"query-input":{"@type":"PropertyValueSpecification","valueRequired":true,"valueName":"search_term_string"}}],"inLanguage":"es"},{"@type":"Organization","@id":"https:\/\/zapateneo.net\/wordpress\/#organization","name":"Zapateneo Kultur Elkartea","url":"https:\/\/zapateneo.net\/wordpress\/","logo":{"@type":"ImageObject","inLanguage":"es","@id":"https:\/\/zapateneo.net\/wordpress\/#\/schema\/logo\/image\/","url":"https:\/\/zapateneo.net\/wordpress\/wp-content\/uploads\/2021\/04\/zap-libu-kolec.jpg","contentUrl":"https:\/\/zapateneo.net\/wordpress\/wp-content\/uploads\/2021\/04\/zap-libu-kolec.jpg","width":2234,"height":398,"caption":"Zapateneo Kultur Elkartea"},"image":{"@id":"https:\/\/zapateneo.net\/wordpress\/#\/schema\/logo\/image\/"},"sameAs":["https:\/\/x.com\/zapateneo"]}]}},"_links":{"self":[{"href":"https:\/\/zapateneo.net\/wordpress\/index.php\/wp-json\/wp\/v2\/product\/15515","targetHints":{"allow":["GET"]}}],"collection":[{"href":"https:\/\/zapateneo.net\/wordpress\/index.php\/wp-json\/wp\/v2\/product"}],"about":[{"href":"https:\/\/zapateneo.net\/wordpress\/index.php\/wp-json\/wp\/v2\/types\/product"}],"wp:featuredmedia":[{"embeddable":true,"href":"https:\/\/zapateneo.net\/wordpress\/index.php\/wp-json\/wp\/v2\/media\/15541"}],"wp:attachment":[{"href":"https:\/\/zapateneo.net\/wordpress\/index.php\/wp-json\/wp\/v2\/media?parent=15515"}],"wp:term":[{"taxonomy":"product_brand","embeddable":true,"href":"https:\/\/zapateneo.net\/wordpress\/index.php\/wp-json\/wp\/v2\/product_brand?post=15515"},{"taxonomy":"product_cat","embeddable":true,"href":"https:\/\/zapateneo.net\/wordpress\/index.php\/wp-json\/wp\/v2\/product_cat?post=15515"},{"taxonomy":"product_tag","embeddable":true,"href":"https:\/\/zapateneo.net\/wordpress\/index.php\/wp-json\/wp\/v2\/product_tag?post=15515"}],"curies":[{"name":"wp","href":"https:\/\/api.w.org\/{rel}","templated":true}]}}