{"id":15453,"date":"2024-12-29T13:59:35","date_gmt":"2024-12-29T12:59:35","guid":{"rendered":"https:\/\/zapateneo.net\/wordpress\/?post_type=product&#038;p=15453"},"modified":"2024-12-29T13:59:40","modified_gmt":"2024-12-29T12:59:40","slug":"un-espectro-recorre-el-mundo-sobre-el-manifiesto-comunista","status":"publish","type":"product","link":"https:\/\/zapateneo.net\/wordpress\/index.php\/producto\/un-espectro-recorre-el-mundo-sobre-el-manifiesto-comunista\/","title":{"rendered":"Un espectro recorre el mundo Sobre el Manifiesto comunista"},"content":{"rendered":"<p>Pocas obras pueden presumir con tanta autoridad de haber determinado el curso de la historia como el Manifiesto comunista de Karl Marx y Friedrich Engels. Desde que sacudi\u00f3 por primera vez el orden imperante en 1848, este incendiario panfleto nunca ha dejado de calentar los corazones de quienes sue\u00f1an con un mundo mejor. Tampoco ha dejado de alimentar las pesadillas de quienes coronan un sistema social enormemente injusto.<br \/>\nEn esta introducci\u00f3n sorprendentemente imaginativa, China Mi\u00e9ville construye una gu\u00eda para entender el Manifiesto y los muchos espectros que ha conjurado. A trav\u00e9s de su lectura \u00fanica y poco ortodoxa, Mi\u00e9ville ofrece una encendida defensa de la perdurable relevancia de las ideas de Marx y Engels. Presentada junto con el texto completo del Manifiesto comunista, la gu\u00eda de Mi\u00e9ville tiene algo que ofrecer a los lectores noveles, a los partidarios de la revoluci\u00f3n e incluso a los esc\u00e9pticos m\u00e1s duros de mollera.<br \/>\n\u00abEs emocionante acompa\u00f1ar a Mi\u00e9ville en su lidia \u2013de buena fe cr\u00edtica y compromiso incandescente\u2013 con un manifiesto que todav\u00eda nos llama a construir un mundo nuevo\u00bb. Naomi Klein<br \/>\n\u00abL\u00e9elo y d\u00e9jate deslumbrar por su actualidad\u00bb. Mike Davis<br \/>\n\u00abUn reflejo rico y luminoso sobre una luz que nunca se apaga del todo\u00bb. Andreas Malm<br \/>\n\u00abLeer con Mi\u00e9ville agudiza nuestros sentidos hacia los movimientos internacionalistas contempor\u00e1neos desde abajo\u00bb. Ruth Wilson Gilmore<br \/>\n\u00abEscrito con una diligencia y una despiadada mirada cr\u00edtica dignas del propio Marx\u00bb. Sarah Jaffe<br \/>\n\u00abRevelador y deslumbrante\u00bb. Cory Doctorow<\/p>\n","protected":false},"excerpt":{"rendered":"<p><strong>China Mi\u00e9ville<\/strong><br \/>\n9788446055044 &#8211; Akal &#8211; 2024 &#8211; 288 p\u00e1ginas \/orri.<\/p>\n","protected":false},"featured_media":15478,"template":"","meta":[],"product_brand":[],"product_cat":[16,176],"product_tag":[437,6941],"class_list":{"0":"post-15453","1":"product","2":"type-product","3":"status-publish","4":"has-post-thumbnail","6":"product_cat-libros","7":"product_cat-marxismoa-marxismo","8":"product_tag-akal","9":"product_tag-china-mieville","11":"first","12":"instock","13":"sold-individually","14":"shipping-taxable","15":"purchasable","16":"product-type-simple"},"yoast_head":"<!-- This site is optimized with the Yoast SEO plugin v27.3 - https:\/\/yoast.com\/product\/yoast-seo-wordpress\/ -->\n<title>Un espectro recorre el mundo Sobre el Manifiesto comunista &#8212; Zapateneo<\/title>\n<meta name=\"robots\" content=\"index, follow, max-snippet:-1, max-image-preview:large, max-video-preview:-1\" \/>\n<link rel=\"canonical\" href=\"https:\/\/zapateneo.net\/wordpress\/index.php\/producto\/un-espectro-recorre-el-mundo-sobre-el-manifiesto-comunista\/\" \/>\n<meta property=\"og:locale\" content=\"es_ES\" \/>\n<meta property=\"og:type\" content=\"article\" \/>\n<meta property=\"og:title\" content=\"Un espectro recorre el mundo Sobre el Manifiesto comunista &#8212; Zapateneo\" \/>\n<meta property=\"og:description\" content=\"China Mi\u00e9ville 9788446055044 - Akal - 2024 - 288 p\u00e1ginas \/orri.\" \/>\n<meta property=\"og:url\" content=\"https:\/\/zapateneo.net\/wordpress\/index.php\/producto\/un-espectro-recorre-el-mundo-sobre-el-manifiesto-comunista\/\" \/>\n<meta property=\"og:site_name\" content=\"Zapateneo\" \/>\n<meta property=\"article:modified_time\" content=\"2024-12-29T12:59:40+00:00\" \/>\n<meta name=\"twitter:card\" content=\"summary_large_image\" \/>\n<meta name=\"twitter:site\" content=\"@zapateneo\" \/>\n<meta name=\"twitter:label1\" content=\"Tiempo de lectura\" \/>\n\t<meta name=\"twitter:data1\" content=\"1 minuto\" \/>\n<script type=\"application\/ld+json\" class=\"yoast-schema-graph\">{\"@context\":\"https:\\\/\\\/schema.org\",\"@graph\":[{\"@type\":\"WebPage\",\"@id\":\"https:\\\/\\\/zapateneo.net\\\/wordpress\\\/index.php\\\/producto\\\/un-espectro-recorre-el-mundo-sobre-el-manifiesto-comunista\\\/\",\"url\":\"https:\\\/\\\/zapateneo.net\\\/wordpress\\\/index.php\\\/producto\\\/un-espectro-recorre-el-mundo-sobre-el-manifiesto-comunista\\\/\",\"name\":\"Un espectro recorre el mundo Sobre el Manifiesto comunista &#8212; Zapateneo\",\"isPartOf\":{\"@id\":\"https:\\\/\\\/zapateneo.net\\\/wordpress\\\/#website\"},\"primaryImageOfPage\":{\"@id\":\"https:\\\/\\\/zapateneo.net\\\/wordpress\\\/index.php\\\/producto\\\/un-espectro-recorre-el-mundo-sobre-el-manifiesto-comunista\\\/#primaryimage\"},\"image\":{\"@id\":\"https:\\\/\\\/zapateneo.net\\\/wordpress\\\/index.php\\\/producto\\\/un-espectro-recorre-el-mundo-sobre-el-manifiesto-comunista\\\/#primaryimage\"},\"thumbnailUrl\":\"https:\\\/\\\/zapateneo.net\\\/wordpress\\\/wp-content\\\/uploads\\\/2024\\\/12\\\/9788446055044.jpg\",\"datePublished\":\"2024-12-29T12:59:35+00:00\",\"dateModified\":\"2024-12-29T12:59:40+00:00\",\"breadcrumb\":{\"@id\":\"https:\\\/\\\/zapateneo.net\\\/wordpress\\\/index.php\\\/producto\\\/un-espectro-recorre-el-mundo-sobre-el-manifiesto-comunista\\\/#breadcrumb\"},\"inLanguage\":\"es\",\"potentialAction\":[{\"@type\":\"ReadAction\",\"target\":[\"https:\\\/\\\/zapateneo.net\\\/wordpress\\\/index.php\\\/producto\\\/un-espectro-recorre-el-mundo-sobre-el-manifiesto-comunista\\\/\"]}]},{\"@type\":\"ImageObject\",\"inLanguage\":\"es\",\"@id\":\"https:\\\/\\\/zapateneo.net\\\/wordpress\\\/index.php\\\/producto\\\/un-espectro-recorre-el-mundo-sobre-el-manifiesto-comunista\\\/#primaryimage\",\"url\":\"https:\\\/\\\/zapateneo.net\\\/wordpress\\\/wp-content\\\/uploads\\\/2024\\\/12\\\/9788446055044.jpg\",\"contentUrl\":\"https:\\\/\\\/zapateneo.net\\\/wordpress\\\/wp-content\\\/uploads\\\/2024\\\/12\\\/9788446055044.jpg\",\"width\":266,\"height\":400},{\"@type\":\"BreadcrumbList\",\"@id\":\"https:\\\/\\\/zapateneo.net\\\/wordpress\\\/index.php\\\/producto\\\/un-espectro-recorre-el-mundo-sobre-el-manifiesto-comunista\\\/#breadcrumb\",\"itemListElement\":[{\"@type\":\"ListItem\",\"position\":1,\"name\":\"Portada\",\"item\":\"https:\\\/\\\/zapateneo.net\\\/wordpress\\\/\"},{\"@type\":\"ListItem\",\"position\":2,\"name\":\"Tienda\",\"item\":\"https:\\\/\\\/zapateneo.net\\\/wordpress\\\/\"},{\"@type\":\"ListItem\",\"position\":3,\"name\":\"Un espectro recorre el mundo Sobre el Manifiesto comunista\"}]},{\"@type\":\"WebSite\",\"@id\":\"https:\\\/\\\/zapateneo.net\\\/wordpress\\\/#website\",\"url\":\"https:\\\/\\\/zapateneo.net\\\/wordpress\\\/\",\"name\":\"Zapateneo\",\"description\":\"Zapateneoaren webgunea\",\"publisher\":{\"@id\":\"https:\\\/\\\/zapateneo.net\\\/wordpress\\\/#organization\"},\"potentialAction\":[{\"@type\":\"SearchAction\",\"target\":{\"@type\":\"EntryPoint\",\"urlTemplate\":\"https:\\\/\\\/zapateneo.net\\\/wordpress\\\/?s={search_term_string}\"},\"query-input\":{\"@type\":\"PropertyValueSpecification\",\"valueRequired\":true,\"valueName\":\"search_term_string\"}}],\"inLanguage\":\"es\"},{\"@type\":\"Organization\",\"@id\":\"https:\\\/\\\/zapateneo.net\\\/wordpress\\\/#organization\",\"name\":\"Zapateneo Kultur Elkartea\",\"url\":\"https:\\\/\\\/zapateneo.net\\\/wordpress\\\/\",\"logo\":{\"@type\":\"ImageObject\",\"inLanguage\":\"es\",\"@id\":\"https:\\\/\\\/zapateneo.net\\\/wordpress\\\/#\\\/schema\\\/logo\\\/image\\\/\",\"url\":\"https:\\\/\\\/zapateneo.net\\\/wordpress\\\/wp-content\\\/uploads\\\/2021\\\/04\\\/zap-libu-kolec.jpg\",\"contentUrl\":\"https:\\\/\\\/zapateneo.net\\\/wordpress\\\/wp-content\\\/uploads\\\/2021\\\/04\\\/zap-libu-kolec.jpg\",\"width\":2234,\"height\":398,\"caption\":\"Zapateneo Kultur Elkartea\"},\"image\":{\"@id\":\"https:\\\/\\\/zapateneo.net\\\/wordpress\\\/#\\\/schema\\\/logo\\\/image\\\/\"},\"sameAs\":[\"https:\\\/\\\/x.com\\\/zapateneo\"]}]}<\/script>\n<!-- \/ Yoast SEO plugin. -->","yoast_head_json":{"title":"Un espectro recorre el mundo Sobre el Manifiesto comunista &#8212; Zapateneo","robots":{"index":"index","follow":"follow","max-snippet":"max-snippet:-1","max-image-preview":"max-image-preview:large","max-video-preview":"max-video-preview:-1"},"canonical":"https:\/\/zapateneo.net\/wordpress\/index.php\/producto\/un-espectro-recorre-el-mundo-sobre-el-manifiesto-comunista\/","og_locale":"es_ES","og_type":"article","og_title":"Un espectro recorre el mundo Sobre el Manifiesto comunista &#8212; Zapateneo","og_description":"China Mi\u00e9ville 9788446055044 - Akal - 2024 - 288 p\u00e1ginas \/orri.","og_url":"https:\/\/zapateneo.net\/wordpress\/index.php\/producto\/un-espectro-recorre-el-mundo-sobre-el-manifiesto-comunista\/","og_site_name":"Zapateneo","article_modified_time":"2024-12-29T12:59:40+00:00","twitter_card":"summary_large_image","twitter_site":"@zapateneo","twitter_misc":{"Tiempo de lectura":"1 minuto"},"schema":{"@context":"https:\/\/schema.org","@graph":[{"@type":"WebPage","@id":"https:\/\/zapateneo.net\/wordpress\/index.php\/producto\/un-espectro-recorre-el-mundo-sobre-el-manifiesto-comunista\/","url":"https:\/\/zapateneo.net\/wordpress\/index.php\/producto\/un-espectro-recorre-el-mundo-sobre-el-manifiesto-comunista\/","name":"Un espectro recorre el mundo Sobre el Manifiesto comunista &#8212; Zapateneo","isPartOf":{"@id":"https:\/\/zapateneo.net\/wordpress\/#website"},"primaryImageOfPage":{"@id":"https:\/\/zapateneo.net\/wordpress\/index.php\/producto\/un-espectro-recorre-el-mundo-sobre-el-manifiesto-comunista\/#primaryimage"},"image":{"@id":"https:\/\/zapateneo.net\/wordpress\/index.php\/producto\/un-espectro-recorre-el-mundo-sobre-el-manifiesto-comunista\/#primaryimage"},"thumbnailUrl":"https:\/\/zapateneo.net\/wordpress\/wp-content\/uploads\/2024\/12\/9788446055044.jpg","datePublished":"2024-12-29T12:59:35+00:00","dateModified":"2024-12-29T12:59:40+00:00","breadcrumb":{"@id":"https:\/\/zapateneo.net\/wordpress\/index.php\/producto\/un-espectro-recorre-el-mundo-sobre-el-manifiesto-comunista\/#breadcrumb"},"inLanguage":"es","potentialAction":[{"@type":"ReadAction","target":["https:\/\/zapateneo.net\/wordpress\/index.php\/producto\/un-espectro-recorre-el-mundo-sobre-el-manifiesto-comunista\/"]}]},{"@type":"ImageObject","inLanguage":"es","@id":"https:\/\/zapateneo.net\/wordpress\/index.php\/producto\/un-espectro-recorre-el-mundo-sobre-el-manifiesto-comunista\/#primaryimage","url":"https:\/\/zapateneo.net\/wordpress\/wp-content\/uploads\/2024\/12\/9788446055044.jpg","contentUrl":"https:\/\/zapateneo.net\/wordpress\/wp-content\/uploads\/2024\/12\/9788446055044.jpg","width":266,"height":400},{"@type":"BreadcrumbList","@id":"https:\/\/zapateneo.net\/wordpress\/index.php\/producto\/un-espectro-recorre-el-mundo-sobre-el-manifiesto-comunista\/#breadcrumb","itemListElement":[{"@type":"ListItem","position":1,"name":"Portada","item":"https:\/\/zapateneo.net\/wordpress\/"},{"@type":"ListItem","position":2,"name":"Tienda","item":"https:\/\/zapateneo.net\/wordpress\/"},{"@type":"ListItem","position":3,"name":"Un espectro recorre el mundo Sobre el Manifiesto comunista"}]},{"@type":"WebSite","@id":"https:\/\/zapateneo.net\/wordpress\/#website","url":"https:\/\/zapateneo.net\/wordpress\/","name":"Zapateneo","description":"Zapateneoaren webgunea","publisher":{"@id":"https:\/\/zapateneo.net\/wordpress\/#organization"},"potentialAction":[{"@type":"SearchAction","target":{"@type":"EntryPoint","urlTemplate":"https:\/\/zapateneo.net\/wordpress\/?s={search_term_string}"},"query-input":{"@type":"PropertyValueSpecification","valueRequired":true,"valueName":"search_term_string"}}],"inLanguage":"es"},{"@type":"Organization","@id":"https:\/\/zapateneo.net\/wordpress\/#organization","name":"Zapateneo Kultur Elkartea","url":"https:\/\/zapateneo.net\/wordpress\/","logo":{"@type":"ImageObject","inLanguage":"es","@id":"https:\/\/zapateneo.net\/wordpress\/#\/schema\/logo\/image\/","url":"https:\/\/zapateneo.net\/wordpress\/wp-content\/uploads\/2021\/04\/zap-libu-kolec.jpg","contentUrl":"https:\/\/zapateneo.net\/wordpress\/wp-content\/uploads\/2021\/04\/zap-libu-kolec.jpg","width":2234,"height":398,"caption":"Zapateneo Kultur Elkartea"},"image":{"@id":"https:\/\/zapateneo.net\/wordpress\/#\/schema\/logo\/image\/"},"sameAs":["https:\/\/x.com\/zapateneo"]}]}},"_links":{"self":[{"href":"https:\/\/zapateneo.net\/wordpress\/index.php\/wp-json\/wp\/v2\/product\/15453","targetHints":{"allow":["GET"]}}],"collection":[{"href":"https:\/\/zapateneo.net\/wordpress\/index.php\/wp-json\/wp\/v2\/product"}],"about":[{"href":"https:\/\/zapateneo.net\/wordpress\/index.php\/wp-json\/wp\/v2\/types\/product"}],"wp:featuredmedia":[{"embeddable":true,"href":"https:\/\/zapateneo.net\/wordpress\/index.php\/wp-json\/wp\/v2\/media\/15478"}],"wp:attachment":[{"href":"https:\/\/zapateneo.net\/wordpress\/index.php\/wp-json\/wp\/v2\/media?parent=15453"}],"wp:term":[{"taxonomy":"product_brand","embeddable":true,"href":"https:\/\/zapateneo.net\/wordpress\/index.php\/wp-json\/wp\/v2\/product_brand?post=15453"},{"taxonomy":"product_cat","embeddable":true,"href":"https:\/\/zapateneo.net\/wordpress\/index.php\/wp-json\/wp\/v2\/product_cat?post=15453"},{"taxonomy":"product_tag","embeddable":true,"href":"https:\/\/zapateneo.net\/wordpress\/index.php\/wp-json\/wp\/v2\/product_tag?post=15453"}],"curies":[{"name":"wp","href":"https:\/\/api.w.org\/{rel}","templated":true}]}}