{"id":15191,"date":"2024-02-29T19:30:02","date_gmt":"2024-02-29T18:30:02","guid":{"rendered":"https:\/\/zapateneo.net\/wordpress\/?post_type=product&#038;p=15191"},"modified":"2024-02-29T19:30:05","modified_gmt":"2024-02-29T18:30:05","slug":"machismo-y-cultura-juridica-etnografia-del-proceso-judicial-de-la-violencia-de-genero","status":"publish","type":"product","link":"https:\/\/zapateneo.net\/wordpress\/index.php\/producto\/machismo-y-cultura-juridica-etnografia-del-proceso-judicial-de-la-violencia-de-genero\/","title":{"rendered":"Machismo y cultura jur\u00eddica Etnograf\u00eda del proceso judicial de la violencia de g\u00e9nero"},"content":{"rendered":"<p>Si hasta hace poco uno de los aspectos centrales en torno a la violencia machista era la deficiente cobertura legal, los recientes avances en materia de protecci\u00f3n de las mujeres sometidas a situaciones de violencia han puesto al descubierto hasta qu\u00e9 punto el patriarcado sigue imponi\u00e9ndose de forma efectiva a trav\u00e9s de distintos tipos de violencia institucional. La estructura del proceso judicial, o los valores sociales interiorizados por los operadores jur\u00eddicos, se est\u00e1n constituyendo como otra forma de violencia y revictimizaci\u00f3n que ha acabado por lastrar el potencial de buena parte de los avances en materia legislativa.<\/p>\n<p>En Machismo y cultura jur\u00eddica, Caterina Canyelles desentra\u00f1a el funcionamiento de esa maquinaria con las herramientas de la etnograf\u00eda, mediante un cuidado y minucioso trabajo de campo en los juzgados de Palma, Inca, Manacor, Badalona, Cerdanyola del Vall\u00e8s, Sant Boi de Llobregat y la Ciutat de la Just\u00edcia de Barcelona. Fruto de la observaci\u00f3n de los diferentes ciclos del proceso judicial y de entrevistas con diferentes actores (judicatura, abogac\u00eda, fiscal\u00eda\u2026), Canyelles muestra c\u00f3mo la mirada patriarcal, y las actitudes que se derivan de ella, atraviesan la pr\u00e1ctica jur\u00eddica de tal manera que impactan en la \u00abexperiencia vivida por las mujeres en el proceso judicial\u00bb y afectan a la propia aplicaci\u00f3n de las leyes.<\/p>\n<p>Ese orden sist\u00e9mico, sus rituales, su lenguaje y sus dispositivos simb\u00f3licos de autoridad producen \u00abla v\u00edctima\u00bb, la juzgan como \u00abfalsa\u00bb o \u00abverdadera\u00bb y, en funci\u00f3n de unos estereotipos simplificadores, aplican una justicia en que la propia conducta de las mujeres es la que resulta enjuiciada. Eso, lejos de establecer un mecanismo de justicia y reparaci\u00f3n, acaba desembocando en formas de desamparo material y simb\u00f3lico que los cambios legislativos a priori pretend\u00edan evitar.<\/p>\n<p>Llamado a ser un texto de referencia sobre la justicia patriarcal, este es un libro \u00fanico que huye del sentimentalismo y el sensacionalismo victimista para abordar el papel de las estructuras y los actores que detentan la autoridad en los procesos judiciales, ofreciendo herramientas de an\u00e1lisis capitales para el actual ciclo de luchas feministas.<\/p>\n<p>caty-canyelles<\/p>\n<p>Caterina Canyelles i Gamund\u00ed (Sa Pobla, 1982) Es doctora en Antropolog\u00eda Social y Cultural por la Universitat de Barcelona (2019), e ingeniera t\u00e9cnica en Inform\u00e1tica de Gesti\u00f3n por la Universitat Polit\u00e8cnica de Catalunya (2006); ha cursado el posgrado en Estudios de G\u00e9nero en la Pontificia Universidad Cat\u00f3lica del Per\u00fa (2009). Investiga sobre la relaci\u00f3n entre la violencia, el acceso a la justicia y los derechos humanos desde una perspectiva feminista. Compagina la investigaci\u00f3n con la docencia en centros de secundaria y universitarios. Forma parte del Grup de Recerca en Antropologia Jur\u00eddica (GRAJ) del Institut Catal\u00e0 d\u2019Antropologia. En 2010 escribi\u00f3 la tesina Subvertint l\u2019ordre de g\u00e8nere hegem\u00f2nic. L\u2019experi\u00e8ncia de les preses del Partit Comunista del Per\u00fa-Sendero Luminoso. Su tesis doctoral, dirigida por Ignasi Terradas y Mari Luz Esteban, es la base de Machismo y cultura jur\u00eddica.<\/p>\n<p>Pr\u00f3logo de J\u00falia Humet Ribas<br \/>\nEp\u00edlogo de Ignasi Terradas Saborit<\/p>\n","protected":false},"excerpt":{"rendered":"<p><strong>Caterina Canyelles Gamund\u00ed<\/strong><br \/>\n9788417870317 &#8211; VIRUS &#8211; 2023 &#8211; 480 p\u00e1ginas \/orri.<\/p>\n","protected":false},"featured_media":15194,"template":"","meta":[],"product_brand":[],"product_cat":[174,16],"product_tag":[6900,57],"class_list":{"0":"post-15191","1":"product","2":"type-product","3":"status-publish","4":"has-post-thumbnail","6":"product_cat-generoak-generos","7":"product_cat-libros","8":"product_tag-caterina-canyelles-gamundi","9":"product_tag-virus","11":"first","12":"instock","13":"sold-individually","14":"shipping-taxable","15":"purchasable","16":"product-type-simple"},"yoast_head":"<!-- This site is optimized with the Yoast SEO plugin v27.3 - https:\/\/yoast.com\/product\/yoast-seo-wordpress\/ -->\n<title>Machismo y cultura jur\u00eddica Etnograf\u00eda del proceso judicial de la violencia de g\u00e9nero &#8212; Zapateneo<\/title>\n<meta name=\"robots\" content=\"index, follow, max-snippet:-1, max-image-preview:large, max-video-preview:-1\" \/>\n<link rel=\"canonical\" href=\"https:\/\/zapateneo.net\/wordpress\/index.php\/producto\/machismo-y-cultura-juridica-etnografia-del-proceso-judicial-de-la-violencia-de-genero\/\" \/>\n<meta property=\"og:locale\" content=\"es_ES\" \/>\n<meta property=\"og:type\" content=\"article\" \/>\n<meta property=\"og:title\" content=\"Machismo y cultura jur\u00eddica Etnograf\u00eda del proceso judicial de la violencia de g\u00e9nero &#8212; Zapateneo\" \/>\n<meta property=\"og:description\" content=\"Caterina Canyelles Gamund\u00ed 9788417870317 - VIRUS - 2023 - 480 p\u00e1ginas \/orri.\" \/>\n<meta property=\"og:url\" content=\"https:\/\/zapateneo.net\/wordpress\/index.php\/producto\/machismo-y-cultura-juridica-etnografia-del-proceso-judicial-de-la-violencia-de-genero\/\" \/>\n<meta property=\"og:site_name\" content=\"Zapateneo\" \/>\n<meta property=\"article:modified_time\" content=\"2024-02-29T18:30:05+00:00\" \/>\n<meta name=\"twitter:card\" content=\"summary_large_image\" \/>\n<meta name=\"twitter:site\" content=\"@zapateneo\" \/>\n<meta name=\"twitter:label1\" content=\"Tiempo de lectura\" \/>\n\t<meta name=\"twitter:data1\" content=\"3 minutos\" \/>\n<script type=\"application\/ld+json\" class=\"yoast-schema-graph\">{\"@context\":\"https:\\\/\\\/schema.org\",\"@graph\":[{\"@type\":\"WebPage\",\"@id\":\"https:\\\/\\\/zapateneo.net\\\/wordpress\\\/index.php\\\/producto\\\/machismo-y-cultura-juridica-etnografia-del-proceso-judicial-de-la-violencia-de-genero\\\/\",\"url\":\"https:\\\/\\\/zapateneo.net\\\/wordpress\\\/index.php\\\/producto\\\/machismo-y-cultura-juridica-etnografia-del-proceso-judicial-de-la-violencia-de-genero\\\/\",\"name\":\"Machismo y cultura jur\u00eddica Etnograf\u00eda del proceso judicial de la violencia de g\u00e9nero &#8212; Zapateneo\",\"isPartOf\":{\"@id\":\"https:\\\/\\\/zapateneo.net\\\/wordpress\\\/#website\"},\"primaryImageOfPage\":{\"@id\":\"https:\\\/\\\/zapateneo.net\\\/wordpress\\\/index.php\\\/producto\\\/machismo-y-cultura-juridica-etnografia-del-proceso-judicial-de-la-violencia-de-genero\\\/#primaryimage\"},\"image\":{\"@id\":\"https:\\\/\\\/zapateneo.net\\\/wordpress\\\/index.php\\\/producto\\\/machismo-y-cultura-juridica-etnografia-del-proceso-judicial-de-la-violencia-de-genero\\\/#primaryimage\"},\"thumbnailUrl\":\"https:\\\/\\\/zapateneo.net\\\/wordpress\\\/wp-content\\\/uploads\\\/2024\\\/02\\\/machismo-y-cultura-juridica-9788417870317.jpg\",\"datePublished\":\"2024-02-29T18:30:02+00:00\",\"dateModified\":\"2024-02-29T18:30:05+00:00\",\"breadcrumb\":{\"@id\":\"https:\\\/\\\/zapateneo.net\\\/wordpress\\\/index.php\\\/producto\\\/machismo-y-cultura-juridica-etnografia-del-proceso-judicial-de-la-violencia-de-genero\\\/#breadcrumb\"},\"inLanguage\":\"es\",\"potentialAction\":[{\"@type\":\"ReadAction\",\"target\":[\"https:\\\/\\\/zapateneo.net\\\/wordpress\\\/index.php\\\/producto\\\/machismo-y-cultura-juridica-etnografia-del-proceso-judicial-de-la-violencia-de-genero\\\/\"]}]},{\"@type\":\"ImageObject\",\"inLanguage\":\"es\",\"@id\":\"https:\\\/\\\/zapateneo.net\\\/wordpress\\\/index.php\\\/producto\\\/machismo-y-cultura-juridica-etnografia-del-proceso-judicial-de-la-violencia-de-genero\\\/#primaryimage\",\"url\":\"https:\\\/\\\/zapateneo.net\\\/wordpress\\\/wp-content\\\/uploads\\\/2024\\\/02\\\/machismo-y-cultura-juridica-9788417870317.jpg\",\"contentUrl\":\"https:\\\/\\\/zapateneo.net\\\/wordpress\\\/wp-content\\\/uploads\\\/2024\\\/02\\\/machismo-y-cultura-juridica-9788417870317.jpg\",\"width\":266,\"height\":400},{\"@type\":\"BreadcrumbList\",\"@id\":\"https:\\\/\\\/zapateneo.net\\\/wordpress\\\/index.php\\\/producto\\\/machismo-y-cultura-juridica-etnografia-del-proceso-judicial-de-la-violencia-de-genero\\\/#breadcrumb\",\"itemListElement\":[{\"@type\":\"ListItem\",\"position\":1,\"name\":\"Portada\",\"item\":\"https:\\\/\\\/zapateneo.net\\\/wordpress\\\/\"},{\"@type\":\"ListItem\",\"position\":2,\"name\":\"Tienda\",\"item\":\"https:\\\/\\\/zapateneo.net\\\/wordpress\\\/\"},{\"@type\":\"ListItem\",\"position\":3,\"name\":\"Machismo y cultura jur\u00eddica Etnograf\u00eda del proceso judicial de la violencia de g\u00e9nero\"}]},{\"@type\":\"WebSite\",\"@id\":\"https:\\\/\\\/zapateneo.net\\\/wordpress\\\/#website\",\"url\":\"https:\\\/\\\/zapateneo.net\\\/wordpress\\\/\",\"name\":\"Zapateneo\",\"description\":\"Zapateneoaren webgunea\",\"publisher\":{\"@id\":\"https:\\\/\\\/zapateneo.net\\\/wordpress\\\/#organization\"},\"potentialAction\":[{\"@type\":\"SearchAction\",\"target\":{\"@type\":\"EntryPoint\",\"urlTemplate\":\"https:\\\/\\\/zapateneo.net\\\/wordpress\\\/?s={search_term_string}\"},\"query-input\":{\"@type\":\"PropertyValueSpecification\",\"valueRequired\":true,\"valueName\":\"search_term_string\"}}],\"inLanguage\":\"es\"},{\"@type\":\"Organization\",\"@id\":\"https:\\\/\\\/zapateneo.net\\\/wordpress\\\/#organization\",\"name\":\"Zapateneo Kultur Elkartea\",\"url\":\"https:\\\/\\\/zapateneo.net\\\/wordpress\\\/\",\"logo\":{\"@type\":\"ImageObject\",\"inLanguage\":\"es\",\"@id\":\"https:\\\/\\\/zapateneo.net\\\/wordpress\\\/#\\\/schema\\\/logo\\\/image\\\/\",\"url\":\"https:\\\/\\\/zapateneo.net\\\/wordpress\\\/wp-content\\\/uploads\\\/2021\\\/04\\\/zap-libu-kolec.jpg\",\"contentUrl\":\"https:\\\/\\\/zapateneo.net\\\/wordpress\\\/wp-content\\\/uploads\\\/2021\\\/04\\\/zap-libu-kolec.jpg\",\"width\":2234,\"height\":398,\"caption\":\"Zapateneo Kultur Elkartea\"},\"image\":{\"@id\":\"https:\\\/\\\/zapateneo.net\\\/wordpress\\\/#\\\/schema\\\/logo\\\/image\\\/\"},\"sameAs\":[\"https:\\\/\\\/x.com\\\/zapateneo\"]}]}<\/script>\n<!-- \/ Yoast SEO plugin. -->","yoast_head_json":{"title":"Machismo y cultura jur\u00eddica Etnograf\u00eda del proceso judicial de la violencia de g\u00e9nero &#8212; Zapateneo","robots":{"index":"index","follow":"follow","max-snippet":"max-snippet:-1","max-image-preview":"max-image-preview:large","max-video-preview":"max-video-preview:-1"},"canonical":"https:\/\/zapateneo.net\/wordpress\/index.php\/producto\/machismo-y-cultura-juridica-etnografia-del-proceso-judicial-de-la-violencia-de-genero\/","og_locale":"es_ES","og_type":"article","og_title":"Machismo y cultura jur\u00eddica Etnograf\u00eda del proceso judicial de la violencia de g\u00e9nero &#8212; Zapateneo","og_description":"Caterina Canyelles Gamund\u00ed 9788417870317 - VIRUS - 2023 - 480 p\u00e1ginas \/orri.","og_url":"https:\/\/zapateneo.net\/wordpress\/index.php\/producto\/machismo-y-cultura-juridica-etnografia-del-proceso-judicial-de-la-violencia-de-genero\/","og_site_name":"Zapateneo","article_modified_time":"2024-02-29T18:30:05+00:00","twitter_card":"summary_large_image","twitter_site":"@zapateneo","twitter_misc":{"Tiempo de lectura":"3 minutos"},"schema":{"@context":"https:\/\/schema.org","@graph":[{"@type":"WebPage","@id":"https:\/\/zapateneo.net\/wordpress\/index.php\/producto\/machismo-y-cultura-juridica-etnografia-del-proceso-judicial-de-la-violencia-de-genero\/","url":"https:\/\/zapateneo.net\/wordpress\/index.php\/producto\/machismo-y-cultura-juridica-etnografia-del-proceso-judicial-de-la-violencia-de-genero\/","name":"Machismo y cultura jur\u00eddica Etnograf\u00eda del proceso judicial de la violencia de g\u00e9nero &#8212; Zapateneo","isPartOf":{"@id":"https:\/\/zapateneo.net\/wordpress\/#website"},"primaryImageOfPage":{"@id":"https:\/\/zapateneo.net\/wordpress\/index.php\/producto\/machismo-y-cultura-juridica-etnografia-del-proceso-judicial-de-la-violencia-de-genero\/#primaryimage"},"image":{"@id":"https:\/\/zapateneo.net\/wordpress\/index.php\/producto\/machismo-y-cultura-juridica-etnografia-del-proceso-judicial-de-la-violencia-de-genero\/#primaryimage"},"thumbnailUrl":"https:\/\/zapateneo.net\/wordpress\/wp-content\/uploads\/2024\/02\/machismo-y-cultura-juridica-9788417870317.jpg","datePublished":"2024-02-29T18:30:02+00:00","dateModified":"2024-02-29T18:30:05+00:00","breadcrumb":{"@id":"https:\/\/zapateneo.net\/wordpress\/index.php\/producto\/machismo-y-cultura-juridica-etnografia-del-proceso-judicial-de-la-violencia-de-genero\/#breadcrumb"},"inLanguage":"es","potentialAction":[{"@type":"ReadAction","target":["https:\/\/zapateneo.net\/wordpress\/index.php\/producto\/machismo-y-cultura-juridica-etnografia-del-proceso-judicial-de-la-violencia-de-genero\/"]}]},{"@type":"ImageObject","inLanguage":"es","@id":"https:\/\/zapateneo.net\/wordpress\/index.php\/producto\/machismo-y-cultura-juridica-etnografia-del-proceso-judicial-de-la-violencia-de-genero\/#primaryimage","url":"https:\/\/zapateneo.net\/wordpress\/wp-content\/uploads\/2024\/02\/machismo-y-cultura-juridica-9788417870317.jpg","contentUrl":"https:\/\/zapateneo.net\/wordpress\/wp-content\/uploads\/2024\/02\/machismo-y-cultura-juridica-9788417870317.jpg","width":266,"height":400},{"@type":"BreadcrumbList","@id":"https:\/\/zapateneo.net\/wordpress\/index.php\/producto\/machismo-y-cultura-juridica-etnografia-del-proceso-judicial-de-la-violencia-de-genero\/#breadcrumb","itemListElement":[{"@type":"ListItem","position":1,"name":"Portada","item":"https:\/\/zapateneo.net\/wordpress\/"},{"@type":"ListItem","position":2,"name":"Tienda","item":"https:\/\/zapateneo.net\/wordpress\/"},{"@type":"ListItem","position":3,"name":"Machismo y cultura jur\u00eddica Etnograf\u00eda del proceso judicial de la violencia de g\u00e9nero"}]},{"@type":"WebSite","@id":"https:\/\/zapateneo.net\/wordpress\/#website","url":"https:\/\/zapateneo.net\/wordpress\/","name":"Zapateneo","description":"Zapateneoaren webgunea","publisher":{"@id":"https:\/\/zapateneo.net\/wordpress\/#organization"},"potentialAction":[{"@type":"SearchAction","target":{"@type":"EntryPoint","urlTemplate":"https:\/\/zapateneo.net\/wordpress\/?s={search_term_string}"},"query-input":{"@type":"PropertyValueSpecification","valueRequired":true,"valueName":"search_term_string"}}],"inLanguage":"es"},{"@type":"Organization","@id":"https:\/\/zapateneo.net\/wordpress\/#organization","name":"Zapateneo Kultur Elkartea","url":"https:\/\/zapateneo.net\/wordpress\/","logo":{"@type":"ImageObject","inLanguage":"es","@id":"https:\/\/zapateneo.net\/wordpress\/#\/schema\/logo\/image\/","url":"https:\/\/zapateneo.net\/wordpress\/wp-content\/uploads\/2021\/04\/zap-libu-kolec.jpg","contentUrl":"https:\/\/zapateneo.net\/wordpress\/wp-content\/uploads\/2021\/04\/zap-libu-kolec.jpg","width":2234,"height":398,"caption":"Zapateneo Kultur Elkartea"},"image":{"@id":"https:\/\/zapateneo.net\/wordpress\/#\/schema\/logo\/image\/"},"sameAs":["https:\/\/x.com\/zapateneo"]}]}},"_links":{"self":[{"href":"https:\/\/zapateneo.net\/wordpress\/index.php\/wp-json\/wp\/v2\/product\/15191","targetHints":{"allow":["GET"]}}],"collection":[{"href":"https:\/\/zapateneo.net\/wordpress\/index.php\/wp-json\/wp\/v2\/product"}],"about":[{"href":"https:\/\/zapateneo.net\/wordpress\/index.php\/wp-json\/wp\/v2\/types\/product"}],"wp:featuredmedia":[{"embeddable":true,"href":"https:\/\/zapateneo.net\/wordpress\/index.php\/wp-json\/wp\/v2\/media\/15194"}],"wp:attachment":[{"href":"https:\/\/zapateneo.net\/wordpress\/index.php\/wp-json\/wp\/v2\/media?parent=15191"}],"wp:term":[{"taxonomy":"product_brand","embeddable":true,"href":"https:\/\/zapateneo.net\/wordpress\/index.php\/wp-json\/wp\/v2\/product_brand?post=15191"},{"taxonomy":"product_cat","embeddable":true,"href":"https:\/\/zapateneo.net\/wordpress\/index.php\/wp-json\/wp\/v2\/product_cat?post=15191"},{"taxonomy":"product_tag","embeddable":true,"href":"https:\/\/zapateneo.net\/wordpress\/index.php\/wp-json\/wp\/v2\/product_tag?post=15191"}],"curies":[{"name":"wp","href":"https:\/\/api.w.org\/{rel}","templated":true}]}}