{"id":15132,"date":"2024-02-11T19:08:18","date_gmt":"2024-02-11T18:08:18","guid":{"rendered":"https:\/\/zapateneo.net\/wordpress\/?post_type=product&#038;p=15132"},"modified":"2024-02-11T19:08:32","modified_gmt":"2024-02-11T18:08:32","slug":"marx-foucault-lecturas-usos-confrontaciones","status":"publish","type":"product","link":"https:\/\/zapateneo.net\/wordpress\/index.php\/producto\/marx-foucault-lecturas-usos-confrontaciones\/","title":{"rendered":"Marx &#038; Foucault Lecturas, usos, confrontaciones"},"content":{"rendered":"<p>Una vez que los cursos de Foucault en el Coll\u00e8ge de France empezaron a estudiarse en serio, la profundidad de su compromiso con Marx y el marxismo se hizo indiscutible. Marx y Foucault: lecturas, usos, confrontaciones es un excelente punto de partida para comprobarlo. Se trata de una recopilaci\u00f3n de ponencias de una conferencia celebrada en Par\u00eds a finales de 2014.<\/p>\n<p>La introducci\u00f3n de los editores proporciona una s\u00f3lida hoja de ruta de la bibliograf\u00eda existente y enmarca las apuestas generales de la confrontaci\u00f3n: superar la oposici\u00f3n entre la \u00abcuesti\u00f3n social\u00bb (Marx) y la \u00ablucha minoritaria\u00bb, o entre la pol\u00edtica de clases y la pol\u00edtica de identidad.<\/p>\n<p>Con 23 cap\u00edtulos, es imposible hacer justicia a este sugerente volumen. Su tono es en gran medida acad\u00e9mico, no activista, y sus colaboradores proceden en gran medida de la filosof\u00eda; algunos tienen formaci\u00f3n en teor\u00eda pol\u00edtica, econom\u00eda pol\u00edtica o sociolog\u00eda. Aunque los escritores franceses est\u00e1n muy representados, tambi\u00e9n hay colaboradores de Italia, Suiza y Brasil, entre otros lugares.<\/p>\n<p>El volumen contiene cuatro partes: Foucault, lector de Marx; Foucault y los marxismos; Leer a Marx despu\u00e9s de Foucault; y Marx con Foucault: actualidades, luchas, cr\u00edticas.<\/p>\n<p>Christian Laval es profesor em\u00e9rito de sociolog\u00eda en la Universidad Par\u00eds-Ouest-Nanterre-La D\u00e9fense. De sus numerosas obras, cabe destacar Jeremy Bentham: le pouvoir des fictions (PUF, 1994), La escuela no es una empresa: el ataque neoliberal a la ense\u00f1anza p\u00fablica (Paid\u00f3s, 2004), L&#8217;Homme \u00e9conomique: Essai sur les racines du n\u00e9olib\u00e9ralisme (Gallimard, 2007), Marx, pr\u00e9nom: Karl (Gallimard, 2012). Y junto a Pierre Dardot, en lengua castellana, destacan La nueva raz\u00f3n del mundo. Ensayo sobre la sociedad neoliberal (Gedisa, 2013), Com\u00fan. Ensayo sobre la revoluci\u00f3n en el siglo XXI (Gedisa, 2015), Foucault, Bourdieu y la cuesti\u00f3n neoliberal (Gedisa, 2020), Dominar. Ensayo sobre la soberan\u00eda del Estado en Occidente (Gedisa, 2021).<\/p>\n<p>Luca Paltrinieri es profesor en la Universidad de Rennes 1. Sus \u00e1mbitos de investigaci\u00f3n se centran en la Filosof\u00eda pol\u00edtica, las teor\u00edas del capital humano y su impacto en la econom\u00eda, la Filosof\u00eda contempor\u00e1nea y la epistemolog\u00eda hist\u00f3rica. Es autor de los libros Michel Foucault entre \u00e9pistemologie et histoire (Editions de laSorbonne, 2012), La sanction \u00e9ducative. Une recherche-action (P\u00e9tra, 2012), Normes du droit du travail en France (L&#8217;Harmattan, 2021).<\/p>\n<p>Ferhat Taylan es profesor en la Universidad Bordeaux Montaigne. Sus estudios versan sobre Filosof\u00eda del medio ambiente, epistemolog\u00eda hist\u00f3rica, Filosof\u00eda pol\u00edtica e historia de las ciencias sociales. Ha publicado dos obras en solitario: Concepts et rationalit\u00e9s: h\u00e9ritages de l&#8217;\u00e9pistemologie historique, de Meyerson \u00e0 Foucault (\u00c9ditions Mat\u00e9riologiques, 2018), M\u00e9sopolitique: conna\u00eetre, th\u00e9oriser et gouverner les milieux de vie (1750-1900) (Publications de la Sorbonne, 2018).<\/p>\n","protected":false},"excerpt":{"rendered":"<p><strong>vvaa<\/strong><br \/>\n9788412123289 &#8211; Dado &#8211; 2024 &#8211; 474 p\u00e1ginas \/orri.<\/p>\n","protected":false},"featured_media":15150,"template":"","meta":[],"product_brand":[],"product_cat":[16,173],"product_tag":[6746],"class_list":{"0":"post-15132","1":"product","2":"type-product","3":"status-publish","4":"has-post-thumbnail","6":"product_cat-libros","7":"product_cat-saiakera-ensayo","8":"product_tag-dado","10":"first","11":"instock","12":"sold-individually","13":"shipping-taxable","14":"purchasable","15":"product-type-simple"},"yoast_head":"<!-- This site is optimized with the Yoast SEO plugin v27.3 - https:\/\/yoast.com\/product\/yoast-seo-wordpress\/ -->\n<title>Marx &amp; Foucault Lecturas, usos, confrontaciones &#8212; Zapateneo<\/title>\n<meta name=\"robots\" content=\"index, follow, max-snippet:-1, max-image-preview:large, max-video-preview:-1\" \/>\n<link rel=\"canonical\" href=\"https:\/\/zapateneo.net\/wordpress\/index.php\/producto\/marx-foucault-lecturas-usos-confrontaciones\/\" \/>\n<meta property=\"og:locale\" content=\"es_ES\" \/>\n<meta property=\"og:type\" content=\"article\" \/>\n<meta property=\"og:title\" content=\"Marx &amp; Foucault Lecturas, usos, confrontaciones &#8212; Zapateneo\" \/>\n<meta property=\"og:description\" content=\"vvaa 9788412123289 - Dado - 2024 - 474 p\u00e1ginas \/orri.\" \/>\n<meta property=\"og:url\" content=\"https:\/\/zapateneo.net\/wordpress\/index.php\/producto\/marx-foucault-lecturas-usos-confrontaciones\/\" \/>\n<meta property=\"og:site_name\" content=\"Zapateneo\" \/>\n<meta property=\"article:modified_time\" content=\"2024-02-11T18:08:32+00:00\" \/>\n<meta name=\"twitter:card\" content=\"summary_large_image\" \/>\n<meta name=\"twitter:site\" content=\"@zapateneo\" \/>\n<meta name=\"twitter:label1\" content=\"Tiempo de lectura\" \/>\n\t<meta name=\"twitter:data1\" content=\"2 minutos\" \/>\n<script type=\"application\/ld+json\" class=\"yoast-schema-graph\">{\"@context\":\"https:\\\/\\\/schema.org\",\"@graph\":[{\"@type\":\"WebPage\",\"@id\":\"https:\\\/\\\/zapateneo.net\\\/wordpress\\\/index.php\\\/producto\\\/marx-foucault-lecturas-usos-confrontaciones\\\/\",\"url\":\"https:\\\/\\\/zapateneo.net\\\/wordpress\\\/index.php\\\/producto\\\/marx-foucault-lecturas-usos-confrontaciones\\\/\",\"name\":\"Marx & Foucault Lecturas, usos, confrontaciones &#8212; Zapateneo\",\"isPartOf\":{\"@id\":\"https:\\\/\\\/zapateneo.net\\\/wordpress\\\/#website\"},\"primaryImageOfPage\":{\"@id\":\"https:\\\/\\\/zapateneo.net\\\/wordpress\\\/index.php\\\/producto\\\/marx-foucault-lecturas-usos-confrontaciones\\\/#primaryimage\"},\"image\":{\"@id\":\"https:\\\/\\\/zapateneo.net\\\/wordpress\\\/index.php\\\/producto\\\/marx-foucault-lecturas-usos-confrontaciones\\\/#primaryimage\"},\"thumbnailUrl\":\"https:\\\/\\\/zapateneo.net\\\/wordpress\\\/wp-content\\\/uploads\\\/2024\\\/02\\\/marx-y-foucault-9788412123289.jpg\",\"datePublished\":\"2024-02-11T18:08:18+00:00\",\"dateModified\":\"2024-02-11T18:08:32+00:00\",\"breadcrumb\":{\"@id\":\"https:\\\/\\\/zapateneo.net\\\/wordpress\\\/index.php\\\/producto\\\/marx-foucault-lecturas-usos-confrontaciones\\\/#breadcrumb\"},\"inLanguage\":\"es\",\"potentialAction\":[{\"@type\":\"ReadAction\",\"target\":[\"https:\\\/\\\/zapateneo.net\\\/wordpress\\\/index.php\\\/producto\\\/marx-foucault-lecturas-usos-confrontaciones\\\/\"]}]},{\"@type\":\"ImageObject\",\"inLanguage\":\"es\",\"@id\":\"https:\\\/\\\/zapateneo.net\\\/wordpress\\\/index.php\\\/producto\\\/marx-foucault-lecturas-usos-confrontaciones\\\/#primaryimage\",\"url\":\"https:\\\/\\\/zapateneo.net\\\/wordpress\\\/wp-content\\\/uploads\\\/2024\\\/02\\\/marx-y-foucault-9788412123289.jpg\",\"contentUrl\":\"https:\\\/\\\/zapateneo.net\\\/wordpress\\\/wp-content\\\/uploads\\\/2024\\\/02\\\/marx-y-foucault-9788412123289.jpg\",\"width\":287,\"height\":400},{\"@type\":\"BreadcrumbList\",\"@id\":\"https:\\\/\\\/zapateneo.net\\\/wordpress\\\/index.php\\\/producto\\\/marx-foucault-lecturas-usos-confrontaciones\\\/#breadcrumb\",\"itemListElement\":[{\"@type\":\"ListItem\",\"position\":1,\"name\":\"Portada\",\"item\":\"https:\\\/\\\/zapateneo.net\\\/wordpress\\\/\"},{\"@type\":\"ListItem\",\"position\":2,\"name\":\"Tienda\",\"item\":\"https:\\\/\\\/zapateneo.net\\\/wordpress\\\/\"},{\"@type\":\"ListItem\",\"position\":3,\"name\":\"Marx &#038; Foucault Lecturas, usos, confrontaciones\"}]},{\"@type\":\"WebSite\",\"@id\":\"https:\\\/\\\/zapateneo.net\\\/wordpress\\\/#website\",\"url\":\"https:\\\/\\\/zapateneo.net\\\/wordpress\\\/\",\"name\":\"Zapateneo\",\"description\":\"Zapateneoaren webgunea\",\"publisher\":{\"@id\":\"https:\\\/\\\/zapateneo.net\\\/wordpress\\\/#organization\"},\"potentialAction\":[{\"@type\":\"SearchAction\",\"target\":{\"@type\":\"EntryPoint\",\"urlTemplate\":\"https:\\\/\\\/zapateneo.net\\\/wordpress\\\/?s={search_term_string}\"},\"query-input\":{\"@type\":\"PropertyValueSpecification\",\"valueRequired\":true,\"valueName\":\"search_term_string\"}}],\"inLanguage\":\"es\"},{\"@type\":\"Organization\",\"@id\":\"https:\\\/\\\/zapateneo.net\\\/wordpress\\\/#organization\",\"name\":\"Zapateneo Kultur Elkartea\",\"url\":\"https:\\\/\\\/zapateneo.net\\\/wordpress\\\/\",\"logo\":{\"@type\":\"ImageObject\",\"inLanguage\":\"es\",\"@id\":\"https:\\\/\\\/zapateneo.net\\\/wordpress\\\/#\\\/schema\\\/logo\\\/image\\\/\",\"url\":\"https:\\\/\\\/zapateneo.net\\\/wordpress\\\/wp-content\\\/uploads\\\/2021\\\/04\\\/zap-libu-kolec.jpg\",\"contentUrl\":\"https:\\\/\\\/zapateneo.net\\\/wordpress\\\/wp-content\\\/uploads\\\/2021\\\/04\\\/zap-libu-kolec.jpg\",\"width\":2234,\"height\":398,\"caption\":\"Zapateneo Kultur Elkartea\"},\"image\":{\"@id\":\"https:\\\/\\\/zapateneo.net\\\/wordpress\\\/#\\\/schema\\\/logo\\\/image\\\/\"},\"sameAs\":[\"https:\\\/\\\/x.com\\\/zapateneo\"]}]}<\/script>\n<!-- \/ Yoast SEO plugin. -->","yoast_head_json":{"title":"Marx & Foucault Lecturas, usos, confrontaciones &#8212; Zapateneo","robots":{"index":"index","follow":"follow","max-snippet":"max-snippet:-1","max-image-preview":"max-image-preview:large","max-video-preview":"max-video-preview:-1"},"canonical":"https:\/\/zapateneo.net\/wordpress\/index.php\/producto\/marx-foucault-lecturas-usos-confrontaciones\/","og_locale":"es_ES","og_type":"article","og_title":"Marx & Foucault Lecturas, usos, confrontaciones &#8212; Zapateneo","og_description":"vvaa 9788412123289 - Dado - 2024 - 474 p\u00e1ginas \/orri.","og_url":"https:\/\/zapateneo.net\/wordpress\/index.php\/producto\/marx-foucault-lecturas-usos-confrontaciones\/","og_site_name":"Zapateneo","article_modified_time":"2024-02-11T18:08:32+00:00","twitter_card":"summary_large_image","twitter_site":"@zapateneo","twitter_misc":{"Tiempo de lectura":"2 minutos"},"schema":{"@context":"https:\/\/schema.org","@graph":[{"@type":"WebPage","@id":"https:\/\/zapateneo.net\/wordpress\/index.php\/producto\/marx-foucault-lecturas-usos-confrontaciones\/","url":"https:\/\/zapateneo.net\/wordpress\/index.php\/producto\/marx-foucault-lecturas-usos-confrontaciones\/","name":"Marx & Foucault Lecturas, usos, confrontaciones &#8212; Zapateneo","isPartOf":{"@id":"https:\/\/zapateneo.net\/wordpress\/#website"},"primaryImageOfPage":{"@id":"https:\/\/zapateneo.net\/wordpress\/index.php\/producto\/marx-foucault-lecturas-usos-confrontaciones\/#primaryimage"},"image":{"@id":"https:\/\/zapateneo.net\/wordpress\/index.php\/producto\/marx-foucault-lecturas-usos-confrontaciones\/#primaryimage"},"thumbnailUrl":"https:\/\/zapateneo.net\/wordpress\/wp-content\/uploads\/2024\/02\/marx-y-foucault-9788412123289.jpg","datePublished":"2024-02-11T18:08:18+00:00","dateModified":"2024-02-11T18:08:32+00:00","breadcrumb":{"@id":"https:\/\/zapateneo.net\/wordpress\/index.php\/producto\/marx-foucault-lecturas-usos-confrontaciones\/#breadcrumb"},"inLanguage":"es","potentialAction":[{"@type":"ReadAction","target":["https:\/\/zapateneo.net\/wordpress\/index.php\/producto\/marx-foucault-lecturas-usos-confrontaciones\/"]}]},{"@type":"ImageObject","inLanguage":"es","@id":"https:\/\/zapateneo.net\/wordpress\/index.php\/producto\/marx-foucault-lecturas-usos-confrontaciones\/#primaryimage","url":"https:\/\/zapateneo.net\/wordpress\/wp-content\/uploads\/2024\/02\/marx-y-foucault-9788412123289.jpg","contentUrl":"https:\/\/zapateneo.net\/wordpress\/wp-content\/uploads\/2024\/02\/marx-y-foucault-9788412123289.jpg","width":287,"height":400},{"@type":"BreadcrumbList","@id":"https:\/\/zapateneo.net\/wordpress\/index.php\/producto\/marx-foucault-lecturas-usos-confrontaciones\/#breadcrumb","itemListElement":[{"@type":"ListItem","position":1,"name":"Portada","item":"https:\/\/zapateneo.net\/wordpress\/"},{"@type":"ListItem","position":2,"name":"Tienda","item":"https:\/\/zapateneo.net\/wordpress\/"},{"@type":"ListItem","position":3,"name":"Marx &#038; Foucault Lecturas, usos, confrontaciones"}]},{"@type":"WebSite","@id":"https:\/\/zapateneo.net\/wordpress\/#website","url":"https:\/\/zapateneo.net\/wordpress\/","name":"Zapateneo","description":"Zapateneoaren webgunea","publisher":{"@id":"https:\/\/zapateneo.net\/wordpress\/#organization"},"potentialAction":[{"@type":"SearchAction","target":{"@type":"EntryPoint","urlTemplate":"https:\/\/zapateneo.net\/wordpress\/?s={search_term_string}"},"query-input":{"@type":"PropertyValueSpecification","valueRequired":true,"valueName":"search_term_string"}}],"inLanguage":"es"},{"@type":"Organization","@id":"https:\/\/zapateneo.net\/wordpress\/#organization","name":"Zapateneo Kultur Elkartea","url":"https:\/\/zapateneo.net\/wordpress\/","logo":{"@type":"ImageObject","inLanguage":"es","@id":"https:\/\/zapateneo.net\/wordpress\/#\/schema\/logo\/image\/","url":"https:\/\/zapateneo.net\/wordpress\/wp-content\/uploads\/2021\/04\/zap-libu-kolec.jpg","contentUrl":"https:\/\/zapateneo.net\/wordpress\/wp-content\/uploads\/2021\/04\/zap-libu-kolec.jpg","width":2234,"height":398,"caption":"Zapateneo Kultur Elkartea"},"image":{"@id":"https:\/\/zapateneo.net\/wordpress\/#\/schema\/logo\/image\/"},"sameAs":["https:\/\/x.com\/zapateneo"]}]}},"_links":{"self":[{"href":"https:\/\/zapateneo.net\/wordpress\/index.php\/wp-json\/wp\/v2\/product\/15132","targetHints":{"allow":["GET"]}}],"collection":[{"href":"https:\/\/zapateneo.net\/wordpress\/index.php\/wp-json\/wp\/v2\/product"}],"about":[{"href":"https:\/\/zapateneo.net\/wordpress\/index.php\/wp-json\/wp\/v2\/types\/product"}],"wp:featuredmedia":[{"embeddable":true,"href":"https:\/\/zapateneo.net\/wordpress\/index.php\/wp-json\/wp\/v2\/media\/15150"}],"wp:attachment":[{"href":"https:\/\/zapateneo.net\/wordpress\/index.php\/wp-json\/wp\/v2\/media?parent=15132"}],"wp:term":[{"taxonomy":"product_brand","embeddable":true,"href":"https:\/\/zapateneo.net\/wordpress\/index.php\/wp-json\/wp\/v2\/product_brand?post=15132"},{"taxonomy":"product_cat","embeddable":true,"href":"https:\/\/zapateneo.net\/wordpress\/index.php\/wp-json\/wp\/v2\/product_cat?post=15132"},{"taxonomy":"product_tag","embeddable":true,"href":"https:\/\/zapateneo.net\/wordpress\/index.php\/wp-json\/wp\/v2\/product_tag?post=15132"}],"curies":[{"name":"wp","href":"https:\/\/api.w.org\/{rel}","templated":true}]}}