{"id":15099,"date":"2023-12-26T18:31:14","date_gmt":"2023-12-26T17:31:14","guid":{"rendered":"https:\/\/zapateneo.net\/wordpress\/?post_type=product&#038;p=15099"},"modified":"2023-12-26T18:31:18","modified_gmt":"2023-12-26T17:31:18","slug":"el-cirujano-y-el-pastor-dos-heroes-de-la-resistencia-en-la-francia-de-vichy","status":"publish","type":"product","link":"https:\/\/zapateneo.net\/wordpress\/index.php\/producto\/el-cirujano-y-el-pastor-dos-heroes-de-la-resistencia-en-la-francia-de-vichy\/","title":{"rendered":"EL CIRUJANO Y EL PASTOR Dos h\u00e9roes de la Resistencia en la Francia de Vichy"},"content":{"rendered":"<p>En plena II Guerra Mundial, la muga se convirti\u00f3, controlada su vertiente septentrional por fascistas franceses y destacamentos policiales nazis, en un territorio fronterizo y peligroso. Entre 1940 y 1944, la famosa Red Com\u00e8te logr\u00f3 evacuar a 878 pilotos aliados atrav\u00e9s del Bidasoa. Pero hay otra red, menos conocida, que logr\u00f3 salvar a m\u00e1s de cien perseguidos por el Reich empleando una ruta por el Pirineo, entre el valle de Aezkoa y la Baja Navarra. Entre 1942 y 1943, el gran hayedo de la Selva de Irati, entre la Francia de Vichy y la Espa\u00f1a de Franco, se convirti\u00f3 en el paso clandestino de quienes escapaban de la guerra y la tiran\u00eda hacia Inglaterra.<\/p>\n<p>Charles Schepens, alias Monsieur P\u00e9rot, con el tiempo afamado oftalm\u00f3logo belga afincado en Boston, y Jean Sarochar, alias Manech, excombatiente de la I Guerra Mundial y pastor de Mendive, fueron los dos personajes m\u00e1s destacados de la red belga Z\u00e9ro que se encarg\u00f3, junto con una amplio tejido de c\u00f3mplices, de llevar a buen t\u00e9rmino la fuga de m\u00e1s de un centenar de refugiados. Schepens, como ingeniosa cabeza organizadora, y Sarochar, como intr\u00e9pido y fabulador mugalari, burlaron a las autoridades colaboracionistas y a la Gestapo durante a\u00f1o y medio, gracias a la cobertura que les proporcion\u00f3 el rescate de una ruinosa empresa maderera, que extra\u00eda troncos del Irati, que se transportaban por telef\u00e9rico, para traviesas de tren. Sobrevivieron milagrosamente, convirti\u00e9ndose en personajes m\u00edticos en aquellos valles escondidos \u2014mezcla de Rold\u00e1n y Martin-Txiki\u2014, y fueron honrados en su tiempo por sus haza\u00f1as como miembros de la Resistencia.<\/p>\n<p>Su historia, sin embargo, no hab\u00eda sido contada hasta ahora, exhaustivamente y con detalle. Este libro apasionante de historia, con trazas de novela de esp\u00edas, documentado con rigor, erudici\u00f3n y mucho trabajo de campo, nos sumerge en la \u00e9poca y en el lugar con una viveza extraordinaria: se trata de una aut\u00e9ntico ejercicio de memoria democr\u00e1tica. Nos sit\u00faa en un espacio y en un tiempo de hero\u00edsmo y desgracia, protagonizado por h\u00e9roes an\u00f3nimos de una pieza que, junto a sus comunidades de colaboradores necesarias, convienen ser recordados.<\/p>\n<p>Meg Ostrum Licenciada por la Universidad Washington de San Luis y fue becaria del Fondo Nacional para las Humanidades en el Programa de posgrado de Historia del arte y museolog\u00eda de la Universidad de Minnesota. De 1978 a 1986 fue Coordinadora de Museos y Artes Visuales en el Consejo de las Artes de Vermont, ciudad en la que actualmente reside. Durante los \u00faltimos 35 a\u00f1os ha trabajado como consultora para organizaciones culturales, organismos p\u00fablicos y artistas de EE. UU. Meg Ostrum ha editado diversas publicaciones documentales y antolog\u00edas de historia oral y es autora de El cirujano y el pastor. En la actualidad es miembro del Consejo de Humanidades de Harpo Fundation de Vermont, donde es subdirectora de programas y trabaja cotidianamente. Su curriculum laboral tambi\u00e9n incluye haber formado parte de los consejos del Museo Mar\u00edtimo del Lago Champlain, el Green Mountain Film Festival y otras organizaciones sin \u00e1nimo de lucro.<\/p>\n","protected":false},"excerpt":{"rendered":"<p><strong>Meg Ostrum<\/strong><br \/>\n9788416946877 &#8211; katakrak &#8211; 2023 &#8211; 282 p\u00e1ginas \/orri.<\/p>\n","protected":false},"featured_media":15107,"template":"","meta":[],"product_brand":[],"product_cat":[185,16],"product_tag":[508,6878],"class_list":{"0":"post-15099","1":"product","2":"type-product","3":"status-publish","4":"has-post-thumbnail","6":"product_cat-historia","7":"product_cat-libros","8":"product_tag-katakrak","9":"product_tag-meg-ostrum","11":"first","12":"instock","13":"sold-individually","14":"shipping-taxable","15":"purchasable","16":"product-type-simple"},"yoast_head":"<!-- This site is optimized with the Yoast SEO plugin v27.3 - https:\/\/yoast.com\/product\/yoast-seo-wordpress\/ -->\n<title>EL CIRUJANO Y EL PASTOR Dos h\u00e9roes de la Resistencia en la Francia de Vichy &#8212; Zapateneo<\/title>\n<meta name=\"robots\" content=\"index, follow, max-snippet:-1, max-image-preview:large, max-video-preview:-1\" \/>\n<link rel=\"canonical\" href=\"https:\/\/zapateneo.net\/wordpress\/index.php\/producto\/el-cirujano-y-el-pastor-dos-heroes-de-la-resistencia-en-la-francia-de-vichy\/\" \/>\n<meta property=\"og:locale\" content=\"es_ES\" \/>\n<meta property=\"og:type\" content=\"article\" \/>\n<meta property=\"og:title\" content=\"EL CIRUJANO Y EL PASTOR Dos h\u00e9roes de la Resistencia en la Francia de Vichy &#8212; Zapateneo\" \/>\n<meta property=\"og:description\" content=\"Meg Ostrum 9788416946877 - katakrak - 2023 - 282 p\u00e1ginas \/orri.\" \/>\n<meta property=\"og:url\" content=\"https:\/\/zapateneo.net\/wordpress\/index.php\/producto\/el-cirujano-y-el-pastor-dos-heroes-de-la-resistencia-en-la-francia-de-vichy\/\" \/>\n<meta property=\"og:site_name\" content=\"Zapateneo\" \/>\n<meta property=\"article:modified_time\" content=\"2023-12-26T17:31:18+00:00\" \/>\n<meta name=\"twitter:card\" content=\"summary_large_image\" \/>\n<meta name=\"twitter:site\" content=\"@zapateneo\" \/>\n<meta name=\"twitter:label1\" content=\"Tiempo de lectura\" \/>\n\t<meta name=\"twitter:data1\" content=\"3 minutos\" \/>\n<script type=\"application\/ld+json\" class=\"yoast-schema-graph\">{\"@context\":\"https:\\\/\\\/schema.org\",\"@graph\":[{\"@type\":\"WebPage\",\"@id\":\"https:\\\/\\\/zapateneo.net\\\/wordpress\\\/index.php\\\/producto\\\/el-cirujano-y-el-pastor-dos-heroes-de-la-resistencia-en-la-francia-de-vichy\\\/\",\"url\":\"https:\\\/\\\/zapateneo.net\\\/wordpress\\\/index.php\\\/producto\\\/el-cirujano-y-el-pastor-dos-heroes-de-la-resistencia-en-la-francia-de-vichy\\\/\",\"name\":\"EL CIRUJANO Y EL PASTOR Dos h\u00e9roes de la Resistencia en la Francia de Vichy &#8212; Zapateneo\",\"isPartOf\":{\"@id\":\"https:\\\/\\\/zapateneo.net\\\/wordpress\\\/#website\"},\"primaryImageOfPage\":{\"@id\":\"https:\\\/\\\/zapateneo.net\\\/wordpress\\\/index.php\\\/producto\\\/el-cirujano-y-el-pastor-dos-heroes-de-la-resistencia-en-la-francia-de-vichy\\\/#primaryimage\"},\"image\":{\"@id\":\"https:\\\/\\\/zapateneo.net\\\/wordpress\\\/index.php\\\/producto\\\/el-cirujano-y-el-pastor-dos-heroes-de-la-resistencia-en-la-francia-de-vichy\\\/#primaryimage\"},\"thumbnailUrl\":\"https:\\\/\\\/zapateneo.net\\\/wordpress\\\/wp-content\\\/uploads\\\/2023\\\/12\\\/el-cirujano-y-el-pastor-9788416946877.png\",\"datePublished\":\"2023-12-26T17:31:14+00:00\",\"dateModified\":\"2023-12-26T17:31:18+00:00\",\"breadcrumb\":{\"@id\":\"https:\\\/\\\/zapateneo.net\\\/wordpress\\\/index.php\\\/producto\\\/el-cirujano-y-el-pastor-dos-heroes-de-la-resistencia-en-la-francia-de-vichy\\\/#breadcrumb\"},\"inLanguage\":\"es\",\"potentialAction\":[{\"@type\":\"ReadAction\",\"target\":[\"https:\\\/\\\/zapateneo.net\\\/wordpress\\\/index.php\\\/producto\\\/el-cirujano-y-el-pastor-dos-heroes-de-la-resistencia-en-la-francia-de-vichy\\\/\"]}]},{\"@type\":\"ImageObject\",\"inLanguage\":\"es\",\"@id\":\"https:\\\/\\\/zapateneo.net\\\/wordpress\\\/index.php\\\/producto\\\/el-cirujano-y-el-pastor-dos-heroes-de-la-resistencia-en-la-francia-de-vichy\\\/#primaryimage\",\"url\":\"https:\\\/\\\/zapateneo.net\\\/wordpress\\\/wp-content\\\/uploads\\\/2023\\\/12\\\/el-cirujano-y-el-pastor-9788416946877.png\",\"contentUrl\":\"https:\\\/\\\/zapateneo.net\\\/wordpress\\\/wp-content\\\/uploads\\\/2023\\\/12\\\/el-cirujano-y-el-pastor-9788416946877.png\",\"width\":269,\"height\":400},{\"@type\":\"BreadcrumbList\",\"@id\":\"https:\\\/\\\/zapateneo.net\\\/wordpress\\\/index.php\\\/producto\\\/el-cirujano-y-el-pastor-dos-heroes-de-la-resistencia-en-la-francia-de-vichy\\\/#breadcrumb\",\"itemListElement\":[{\"@type\":\"ListItem\",\"position\":1,\"name\":\"Portada\",\"item\":\"https:\\\/\\\/zapateneo.net\\\/wordpress\\\/\"},{\"@type\":\"ListItem\",\"position\":2,\"name\":\"Tienda\",\"item\":\"https:\\\/\\\/zapateneo.net\\\/wordpress\\\/\"},{\"@type\":\"ListItem\",\"position\":3,\"name\":\"EL CIRUJANO Y EL PASTOR Dos h\u00e9roes de la Resistencia en la Francia de Vichy\"}]},{\"@type\":\"WebSite\",\"@id\":\"https:\\\/\\\/zapateneo.net\\\/wordpress\\\/#website\",\"url\":\"https:\\\/\\\/zapateneo.net\\\/wordpress\\\/\",\"name\":\"Zapateneo\",\"description\":\"Zapateneoaren webgunea\",\"publisher\":{\"@id\":\"https:\\\/\\\/zapateneo.net\\\/wordpress\\\/#organization\"},\"potentialAction\":[{\"@type\":\"SearchAction\",\"target\":{\"@type\":\"EntryPoint\",\"urlTemplate\":\"https:\\\/\\\/zapateneo.net\\\/wordpress\\\/?s={search_term_string}\"},\"query-input\":{\"@type\":\"PropertyValueSpecification\",\"valueRequired\":true,\"valueName\":\"search_term_string\"}}],\"inLanguage\":\"es\"},{\"@type\":\"Organization\",\"@id\":\"https:\\\/\\\/zapateneo.net\\\/wordpress\\\/#organization\",\"name\":\"Zapateneo Kultur Elkartea\",\"url\":\"https:\\\/\\\/zapateneo.net\\\/wordpress\\\/\",\"logo\":{\"@type\":\"ImageObject\",\"inLanguage\":\"es\",\"@id\":\"https:\\\/\\\/zapateneo.net\\\/wordpress\\\/#\\\/schema\\\/logo\\\/image\\\/\",\"url\":\"https:\\\/\\\/zapateneo.net\\\/wordpress\\\/wp-content\\\/uploads\\\/2021\\\/04\\\/zap-libu-kolec.jpg\",\"contentUrl\":\"https:\\\/\\\/zapateneo.net\\\/wordpress\\\/wp-content\\\/uploads\\\/2021\\\/04\\\/zap-libu-kolec.jpg\",\"width\":2234,\"height\":398,\"caption\":\"Zapateneo Kultur Elkartea\"},\"image\":{\"@id\":\"https:\\\/\\\/zapateneo.net\\\/wordpress\\\/#\\\/schema\\\/logo\\\/image\\\/\"},\"sameAs\":[\"https:\\\/\\\/x.com\\\/zapateneo\"]}]}<\/script>\n<!-- \/ Yoast SEO plugin. -->","yoast_head_json":{"title":"EL CIRUJANO Y EL PASTOR Dos h\u00e9roes de la Resistencia en la Francia de Vichy &#8212; Zapateneo","robots":{"index":"index","follow":"follow","max-snippet":"max-snippet:-1","max-image-preview":"max-image-preview:large","max-video-preview":"max-video-preview:-1"},"canonical":"https:\/\/zapateneo.net\/wordpress\/index.php\/producto\/el-cirujano-y-el-pastor-dos-heroes-de-la-resistencia-en-la-francia-de-vichy\/","og_locale":"es_ES","og_type":"article","og_title":"EL CIRUJANO Y EL PASTOR Dos h\u00e9roes de la Resistencia en la Francia de Vichy &#8212; Zapateneo","og_description":"Meg Ostrum 9788416946877 - katakrak - 2023 - 282 p\u00e1ginas \/orri.","og_url":"https:\/\/zapateneo.net\/wordpress\/index.php\/producto\/el-cirujano-y-el-pastor-dos-heroes-de-la-resistencia-en-la-francia-de-vichy\/","og_site_name":"Zapateneo","article_modified_time":"2023-12-26T17:31:18+00:00","twitter_card":"summary_large_image","twitter_site":"@zapateneo","twitter_misc":{"Tiempo de lectura":"3 minutos"},"schema":{"@context":"https:\/\/schema.org","@graph":[{"@type":"WebPage","@id":"https:\/\/zapateneo.net\/wordpress\/index.php\/producto\/el-cirujano-y-el-pastor-dos-heroes-de-la-resistencia-en-la-francia-de-vichy\/","url":"https:\/\/zapateneo.net\/wordpress\/index.php\/producto\/el-cirujano-y-el-pastor-dos-heroes-de-la-resistencia-en-la-francia-de-vichy\/","name":"EL CIRUJANO Y EL PASTOR Dos h\u00e9roes de la Resistencia en la Francia de Vichy &#8212; Zapateneo","isPartOf":{"@id":"https:\/\/zapateneo.net\/wordpress\/#website"},"primaryImageOfPage":{"@id":"https:\/\/zapateneo.net\/wordpress\/index.php\/producto\/el-cirujano-y-el-pastor-dos-heroes-de-la-resistencia-en-la-francia-de-vichy\/#primaryimage"},"image":{"@id":"https:\/\/zapateneo.net\/wordpress\/index.php\/producto\/el-cirujano-y-el-pastor-dos-heroes-de-la-resistencia-en-la-francia-de-vichy\/#primaryimage"},"thumbnailUrl":"https:\/\/zapateneo.net\/wordpress\/wp-content\/uploads\/2023\/12\/el-cirujano-y-el-pastor-9788416946877.png","datePublished":"2023-12-26T17:31:14+00:00","dateModified":"2023-12-26T17:31:18+00:00","breadcrumb":{"@id":"https:\/\/zapateneo.net\/wordpress\/index.php\/producto\/el-cirujano-y-el-pastor-dos-heroes-de-la-resistencia-en-la-francia-de-vichy\/#breadcrumb"},"inLanguage":"es","potentialAction":[{"@type":"ReadAction","target":["https:\/\/zapateneo.net\/wordpress\/index.php\/producto\/el-cirujano-y-el-pastor-dos-heroes-de-la-resistencia-en-la-francia-de-vichy\/"]}]},{"@type":"ImageObject","inLanguage":"es","@id":"https:\/\/zapateneo.net\/wordpress\/index.php\/producto\/el-cirujano-y-el-pastor-dos-heroes-de-la-resistencia-en-la-francia-de-vichy\/#primaryimage","url":"https:\/\/zapateneo.net\/wordpress\/wp-content\/uploads\/2023\/12\/el-cirujano-y-el-pastor-9788416946877.png","contentUrl":"https:\/\/zapateneo.net\/wordpress\/wp-content\/uploads\/2023\/12\/el-cirujano-y-el-pastor-9788416946877.png","width":269,"height":400},{"@type":"BreadcrumbList","@id":"https:\/\/zapateneo.net\/wordpress\/index.php\/producto\/el-cirujano-y-el-pastor-dos-heroes-de-la-resistencia-en-la-francia-de-vichy\/#breadcrumb","itemListElement":[{"@type":"ListItem","position":1,"name":"Portada","item":"https:\/\/zapateneo.net\/wordpress\/"},{"@type":"ListItem","position":2,"name":"Tienda","item":"https:\/\/zapateneo.net\/wordpress\/"},{"@type":"ListItem","position":3,"name":"EL CIRUJANO Y EL PASTOR Dos h\u00e9roes de la Resistencia en la Francia de Vichy"}]},{"@type":"WebSite","@id":"https:\/\/zapateneo.net\/wordpress\/#website","url":"https:\/\/zapateneo.net\/wordpress\/","name":"Zapateneo","description":"Zapateneoaren webgunea","publisher":{"@id":"https:\/\/zapateneo.net\/wordpress\/#organization"},"potentialAction":[{"@type":"SearchAction","target":{"@type":"EntryPoint","urlTemplate":"https:\/\/zapateneo.net\/wordpress\/?s={search_term_string}"},"query-input":{"@type":"PropertyValueSpecification","valueRequired":true,"valueName":"search_term_string"}}],"inLanguage":"es"},{"@type":"Organization","@id":"https:\/\/zapateneo.net\/wordpress\/#organization","name":"Zapateneo Kultur Elkartea","url":"https:\/\/zapateneo.net\/wordpress\/","logo":{"@type":"ImageObject","inLanguage":"es","@id":"https:\/\/zapateneo.net\/wordpress\/#\/schema\/logo\/image\/","url":"https:\/\/zapateneo.net\/wordpress\/wp-content\/uploads\/2021\/04\/zap-libu-kolec.jpg","contentUrl":"https:\/\/zapateneo.net\/wordpress\/wp-content\/uploads\/2021\/04\/zap-libu-kolec.jpg","width":2234,"height":398,"caption":"Zapateneo Kultur Elkartea"},"image":{"@id":"https:\/\/zapateneo.net\/wordpress\/#\/schema\/logo\/image\/"},"sameAs":["https:\/\/x.com\/zapateneo"]}]}},"_links":{"self":[{"href":"https:\/\/zapateneo.net\/wordpress\/index.php\/wp-json\/wp\/v2\/product\/15099","targetHints":{"allow":["GET"]}}],"collection":[{"href":"https:\/\/zapateneo.net\/wordpress\/index.php\/wp-json\/wp\/v2\/product"}],"about":[{"href":"https:\/\/zapateneo.net\/wordpress\/index.php\/wp-json\/wp\/v2\/types\/product"}],"wp:featuredmedia":[{"embeddable":true,"href":"https:\/\/zapateneo.net\/wordpress\/index.php\/wp-json\/wp\/v2\/media\/15107"}],"wp:attachment":[{"href":"https:\/\/zapateneo.net\/wordpress\/index.php\/wp-json\/wp\/v2\/media?parent=15099"}],"wp:term":[{"taxonomy":"product_brand","embeddable":true,"href":"https:\/\/zapateneo.net\/wordpress\/index.php\/wp-json\/wp\/v2\/product_brand?post=15099"},{"taxonomy":"product_cat","embeddable":true,"href":"https:\/\/zapateneo.net\/wordpress\/index.php\/wp-json\/wp\/v2\/product_cat?post=15099"},{"taxonomy":"product_tag","embeddable":true,"href":"https:\/\/zapateneo.net\/wordpress\/index.php\/wp-json\/wp\/v2\/product_tag?post=15099"}],"curies":[{"name":"wp","href":"https:\/\/api.w.org\/{rel}","templated":true}]}}