{"id":14985,"date":"2023-10-21T11:27:09","date_gmt":"2023-10-21T10:27:09","guid":{"rendered":"https:\/\/zapateneo.net\/wordpress\/?post_type=product&#038;p=14985"},"modified":"2023-10-21T11:27:18","modified_gmt":"2023-10-21T10:27:18","slug":"hegemonia-sexual-politica-sodomia-y-capital-en-el-surgimiento-del-sistema-mundial","status":"publish","type":"product","link":"https:\/\/zapateneo.net\/wordpress\/index.php\/producto\/hegemonia-sexual-politica-sodomia-y-capital-en-el-surgimiento-del-sistema-mundial\/","title":{"rendered":"Hegemon\u00eda sexual &#8211; Pol\u00edtica, sodom\u00eda y capital en el surgimiento del sistema mundial"},"content":{"rendered":"<p>En Hegemon\u00eda sexual, Christopher Chitty rastrea los quinientos a\u00f1os de historia de las relaciones sexuales capitalistas. Se trata, en este sentido, de una verdadera arqueolog\u00eda de la din\u00e1mica de clase burguesa por regular la homosexualidad, pero tambi\u00e9n de las formas de resistencia y lucha de clases en ese \u00e1mbito. Tras las huellas de la politizaci\u00f3n de la homosexualidad masculina en la Florencia del Renacimiento, en \u00c1msterdam, Par\u00eds y Londres entre los siglos XVII y XIX, as\u00ed como en la ciudad de Nueva York durante el siglo XX, Chitty muestra c\u00f3mo la sexualidad se convirti\u00f3 en una dimensi\u00f3n crucial de la acumulaci\u00f3n de capital, al igual que en una importante t\u00e9cnica de dominio burgu\u00e9s. Ya sea por medio del control de la sodom\u00eda masculina durante el gobierno de los M\u00e9dici en Florencia, o de la reiterada acusaci\u00f3n contra la aristocracia francesa de practicar una sexualidad monstruosa en la Revoluci\u00f3n francesa, la burgues\u00eda us\u00f3 tanto la restricci\u00f3n como la libertad sexual para producir y controlar a las clases trabajadoras, transform\u00e1ndolas en una herramienta de producci\u00f3n fiable, subordinada a la sociedad civil y al Estado. De este modo, al abordar la sexualidad como un campo de contienda social, esto es, como un espacio privilegiado de la lucha de clases, Chitty nos propone embarcarnos en una pol\u00edtica que destruya la sexualidad como herramienta y efecto del poder.<\/p>\n","protected":false},"excerpt":{"rendered":"<p><strong>Christopher Chitty<\/strong><br \/>\n9788419833051 &#8211; Traficantes de Sue\u00f1os &#8211; 2020 &#8211; 283 p\u00e1ginas \/orri.<\/p>\n","protected":false},"featured_media":14993,"template":"","meta":[],"product_brand":[],"product_cat":[15],"product_tag":[6831,72],"class_list":{"0":"post-14985","1":"product","2":"type-product","3":"status-publish","4":"has-post-thumbnail","6":"product_cat-otros-bestelakoak","7":"product_tag-christopher-chitty","8":"product_tag-traficantes-de-suenos","10":"first","11":"instock","12":"sold-individually","13":"shipping-taxable","14":"purchasable","15":"product-type-simple"},"yoast_head":"<!-- This site is optimized with the Yoast SEO plugin v27.3 - https:\/\/yoast.com\/product\/yoast-seo-wordpress\/ -->\n<title>Hegemon\u00eda sexual - Pol\u00edtica, sodom\u00eda y capital en el surgimiento del sistema mundial &#8212; Zapateneo<\/title>\n<meta name=\"robots\" content=\"index, follow, max-snippet:-1, max-image-preview:large, max-video-preview:-1\" \/>\n<link rel=\"canonical\" href=\"https:\/\/zapateneo.net\/wordpress\/index.php\/producto\/hegemonia-sexual-politica-sodomia-y-capital-en-el-surgimiento-del-sistema-mundial\/\" \/>\n<meta property=\"og:locale\" content=\"es_ES\" \/>\n<meta property=\"og:type\" content=\"article\" \/>\n<meta property=\"og:title\" content=\"Hegemon\u00eda sexual - Pol\u00edtica, sodom\u00eda y capital en el surgimiento del sistema mundial &#8212; Zapateneo\" \/>\n<meta property=\"og:description\" content=\"Christopher Chitty 9788419833051 - Traficantes de Sue\u00f1os - 2020 - 283 p\u00e1ginas \/orri.\" \/>\n<meta property=\"og:url\" content=\"https:\/\/zapateneo.net\/wordpress\/index.php\/producto\/hegemonia-sexual-politica-sodomia-y-capital-en-el-surgimiento-del-sistema-mundial\/\" \/>\n<meta property=\"og:site_name\" content=\"Zapateneo\" \/>\n<meta property=\"article:modified_time\" content=\"2023-10-21T10:27:18+00:00\" \/>\n<meta name=\"twitter:card\" content=\"summary_large_image\" \/>\n<meta name=\"twitter:site\" content=\"@zapateneo\" \/>\n<meta name=\"twitter:label1\" content=\"Tiempo de lectura\" \/>\n\t<meta name=\"twitter:data1\" content=\"1 minuto\" \/>\n<script type=\"application\/ld+json\" class=\"yoast-schema-graph\">{\"@context\":\"https:\\\/\\\/schema.org\",\"@graph\":[{\"@type\":\"WebPage\",\"@id\":\"https:\\\/\\\/zapateneo.net\\\/wordpress\\\/index.php\\\/producto\\\/hegemonia-sexual-politica-sodomia-y-capital-en-el-surgimiento-del-sistema-mundial\\\/\",\"url\":\"https:\\\/\\\/zapateneo.net\\\/wordpress\\\/index.php\\\/producto\\\/hegemonia-sexual-politica-sodomia-y-capital-en-el-surgimiento-del-sistema-mundial\\\/\",\"name\":\"Hegemon\u00eda sexual - Pol\u00edtica, sodom\u00eda y capital en el surgimiento del sistema mundial &#8212; Zapateneo\",\"isPartOf\":{\"@id\":\"https:\\\/\\\/zapateneo.net\\\/wordpress\\\/#website\"},\"primaryImageOfPage\":{\"@id\":\"https:\\\/\\\/zapateneo.net\\\/wordpress\\\/index.php\\\/producto\\\/hegemonia-sexual-politica-sodomia-y-capital-en-el-surgimiento-del-sistema-mundial\\\/#primaryimage\"},\"image\":{\"@id\":\"https:\\\/\\\/zapateneo.net\\\/wordpress\\\/index.php\\\/producto\\\/hegemonia-sexual-politica-sodomia-y-capital-en-el-surgimiento-del-sistema-mundial\\\/#primaryimage\"},\"thumbnailUrl\":\"https:\\\/\\\/zapateneo.net\\\/wordpress\\\/wp-content\\\/uploads\\\/2023\\\/10\\\/9788419833051_2.gif\",\"datePublished\":\"2023-10-21T10:27:09+00:00\",\"dateModified\":\"2023-10-21T10:27:18+00:00\",\"breadcrumb\":{\"@id\":\"https:\\\/\\\/zapateneo.net\\\/wordpress\\\/index.php\\\/producto\\\/hegemonia-sexual-politica-sodomia-y-capital-en-el-surgimiento-del-sistema-mundial\\\/#breadcrumb\"},\"inLanguage\":\"es\",\"potentialAction\":[{\"@type\":\"ReadAction\",\"target\":[\"https:\\\/\\\/zapateneo.net\\\/wordpress\\\/index.php\\\/producto\\\/hegemonia-sexual-politica-sodomia-y-capital-en-el-surgimiento-del-sistema-mundial\\\/\"]}]},{\"@type\":\"ImageObject\",\"inLanguage\":\"es\",\"@id\":\"https:\\\/\\\/zapateneo.net\\\/wordpress\\\/index.php\\\/producto\\\/hegemonia-sexual-politica-sodomia-y-capital-en-el-surgimiento-del-sistema-mundial\\\/#primaryimage\",\"url\":\"https:\\\/\\\/zapateneo.net\\\/wordpress\\\/wp-content\\\/uploads\\\/2023\\\/10\\\/9788419833051_2.gif\",\"contentUrl\":\"https:\\\/\\\/zapateneo.net\\\/wordpress\\\/wp-content\\\/uploads\\\/2023\\\/10\\\/9788419833051_2.gif\",\"width\":240,\"height\":354},{\"@type\":\"BreadcrumbList\",\"@id\":\"https:\\\/\\\/zapateneo.net\\\/wordpress\\\/index.php\\\/producto\\\/hegemonia-sexual-politica-sodomia-y-capital-en-el-surgimiento-del-sistema-mundial\\\/#breadcrumb\",\"itemListElement\":[{\"@type\":\"ListItem\",\"position\":1,\"name\":\"Portada\",\"item\":\"https:\\\/\\\/zapateneo.net\\\/wordpress\\\/\"},{\"@type\":\"ListItem\",\"position\":2,\"name\":\"Tienda\",\"item\":\"https:\\\/\\\/zapateneo.net\\\/wordpress\\\/\"},{\"@type\":\"ListItem\",\"position\":3,\"name\":\"Hegemon\u00eda sexual &#8211; Pol\u00edtica, sodom\u00eda y capital en el surgimiento del sistema mundial\"}]},{\"@type\":\"WebSite\",\"@id\":\"https:\\\/\\\/zapateneo.net\\\/wordpress\\\/#website\",\"url\":\"https:\\\/\\\/zapateneo.net\\\/wordpress\\\/\",\"name\":\"Zapateneo\",\"description\":\"Zapateneoaren webgunea\",\"publisher\":{\"@id\":\"https:\\\/\\\/zapateneo.net\\\/wordpress\\\/#organization\"},\"potentialAction\":[{\"@type\":\"SearchAction\",\"target\":{\"@type\":\"EntryPoint\",\"urlTemplate\":\"https:\\\/\\\/zapateneo.net\\\/wordpress\\\/?s={search_term_string}\"},\"query-input\":{\"@type\":\"PropertyValueSpecification\",\"valueRequired\":true,\"valueName\":\"search_term_string\"}}],\"inLanguage\":\"es\"},{\"@type\":\"Organization\",\"@id\":\"https:\\\/\\\/zapateneo.net\\\/wordpress\\\/#organization\",\"name\":\"Zapateneo Kultur Elkartea\",\"url\":\"https:\\\/\\\/zapateneo.net\\\/wordpress\\\/\",\"logo\":{\"@type\":\"ImageObject\",\"inLanguage\":\"es\",\"@id\":\"https:\\\/\\\/zapateneo.net\\\/wordpress\\\/#\\\/schema\\\/logo\\\/image\\\/\",\"url\":\"https:\\\/\\\/zapateneo.net\\\/wordpress\\\/wp-content\\\/uploads\\\/2021\\\/04\\\/zap-libu-kolec.jpg\",\"contentUrl\":\"https:\\\/\\\/zapateneo.net\\\/wordpress\\\/wp-content\\\/uploads\\\/2021\\\/04\\\/zap-libu-kolec.jpg\",\"width\":2234,\"height\":398,\"caption\":\"Zapateneo Kultur Elkartea\"},\"image\":{\"@id\":\"https:\\\/\\\/zapateneo.net\\\/wordpress\\\/#\\\/schema\\\/logo\\\/image\\\/\"},\"sameAs\":[\"https:\\\/\\\/x.com\\\/zapateneo\"]}]}<\/script>\n<!-- \/ Yoast SEO plugin. -->","yoast_head_json":{"title":"Hegemon\u00eda sexual - Pol\u00edtica, sodom\u00eda y capital en el surgimiento del sistema mundial &#8212; Zapateneo","robots":{"index":"index","follow":"follow","max-snippet":"max-snippet:-1","max-image-preview":"max-image-preview:large","max-video-preview":"max-video-preview:-1"},"canonical":"https:\/\/zapateneo.net\/wordpress\/index.php\/producto\/hegemonia-sexual-politica-sodomia-y-capital-en-el-surgimiento-del-sistema-mundial\/","og_locale":"es_ES","og_type":"article","og_title":"Hegemon\u00eda sexual - Pol\u00edtica, sodom\u00eda y capital en el surgimiento del sistema mundial &#8212; Zapateneo","og_description":"Christopher Chitty 9788419833051 - Traficantes de Sue\u00f1os - 2020 - 283 p\u00e1ginas \/orri.","og_url":"https:\/\/zapateneo.net\/wordpress\/index.php\/producto\/hegemonia-sexual-politica-sodomia-y-capital-en-el-surgimiento-del-sistema-mundial\/","og_site_name":"Zapateneo","article_modified_time":"2023-10-21T10:27:18+00:00","twitter_card":"summary_large_image","twitter_site":"@zapateneo","twitter_misc":{"Tiempo de lectura":"1 minuto"},"schema":{"@context":"https:\/\/schema.org","@graph":[{"@type":"WebPage","@id":"https:\/\/zapateneo.net\/wordpress\/index.php\/producto\/hegemonia-sexual-politica-sodomia-y-capital-en-el-surgimiento-del-sistema-mundial\/","url":"https:\/\/zapateneo.net\/wordpress\/index.php\/producto\/hegemonia-sexual-politica-sodomia-y-capital-en-el-surgimiento-del-sistema-mundial\/","name":"Hegemon\u00eda sexual - Pol\u00edtica, sodom\u00eda y capital en el surgimiento del sistema mundial &#8212; Zapateneo","isPartOf":{"@id":"https:\/\/zapateneo.net\/wordpress\/#website"},"primaryImageOfPage":{"@id":"https:\/\/zapateneo.net\/wordpress\/index.php\/producto\/hegemonia-sexual-politica-sodomia-y-capital-en-el-surgimiento-del-sistema-mundial\/#primaryimage"},"image":{"@id":"https:\/\/zapateneo.net\/wordpress\/index.php\/producto\/hegemonia-sexual-politica-sodomia-y-capital-en-el-surgimiento-del-sistema-mundial\/#primaryimage"},"thumbnailUrl":"https:\/\/zapateneo.net\/wordpress\/wp-content\/uploads\/2023\/10\/9788419833051_2.gif","datePublished":"2023-10-21T10:27:09+00:00","dateModified":"2023-10-21T10:27:18+00:00","breadcrumb":{"@id":"https:\/\/zapateneo.net\/wordpress\/index.php\/producto\/hegemonia-sexual-politica-sodomia-y-capital-en-el-surgimiento-del-sistema-mundial\/#breadcrumb"},"inLanguage":"es","potentialAction":[{"@type":"ReadAction","target":["https:\/\/zapateneo.net\/wordpress\/index.php\/producto\/hegemonia-sexual-politica-sodomia-y-capital-en-el-surgimiento-del-sistema-mundial\/"]}]},{"@type":"ImageObject","inLanguage":"es","@id":"https:\/\/zapateneo.net\/wordpress\/index.php\/producto\/hegemonia-sexual-politica-sodomia-y-capital-en-el-surgimiento-del-sistema-mundial\/#primaryimage","url":"https:\/\/zapateneo.net\/wordpress\/wp-content\/uploads\/2023\/10\/9788419833051_2.gif","contentUrl":"https:\/\/zapateneo.net\/wordpress\/wp-content\/uploads\/2023\/10\/9788419833051_2.gif","width":240,"height":354},{"@type":"BreadcrumbList","@id":"https:\/\/zapateneo.net\/wordpress\/index.php\/producto\/hegemonia-sexual-politica-sodomia-y-capital-en-el-surgimiento-del-sistema-mundial\/#breadcrumb","itemListElement":[{"@type":"ListItem","position":1,"name":"Portada","item":"https:\/\/zapateneo.net\/wordpress\/"},{"@type":"ListItem","position":2,"name":"Tienda","item":"https:\/\/zapateneo.net\/wordpress\/"},{"@type":"ListItem","position":3,"name":"Hegemon\u00eda sexual &#8211; Pol\u00edtica, sodom\u00eda y capital en el surgimiento del sistema mundial"}]},{"@type":"WebSite","@id":"https:\/\/zapateneo.net\/wordpress\/#website","url":"https:\/\/zapateneo.net\/wordpress\/","name":"Zapateneo","description":"Zapateneoaren webgunea","publisher":{"@id":"https:\/\/zapateneo.net\/wordpress\/#organization"},"potentialAction":[{"@type":"SearchAction","target":{"@type":"EntryPoint","urlTemplate":"https:\/\/zapateneo.net\/wordpress\/?s={search_term_string}"},"query-input":{"@type":"PropertyValueSpecification","valueRequired":true,"valueName":"search_term_string"}}],"inLanguage":"es"},{"@type":"Organization","@id":"https:\/\/zapateneo.net\/wordpress\/#organization","name":"Zapateneo Kultur Elkartea","url":"https:\/\/zapateneo.net\/wordpress\/","logo":{"@type":"ImageObject","inLanguage":"es","@id":"https:\/\/zapateneo.net\/wordpress\/#\/schema\/logo\/image\/","url":"https:\/\/zapateneo.net\/wordpress\/wp-content\/uploads\/2021\/04\/zap-libu-kolec.jpg","contentUrl":"https:\/\/zapateneo.net\/wordpress\/wp-content\/uploads\/2021\/04\/zap-libu-kolec.jpg","width":2234,"height":398,"caption":"Zapateneo Kultur Elkartea"},"image":{"@id":"https:\/\/zapateneo.net\/wordpress\/#\/schema\/logo\/image\/"},"sameAs":["https:\/\/x.com\/zapateneo"]}]}},"_links":{"self":[{"href":"https:\/\/zapateneo.net\/wordpress\/index.php\/wp-json\/wp\/v2\/product\/14985","targetHints":{"allow":["GET"]}}],"collection":[{"href":"https:\/\/zapateneo.net\/wordpress\/index.php\/wp-json\/wp\/v2\/product"}],"about":[{"href":"https:\/\/zapateneo.net\/wordpress\/index.php\/wp-json\/wp\/v2\/types\/product"}],"wp:featuredmedia":[{"embeddable":true,"href":"https:\/\/zapateneo.net\/wordpress\/index.php\/wp-json\/wp\/v2\/media\/14993"}],"wp:attachment":[{"href":"https:\/\/zapateneo.net\/wordpress\/index.php\/wp-json\/wp\/v2\/media?parent=14985"}],"wp:term":[{"taxonomy":"product_brand","embeddable":true,"href":"https:\/\/zapateneo.net\/wordpress\/index.php\/wp-json\/wp\/v2\/product_brand?post=14985"},{"taxonomy":"product_cat","embeddable":true,"href":"https:\/\/zapateneo.net\/wordpress\/index.php\/wp-json\/wp\/v2\/product_cat?post=14985"},{"taxonomy":"product_tag","embeddable":true,"href":"https:\/\/zapateneo.net\/wordpress\/index.php\/wp-json\/wp\/v2\/product_tag?post=14985"}],"curies":[{"name":"wp","href":"https:\/\/api.w.org\/{rel}","templated":true}]}}